(66,'ninjarun','ddd',0,'<h2>sssssss</h2>','vvvvvvv','audioclinic.nxtserver.com/uploads/30-11-2023-11-24-Hazehi_Laylaty_melody4arab.com.mp3',1,'2023-11-30 11:24:36.000095',NULL,'data:image/jpeg;base64,[encoded data, 48856 characters]',0,0,0);

--
-- Table structure for table `doctorschedules`
--

CREATE TABLE `doctorschedules` (
  `Id` int NOT NULL AUTO_INCREMENT,
  `DoctorId` varchar(255) NOT NULL,
  `Day` int NOT NULL,
  `Month` int NOT NULL,
  `Year` int NOT NULL,
  `Hour` int NOT NULL,
  `Minute` int NOT NULL,
  `MinutesDuration` int NOT NULL,
  `WeekScheduleId` int NOT NULL,
  `Start` datetime(6) DEFAULT NULL,
  PRIMARY KEY (`Id`),
  KEY `IX_DoctorSchedules_WeekScheduleId` (`WeekScheduleId`),
  KEY `IX_DoctorSchedules_DoctorId` (`DoctorId`),
  CONSTRAINT `FK_DoctorSchedules_AspNetUsers_DoctorId` FOREIGN KEY (`DoctorId`) REFERENCES `aspnetusers` (`Id`) ON DELETE CASCADE,
  CONSTRAINT `FK_DoctorSchedules_WeekSchedules_WeekScheduleId` FOREIGN KEY (`WeekScheduleId`) REFERENCES `weekschedules` (`Id`) ON DELETE CASCADE
) ENGINE=InnoDB AUTO_INCREMENT=66074 DEFAULT CHARSET=utf8mb4 COLLATE=utf8mb4_0900_ai_ci;

--
-- Dumping data for table `doctorschedules`
--

INSERT INTO `doctorschedules` VALUES (64998,'8c93b005-9111-4819-a4a2-4f95947bcda9',8,2,2024,11,10,60,93,'2024-02-08 11:10:00.000000'),(64999,'8c93b005-9111-4819-a4a2-4f95947bcda9',8,2,2024,12,10,60,95,'2024-02-08 12:10:00.000000'),(65000,'8c93b005-9111-4819-a4a2-4f95947bcda9',8,2,2024,13,10,60,97,'2024-02-08 13:10:00.000000'),(65001,'8c93b005-9111-4819-a4a2-4f95947bcda9',11,2,2024,2,0,60,100,'2024-02-11 02:00:00.000000'),(65002,'8c93b005-9111-4819-a4a2-4f95947bcda9',11,2,2024,9,0,0,2,'2024-02-11 09:00:00.000000'),(65003,'8c93b005-9111-4819-a4a2-4f95947bcda9',12,2,2024,9,30,0,3,'2024-02-12 09:30:00.000000'),(65004,'8c93b005-9111-4819-a4a2-4f95947bcda9',13,2,2024,9,30,0,4,'2024-02-13 09:30:00.000000'),(65005,'8c93b005-9111-4819-a4a2-4f95947bcda9',13,2,2024,10,30,60,1,'2024-02-13 10:30:00.000000'),(65006,'8c93b005-9111-4819-a4a2-4f95947bcda9',13,2,2024,11,10,60,90,'2024-02-13 11:10:00.000000'),(65007,'8c93b005-9111-4819-a4a2-4f95947bcda9',13,2,2024,11,0,60,88,'2024-02-13 11:00:00.000000'),(65008,'8c93b005-9111-4819-a4a2-4f95947bcda9',13,2,2024,17,30,60,117,'2024-02-13 17:30:00.000000'),(65009,'8c93b005-9111-4819-a4a2-4f95947bcda9',14,2,2024,11,10,60,92,'2024-02-14 11:10:00.000000'),(65010,'8c93b005-9111-4819-a4a2-4f95947bcda9',15,2,2024,11,10,60,93,'2024-02-15 11:10:00.000000'),(65011,'8c93b005-9111-4819-a4a2-4f95947bcda9',15,2,2024,12,10,60,95,'2024-02-15 12:10:00.000000'),(65012,'8c93b005-9111-4819-a4a2-4f95947bcda9',15,2,2024,13,10,60,97,'2024-02-15 13:10:00.000000'),(65013,'8c93b005-9111-4819-a4a2-4f95947bcda9',18,2,2024,2,0,60,100,'2024-02-18 02:00:00.000000'),(65014,'8c93b005-9111-4819-a4a2-4f95947bcda9',18,2,2024,9,0,0,2,'2024-02-18 09:00:00.000000'),(65015,'8c93b005-9111-4819-a4a2-4f95947bcda9',19,2,2024,9,30,0,3,'2024-02-19 09:30:00.000000'),(65016,'8c93b005-9111-4819-a4a2-4f95947bcda9',20,2,2024,9,30,0,4,'2024-02-20 09:30:00.000000'),(65017,'8c93b005-9111-4819-a4a2-4f95947bcda9',20,2,2024,10,30,60,1,'2024-02-20 10:30:00.000000'),(65018,'8c93b005-9111-4819-a4a2-4f95947bcda9',20,2,2024,11,10,60,90,'2024-02-20 11:10:00.000000'),(65019,'8c93b005-9111-4819-a4a2-4f95947bcda9',20,2,2024,11,0,60,88,'2024-02-20 11:00:00.000000'),(65020,'8c93b005-9111-4819-a4a2-4f95947bcda9',20,2,2024,17,30,60,117,'2024-02-20 17:30:00.000000'),(65021,'8c93b005-9111-4819-a4a2-4f95947bcda9',21,2,2024,11,10,60,92,'2024-02-21 11:10:00.000000'),(65022,'8c93b005-9111-4819-a4a2-4f95947bcda9',22,2,2024,11,10,60,93,'2024-02-22 11:10:00.000000'),(65023,'8c93b005-9111-4819-a4a2-4f95947bcda9',22,2,2024,12,10,60,95,'2024-02-22 12:10:00.000000'),(65024,'8c93b005-9111-4819-a4a2-4f95947bcda9',22,2,2024,13,10,60,97,'2024-02-22 13:10:00.000000'),(65025,'8c93b005-9111-4819-a4a2-4f95947bcda9',25,2,2024,2,0,60,100,'2024-02-25 02:00:00.000000'),(65026,'8c93b005-9111-4819-a4a2-4f95947bcda9',25,2,2024,9,0,0,2,'2024-02-25 09:00:00.000000'),(65027,'8c93b005-9111-4819-a4a2-4f95947bcda9',26,2,2024,9,30,0,3,'2024-02-26 09:30:00.000000'),(65028,'8c93b005-9111-4819-a4a2-4f95947bcda9',27,2,2024,9,30,0,4,'2024-02-27 09:30:00.000000'),(65029,'8c93b005-9111-4819-a4a2-4f95947bcda9',27,2,2024,10,30,60,1,'2024-02-27 10:30:00.000000'),(65030,'8c93b005-9111-4819-a4a2-4f95947bcda9',27,2,2024,11,10,60,90,'2024-02-27 11:10:00.000000'),(65031,'8c93b005-9111-4819-a4a2-4f95947bcda9',27,2,2024,11,0,60,88,'2024-02-27 11:00:00.000000'),(65032,'8c93b005-9111-4819-a4a2-4f95947bcda9',27,2,2024,17,30,60,117,'2024-02-27 17:30:00.000000'),(65033,'8c93b005-9111-4819-a4a2-4f95947bcda9',28,2,2024,11,10,60,92,'2024-02-28 11:10:00.000000'),(65034,'8c93b005-9111-4819-a4a2-4f95947bcda9',29,2,2024,11,10,60,93,'2024-02-29 11:10:00.000000'),(65035,'8c93b005-9111-4819-a4a2-4f95947bcda9',29,2,2024,12,10,60,95,'2024-02-29 12:10:00.000000'),(65036,'8c93b005-9111-4819-a4a2-4f95947bcda9',29,2,2024,13,10,60,97,'2024-02-29 13:10:00.000000'),(65037,'8c93b005-9111-4819-a4a2-4f95947bcda9',3,3,2024,2,0,60,100,'2024-03-03 02:00:00.000000'),(65038,'8c93b005-9111-4819-a4a2-4f95947bcda9',3,3,2024,9,0,0,2,'2024-03-03 09:00:00.000000'),(65039,'8c93b005-9111-4819-a4a2-4f95947bcda9',4,3,2024,9,30,0,3,'2024-03-04 09:30:00.000000'),(65040,'8c93b005-9111-4819-a4a2-4f95947bcda9',5,3,2024,9,30,0,4,'2024-03-05 09:30:00.000000'),(65041,'8c93b005-9111-4819-a4a2-4f95947bcda9',5,3,2024,10,30,60,1,'2024-03-05 10:30:00.000000'),(65042,'8c93b005-9111-4819-a4a2-4f95947bcda9',5,3,2024,11,10,60,90,'2024-03-05 11:10:00.000000'),(65043,'8c93b005-9111-4819-a4a2-4f95947bcda9',5,3,2024,11,0,60,88,'2024-03-05 11:00:00.000000'),(65044,'8c93b005-9111-4819-a4a2-4f95947bcda9',5,3,2024,17,30,60,117,'2024-03-05 17:30:00.000000'),(65045,'8c93b005-9111-4819-a4a2-4f95947bcda9',6,3,2024,11,10,60,92,'2024-03-06 11:10:00.000000'),(65046,'8c93b005-9111-4819-a4a2-4f95947bcda9',7,3,2024,11,10,60,93,'2024-03-07 11:10:00.000000'),(65047,'8c93b005-9111-4819-a4a2-4f95947bcda9',7,3,2024,12,10,60,95,'2024-03-07 12:10:00.000000'),(65048,'8c93b005-9111-4819-a4a2-4f95947bcda9',7,3,2024,13,10,60,97,'2024-03-07 13:10:00.000000'),(65049,'8c93b005-9111-4819-a4a2-4f95947bcda9',10,3,2024,2,0,60,100,'2024-03-10 02:00:00.000000'),(65050,'8c93b005-9111-4819-a4a2-4f95947bcda9',10,3,2024,9,0,0,2,'2024-03-10 09:00:00.000000'),(65051,'8c93b005-9111-4819-a4a2-4f95947bcda9',11,3,2024,9,30,0,3,'2024-03-11 09:30:00.000000'),(65052,'8c93b005-9111-4819-a4a2-4f95947bcda9',12,3,2024,9,30,0,4,'2024-03-12 09:30:00.000000'),(65053,'8c93b005-9111-4819-a4a2-4f95947bcda9',12,3,2024,10,30,60,1,'2024-03-12 10:30:00.000000'),(65054,'8c93b005-9111-4819-a4a2-4f95947bcda9',12,3,2024,11,10,60,90,'2024-03-12 11:10:00.000000'),(65055,'8c93b005-9111-4819-a4a2-4f95947bcda9',12,3,2024,11,0,60,88,'2024-03-12 11:00:00.000000'),(65056,'8c93b005-9111-4819-a4a2-4f95947bcda9',12,3,2024,17,30,60,117,'2024-03-12 17:30:00.000000'),(65057,'8c93b005-9111-4819-a4a2-4f95947bcda9',13,3,2024,11,10,60,92,'2024-03-13 11:10:00.000000'),(65058,'8c93b005-9111-4819-a4a2-4f95947bcda9',14,3,2024,11,10,60,93,'2024-03-14 11:10:00.000000'),(65059,'8c93b005-9111-4819-a4a2-4f95947bcda9',14,3,2024,12,10,60,95,'2024-03-14 12:10:00.000000'),(65060,'8c93b005-9111-4819-a4a2-4f95947bcda9',14,3,2024,13,10,60,97,'2024-03-14 13:10:00.000000'),(65061,'8c93b005-9111-4819-a4a2-4f95947bcda9',17,3,2024,2,0,60,100,'2024-03-17 02:00:00.000000'),(65062,'8c93b005-9111-4819-a4a2-4f95947bcda9',17,3,2024,9,0,0,2,'2024-03-17 09:00:00.000000'),(65063,'8c93b005-9111-4819-a4a2-4f95947bcda9',18,3,2024,9,30,0,3,'2024-03-18 09:30:00.000000'),(65064,'8c93b005-9111-4819-a4a2-4f95947bcda9',19,3,2024,9,30,0,4,'2024-03-19 09:30:00.000000'),(65065,'8c93b005-9111-4819-a4a2-4f95947bcda9',19,3,2024,10,30,60,1,'2024-03-19 10:30:00.000000'),(65066,'8c93b005-9111-4819-a4a2-4f95947bcda9',19,3,2024,11,10,60,90,'2024-03-19 11:10:00.000000'),(65067,'8c93b005-9111-4819-a4a2-4f95947bcda9',19,3,2024,11,0,60,88,'2024-03-19 11:00:00.000000'),(65068,'8c93b005-9111-4819-a4a2-4f95947bcda9',19,3,2024,17,30,60,117,'2024-03-19 17:30:00.000000'),(65069,'8c93b005-9111-4819-a4a2-4f95947bcda9',20,3,2024,11,10,60,92,'2024-03-20 11:10:00.000000'),(65070,'8c93b005-9111-4819-a4a2-4f95947bcda9',21,3,2024,11,10,60,93,'2024-03-21 11:10:00.000000'),(65071,'8c93b005-9111-4819-a4a2-4f95947bcda9',21,3,2024,12,10,60,95,'2024-03-21 12:10:00.000000'),(65072,'8c93b005-9111-4819-a4a2-4f95947bcda9',21,3,2024,13,10,60,97,'2024-03-21 13:10:00.000000'),(65073,'8c93b005-9111-4819-a4a2-4f95947bcda9',24,3,2024,2,0,60,100,'2024-03-24 02:00:00.000000'),(65074,'8c93b005-9111-4819-a4a2-4f95947bcda9',24,3,2024,9,0,0,2,'2024-03-24 09:00:00.000000'),(65075,'8c93b005-9111-4819-a4a2-4f95947bcda9',25,3,2024,9,30,0,3,'2024-03-25 09:30:00.000000'),(65076,'8c93b005-9111-4819-a4a2-4f95947bcda9',26,3,2024,9,30,0,4,'2024-03-26 09:30:00.000000'),(65077,'8c93b005-9111-4819-a4a2-4f95947bcda9',26,3,2024,10,30,60,1,'2024-03-26 10:30:00.000000'),(65078,'8c93b005-9111-4819-a4a2-4f95947bcda9',26,3,2024,11,10,60,90,'2024-03-26 11:10:00.000000'),(65079,'8c93b005-9111-4819-a4a2-4f95947bcda9',26,3,2024,11,0,60,88,'2024-03-26 11:00:00.000000'),(65080,'8c93b005-9111-4819-a4a2-4f95947bcda9',26,3,2024,17,30,60,117,'2024-03-26 17:30:00.000000'),(65081,'8c93b005-9111-4819-a4a2-4f95947bcda9',27,3,2024,11,10,60,92,'2024-03-27 11:10:00.000000'),(65082,'8c93b005-9111-4819-a4a2-4f95947bcda9',28,3,2024,11,10,60,93,'2024-03-28 11:10:00.000000'),(65083,'8c93b005-9111-4819-a4a2-4f95947bcda9',28,3,2024,12,10,60,95,'2024-03-28 12:10:00.000000'),(65084,'8c93b005-9111-4819-a4a2-4f95947bcda9',28,3,2024,13,10,60,97,'2024-03-28 13:10:00.000000'),(65085,'8c93b005-9111-4819-a4a2-4f95947bcda9',31,3,2024,2,0,60,100,'2024-03-31 02:00:00.000000'),(65086,'8c93b005-9111-4819-a4a2-4f95947bcda9',31,3,2024,9,0,0,2,'2024-03-31 09:00:00.000000'),(65087,'8c93b005-9111-4819-a4a2-4f95947bcda9',1,4,2024,9,30,0,3,'2024-04-01 09:30:00.000000'),(65088,'8c93b005-9111-4819-a4a2-4f95947bcda9',2,4,2024,9,30,0,4,'2024-04-02 09:30:00.000000'),(65089,'8c93b005-9111-4819-a4a2-4f95947bcda9',2,4,2024,10,30,60,1,'2024-04-02 10:30:00.000000'),(65090,'8c93b005-9111-4819-a4a2-4f95947bcda9',2,4,2024,11,10,60,90,'2024-04-02 11:10:00.000000'),(65091,'8c93b005-9111-4819-a4a2-4f95947bcda9',2,4,2024,11,0,60,88,'2024-04-02 11:00:00.000000'),(65092,'8c93b005-9111-4819-a4a2-4f95947bcda9',2,4,2024,17,30,60,117,'2024-04-02 17:30:00.000000'),(65093,'8c93b005-9111-4819-a4a2-4f95947bcda9',3,4,2024,11,10,60,92,'2024-04-03 11:10:00.000000'),(65094,'8c93b005-9111-4819-a4a2-4f95947bcda9',4,4,2024,11,10,60,93,'2024-04-04 11:10:00.000000'),(65095,'8c93b005-9111-4819-a4a2-4f95947bcda9',4,4,2024,12,10,60,95,'2024-04-04 12:10:00.000000'),(65096,'8c93b005-9111-4819-a4a2-4f95947bcda9',4,4,2024,13,10,60,97,'2024-04-04 13:10:00.000000'),(65097,'8c93b005-9111-4819-a4a2-4f95947bcda9',7,4,2024,2,0,60,100,'2024-04-07 02:00:00.000000'),(65098,'8c93b005-9111-4819-a4a2-4f95947bcda9',7,4,2024,9,0,0,2,'2024-04-07 09:00:00.000000'),(65099,'8c93b005-9111-4819-a4a2-4f95947bcda9',8,4,2024,9,30,0,3,'2024-04-08 09:30:00.000000'),(65100,'8c93b005-9111-4819-a4a2-4f95947bcda9',9,4,2024,9,30,0,4,'2024-04-09 09:30:00.000000'),(65101,'8c93b005-9111-4819-a4a2-4f95947bcda9',9,4,2024,10,30,60,1,'2024-04-09 10:30:00.000000'),(65102,'8c93b005-9111-4819-a4a2-4f95947bcda9',9,4,2024,11,10,60,90,'2024-04-09 11:10:00.000000'),(65103,'8c93b005-9111-4819-a4a2-4f95947bcda9',9,4,2024,11,0,60,88,'2024-04-09 11:00:00.000000'),(65104,'8c93b005-9111-4819-a4a2-4f95947bcda9',9,4,2024,17,30,60,117,'2024-04-09 17:30:00.000000'),(65105,'8c93b005-9111-4819-a4a2-4f95947bcda9',10,4,2024,11,10,60,92,'2024-04-10 11:10:00.000000'),(65106,'8c93b005-9111-4819-a4a2-4f95947bcda9',11,4,2024,11,10,60,93,'2024-04-11 11:10:00.000000'),(65107,'8c93b005-9111-4819-a4a2-4f95947bcda9',11,4,2024,12,10,60,95,'2024-04-11 12:10:00.000000'),(65108,'8c93b005-9111-4819-a4a2-4f95947bcda9',11,4,2024,13,10,60,97,'2024-04-11 13:10:00.000000'),(65109,'8c93b005-9111-4819-a4a2-4f95947bcda9',14,4,2024,2,0,60,100,'2024-04-14 02:00:00.000000'),(65110,'8c93b005-9111-4819-a4a2-4f95947bcda9',14,4,2024,9,0,0,2,'2024-04-14 09:00:00.000000'),(65111,'8c93b005-9111-4819-a4a2-4f95947bcda9',15,4,2024,9,30,0,3,'2024-04-15 09:30:00.000000'),(65112,'8c93b005-9111-4819-a4a2-4f95947bcda9',16,4,2024,9,30,0,4,'2024-04-16 09:30:00.000000'),(65113,'8c93b005-9111-4819-a4a2-4f95947bcda9',16,4,2024,10,30,60,1,'2024-04-16 10:30:00.000000'),(65114,'8c93b005-9111-4819-a4a2-4f95947bcda9',16,4,2024,11,10,60,90,'2024-04-16 11:10:00.000000'),(65115,'8c93b005-9111-4819-a4a2-4f95947bcda9',16,4,2024,11,0,60,88,'2024-04-16 11:00:00.000000'),(65116,'8c93b005-9111-4819-a4a2-4f95947bcda9',16,4,2024,17,30,60,117,'2024-04-16 17:30:00.000000'),(65117,'8c93b005-9111-4819-a4a2-4f95947bcda9',17,4,2024,11,10,60,92,'2024-04-17 11:10:00.000000'),(65118,'8c93b005-9111-4819-a4a2-4f95947bcda9',18,4,2024,11,10,60,93,'2024-04-18 11:10:00.000000'),(65119,'8c93b005-9111-4819-a4a2-4f95947bcda9',18,4,2024,12,10,60,95,'2024-04-18 12:10:00.000000'),(65120,'8c93b005-9111-4819-a4a2-4f95947bcda9',18,4,2024,13,10,60,97,'2024-04-18 13:10:00.000000'),(65121,'8c93b005-9111-4819-a4a2-4f95947bcda9',21,4,2024,2,0,60,100,'2024-04-21 02:00:00.000000'),(65122,'8c93b005-9111-4819-a4a2-4f95947bcda9',21,4,2024,9,0,0,2,'2024-04-21 09:00:00.000000'),(65123,'8c93b005-9111-4819-a4a2-4f95947bcda9',22,4,2024,9,30,0,3,'2024-04-22 09:30:00.000000'),(65124,'8c93b005-9111-4819-a4a2-4f95947bcda9',23,4,2024,9,30,0,4,'2024-04-23 09:30:00.000000'),(65125,'8c93b005-9111-4819-a4a2-4f95947bcda9',23,4,2024,10,30,60,1,'2024-04-23 10:30:00.000000'),(65126,'8c93b005-9111-4819-a4a2-4f95947bcda9',23,4,2024,11,10,60,90,'2024-04-23 11:10:00.000000'),(65127,'8c93b005-9111-4819-a4a2-4f95947bcda9',23,4,2024,11,0,60,88,'2024-04-23 11:00:00.000000'),(65128,'8c93b005-9111-4819-a4a2-4f95947bcda9',23,4,2024,17,30,60,117,'2024-04-23 17:30:00.000000'),(65129,'8c93b005-9111-4819-a4a2-4f95947bcda9',24,4,2024,11,10,60,92,'2024-04-24 11:10:00.000000'),(65130,'8c93b005-9111-4819-a4a2-4f95947bcda9',25,4,2024,11,10,60,93,'2024-04-25 11:10:00.000000'),(65131,'8c93b005-9111-4819-a4a2-4f95947bcda9',25,4,2024,12,10,60,95,'2024-04-25 12:10:00.000000'),(65132,'8c93b005-9111-4819-a4a2-4f95947bcda9',25,4,2024,13,10,60,97,'2024-04-25 13:10:00.000000'),(65133,'8c93b005-9111-4819-a4a2-4f95947bcda9',28,4,2024,2,0,60,100,'2024-04-28 02:00:00.000000'),(65134,'8c93b005-9111-4819-a4a2-4f95947bcda9',28,4,2024,9,0,0,2,'2024-04-28 09:00:00.000000'),(65135,'8c93b005-9111-4819-a4a2-4f95947bcda9',29,4,2024,9,30,0,3,'2024-04-29 09:30:00.000000'),(65136,'8c93b005-9111-4819-a4a2-4f95947bcda9',30,4,2024,9,30,0,4,'2024-04-30 09:30:00.000000'),(65137,'8c93b005-9111-4819-a4a2-4f95947bcda9',30,4,2024,10,30,60,1,'2024-04-30 10:30:00.000000'),(65138,'8c93b005-9111-4819-a4a2-4f95947bcda9',30,4,2024,11,10,60,90,'2024-04-30 11:10:00.000000'),(65139,'8c93b005-9111-4819-a4a2-4f95947bcda9',30,4,2024,11,0,60,88,'2024-04-30 11:00:00.000000'),(65140,'8c93b005-9111-4819-a4a2-4f95947bcda9',30,4,2024,17,30,60,117,'2024-04-30 17:30:00.000000'),(65141,'8c93b005-9111-4819-a4a2-4f95947bcda9',1,5,2024,11,10,60,92,'2024-05-01 11:10:00.000000'),(65142,'8c93b005-9111-4819-a4a2-4f95947bcda9',2,5,2024,11,10,60,93,'2024-05-02 11:10:00.000000'),(65143,'8c93b005-9111-4819-a4a2-4f95947bcda9',2,5,2024,12,10,60,95,'2024-05-02 12:10:00.000000'),(65144,'8c93b005-9111-4819-a4a2-4f95947bcda9',2,5,2024,13,10,60,97,'2024-05-02 13:10:00.000000'),(65145,'8c93b005-9111-4819-a4a2-4f95947bcda9',5,5,2024,2,0,60,100,'2024-05-05 02:00:00.000000'),(65146,'8c93b005-9111-4819-a4a2-4f95947bcda9',5,5,2024,9,0,0,2,'2024-05-05 09:00:00.000000'),(65147,'8c93b005-9111-4819-a4a2-4f95947bcda9',6,5,2024,9,30,0,3,'2024-05-06 09:30:00.000000'),(65148,'8c93b005-9111-4819-a4a2-4f95947bcda9',7,5,2024,9,30,0,4,'2024-05-07 09:30:00.000000'),(65149,'8c93b005-9111-4819-a4a2-4f95947bcda9',7,5,2024,10,30,60,1,'2024-05-07 10:30:00.000000'),(65150,'8c93b005-9111-4819-a4a2-4f95947bcda9',7,5,2024,11,10,60,90,'2024-05-07 11:10:00.000000'),(65151,'8c93b005-9111-4819-a4a2-4f95947bcda9',7,5,2024,11,0,60,88,'2024-05-07 11:00:00.000000'),(65152,'8c93b005-9111-4819-a4a2-4f95947bcda9',7,5,2024,17,30,60,117,'2024-05-07 17:30:00.000000'),(65153,'5b46af80-4471-4957-92b9-dcc57442f6f3',8,2,2024,1,30,0,15,'2024-02-08 01:30:00.000000'),(65154,'5b46af80-4471-4957-92b9-dcc57442f6f3',8,2,2024,4,0,60,118,'2024-02-08 04:00:00.000000'),(65155,'5b46af80-4471-4957-92b9-dcc57442f6f3',8,2,2024,4,0,60,107,'2024-02-08 04:00:00.000000'),(65156,'5b46af80-4471-4957-92b9-dcc57442f6f3',8,2,2024,7,30,0,42,'2024-02-08 07:30:00.000000'),(65157,'5b46af80-4471-4957-92b9-dcc57442f6f3',8,2,2024,9,0,60,73,'2024-02-08 09:00:00.000000'),(65158,'5b46af80-4471-4957-92b9-dcc57442f6f3',8,2,2024,12,30,0,46,'2024-02-08 12:30:00.000000'),(65159,'5b46af80-4471-4957-92b9-dcc57442f6f3',8,2,2024,22,0,0,26,'2024-02-08 22:00:00.000000'),(65160,'5b46af80-4471-4957-92b9-dcc57442f6f3',9,2,2024,1,30,0,45,'2024-02-09 01:30:00.000000'),(65161,'5b46af80-4471-4957-92b9-dcc57442f6f3',9,2,2024,1,0,0,38,'2024-02-09 01:00:00.000000'),(65162,'5b46af80-4471-4957-92b9-dcc57442f6f3',9,2,2024,2,30,0,13,'2024-02-09 02:30:00.000000'),(65163,'5b46af80-4471-4957-92b9-dcc57442f6f3',9,2,2024,8,0,60,112,'2024-02-09 08:00:00.000000'),(65164,'5b46af80-4471-4957-92b9-dcc57442f6f3',9,2,2024,12,30,0,14,'2024-02-09 12:30:00.000000'),(65165,'5b46af80-4471-4957-92b9-dcc57442f6f3',9,2,2024,22,30,0,27,'2024-02-09 22:30:00.000000'),(65166,'5b46af80-4471-4957-92b9-dcc57442f6f3',9,2,2024,23,30,0,17,'2024-02-09 23:30:00.000000'),(65167,'5b46af80-4471-4957-92b9-dcc57442f6f3',10,2,2024,0,30,0,28,'2024-02-10 00:30:00.000000'),(65168,'5b46af80-4471-4957-92b9-dcc57442f6f3',10,2,2024,1,30,0,32,'2024-02-10 01:30:00.000000'),(65169,'5b46af80-4471-4957-92b9-dcc57442f6f3',10,2,2024,8,0,0,36,'2024-02-10 08:00:00.000000'),(65170,'5b46af80-4471-4957-92b9-dcc57442f6f3',10,2,2024,10,0,0,18,'2024-02-10 10:00:00.000000'),(65171,'5b46af80-4471-4957-92b9-dcc57442f6f3',10,2,2024,12,40,30,115,'2024-02-10 12:40:00.000000'),(65172,'5b46af80-4471-4957-92b9-dcc57442f6f3',10,2,2024,13,0,0,30,'2024-02-10 13:00:00.000000'),(65173,'5b46af80-4471-4957-92b9-dcc57442f6f3',10,2,2024,19,30,0,21,'2024-02-10 19:30:00.000000'),(65174,'5b46af80-4471-4957-92b9-dcc57442f6f3',11,2,2024,0,0,60,75,'2024-02-11 00:00:00.000000'),(65175,'5b46af80-4471-4957-92b9-dcc57442f6f3',11,2,2024,0,0,60,51,'2024-02-11 00:00:00.000000'),(65176,'5b46af80-4471-4957-92b9-dcc57442f6f3',11,2,2024,1,0,60,79,'2024-02-11 01:00:00.000000'),(65177,'5b46af80-4471-4957-92b9-dcc57442f6f3',11,2,2024,1,0,60,52,'2024-02-11 01:00:00.000000'),(65178,'5b46af80-4471-4957-92b9-dcc57442f6f3',11,2,2024,2,0,60,53,'2024-02-11 02:00:00.000000'),(65179,'5b46af80-4471-4957-92b9-dcc57442f6f3',11,2,2024,3,0,60,54,'2024-02-11 03:00:00.000000'),(65180,'5b46af80-4471-4957-92b9-dcc57442f6f3',11,2,2024,4,0,60,84,'2024-02-11 04:00:00.000000'),(65181,'5b46af80-4471-4957-92b9-dcc57442f6f3',11,2,2024,5,0,60,81,'2024-02-11 05:00:00.000000'),(65182,'5b46af80-4471-4957-92b9-dcc57442f6f3',11,2,2024,6,30,0,33,'2024-02-11 06:30:00.000000'),(65183,'5b46af80-4471-4957-92b9-dcc57442f6f3',11,2,2024,8,30,0,37,'2024-02-11 08:30:00.000000'),(65184,'5b46af80-4471-4957-92b9-dcc57442f6f3',11,2,2024,9,0,0,44,'2024-02-11 09:00:00.000000'),(65185,'5b46af80-4471-4957-92b9-dcc57442f6f3',11,2,2024,10,30,0,10,'2024-02-11 10:30:00.000000'),(65186,'5b46af80-4471-4957-92b9-dcc57442f6f3',11,2,2024,17,0,60,69,'2024-02-11 17:00:00.000000'),(65187,'5b46af80-4471-4957-92b9-dcc57442f6f3',11,2,2024,20,0,0,22,'2024-02-11 20:00:00.000000'),(65188,'5b46af80-4471-4957-92b9-dcc57442f6f3',12,2,2024,0,0,60,77,'2024-02-12 00:00:00.000000'),(65189,'5b46af80-4471-4957-92b9-dcc57442f6f3',12,2,2024,0,0,60,57,'2024-02-12 00:00:00.000000'),(65190,'5b46af80-4471-4957-92b9-dcc57442f6f3',12,2,2024,1,0,0,47,'2024-02-12 01:00:00.000000'),(65191,'5b46af80-4471-4957-92b9-dcc57442f6f3',12,2,2024,4,0,0,49,'2024-02-12 04:00:00.000000'),(65192,'5b46af80-4471-4957-92b9-dcc57442f6f3',12,2,2024,5,0,60,60,'2024-02-12 05:00:00.000000'),(65193,'5b46af80-4471-4957-92b9-dcc57442f6f3',12,2,2024,6,0,60,61,'2024-02-12 06:00:00.000000'),(65194,'5b46af80-4471-4957-92b9-dcc57442f6f3',12,2,2024,11,30,0,34,'2024-02-12 11:30:00.000000'),(65195,'5b46af80-4471-4957-92b9-dcc57442f6f3',12,2,2024,12,0,0,9,'2024-02-12 12:00:00.000000'),(65196,'5b46af80-4471-4957-92b9-dcc57442f6f3',12,2,2024,18,0,60,76,'2024-02-12 18:00:00.000000'),(65197,'5b46af80-4471-4957-92b9-dcc57442f6f3',12,2,2024,20,30,0,23,'2024-02-12 20:30:00.000000'),(65198,'5b46af80-4471-4957-92b9-dcc57442f6f3',13,2,2024,0,0,60,102,'2024-02-13 00:00:00.000000'),(65199,'5b46af80-4471-4957-92b9-dcc57442f6f3',13,2,2024,0,0,60,72,'2024-02-13 00:00:00.000000'),(65200,'5b46af80-4471-4957-92b9-dcc57442f6f3',13,2,2024,1,0,60,74,'2024-02-13 01:00:00.000000'),(65201,'5b46af80-4471-4957-92b9-dcc57442f6f3',13,2,2024,2,0,0,12,'2024-02-13 02:00:00.000000'),(65202,'5b46af80-4471-4957-92b9-dcc57442f6f3',13,2,2024,3,0,0,11,'2024-02-13 03:00:00.000000'),(65203,'5b46af80-4471-4957-92b9-dcc57442f6f3',13,2,2024,4,0,60,82,'2024-02-13 04:00:00.000000'),(65204,'5b46af80-4471-4957-92b9-dcc57442f6f3',13,2,2024,4,0,0,48,'2024-02-13 04:00:00.000000'),(65205,'5b46af80-4471-4957-92b9-dcc57442f6f3',13,2,2024,7,0,60,83,'2024-02-13 07:00:00.000000'),(65206,'5b46af80-4471-4957-92b9-dcc57442f6f3',13,2,2024,11,30,0,8,'2024-02-13 11:30:00.000000'),(65207,'5b46af80-4471-4957-92b9-dcc57442f6f3',13,2,2024,17,0,60,71,'2024-02-13 17:00:00.000000'),(65208,'5b46af80-4471-4957-92b9-dcc57442f6f3',13,2,2024,19,0,0,35,'2024-02-13 19:00:00.000000'),(65209,'5b46af80-4471-4957-92b9-dcc57442f6f3',13,2,2024,21,0,0,24,'2024-02-13 21:00:00.000000'),(65210,'5b46af80-4471-4957-92b9-dcc57442f6f3',14,2,2024,0,0,60,103,'2024-02-14 00:00:00.000000'),(65211,'5b46af80-4471-4957-92b9-dcc57442f6f3',14,2,2024,1,0,60,105,'2024-02-14 01:00:00.000000'),(65212,'5b46af80-4471-4957-92b9-dcc57442f6f3',14,2,2024,1,30,0,40,'2024-02-14 01:30:00.000000'),(65213,'5b46af80-4471-4957-92b9-dcc57442f6f3',14,2,2024,2,0,60,106,'2024-02-14 02:00:00.000000'),(65214,'5b46af80-4471-4957-92b9-dcc57442f6f3',14,2,2024,2,0,0,41,'2024-02-14 02:00:00.000000'),(65215,'5b46af80-4471-4957-92b9-dcc57442f6f3',14,2,2024,3,0,60,111,'2024-02-14 03:00:00.000000'),(65216,'5b46af80-4471-4957-92b9-dcc57442f6f3',14,2,2024,4,0,60,113,'2024-02-14 04:00:00.000000'),(65217,'5b46af80-4471-4957-92b9-dcc57442f6f3',14,2,2024,8,0,60,114,'2024-02-14 08:00:00.000000'),(65218,'5b46af80-4471-4957-92b9-dcc57442f6f3',14,2,2024,8,0,0,43,'2024-02-14 08:00:00.000000'),(65219,'5b46af80-4471-4957-92b9-dcc57442f6f3',14,2,2024,9,0,60,108,'2024-02-14 09:00:00.000000'),(65220,'5b46af80-4471-4957-92b9-dcc57442f6f3',14,2,2024,10,0,60,64,'2024-02-14 10:00:00.000000'),(65221,'5b46af80-4471-4957-92b9-dcc57442f6f3',14,2,2024,11,30,0,16,'2024-02-14 11:30:00.000000'),(65222,'5b46af80-4471-4957-92b9-dcc57442f6f3',14,2,2024,12,0,60,110,'2024-02-14 12:00:00.000000'),(65223,'5b46af80-4471-4957-92b9-dcc57442f6f3',14,2,2024,12,30,0,39,'2024-02-14 12:30:00.000000'),(65224,'5b46af80-4471-4957-92b9-dcc57442f6f3',14,2,2024,21,30,0,25,'2024-02-14 21:30:00.000000'),(65225,'5b46af80-4471-4957-92b9-dcc57442f6f3',15,2,2024,1,30,0,15,'2024-02-15 01:30:00.000000'),(65226,'5b46af80-4471-4957-92b9-dcc57442f6f3',15,2,2024,4,0,60,118,'2024-02-15 04:00:00.000000'),(65227,'5b46af80-4471-4957-92b9-dcc57442f6f3',15,2,2024,4,0,60,107,'2024-02-15 04:00:00.000000'),(65228,'5b46af80-4471-4957-92b9-dcc57442f6f3',15,2,2024,7,30,0,42,'2024-02-15 07:30:00.000000'),(65229,'5b46af80-4471-4957-92b9-dcc57442f6f3',15,2,2024,9,0,60,73,'2024-02-15 09:00:00.000000'),(65230,'5b46af80-4471-4957-92b9-dcc57442f6f3',15,2,2024,12,30,0,46,'2024-02-15 12:30:00.000000'),(65231,'5b46af80-4471-4957-92b9-dcc57442f6f3',15,2,2024,22,0,0,26,'2024-02-15 22:00:00.000000'),(65232,'5b46af80-4471-4957-92b9-dcc57442f6f3',16,2,2024,1,30,0,45,'2024-02-16 01:30:00.000000'),(65233,'5b46af80-4471-4957-92b9-dcc57442f6f3',16,2,2024,1,0,0,38,'2024-02-16 01:00:00.000000'),(65234,'5b46af80-4471-4957-92b9-dcc57442f6f3',16,2,2024,2,30,0,13,'2024-02-16 02:30:00.000000'),(65235,'5b46af80-4471-4957-92b9-dcc57442f6f3',16,2,2024,8,0,60,112,'2024-02-16 08:00:00.000000'),(65236,'5b46af80-4471-4957-92b9-dcc57442f6f3',16,2,2024,12,30,0,14,'2024-02-16 12:30:00.000000'),(65237,'5b46af80-4471-4957-92b9-dcc57442f6f3',16,2,2024,22,30,0,27,'2024-02-16 22:30:00.000000'),(65238,'5b46af80-4471-4957-92b9-dcc57442f6f3',16,2,2024,23,30,0,17,'2024-02-16 23:30:00.000000'),(65239,'5b46af80-4471-4957-92b9-dcc57442f6f3',17,2,2024,0,30,0,28,'2024-02-17 00:30:00.000000'),(65240,'5b46af80-4471-4957-92b9-dcc57442f6f3',17,2,2024,1,30,0,32,'2024-02-17 01:30:00.000000'),(65241,'5b46af80-4471-4957-92b9-dcc57442f6f3',17,2,2024,8,0,0,36,'2024-02-17 08:00:00.000000'),(65242,'5b46af80-4471-4957-92b9-dcc57442f6f3',17,2,2024,10,0,0,18,'2024-02-17 10:00:00.000000'),(65243,'5b46af80-4471-4957-92b9-dcc57442f6f3',17,2,2024,12,40,30,115,'2024-02-17 12:40:00.000000'),(65244,'5b46af80-4471-4957-92b9-dcc57442f6f3',17,2,2024,13,0,0,30,'2024-02-17 13:00:00.000000'),(65245,'5b46af80-4471-4957-92b9-dcc57442f6f3',17,2,2024,19,30,0,21,'2024-02-17 19:30:00.000000'),(65246,'5b46af80-4471-4957-92b9-dcc57442f6f3',18,2,2024,0,0,60,75,'2024-02-18 00:00:00.000000'),(65247,'5b46af80-4471-4957-92b9-dcc57442f6f3',18,2,2024,0,0,60,51,'2024-02-18 00:00:00.000000'),(65248,'5b46af80-4471-4957-92b9-dcc57442f6f3',18,2,2024,1,0,60,79,'2024-02-18 01:00:00.000000'),(65249,'5b46af80-4471-4957-92b9-dcc57442f6f3',18,2,2024,1,0,60,52,'2024-02-18 01:00:00.000000'),(65250,'5b46af80-4471-4957-92b9-dcc57442f6f3',18,2,2024,2,0,60,53,'2024-02-18 02:00:00.000000'),(65251,'5b46af80-4471-4957-92b9-dcc57442f6f3',18,2,2024,3,0,60,54,'2024-02-18 03:00:00.000000'),(65252,'5b46af80-4471-4957-92b9-dcc57442f6f3',18,2,2024,4,0,60,84,'2024-02-18 04:00:00.000000'),(65253,'5b46af80-4471-4957-92b9-dcc57442f6f3',18,2,2024,5,0,60,81,'2024-02-18 05:00:00.000000'),(65254,'5b46af80-4471-4957-92b9-dcc57442f6f3',18,2,2024,6,30,0,33,'2024-02-18 06:30:00.000000'),(65255,'5b46af80-4471-4957-92b9-dcc57442f6f3',18,2,2024,8,30,0,37,'2024-02-18 08:30:00.000000'),(65256,'5b46af80-4471-4957-92b9-dcc57442f6f3',18,2,2024,9,0,0,44,'2024-02-18 09:00:00.000000'),(65257,'5b46af80-4471-4957-92b9-dcc57442f6f3',18,2,2024,10,30,0,10,'2024-02-18 10:30:00.000000'),(65258,'5b46af80-4471-4957-92b9-dcc57442f6f3',18,2,2024,17,0,60,69,'2024-02-18 17:00:00.000000'),(65259,'5b46af80-4471-4957-92b9-dcc57442f6f3',18,2,2024,20,0,0,22,'2024-02-18 20:00:00.000000'),(65260,'5b46af80-4471-4957-92b9-dcc57442f6f3',19,2,2024,0,0,60,77,'2024-02-19 00:00:00.000000'),(65261,'5b46af80-4471-4957-92b9-dcc57442f6f3',19,2,2024,0,0,60,57,'2024-02-19 00:00:00.000000'),(65262,'5b46af80-4471-4957-92b9-dcc57442f6f3',19,2,2024,1,0,0,47,'2024-02-19 01:00:00.000000'),(65263,'5b46af80-4471-4957-92b9-dcc57442f6f3',19,2,2024,4,0,0,49,'2024-02-19 04:00:00.000000'),(65264,'5b46af80-4471-4957-92b9-dcc57442f6f3',19,2,2024,5,0,60,60,'2024-02-19 05:00:00.000000'),(65265,'5b46af80-4471-4957-92b9-dcc57442f6f3',19,2,2024,6,0,60,61,'2024-02-19 06:00:00.000000'),(65266,'5b46af80-4471-4957-92b9-dcc57442f6f3',19,2,2024,11,30,0,34,'2024-02-19 11:30:00.000000'),(65267,'5b46af80-4471-4957-92b9-dcc57442f6f3',19,2,2024,12,0,0,9,'2024-02-19 12:00:00.000000'),(65268,'5b46af80-4471-4957-92b9-dcc57442f6f3',19,2,2024,18,0,60,76,'2024-02-19 18:00:00.000000'),(65269,'5b46af80-4471-4957-92b9-dcc57442f6f3',19,2,2024,20,30,0,23,'2024-02-19 20:30:00.000000'),(65270,'5b46af80-4471-4957-92b9-dcc57442f6f3',20,2,2024,0,0,60,102,'2024-02-20 00:00:00.000000'),(65271,'5b46af80-4471-4957-92b9-dcc57442f6f3',20,2,2024,0,0,60,72,'2024-02-20 00:00:00.000000'),(65272,'5b46af80-4471-4957-92b9-dcc57442f6f3',20,2,2024,1,0,60,74,'2024-02-20 01:00:00.000000'),(65273,'5b46af80-4471-4957-92b9-dcc57442f6f3',20,2,2024,2,0,0,12,'2024-02-20 02:00:00.000000'),(65274,'5b46af80-4471-4957-92b9-dcc57442f6f3',20,2,2024,3,0,0,11,'2024-02-20 03:00:00.000000'),(65275,'5b46af80-4471-4957-92b9-dcc57442f6f3',20,2,2024,4,0,60,82,'2024-02-20 04:00:00.000000'),(65276,'5b46af80-4471-4957-92b9-dcc57442f6f3',20,2,2024,4,0,0,48,'2024-02-20 04:00:00.000000'),(65277,'5b46af80-4471-4957-92b9-dcc57442f6f3',20,2,2024,7,0,60,83,'2024-02-20 07:00:00.000000'),(65278,'5b46af80-4471-4957-92b9-dcc57442f6f3',20,2,2024,11,30,0,8,'2024-02-20 11:30:00.000000'),(65279,'5b46af80-4471-4957-92b9-dcc57442f6f3',20,2,2024,17,0,60,71,'2024-02-20 17:00:00.000000'),(65280,'5b46af80-4471-4957-92b9-dcc57442f6f3',20,2,2024,19,0,0,35,'2024-02-20 19:00:00.000000'),(65281,'5b46af80-4471-4957-92b9-dcc57442f6f3',20,2,2024,21,0,0,24,'2024-02-20 21:00:00.000000'),(65282,'5b46af80-4471-4957-92b9-dcc57442f6f3',21,2,2024,0,0,60,103,'2024-02-21 00:00:00.000000'),(65283,'5b46af80-4471-4957-92b9-dcc57442f6f3',21,2,2024,1,0,60,105,'2024-02-21 01:00:00.000000'),(65284,'5b46af80-4471-4957-92b9-dcc57442f6f3',21,2,2024,1,30,0,40,'2024-02-21 01:30:00.000000'),(65285,'5b46af80-4471-4957-92b9-dcc57442f6f3',21,2,2024,2,0,60,106,'2024-02-21 02:00:00.000000'),(65286,'5b46af80-4471-4957-92b9-dcc57442f6f3',21,2,2024,2,0,0,41,'2024-02-21 02:00:00.000000'),(65287,'5b46af80-4471-4957-92b9-dcc57442f6f3',21,2,2024,3,0,60,111,'2024-02-21 03:00:00.000000'),(65288,'5b46af80-4471-4957-92b9-dcc57442f6f3',21,2,2024,4,0,60,113,'2024-02-21 04:00:00.000000'),(65289,'5b46af80-4471-4957-92b9-dcc57442f6f3',21,2,2024,8,0,60,114,'2024-02-21 08:00:00.000000'),(65290,'5b46af80-4471-4957-92b9-dcc57442f6f3',21,2,2024,8,0,0,43,'2024-02-21 08:00:00.000000'),(65291,'5b46af80-4471-4957-92b9-dcc57442f6f3',21,2,2024,9,0,60,108,'2024-02-21 09:00:00.000000'),(65292,'5b46af80-4471-4957-92b9-dcc57442f6f3',21,2,2024,10,0,60,64,'2024-02-21 10:00:00.000000'),(65293,'5b46af80-4471-4957-92b9-dcc57442f6f3',21,2,2024,11,30,0,16,'2024-02-21 11:30:00.000000'),(65294,'5b46af80-4471-4957-92b9-dcc57442f6f3',21,2,2024,12,0,60,110,'2024-02-21 12:00:00.000000'),(65295,'5b46af80-4471-4957-92b9-dcc57442f6f3',21,2,2024,12,30,0,39,'2024-02-21 12:30:00.000000'),(65296,'5b46af80-4471-4957-92b9-dcc57442f6f3',21,2,2024,21,30,0,25,'2024-02-21 21:30:00.000000'),(65297,'5b46af80-4471-4957-92b9-dcc57442f6f3',22,2,2024,1,30,0,15,'2024-02-22 01:30:00.000000'),(65298,'5b46af80-4471-4957-92b9-dcc57442f6f3',22,2,2024,4,0,60,118,'2024-02-22 04:00:00.000000'),(65299,'5b46af80-4471-4957-92b9-dcc57442f6f3',22,2,2024,4,0,60,107,'2024-02-22 04:00:00.000000'),(65300,'5b46af80-4471-4957-92b9-dcc57442f6f3',22,2,2024,7,30,0,42,'2024-02-22 07:30:00.000000'),(65301,'5b46af80-4471-4957-92b9-dcc57442f6f3',22,2,2024,9,0,60,73,'2024-02-22 09:00:00.000000'),(65302,'5b46af80-4471-4957-92b9-dcc57442f6f3',22,2,2024,12,30,0,46,'2024-02-22 12:30:00.000000'),(65303,'5b46af80-4471-4957-92b9-dcc57442f6f3',22,2,2024,22,0,0,26,'2024-02-22 22:00:00.000000'),(65304,'5b46af80-4471-4957-92b9-dcc57442f6f3',23,2,2024,1,30,0,45,'2024-02-23 01:30:00.000000'),(65305,'5b46af80-4471-4957-92b9-dcc57442f6f3',23,2,2024,1,0,0,38,'2024-02-23 01:00:00.000000'),(65306,'5b46af80-4471-4957-92b9-dcc57442f6f3',23,2,2024,2,30,0,13,'2024-02-23 02:30:00.000000'),(65307,'5b46af80-4471-4957-92b9-dcc57442f6f3',23,2,2024,8,0,60,112,'2024-02-23 08:00:00.000000'),(65308,'5b46af80-4471-4957-92b9-dcc57442f6f3',23,2,2024,12,30,0,14,'2024-02-23 12:30:00.000000'),(65309,'5b46af80-4471-4957-92b9-dcc57442f6f3',23,2,2024,22,30,0,27,'2024-02-23 22:30:00.000000'),(65310,'5b46af80-4471-4957-92b9-dcc57442f6f3',23,2,2024,23,30,0,17,'2024-02-23 23:30:00.000000'),(65311,'5b46af80-4471-4957-92b9-dcc57442f6f3',24,2,2024,0,30,0,28,'2024-02-24 00:30:00.000000'),(65312,'5b46af80-4471-4957-92b9-dcc57442f6f3',24,2,2024,1,30,0,32,'2024-02-24 01:30:00.000000'),(65313,'5b46af80-4471-4957-92b9-dcc57442f6f3',24,2,2024,8,0,0,36,'2024-02-24 08:00:00.000000'),(65314,'5b46af80-4471-4957-92b9-dcc57442f6f3',24,2,2024,10,0,0,18,'2024-02-24 10:00:00.000000'),(65315,'5b46af80-4471-4957-92b9-dcc57442f6f3',24,2,2024,12,40,30,115,'2024-02-24 12:40:00.000000'),(65316,'5b46af80-4471-4957-92b9-dcc57442f6f3',24,2,2024,13,0,0,30,'2024-02-24 13:00:00.000000'),(65317,'5b46af80-4471-4957-92b9-dcc57442f6f3',24,2,2024,19,30,0,21,'2024-02-24 19:30:00.000000'),(65318,'5b46af80-4471-4957-92b9-dcc57442f6f3',25,2,2024,0,0,60,75,'2024-02-25 00:00:00.000000'),(65319,'5b46af80-4471-4957-92b9-dcc57442f6f3',25,2,2024,0,0,60,51,'2024-02-25 00:00:00.000000'),(65320,'5b46af80-4471-4957-92b9-dcc57442f6f3',25,2,2024,1,0,60,79,'2024-02-25 01:00:00.000000'),(65321,'5b46af80-4471-4957-92b9-dcc57442f6f3',25,2,2024,1,0,60,52,'2024-02-25 01:00:00.000000'),(65322,'5b46af80-4471-4957-92b9-dcc57442f6f3',25,2,2024,2,0,60,53,'2024-02-25 02:00:00.000000'),(65323,'5b46af80-4471-4957-92b9-dcc57442f6f3',25,2,2024,3,0,60,54,'2024-02-25 03:00:00.000000'),(65324,'5b46af80-4471-4957-92b9-dcc57442f6f3',25,2,2024,4,0,60,84,'2024-02-25 04:00:00.000000'),(65325,'5b46af80-4471-4957-92b9-dcc57442f6f3',25,2,2024,5,0,60,81,'2024-02-25 05:00:00.000000'),(65326,'5b46af80-4471-4957-92b9-dcc57442f6f3',25,2,2024,6,30,0,33,'2024-02-25 06:30:00.000000'),(65327,'5b46af80-4471-4957-92b9-dcc57442f6f3',25,2,2024,8,30,0,37,'2024-02-25 08:30:00.000000'),(65328,'5b46af80-4471-4957-92b9-dcc57442f6f3',25,2,2024,9,0,0,44,'2024-02-25 09:00:00.000000'),(65329,'5b46af80-4471-4957-92b9-dcc57442f6f3',25,2,2024,10,30,0,10,'2024-02-25 10:30:00.000000'),(65330,'5b46af80-4471-4957-92b9-dcc57442f6f3',25,2,2024,17,0,60,69,'2024-02-25 17:00:00.000000'),(65331,'5b46af80-4471-4957-92b9-dcc57442f6f3',25,2,2024,20,0,0,22,'2024-02-25 20:00:00.000000'),(65332,'5b46af80-4471-4957-92b9-dcc57442f6f3',26,2,2024,0,0,60,77,'2024-02-26 00:00:00.000000'),(65333,'5b46af80-4471-4957-92b9-dcc57442f6f3',26,2,2024,0,0,60,57,'2024-02-26 00:00:00.000000'),(65334,'5b46af80-4471-4957-92b9-dcc57442f6f3',26,2,2024,1,0,0,47,'2024-02-26 01:00:00.000000'),(65335,'5b46af80-4471-4957-92b9-dcc57442f6f3',26,2,2024,4,0,0,49,'2024-02-26 04:00:00.000000'),(65336,'5b46af80-4471-4957-92b9-dcc57442f6f3',26,2,2024,5,0,60,60,'2024-02-26 05:00:00.000000'),(65337,'5b46af80-4471-4957-92b9-dcc57442f6f3',26,2,2024,6,0,60,61,'2024-02-26 06:00:00.000000'),(65338,'5b46af80-4471-4957-92b9-dcc57442f6f3',26,2,2024,11,30,0,34,'2024-02-26 11:30:00.000000'),(65339,'5b46af80-4471-4957-92b9-dcc57442f6f3',26,2,2024,12,0,0,9,'2024-02-26 12:00:00.000000'),(65340,'5b46af80-4471-4957-92b9-dcc57442f6f3',26,2,2024,18,0,60,76,'2024-02-26 18:00:00.000000'),(65341,'5b46af80-4471-4957-92b9-dcc57442f6f3',26,2,2024,20,30,0,23,'2024-02-26 20:30:00.000000'),(65342,'5b46af80-4471-4957-92b9-dcc57442f6f3',27,2,2024,0,0,60,102,'2024-02-27 00:00:00.000000'),(65343,'5b46af80-4471-4957-92b9-dcc57442f6f3',27,2,2024,0,0,60,72,'2024-02-27 00:00:00.000000'),(65344,'5b46af80-4471-4957-92b9-dcc57442f6f3',27,2,2024,1,0,60,74,'2024-02-27 01:00:00.000000'),(65345,'5b46af80-4471-4957-92b9-dcc57442f6f3',27,2,2024,2,0,0,12,'2024-02-27 02:00:00.000000'),(65346,'5b46af80-4471-4957-92b9-dcc57442f6f3',27,2,2024,3,0,0,11,'2024-02-27 03:00:00.000000'),(65347,'5b46af80-4471-4957-92b9-dcc57442f6f3',27,2,2024,4,0,60,82,'2024-02-27 04:00:00.000000'),(65348,'5b46af80-4471-4957-92b9-dcc57442f6f3',27,2,2024,4,0,0,48,'2024-02-27 04:00:00.000000'),(65349,'5b46af80-4471-4957-92b9-dcc57442f6f3',27,2,2024,7,0,60,83,'2024-02-27 07:00:00.000000'),(65350,'5b46af80-4471-4957-92b9-dcc57442f6f3',27,2,2024,11,30,0,8,'2024-02-27 11:30:00.000000'),(65351,'5b46af80-4471-4957-92b9-dcc57442f6f3',27,2,2024,17,0,60,71,'2024-02-27 17:00:00.000000'),(65352,'5b46af80-4471-4957-92b9-dcc57442f6f3',27,2,2024,19,0,0,35,'2024-02-27 19:00:00.000000'),(65353,'5b46af80-4471-4957-92b9-dcc57442f6f3',27,2,2024,21,0,0,24,'2024-02-27 21:00:00.000000'),(65354,'5b46af80-4471-4957-92b9-dcc57442f6f3',28,2,2024,0,0,60,103,'2024-02-28 00:00:00.000000'),(65355,'5b46af80-4471-4957-92b9-dcc57442f6f3',28,2,2024,1,0,60,105,'2024-02-28 01:00:00.000000'),(65356,'5b46af80-4471-4957-92b9-dcc57442f6f3',28,2,2024,1,30,0,40,'2024-02-28 01:30:00.000000'),(65357,'5b46af80-4471-4957-92b9-dcc57442f6f3',28,2,2024,2,0,60,106,'2024-02-28 02:00:00.000000'),(65358,'5b46af80-4471-4957-92b9-dcc57442f6f3',28,2,2024,2,0,0,41,'2024-02-28 02:00:00.000000'),(65359,'5b46af80-4471-4957-92b9-dcc57442f6f3',28,2,2024,3,0,60,111,'2024-02-28 03:00:00.000000'),(65360,'5b46af80-4471-4957-92b9-dcc57442f6f3',28,2,2024,4,0,60,113,'2024-02-28 04:00:00.000000'),(65361,'5b46af80-4471-4957-92b9-dcc57442f6f3',28,2,2024,8,0,60,114,'2024-02-28 08:00:00.000000'),(65362,'5b46af80-4471-4957-92b9-dcc57442f6f3',28,2,2024,8,0,0,43,'2024-02-28 08:00:00.000000'),(65363,'5b46af80-4471-4957-92b9-dcc57442f6f3',28,2,2024,9,0,60,108,'2024-02-28 09:00:00.000000'),(65364,'5b46af80-4471-4957-92b9-dcc57442f6f3',28,2,2024,10,0,60,64,'2024-02-28 10:00:00.000000'),(65365,'5b46af80-4471-4957-92b9-dcc57442f6f3',28,2,2024,11,30,0,16,'2024-02-28 11:30:00.000000'),(65366,'5b46af80-4471-4957-92b9-dcc57442f6f3',28,2,2024,12,0,60,110,'2024-02-28 12:00:00.000000'),(65367,'5b46af80-4471-4957-92b9-dcc57442f6f3',28,2,2024,12,30,0,39,'2024-02-28 12:30:00.000000'),(65368,'5b46af80-4471-4957-92b9-dcc57442f6f3',28,2,2024,21,30,0,25,'2024-02-28 21:30:00.000000'),(65369,'5b46af80-4471-4957-92b9-dcc57442f6f3',29,2,2024,1,30,0,15,'2024-02-29 01:30:00.000000'),(65370,'5b46af80-4471-4957-92b9-dcc57442f6f3',29,2,2024,4,0,60,118,'2024-02-29 04:00:00.000000'),(65371,'5b46af80-4471-4957-92b9-dcc57442f6f3',29,2,2024,4,0,60,107,'2024-02-29 04:00:00.000000'),(65372,'5b46af80-4471-4957-92b9-dcc57442f6f3',29,2,2024,7,30,0,42,'2024-02-29 07:30:00.000000'),(65373,'5b46af80-4471-4957-92b9-dcc57442f6f3',29,2,2024,9,0,60,73,'2024-02-29 09:00:00.000000'),(65374,'5b46af80-4471-4957-92b9-dcc57442f6f3',29,2,2024,12,30,0,46,'2024-02-29 12:30:00.000000'),(65375,'5b46af80-4471-4957-92b9-dcc57442f6f3',29,2,2024,22,0,0,26,'2024-02-29 22:00:00.000000'),(65376,'5b46af80-4471-4957-92b9-dcc57442f6f3',1,3,2024,1,30,0,45,'2024-03-01 01:30:00.000000'),(65377,'5b46af80-4471-4957-92b9-dcc57442f6f3',1,3,2024,1,0,0,38,'2024-03-01 01:00:00.000000'),(65378,'5b46af80-4471-4957-92b9-dcc57442f6f3',1,3,2024,2,30,0,13,'2024-03-01 02:30:00.000000'),(65379,'5b46af80-4471-4957-92b9-dcc57442f6f3',1,3,2024,8,0,60,112,'2024-03-01 08:00:00.000000'),(65380,'5b46af80-4471-4957-92b9-dcc57442f6f3',1,3,2024,12,30,0,14,'2024-03-01 12:30:00.000000'),(65381,'5b46af80-4471-4957-92b9-dcc57442f6f3',1,3,2024,22,30,0,27,'2024-03-01 22:30:00.000000'),(65382,'5b46af80-4471-4957-92b9-dcc57442f6f3',1,3,2024,23,30,0,17,'2024-03-01 23:30:00.000000'),(65383,'5b46af80-4471-4957-92b9-dcc57442f6f3',2,3,2024,0,30,0,28,'2024-03-02 00:30:00.000000'),(65384,'5b46af80-4471-4957-92b9-dcc57442f6f3',2,3,2024,1,30,0,32,'2024-03-02 01:30:00.000000'),(65385,'5b46af80-4471-4957-92b9-dcc57442f6f3',2,3,2024,8,0,0,36,'2024-03-02 08:00:00.000000'),(65386,'5b46af80-4471-4957-92b9-dcc57442f6f3',2,3,2024,10,0,0,18,'2024-03-02 10:00:00.000000'),(65387,'5b46af80-4471-4957-92b9-dcc57442f6f3',2,3,2024,12,40,30,115,'2024-03-02 12:40:00.000000'),(65388,'5b46af80-4471-4957-92b9-dcc57442f6f3',2,3,2024,13,0,0,30,'2024-03-02 13:00:00.000000'),(65389,'5b46af80-4471-4957-92b9-dcc57442f6f3',2,3,2024,19,30,0,21,'2024-03-02 19:30:00.000000'),(65390,'5b46af80-4471-4957-92b9-dcc57442f6f3',3,3,2024,0,0,60,75,'2024-03-03 00:00:00.000000'),(65391,'5b46af80-4471-4957-92b9-dcc57442f6f3',3,3,2024,0,0,60,51,'2024-03-03 00:00:00.000000'),(65392,'5b46af80-4471-4957-92b9-dcc57442f6f3',3,3,2024,1,0,60,79,'2024-03-03 01:00:00.000000'),(65393,'5b46af80-4471-4957-92b9-dcc57442f6f3',3,3,2024,1,0,60,52,'2024-03-03 01:00:00.000000'),(65394,'5b46af80-4471-4957-92b9-dcc57442f6f3',3,3,2024,2,0,60,53,'2024-03-03 02:00:00.000000'),(65395,'5b46af80-4471-4957-92b9-dcc57442f6f3',3,3,2024,3,0,60,54,'2024-03-03 03:00:00.000000'),(65396,'5b46af80-4471-4957-92b9-dcc57442f6f3',3,3,2024,4,0,60,84,'2024-03-03 04:00:00.000000'),(65397,'5b46af80-4471-4957-92b9-dcc57442f6f3',3,3,2024,5,0,60,81,'2024-03-03 05:00:00.000000'),(65398,'5b46af80-4471-4957-92b9-dcc57442f6f3',3,3,2024,6,30,0,33,'2024-03-03 06:30:00.000000'),(65399,'5b46af80-4471-4957-92b9-dcc57442f6f3',3,3,2024,8,30,0,37,'2024-03-03 08:30:00.000000'),(65400,'5b46af80-4471-4957-92b9-dcc57442f6f3',3,3,2024,9,0,0,44,'2024-03-03 09:00:00.000000'),(65401,'5b46af80-4471-4957-92b9-dcc57442f6f3',3,3,2024,10,30,0,10,'2024-03-03 10:30:00.000000'),(65402,'5b46af80-4471-4957-92b9-dcc57442f6f3',3,3,2024,17,0,60,69,'2024-03-03 17:00:00.000000'),(65403,'5b46af80-4471-4957-92b9-dcc57442f6f3',3,3,2024,20,0,0,22,'2024-03-03 20:00:00.000000'),(65404,'5b46af80-4471-4957-92b9-dcc57442f6f3',4,3,2024,0,0,60,77,'2024-03-04 00:00:00.000000'),(65405,'5b46af80-4471-4957-92b9-dcc57442f6f3',4,3,2024,0,0,60,57,'2024-03-04 00:00:00.000000'),(65406,'5b46af80-4471-4957-92b9-dcc57442f6f3',4,3,2024,1,0,0,47,'2024-03-04 01:00:00.000000'),(65407,'5b46af80-4471-4957-92b9-dcc57442f6f3',4,3,2024,4,0,0,49,'2024-03-04 04:00:00.000000'),(65408,'5b46af80-4471-4957-92b9-dcc57442f6f3',4,3,2024,5,0,60,60,'2024-03-04 05:00:00.000000'),(65409,'5b46af80-4471-4957-92b9-dcc57442f6f3',4,3,2024,6,0,60,61,'2024-03-04 06:00:00.000000'),(65410,'5b46af80-4471-4957-92b9-dcc57442f6f3',4,3,2024,11,30,0,34,'2024-03-04 11:30:00.000000'),(65411,'5b46af80-4471-4957-92b9-dcc57442f6f3',4,3,2024,12,0,0,9,'2024-03-04 12:00:00.000000'),(65412,'5b46af80-4471-4957-92b9-dcc57442f6f3',4,3,2024,18,0,60,76,'2024-03-04 18:00:00.000000'),(65413,'5b46af80-4471-4957-92b9-dcc57442f6f3',4,3,2024,20,30,0,23,'2024-03-04 20:30:00.000000'),(65414,'5b46af80-4471-4957-92b9-dcc57442f6f3',5,3,2024,0,0,60,102,'2024-03-05 00:00:00.000000'),(65415,'5b46af80-4471-4957-92b9-dcc57442f6f3',5,3,2024,0,0,60,72,'2024-03-05 00:00:00.000000'),(65416,'5b46af80-4471-4957-92b9-dcc57442f6f3',5,3,2024,1,0,60,74,'2024-03-05 01:00:00.000000'),(65417,'5b46af80-4471-4957-92b9-dcc57442f6f3',5,3,2024,2,0,0,12,'2024-03-05 02:00:00.000000'),(65418,'5b46af80-4471-4957-92b9-dcc57442f6f3',5,3,2024,3,0,0,11,'2024-03-05 03:00:00.000000'),(65419,'5b46af80-4471-4957-92b9-dcc57442f6f3',5,3,2024,4,0,60,82,'2024-03-05 04:00:00.000000'),(65420,'5b46af80-4471-4957-92b9-dcc57442f6f3',5,3,2024,4,0,0,48,'2024-03-05 04:00:00.000000'),(65421,'5b46af80-4471-4957-92b9-dcc57442f6f3',5,3,2024,7,0,60,83,'2024-03-05 07:00:00.000000'),(65422,'5b46af80-4471-4957-92b9-dcc57442f6f3',5,3,2024,11,30,0,8,'2024-03-05 11:30:00.000000'),(65423,'5b46af80-4471-4957-92b9-dcc57442f6f3',5,3,2024,17,0,60,71,'2024-03-05 17:00:00.000000'),(65424,'5b46af80-4471-4957-92b9-dcc57442f6f3',5,3,2024,19,0,0,35,'2024-03-05 19:00:00.000000'),(65425,'5b46af80-4471-4957-92b9-dcc57442f6f3',5,3,2024,21,0,0,24,'2024-03-05 21:00:00.000000'),(65426,'5b46af80-4471-4957-92b9-dcc57442f6f3',6,3,2024,0,0,60,103,'2024-03-06 00:00:00.000000'),(65427,'5b46af80-4471-4957-92b9-dcc57442f6f3',6,3,2024,1,0,60,105,'2024-03-06 01:00:00.000000'),(65428,'5b46af80-4471-4957-92b9-dcc57442f6f3',6,3,2024,1,30,0,40,'2024-03-06 01:30:00.000000'),(65429,'5b46af80-4471-4957-92b9-dcc57442f6f3',6,3,2024,2,0,60,106,'2024-03-06 02:00:00.000000'),(65430,'5b46af80-4471-4957-92b9-dcc57442f6f3',6,3,2024,2,0,0,41,'2024-03-06 02:00:00.000000'),(65431,'5b46af80-4471-4957-92b9-dcc57442f6f3',6,3,2024,3,0,60,111,'2024-03-06 03:00:00.000000'),(65432,'5b46af80-4471-4957-92b9-dcc57442f6f3',6,3,2024,4,0,60,113,'2024-03-06 04:00:00.000000'),(65433,'5b46af80-4471-4957-92b9-dcc57442f6f3',6,3,2024,8,0,60,114,'2024-03-06 08:00:00.000000'),(65434,'5b46af80-4471-4957-92b9-dcc57442f6f3',6,3,2024,8,0,0,43,'2024-03-06 08:00:00.000000'),(65435,'5b46af80-4471-4957-92b9-dcc57442f6f3',6,3,2024,9,0,60,108,'2024-03-06 09:00:00.000000'),(65436,'5b46af80-4471-4957-92b9-dcc57442f6f3',6,3,2024,10,0,60,64,'2024-03-06 10:00:00.000000'),(65437,'5b46af80-4471-4957-92b9-dcc57442f6f3',6,3,2024,11,30,0,16,'2024-03-06 11:30:00.000000'),(65438,'5b46af80-4471-4957-92b9-dcc57442f6f3',6,3,2024,12,0,60,110,'2024-03-06 12:00:00.000000'),(65439,'5b46af80-4471-4957-92b9-dcc57442f6f3',6,3,2024,12,30,0,39,'2024-03-06 12:30:00.000000'),(65440,'5b46af80-4471-4957-92b9-dcc57442f6f3',6,3,2024,21,30,0,25,'2024-03-06 21:30:00.000000'),(65441,'5b46af80-4471-4957-92b9-dcc57442f6f3',7,3,2024,1,30,0,15,'2024-03-07 01:30:00.000000'),(65442,'5b46af80-4471-4957-92b9-dcc57442f6f3',7,3,2024,4,0,60,118,'2024-03-07 04:00:00.000000'),(65443,'5b46af80-4471-4957-92b9-dcc57442f6f3',7,3,2024,4,0,60,107,'2024-03-07 04:00:00.000000'),(65444,'5b46af80-4471-4957-92b9-dcc57442f6f3',7,3,2024,7,30,0,42,'2024-03-07 07:30:00.000000'),(65445,'5b46af80-4471-4957-92b9-dcc57442f6f3',7,3,2024,9,0,60,73,'2024-03-07 09:00:00.000000'),(65446,'5b46af80-4471-4957-92b9-dcc57442f6f3',7,3,2024,12,30,0,46,'2024-03-07 12:30:00.000000'),(65447,'5b46af80-4471-4957-92b9-dcc57442f6f3',7,3,2024,22,0,0,26,'2024-03-07 22:00:00.000000'),(65448,'5b46af80-4471-4957-92b9-dcc57442f6f3',8,3,2024,1,30,0,45,'2024-03-08 01:30:00.000000'),(65449,'5b46af80-4471-4957-92b9-dcc57442f6f3',8,3,2024,1,0,0,38,'2024-03-08 01:00:00.000000'),(65450,'5b46af80-4471-4957-92b9-dcc57442f6f3',8,3,2024,2,30,0,13,'2024-03-08 02:30:00.000000'),(65451,'5b46af80-4471-4957-92b9-dcc57442f6f3',8,3,2024,8,0,60,112,'2024-03-08 08:00:00.000000'),(65452,'5b46af80-4471-4957-92b9-dcc57442f6f3',8,3,2024,12,30,0,14,'2024-03-08 12:30:00.000000'),(65453,'5b46af80-4471-4957-92b9-dcc57442f6f3',8,3,2024,22,30,0,27,'2024-03-08 22:30:00.000000'),(65454,'5b46af80-4471-4957-92b9-dcc57442f6f3',8,3,2024,23,30,0,17,'2024-03-08 23:30:00.000000'),(65455,'5b46af80-4471-4957-92b9-dcc57442f6f3',9,3,2024,0,30,0,28,'2024-03-09 00:30:00.000000'),(65456,'5b46af80-4471-4957-92b9-dcc57442f6f3',9,3,2024,1,30,0,32,'2024-03-09 01:30:00.000000'),(65457,'5b46af80-4471-4957-92b9-dcc57442f6f3',9,3,2024,8,0,0,36,'2024-03-09 08:00:00.000000'),(65458,'5b46af80-4471-4957-92b9-dcc57442f6f3',9,3,2024,10,0,0,18,'2024-03-09 10:00:00.000000'),(65459,'5b46af80-4471-4957-92b9-dcc57442f6f3',9,3,2024,12,40,30,115,'2024-03-09 12:40:00.000000'),(65460,'5b46af80-4471-4957-92b9-dcc57442f6f3',9,3,2024,13,0,0,30,'2024-03-09 13:00:00.000000'),(65461,'5b46af80-4471-4957-92b9-dcc57442f6f3',9,3,2024,19,30,0,21,'2024-03-09 19:30:00.000000'),(65462,'5b46af80-4471-4957-92b9-dcc57442f6f3',10,3,2024,0,0,60,75,'2024-03-10 00:00:00.000000'),(65463,'5b46af80-4471-4957-92b9-dcc57442f6f3',10,3,2024,0,0,60,51,'2024-03-10 00:00:00.000000'),(65464,'5b46af80-4471-4957-92b9-dcc57442f6f3',10,3,2024,1,0,60,79,'2024-03-10 01:00:00.000000'),(65465,'5b46af80-4471-4957-92b9-dcc57442f6f3',10,3,2024,1,0,60,52,'2024-03-10 01:00:00.000000'),(65466,'5b46af80-4471-4957-92b9-dcc57442f6f3',10,3,2024,2,0,60,53,'2024-03-10 02:00:00.000000'),(65467,'5b46af80-4471-4957-92b9-dcc57442f6f3',10,3,2024,3,0,60,54,'2024-03-10 03:00:00.000000'),(65468,'5b46af80-4471-4957-92b9-dcc57442f6f3',10,3,2024,4,0,60,84,'2024-03-10 04:00:00.000000'),(65469,'5b46af80-4471-4957-92b9-dcc57442f6f3',10,3,2024,5,0,60,81,'2024-03-10 05:00:00.000000'),(65470,'5b46af80-4471-4957-92b9-dcc57442f6f3',10,3,2024,6,30,0,33,'2024-03-10 06:30:00.000000'),(65471,'5b46af80-4471-4957-92b9-dcc57442f6f3',10,3,2024,8,30,0,37,'2024-03-10 08:30:00.000000'),(65472,'5b46af80-4471-4957-92b9-dcc57442f6f3',10,3,2024,9,0,0,44,'2024-03-10 09:00:00.000000'),(65473,'5b46af80-4471-4957-92b9-dcc57442f6f3',10,3,2024,10,30,0,10,'2024-03-10 10:30:00.000000'),(65474,'5b46af80-4471-4957-92b9-dcc57442f6f3',10,3,2024,17,0,60,69,'2024-03-10 17:00:00.000000'),(65475,'5b46af80-4471-4957-92b9-dcc57442f6f3',10,3,2024,20,0,0,22,'2024-03-10 20:00:00.000000'),(65476,'5b46af80-4471-4957-92b9-dcc57442f6f3',11,3,2024,0,0,60,77,'2024-03-11 00:00:00.000000'),(65477,'5b46af80-4471-4957-92b9-dcc57442f6f3',11,3,2024,0,0,60,57,'2024-03-11 00:00:00.000000'),(65478,'5b46af80-4471-4957-92b9-dcc57442f6f3',11,3,2024,1,0,0,47,'2024-03-11 01:00:00.000000'),(65479,'5b46af80-4471-4957-92b9-dcc57442f6f3',11,3,2024,4,0,0,49,'2024-03-11 04:00:00.000000'),(65480,'5b46af80-4471-4957-92b9-dcc57442f6f3',11,3,2024,5,0,60,60,'2024-03-11 05:00:00.000000'),(65481,'5b46af80-4471-4957-92b9-dcc57442f6f3',11,3,2024,6,0,60,61,'2024-03-11 06:00:00.000000'),(65482,'5b46af80-4471-4957-92b9-dcc57442f6f3',11,3,2024,11,30,0,34,'2024-03-11 11:30:00.000000'),(65483,'5b46af80-4471-4957-92b9-dcc57442f6f3',11,3,2024,12,0,0,9,'2024-03-11 12:00:00.000000'),(65484,'5b46af80-4471-4957-92b9-dcc57442f6f3',11,3,2024,18,0,60,76,'2024-03-11 18:00:00.000000'),(65485,'5b46af80-4471-4957-92b9-dcc57442f6f3',11,3,2024,20,30,0,23,'2024-03-11 20:30:00.000000'),(65486,'5b46af80-4471-4957-92b9-dcc57442f6f3',12,3,2024,0,0,60,102,'2024-03-12 00:00:00.000000'),(65487,'5b46af80-4471-4957-92b9-dcc57442f6f3',12,3,2024,0,0,60,72,'2024-03-12 00:00:00.000000'),(65488,'5b46af80-4471-4957-92b9-dcc57442f6f3',12,3,2024,1,0,60,74,'2024-03-12 01:00:00.000000'),(65489,'5b46af80-4471-4957-92b9-dcc57442f6f3',12,3,2024,2,0,0,12,'2024-03-12 02:00:00.000000'),(65490,'5b46af80-4471-4957-92b9-dcc57442f6f3',12,3,2024,3,0,0,11,'2024-03-12 03:00:00.000000'),(65491,'5b46af80-4471-4957-92b9-dcc57442f6f3',12,3,2024,4,0,60,82,'2024-03-12 04:00:00.000000'),(65492,'5b46af80-4471-4957-92b9-dcc57442f6f3',12,3,2024,4,0,0,48,'2024-03-12 04:00:00.000000'),(65493,'5b46af80-4471-4957-92b9-dcc57442f6f3',12,3,2024,7,0,60,83,'2024-03-12 07:00:00.000000'),(65494,'5b46af80-4471-4957-92b9-dcc57442f6f3',12,3,2024,11,30,0,8,'2024-03-12 11:30:00.000000'),(65495,'5b46af80-4471-4957-92b9-dcc57442f6f3',12,3,2024,17,0,60,71,'2024-03-12 17:00:00.000000'),(65496,'5b46af80-4471-4957-92b9-dcc57442f6f3',12,3,2024,19,0,0,35,'2024-03-12 19:00:00.000000'),(65497,'5b46af80-4471-4957-92b9-dcc57442f6f3',12,3,2024,21,0,0,24,'2024-03-12 21:00:00.000000'),(65498,'5b46af80-4471-4957-92b9-dcc57442f6f3',13,3,2024,0,0,60,103,'2024-03-13 00:00:00.000000'),(65499,'5b46af80-4471-4957-92b9-dcc57442f6f3',13,3,2024,1,0,60,105,'2024-03-13 01:00:00.000000'),(65500,'5b46af80-4471-4957-92b9-dcc57442f6f3',13,3,2024,1,30,0,40,'2024-03-13 01:30:00.000000'),(65501,'5b46af80-4471-4957-92b9-dcc57442f6f3',13,3,2024,2,0,60,106,'2024-03-13 02:00:00.000000'),(65502,'5b46af80-4471-4957-92b9-dcc57442f6f3',13,3,2024,2,0,0,41,'2024-03-13 02:00:00.000000'),(65503,'5b46af80-4471-4957-92b9-dcc57442f6f3',13,3,2024,3,0,60,111,'2024-03-13 03:00:00.000000'),(65504,'5b46af80-4471-4957-92b9-dcc57442f6f3',13,3,2024,4,0,60,113,'2024-03-13 04:00:00.000000'),(65505,'5b46af80-4471-4957-92b9-dcc57442f6f3',13,3,2024,8,0,60,114,'2024-03-13 08:00:00.000000'),(65506,'5b46af80-4471-4957-92b9-dcc57442f6f3',13,3,2024,8,0,0,43,'2024-03-13 08:00:00.000000'),(65507,'5b46af80-4471-4957-92b9-dcc57442f6f3',13,3,2024,9,0,60,108,'2024-03-13 09:00:00.000000'),(65508,'5b46af80-4471-4957-92b9-dcc57442f6f3',13,3,2024,10,0,60,64,'2024-03-13 10:00:00.000000'),(65509,'5b46af80-4471-4957-92b9-dcc57442f6f3',13,3,2024,11,30,0,16,'2024-03-13 11:30:00.000000'),(65510,'5b46af80-4471-4957-92b9-dcc57442f6f3',13,3,2024,12,0,60,110,'2024-03-13 12:00:00.000000'),(65511,'5b46af80-4471-4957-92b9-dcc57442f6f3',13,3,2024,12,30,0,39,'2024-03-13 12:30:00.000000'),(65512,'5b46af80-4471-4957-92b9-dcc57442f6f3',13,3,2024,21,30,0,25,'2024-03-13 21:30:00.000000'),(65513,'5b46af80-4471-4957-92b9-dcc57442f6f3',14,3,2024,1,30,0,15,'2024-03-14 01:30:00.000000'),(65514,'5b46af80-4471-4957-92b9-dcc57442f6f3',14,3,2024,4,0,60,118,'2024-03-14 04:00:00.000000'),(65515,'5b46af80-4471-4957-92b9-dcc57442f6f3',14,3,2024,4,0,60,107,'2024-03-14 04:00:00.000000'),(65516,'5b46af80-4471-4957-92b9-dcc57442f6f3',14,3,2024,7,30,0,42,'2024-03-14 07:30:00.000000'),(65517,'5b46af80-4471-4957-92b9-dcc57442f6f3',14,3,2024,9,0,60,73,'2024-03-14 09:00:00.000000'),(65518,'5b46af80-4471-4957-92b9-dcc57442f6f3',14,3,2024,12,30,0,46,'2024-03-14 12:30:00.000000'),(65519,'5b46af80-4471-4957-92b9-dcc57442f6f3',14,3,2024,22,0,0,26,'2024-03-14 22:00:00.000000'),(65520,'5b46af80-4471-4957-92b9-dcc57442f6f3',15,3,2024,1,30,0,45,'2024-03-15 01:30:00.000000'),(65521,'5b46af80-4471-4957-92b9-dcc57442f6f3',15,3,2024,1,0,0,38,'2024-03-15 01:00:00.000000'),(65522,'5b46af80-4471-4957-92b9-dcc57442f6f3',15,3,2024,2,30,0,13,'2024-03-15 02:30:00.000000'),(65523,'5b46af80-4471-4957-92b9-dcc57442f6f3',15,3,2024,8,0,60,112,'2024-03-15 08:00:00.000000'),(65524,'5b46af80-4471-4957-92b9-dcc57442f6f3',15,3,2024,12,30,0,14,'2024-03-15 12:30:00.000000'),(65525,'5b46af80-4471-4957-92b9-dcc57442f6f3',15,3,2024,22,30,0,27,'2024-03-15 22:30:00.000000'),(65526,'5b46af80-4471-4957-92b9-dcc57442f6f3',15,3,2024,23,30,0,17,'2024-03-15 23:30:00.000000'),(65527,'5b46af80-4471-4957-92b9-dcc57442f6f3',16,3,2024,0,30,0,28,'2024-03-16 00:30:00.000000'),(65528,'5b46af80-4471-4957-92b9-dcc57442f6f3',16,3,2024,1,30,0,32,'2024-03-16 01:30:00.000000'),(65529,'5b46af80-4471-4957-92b9-dcc57442f6f3',16,3,2024,8,0,0,36,'2024-03-16 08:00:00.000000'),(65530,'5b46af80-4471-4957-92b9-dcc57442f6f3',16,3,2024,10,0,0,18,'2024-03-16 10:00:00.000000'),(65531,'5b46af80-4471-4957-92b9-dcc57442f6f3',16,3,2024,12,40,30,115,'2024-03-16 12:40:00.000000'),(65532,'5b46af80-4471-4957-92b9-dcc57442f6f3',16,3,2024,13,0,0,30,'2024-03-16 13:00:00.000000'),(65533,'5b46af80-4471-4957-92b9-dcc57442f6f3',16,3,2024,19,30,0,21,'2024-03-16 19:30:00.000000'),(65534,'5b46af80-4471-4957-92b9-dcc57442f6f3',17,3,2024,0,0,60,75,'2024-03-17 00:00:00.000000'),(65535,'5b46af80-4471-4957-92b9-dcc57442f6f3',17,3,2024,0,0,60,51,'2024-03-17 00:00:00.000000'),(65536,'5b46af80-4471-4957-92b9-dcc57442f6f3',17,3,2024,1,0,60,79,'2024-03-17 01:00:00.000000'),(65537,'5b46af80-4471-4957-92b9-dcc57442f6f3',17,3,2024,1,0,60,52,'2024-03-17 01:00:00.000000'),(65538,'5b46af80-4471-4957-92b9-dcc57442f6f3',17,3,2024,2,0,60,53,'2024-03-17 02:00:00.000000'),(65539,'5b46af80-4471-4957-92b9-dcc57442f6f3',17,3,2024,3,0,60,54,'2024-03-17 03:00:00.000000'),(65540,'5b46af80-4471-4957-92b9-dcc57442f6f3',17,3,2024,4,0,60,84,'2024-03-17 04:00:00.000000'),(65541,'5b46af80-4471-4957-92b9-dcc57442f6f3',17,3,2024,5,0,60,81,'2024-03-17 05:00:00.000000'),(65542,'5b46af80-4471-4957-92b9-dcc57442f6f3',17,3,2024,6,30,0,33,'2024-03-17 06:30:00.000000'),(65543,'5b46af80-4471-4957-92b9-dcc57442f6f3',17,3,2024,8,30,0,37,'2024-03-17 08:30:00.000000'),(65544,'5b46af80-4471-4957-92b9-dcc57442f6f3',17,3,2024,9,0,0,44,'2024-03-17 09:00:00.000000'),(65545,'5b46af80-4471-4957-92b9-dcc57442f6f3',17,3,2024,10,30,0,10,'2024-03-17 10:30:00.000000'),(65546,'5b46af80-4471-4957-92b9-dcc57442f6f3',17,3,2024,17,0,60,69,'2024-03-17 17:00:00.000000'),(65547,'5b46af80-4471-4957-92b9-dcc57442f6f3',17,3,2024,20,0,0,22,'2024-03-17 20:00:00.000000'),(65548,'5b46af80-4471-4957-92b9-dcc57442f6f3',18,3,2024,0,0,60,77,'2024-03-18 00:00:00.000000'),(65549,'5b46af80-4471-4957-92b9-dcc57442f6f3',18,3,2024,0,0,60,57,'2024-03-18 00:00:00.000000'),(65550,'5b46af80-4471-4957-92b9-dcc57442f6f3',18,3,2024,1,0,0,47,'2024-03-18 01:00:00.000000'),(65551,'5b46af80-4471-4957-92b9-dcc57442f6f3',18,3,2024,4,0,0,49,'2024-03-18 04:00:00.000000'),(65552,'5b46af80-4471-4957-92b9-dcc57442f6f3',18,3,2024,5,0,60,60,'2024-03-18 05:00:00.000000'),(65553,'5b46af80-4471-4957-92b9-dcc57442f6f3',18,3,2024,6,0,60,61,'2024-03-18 06:00:00.000000'),(65554,'5b46af80-4471-4957-92b9-dcc57442f6f3',18,3,2024,11,30,0,34,'2024-03-18 11:30:00.000000'),(65555,'5b46af80-4471-4957-92b9-dcc57442f6f3',18,3,2024,12,0,0,9,'2024-03-18 12:00:00.000000'),(65556,'5b46af80-4471-4957-92b9-dcc57442f6f3',18,3,2024,18,0,60,76,'2024-03-18 18:00:00.000000'),(65557,'5b46af80-4471-4957-92b9-dcc57442f6f3',18,3,2024,20,30,0,23,'2024-03-18 20:30:00.000000'),(65558,'5b46af80-4471-4957-92b9-dcc57442f6f3',19,3,2024,0,0,60,102,'2024-03-19 00:00:00.000000'),(65559,'5b46af80-4471-4957-92b9-dcc57442f6f3',19,3,2024,0,0,60,72,'2024-03-19 00:00:00.000000'),(65560,'5b46af80-4471-4957-92b9-dcc57442f6f3',19,3,2024,1,0,60,74,'2024-03-19 01:00:00.000000'),(65561,'5b46af80-4471-4957-92b9-dcc57442f6f3',19,3,2024,2,0,0,12,'2024-03-19 02:00:00.000000'),(65562,'5b46af80-4471-4957-92b9-dcc57442f6f3',19,3,2024,3,0,0,11,'2024-03-19 03:00:00.000000'),(65563,'5b46af80-4471-4957-92b9-dcc57442f6f3',19,3,2024,4,0,60,82,'2024-03-19 04:00:00.000000'),(65564,'5b46af80-4471-4957-92b9-dcc57442f6f3',19,3,2024,4,0,0,48,'2024-03-19 04:00:00.000000'),(65565,'5b46af80-4471-4957-92b9-dcc57442f6f3',19,3,2024,7,0,60,83,'2024-03-19 07:00:00.000000'),(65566,'5b46af80-4471-4957-92b9-dcc57442f6f3',19,3,2024,11,30,0,8,'2024-03-19 11:30:00.000000'),(65567,'5b46af80-4471-4957-92b9-dcc57442f6f3',19,3,2024,17,0,60,71,'2024-03-19 17:00:00.000000'),(65568,'5b46af80-4471-4957-92b9-dcc57442f6f3',19,3,2024,19,0,0,35,'2024-03-19 19:00:00.000000'),(65569,'5b46af80-4471-4957-92b9-dcc57442f6f3',19,3,2024,21,0,0,24,'2024-03-19 21:00:00.000000'),(65570,'5b46af80-4471-4957-92b9-dcc57442f6f3',20,3,2024,0,0,60,103,'2024-03-20 00:00:00.000000'),(65571,'5b46af80-4471-4957-92b9-dcc57442f6f3',20,3,2024,1,0,60,105,'2024-03-20 01:00:00.000000'),(65572,'5b46af80-4471-4957-92b9-dcc57442f6f3',20,3,2024,1,30,0,40,'2024-03-20 01:30:00.000000'),(65573,'5b46af80-4471-4957-92b9-dcc57442f6f3',20,3,2024,2,0,60,106,'2024-03-20 02:00:00.000000'),(65574,'5b46af80-4471-4957-92b9-dcc57442f6f3',20,3,2024,2,0,0,41,'2024-03-20 02:00:00.000000'),(65575,'5b46af80-4471-4957-92b9-dcc57442f6f3',20,3,2024,3,0,60,111,'2024-03-20 03:00:00.000000'),(65576,'5b46af80-4471-4957-92b9-dcc57442f6f3',20,3,2024,4,0,60,113,'2024-03-20 04:00:00.000000'),(65577,'5b46af80-4471-4957-92b9-dcc57442f6f3',20,3,2024,8,0,60,114,'2024-03-20 08:00:00.000000'),(65578,'5b46af80-4471-4957-92b9-dcc57442f6f3',20,3,2024,8,0,0,43,'2024-03-20 08:00:00.000000'),(65579,'5b46af80-4471-4957-92b9-dcc57442f6f3',20,3,2024,9,0,60,108,'2024-03-20 09:00:00.000000'),(65580,'5b46af80-4471-4957-92b9-dcc57442f6f3',20,3,2024,10,0,60,64,'2024-03-20 10:00:00.000000'),(65581,'5b46af80-4471-4957-92b9-dcc57442f6f3',20,3,2024,11,30,0,16,'2024-03-20 11:30:00.000000'),(65582,'5b46af80-4471-4957-92b9-dcc57442f6f3',20,3,2024,12,0,60,110,'2024-03-20 12:00:00.000000'),(65583,'5b46af80-4471-4957-92b9-dcc57442f6f3',20,3,2024,12,30,0,39,'2024-03-20 12:30:00.000000'),(65584,'5b46af80-4471-4957-92b9-dcc57442f6f3',20,3,2024,21,30,0,25,'2024-03-20 21:30:00.000000'),(65585,'5b46af80-4471-4957-92b9-dcc57442f6f3',21,3,2024,1,30,0,15,'2024-03-21 01:30:00.000000'),(65586,'5b46af80-4471-4957-92b9-dcc57442f6f3',21,3,2024,4,0,60,118,'2024-03-21 04:00:00.000000'),(65587,'5b46af80-4471-4957-92b9-dcc57442f6f3',21,3,2024,4,0,60,107,'2024-03-21 04:00:00.000000'),(65588,'5b46af80-4471-4957-92b9-dcc57442f6f3',21,3,2024,7,30,0,42,'2024-03-21 07:30:00.000000'),(65589,'5b46af80-4471-4957-92b9-dcc57442f6f3',21,3,2024,9,0,60,73,'2024-03-21 09:00:00.000000'),(65590,'5b46af80-4471-4957-92b9-dcc57442f6f3',21,3,2024,12,30,0,46,'2024-03-21 12:30:00.000000'),(65591,'5b46af80-4471-4957-92b9-dcc57442f6f3',21,3,2024,22,0,0,26,'2024-03-21 22:00:00.000000'),(65592,'5b46af80-4471-4957-92b9-dcc57442f6f3',22,3,2024,1,30,0,45,'2024-03-22 01:30:00.000000'),(65593,'5b46af80-4471-4957-92b9-dcc57442f6f3',22,3,2024,1,0,0,38,'2024-03-22 01:00:00.000000'),(65594,'5b46af80-4471-4957-92b9-dcc57442f6f3',22,3,2024,2,30,0,13,'2024-03-22 02:30:00.000000'),(65595,'5b46af80-4471-4957-92b9-dcc57442f6f3',22,3,2024,8,0,60,112,'2024-03-22 08:00:00.000000'),(65596,'5b46af80-4471-4957-92b9-dcc57442f6f3',22,3,2024,12,30,0,14,'2024-03-22 12:30:00.000000'),(65597,'5b46af80-4471-4957-92b9-dcc57442f6f3',22,3,2024,22,30,0,27,'2024-03-22 22:30:00.000000'),(65598,'5b46af80-4471-4957-92b9-dcc57442f6f3',22,3,2024,23,30,0,17,'2024-03-22 23:30:00.000000'),(65599,'5b46af80-4471-4957-92b9-dcc57442f6f3',23,3,2024,0,30,0,28,'2024-03-23 00:30:00.000000'),(65600,'5b46af80-4471-4957-92b9-dcc57442f6f3',23,3,2024,1,30,0,32,'2024-03-23 01:30:00.000000'),(65601,'5b46af80-4471-4957-92b9-dcc57442f6f3',23,3,2024,8,0,0,36,'2024-03-23 08:00:00.000000'),(65602,'5b46af80-4471-4957-92b9-dcc57442f6f3',23,3,2024,10,0,0,18,'2024-03-23 10:00:00.000000'),(65603,'5b46af80-4471-4957-92b9-dcc57442f6f3',23,3,2024,12,40,30,115,'2024-03-23 12:40:00.000000'),(65604,'5b46af80-4471-4957-92b9-dcc57442f6f3',23,3,2024,13,0,0,30,'2024-03-23 13:00:00.000000'),(65605,'5b46af80-4471-4957-92b9-dcc57442f6f3',23,3,2024,19,30,0,21,'2024-03-23 19:30:00.000000'),(65606,'5b46af80-4471-4957-92b9-dcc57442f6f3',24,3,2024,0,0,60,75,'2024-03-24 00:00:00.000000'),(65607,'5b46af80-4471-4957-92b9-dcc57442f6f3',24,3,2024,0,0,60,51,'2024-03-24 00:00:00.000000'),(65608,'5b46af80-4471-4957-92b9-dcc57442f6f3',24,3,2024,1,0,60,79,'2024-03-24 01:00:00.000000'),(65609,'5b46af80-4471-4957-92b9-dcc57442f6f3',24,3,2024,1,0,60,52,'2024-03-24 01:00:00.000000'),(65610,'5b46af80-4471-4957-92b9-dcc57442f6f3',24,3,2024,2,0,60,53,'2024-03-24 02:00:00.000000'),(65611,'5b46af80-4471-4957-92b9-dcc57442f6f3',24,3,2024,3,0,60,54,'2024-03-24 03:00:00.000000'),(65612,'5b46af80-4471-4957-92b9-dcc57442f6f3',24,3,2024,4,0,60,84,'2024-03-24 04:00:00.000000'),(65613,'5b46af80-4471-4957-92b9-dcc57442f6f3',24,3,2024,5,0,60,81,'2024-03-24 05:00:00.000000'),(65614,'5b46af80-4471-4957-92b9-dcc57442f6f3',24,3,2024,6,30,0,33,'2024-03-24 06:30:00.000000'),(65615,'5b46af80-4471-4957-92b9-dcc57442f6f3',24,3,2024,8,30,0,37,'2024-03-24 08:30:00.000000'),(65616,'5b46af80-4471-4957-92b9-dcc57442f6f3',24,3,2024,9,0,0,44,'2024-03-24 09:00:00.000000'),(65617,'5b46af80-4471-4957-92b9-dcc57442f6f3',24,3,2024,10,30,0,10,'2024-03-24 10:30:00.000000'),(65618,'5b46af80-4471-4957-92b9-dcc57442f6f3',24,3,2024,17,0,60,69,'2024-03-24 17:00:00.000000'),(65619,'5b46af80-4471-4957-92b9-dcc57442f6f3',24,3,2024,20,0,0,22,'2024-03-24 20:00:00.000000'),(65620,'5b46af80-4471-4957-92b9-dcc57442f6f3',25,3,2024,0,0,60,77,'2024-03-25 00:00:00.000000'),(65621,'5b46af80-4471-4957-92b9-dcc57442f6f3',25,3,2024,0,0,60,57,'2024-03-25 00:00:00.000000'),(65622,'5b46af80-4471-4957-92b9-dcc57442f6f3',25,3,2024,1,0,0,47,'2024-03-25 01:00:00.000000'),(65623,'5b46af80-4471-4957-92b9-dcc57442f6f3',25,3,2024,4,0,0,49,'2024-03-25 04:00:00.000000'),(65624,'5b46af80-4471-4957-92b9-dcc57442f6f3',25,3,2024,5,0,60,60,'2024-03-25 05:00:00.000000'),(65625,'5b46af80-4471-4957-92b9-dcc57442f6f3',25,3,2024,6,0,60,61,'2024-03-25 06:00:00.000000'),(65626,'5b46af80-4471-4957-92b9-dcc57442f6f3',25,3,2024,11,30,0,34,'2024-03-25 11:30:00.000000'),(65627,'5b46af80-4471-4957-92b9-dcc57442f6f3',25,3,2024,12,0,0,9,'2024-03-25 12:00:00.000000'),(65628,'5b46af80-4471-4957-92b9-dcc57442f6f3',25,3,2024,18,0,60,76,'2024-03-25 18:00:00.000000'),(65629,'5b46af80-4471-4957-92b9-dcc57442f6f3',25,3,2024,20,30,0,23,'2024-03-25 20:30:00.000000'),(65630,'5b46af80-4471-4957-92b9-dcc57442f6f3',26,3,2024,0,0,60,102,'2024-03-26 00:00:00.000000'),(65631,'5b46af80-4471-4957-92b9-dcc57442f6f3',26,3,2024,0,0,60,72,'2024-03-26 00:00:00.000000'),(65632,'5b46af80-4471-4957-92b9-dcc57442f6f3',26,3,2024,1,0,60,74,'2024-03-26 01:00:00.000000'),(65633,'5b46af80-4471-4957-92b9-dcc57442f6f3',26,3,2024,2,0,0,12,'2024-03-26 02:00:00.000000'),(65634,'5b46af80-4471-4957-92b9-dcc57442f6f3',26,3,2024,3,0,0,11,'2024-03-26 03:00:00.000000'),(65635,'5b46af80-4471-4957-92b9-dcc57442f6f3',26,3,2024,4,0,60,82,'2024-03-26 04:00:00.000000'),(65636,'5b46af80-4471-4957-92b9-dcc57442f6f3',26,3,2024,4,0,0,48,'2024-03-26 04:00:00.000000'),(65637,'5b46af80-4471-4957-92b9-dcc57442f6f3',26,3,2024,7,0,60,83,'2024-03-26 07:00:00.000000'),(65638,'5b46af80-4471-4957-92b9-dcc57442f6f3',26,3,2024,11,30,0,8,'2024-03-26 11:30:00.000000'),(65639,'5b46af80-4471-4957-92b9-dcc57442f6f3',26,3,2024,17,0,60,71,'2024-03-26 17:00:00.000000'),(65640,'5b46af80-4471-4957-92b9-dcc57442f6f3',26,3,2024,19,0,0,35,'2024-03-26 19:00:00.000000'),(65641,'5b46af80-4471-4957-92b9-dcc57442f6f3',26,3,2024,21,0,0,24,'2024-03-26 21:00:00.000000'),(65642,'5b46af80-4471-4957-92b9-dcc57442f6f3',27,3,2024,0,0,60,103,'2024-03-27 00:00:00.000000'),(65643,'5b46af80-4471-4957-92b9-dcc57442f6f3',27,3,2024,1,0,60,105,'2024-03-27 01:00:00.000000'),(65644,'5b46af80-4471-4957-92b9-dcc57442f6f3',27,3,2024,1,30,0,40,'2024-03-27 01:30:00.000000'),(65645,'5b46af80-4471-4957-92b9-dcc57442f6f3',27,3,2024,2,0,60,106,'2024-03-27 02:00:00.000000'),(65646,'5b46af80-4471-4957-92b9-dcc57442f6f3',27,3,2024,2,0,0,41,'2024-03-27 02:00:00.000000'),(65647,'5b46af80-4471-4957-92b9-dcc57442f6f3',27,3,2024,3,0,60,111,'2024-03-27 03:00:00.000000'),(65648,'5b46af80-4471-4957-92b9-dcc57442f6f3',27,3,2024,4,0,60,113,'2024-03-27 04:00:00.000000'),(65649,'5b46af80-4471-4957-92b9-dcc57442f6f3',27,3,2024,8,0,60,114,'2024-03-27 08:00:00.000000'),(65650,'5b46af80-4471-4957-92b9-dcc57442f6f3',27,3,2024,8,0,0,43,'2024-03-27 08:00:00.000000'),(65651,'5b46af80-4471-4957-92b9-dcc57442f6f3',27,3,2024,9,0,60,108,'2024-03-27 09:00:00.000000'),(65652,'5b46af80-4471-4957-92b9-dcc57442f6f3',27,3,2024,10,0,60,64,'2024-03-27 10:00:00.000000'),(65653,'5b46af80-4471-4957-92b9-dcc57442f6f3',27,3,2024,11,30,0,16,'2024-03-27 11:30:00.000000'),(65654,'5b46af80-4471-4957-92b9-dcc57442f6f3',27,3,2024,12,0,60,110,'2024-03-27 12:00:00.000000'),(65655,'5b46af80-4471-4957-92b9-dcc57442f6f3',27,3,2024,12,30,0,39,'2024-03-27 12:30:00.000000'),(65656,'5b46af80-4471-4957-92b9-dcc57442f6f3',27,3,2024,21,30,0,25,'2024-03-27 21:30:00.000000'),(65657,'5b46af80-4471-4957-92b9-dcc57442f6f3',28,3,2024,1,30,0,15,'2024-03-28 01:30:00.000000'),(65658,'5b46af80-4471-4957-92b9-dcc57442f6f3',28,3,2024,4,0,60,118,'2024-03-28 04:00:00.000000'),(65659,'5b46af80-4471-4957-92b9-dcc57442f6f3',28,3,2024,4,0,60,107,'2024-03-28 04:00:00.000000'),(65660,'5b46af80-4471-4957-92b9-dcc57442f6f3',28,3,2024,7,30,0,42,'2024-03-28 07:30:00.000000'),(65661,'5b46af80-4471-4957-92b9-dcc57442f6f3',28,3,2024,9,0,60,73,'2024-03-28 09:00:00.000000'),(65662,'5b46af80-4471-4957-92b9-dcc57442f6f3',28,3,2024,12,30,0,46,'2024-03-28 12:30:00.000000'),(65663,'5b46af80-4471-4957-92b9-dcc57442f6f3',28,3,2024,22,0,0,26,'2024-03-28 22:00:00.000000'),(65664,'5b46af80-4471-4957-92b9-dcc57442f6f3',29,3,2024,1,30,0,45,'2024-03-29 01:30:00.000000'),(65665,'5b46af80-4471-4957-92b9-dcc57442f6f3',29,3,2024,1,0,0,38,'2024-03-29 01:00:00.000000'),(65666,'5b46af80-4471-4957-92b9-dcc57442f6f3',29,3,2024,2,30,0,13,'2024-03-29 02:30:00.000000'),(65667,'5b46af80-4471-4957-92b9-dcc57442f6f3',29,3,2024,8,0,60,112,'2024-03-29 08:00:00.000000'),(65668,'5b46af80-4471-4957-92b9-dcc57442f6f3',29,3,2024,12,30,0,14,'2024-03-29 12:30:00.000000'),(65669,'5b46af80-4471-4957-92b9-dcc57442f6f3',29,3,2024,22,30,0,27,'2024-03-29 22:30:00.000000'),(65670,'5b46af80-4471-4957-92b9-dcc57442f6f3',29,3,2024,23,30,0,17,'2024-03-29 23:30:00.000000'),(65671,'5b46af80-4471-4957-92b9-dcc57442f6f3',30,3,2024,0,30,0,28,'2024-03-30 00:30:00.000000'),(65672,'5b46af80-4471-4957-92b9-dcc57442f6f3',30,3,2024,1,30,0,32,'2024-03-30 01:30:00.000000'),(65673,'5b46af80-4471-4957-92b9-dcc57442f6f3',30,3,2024,8,0,0,36,'2024-03-30 08:00:00.000000'),(65674,'5b46af80-4471-4957-92b9-dcc57442f6f3',30,3,2024,10,0,0,18,'2024-03-30 10:00:00.000000'),(65675,'5b46af80-4471-4957-92b9-dcc57442f6f3',30,3,2024,12,40,30,115,'2024-03-30 12:40:00.000000'),(65676,'5b46af80-4471-4957-92b9-dcc57442f6f3',30,3,2024,13,0,0,30,'2024-03-30 13:00:00.000000'),(65677,'5b46af80-4471-4957-92b9-dcc57442f6f3',30,3,2024,19,30,0,21,'2024-03-30 19:30:00.000000'),(65678,'5b46af80-4471-4957-92b9-dcc57442f6f3',31,3,2024,0,0,60,75,'2024-03-31 00:00:00.000000'),(65679,'5b46af80-4471-4957-92b9-dcc57442f6f3',31,3,2024,0,0,60,51,'2024-03-31 00:00:00.000000'),(65680,'5b46af80-4471-4957-92b9-dcc57442f6f3',31,3,2024,1,0,60,79,'2024-03-31 01:00:00.000000'),(65681,'5b46af80-4471-4957-92b9-dcc57442f6f3',31,3,2024,1,0,60,52,'2024-03-31 01:00:00.000000'),(65682,'5b46af80-4471-4957-92b9-dcc57442f6f3',31,3,2024,2,0,60,53,'2024-03-31 02:00:00.000000'),(65683,'5b46af80-4471-4957-92b9-dcc57442f6f3',31,3,2024,3,0,60,54,'2024-03-31 03:00:00.000000'),(65684,'5b46af80-4471-4957-92b9-dcc57442f6f3',31,3,2024,4,0,60,84,'2024-03-31 04:00:00.000000'),(65685,'5b46af80-4471-4957-92b9-dcc57442f6f3',31,3,2024,5,0,60,81,'2024-03-31 05:00:00.000000'),(65686,'5b46af80-4471-4957-92b9-dcc57442f6f3',31,3,2024,6,30,0,33,'2024-03-31 06:30:00.000000'),(65687,'5b46af80-4471-4957-92b9-dcc57442f6f3',31,3,2024,8,30,0,37,'2024-03-31 08:30:00.000000'),(65688,'5b46af80-4471-4957-92b9-dcc57442f6f3',31,3,2024,9,0,0,44,'2024-03-31 09:00:00.000000'),(65689,'5b46af80-4471-4957-92b9-dcc57442f6f3',31,3,2024,10,30,0,10,'2024-03-31 10:30:00.000000'),(65690,'5b46af80-4471-4957-92b9-dcc57442f6f3',31,3,2024,17,0,60,69,'2024-03-31 17:00:00.000000'),(65691,'5b46af80-4471-4957-92b9-dcc57442f6f3',31,3,2024,20,0,0,22,'2024-03-31 20:00:00.000000'),(65692,'5b46af80-4471-4957-92b9-dcc57442f6f3',1,4,2024,0,0,60,77,'2024-04-01 00:00:00.000000'),(65693,'5b46af80-4471-4957-92b9-dcc57442f6f3',1,4,2024,0,0,60,57,'2024-04-01 00:00:00.000000'),(65694,'5b46af80-4471-4957-92b9-dcc57442f6f3',1,4,2024,1,0,0,47,'2024-04-01 01:00:00.000000'),(65695,'5b46af80-4471-4957-92b9-dcc57442f6f3',1,4,2024,4,0,0,49,'2024-04-01 04:00:00.000000'),(65696,'5b46af80-4471-4957-92b9-dcc57442f6f3',1,4,2024,5,0,60,60,'2024-04-01 05:00:00.000000'),(65697,'5b46af80-4471-4957-92b9-dcc57442f6f3',1,4,2024,6,0,60,61,'2024-04-01 06:00:00.000000'),(65698,'5b46af80-4471-4957-92b9-dcc57442f6f3',1,4,2024,11,30,0,34,'2024-04-01 11:30:00.000000'),(65699,'5b46af80-4471-4957-92b9-dcc57442f6f3',1,4,2024,12,0,0,9,'2024-04-01 12:00:00.000000'),(65700,'5b46af80-4471-4957-92b9-dcc57442f6f3',1,4,2024,18,0,60,76,'2024-04-01 18:00:00.000000'),(65701,'5b46af80-4471-4957-92b9-dcc57442f6f3',1,4,2024,20,30,0,23,'2024-04-01 20:30:00.000000'),(65702,'5b46af80-4471-4957-92b9-dcc57442f6f3',2,4,2024,0,0,60,102,'2024-04-02 00:00:00.000000'),(65703,'5b46af80-4471-4957-92b9-dcc57442f6f3',2,4,2024,0,0,60,72,'2024-04-02 00:00:00.000000'),(65704,'5b46af80-4471-4957-92b9-dcc57442f6f3',2,4,2024,1,0,60,74,'2024-04-02 01:00:00.000000'),(65705,'5b46af80-4471-4957-92b9-dcc57442f6f3',2,4,2024,2,0,0,12,'2024-04-02 02:00:00.000000'),(65706,'5b46af80-4471-4957-92b9-dcc57442f6f3',2,4,2024,3,0,0,11,'2024-04-02 03:00:00.000000'),(65707,'5b46af80-4471-4957-92b9-dcc57442f6f3',2,4,2024,4,0,60,82,'2024-04-02 04:00:00.000000'),(65708,'5b46af80-4471-4957-92b9-dcc57442f6f3',2,4,2024,4,0,0,48,'2024-04-02 04:00:00.000000'),(65709,'5b46af80-4471-4957-92b9-dcc57442f6f3',2,4,2024,7,0,60,83,'2024-04-02 07:00:00.000000'),(65710,'5b46af80-4471-4957-92b9-dcc57442f6f3',2,4,2024,11,30,0,8,'2024-04-02 11:30:00.000000'),(65711,'5b46af80-4471-4957-92b9-dcc57442f6f3',2,4,2024,17,0,60,71,'2024-04-02 17:00:00.000000'),(65712,'5b46af80-4471-4957-92b9-dcc57442f6f3',2,4,2024,19,0,0,35,'2024-04-02 19:00:00.000000'),(65713,'5b46af80-4471-4957-92b9-dcc57442f6f3',2,4,2024,21,0,0,24,'2024-04-02 21:00:00.000000'),(65714,'5b46af80-4471-4957-92b9-dcc57442f6f3',3,4,2024,0,0,60,103,'2024-04-03 00:00:00.000000'),(65715,'5b46af80-4471-4957-92b9-dcc57442f6f3',3,4,2024,1,0,60,105,'2024-04-03 01:00:00.000000'),(65716,'5b46af80-4471-4957-92b9-dcc57442f6f3',3,4,2024,1,30,0,40,'2024-04-03 01:30:00.000000'),(65717,'5b46af80-4471-4957-92b9-dcc57442f6f3',3,4,2024,2,0,60,106,'2024-04-03 02:00:00.000000'),(65718,'5b46af80-4471-4957-92b9-dcc57442f6f3',3,4,2024,2,0,0,41,'2024-04-03 02:00:00.000000'),(65719,'5b46af80-4471-4957-92b9-dcc57442f6f3',3,4,2024,3,0,60,111,'2024-04-03 03:00:00.000000'),(65720,'5b46af80-4471-4957-92b9-dcc57442f6f3',3,4,2024,4,0,60,113,'2024-04-03 04:00:00.000000'),(65721,'5b46af80-4471-4957-92b9-dcc57442f6f3',3,4,2024,8,0,60,114,'2024-04-03 08:00:00.000000'),(65722,'5b46af80-4471-4957-92b9-dcc57442f6f3',3,4,2024,8,0,0,43,'2024-04-03 08:00:00.000000'),(65723,'5b46af80-4471-4957-92b9-dcc57442f6f3',3,4,2024,9,0,60,108,'2024-04-03 09:00:00.000000'),(65724,'5b46af80-4471-4957-92b9-dcc57442f6f3',3,4,2024,10,0,60,64,'2024-04-03 10:00:00.000000'),(65725,'5b46af80-4471-4957-92b9-dcc57442f6f3',3,4,2024,11,30,0,16,'2024-04-03 11:30:00.000000'),(65726,'5b46af80-4471-4957-92b9-dcc57442f6f3',3,4,2024,12,0,60,110,'2024-04-03 12:00:00.000000'),(65727,'5b46af80-4471-4957-92b9-dcc57442f6f3',3,4,2024,12,30,0,39,'2024-04-03 12:30:00.000000'),(65728,'5b46af80-4471-4957-92b9-dcc57442f6f3',3,4,2024,21,30,0,25,'2024-04-03 21:30:00.000000'),(65729,'5b46af80-4471-4957-92b9-dcc57442f6f3',4,4,2024,1,30,0,15,'2024-04-04 01:30:00.000000'),(65730,'5b46af80-4471-4957-92b9-dcc57442f6f3',4,4,2024,4,0,60,118,'2024-04-04 04:00:00.000000'),(65731,'5b46af80-4471-4957-92b9-dcc57442f6f3',4,4,2024,4,0,60,107,'2024-04-04 04:00:00.000000'),(65732,'5b46af80-4471-4957-92b9-dcc57442f6f3',4,4,2024,7,30,0,42,'2024-04-04 07:30:00.000000'),(65733,'5b46af80-4471-4957-92b9-dcc57442f6f3',4,4,2024,9,0,60,73,'2024-04-04 09:00:00.000000'),(65734,'5b46af80-4471-4957-92b9-dcc57442f6f3',4,4,2024,12,30,0,46,'2024-04-04 12:30:00.000000'),(65735,'5b46af80-4471-4957-92b9-dcc57442f6f3',4,4,2024,22,0,0,26,'2024-04-04 22:00:00.000000'),(65736,'5b46af80-4471-4957-92b9-dcc57442f6f3',5,4,2024,1,30,0,45,'2024-04-05 01:30:00.000000'),(65737,'5b46af80-4471-4957-92b9-dcc57442f6f3',5,4,2024,1,0,0,38,'2024-04-05 01:00:00.000000'),(65738,'5b46af80-4471-4957-92b9-dcc57442f6f3',5,4,2024,2,30,0,13,'2024-04-05 02:30:00.000000'),(65739,'5b46af80-4471-4957-92b9-dcc57442f6f3',5,4,2024,8,0,60,112,'2024-04-05 08:00:00.000000'),(65740,'5b46af80-4471-4957-92b9-dcc57442f6f3',5,4,2024,12,30,0,14,'2024-04-05 12:30:00.000000'),(65741,'5b46af80-4471-4957-92b9-dcc57442f6f3',5,4,2024,22,30,0,27,'2024-04-05 22:30:00.000000'),(65742,'5b46af80-4471-4957-92b9-dcc57442f6f3',5,4,2024,23,30,0,17,'2024-04-05 23:30:00.000000'),(65743,'5b46af80-4471-4957-92b9-dcc57442f6f3',6,4,2024,0,30,0,28,'2024-04-06 00:30:00.000000'),(65744,'5b46af80-4471-4957-92b9-dcc57442f6f3',6,4,2024,1,30,0,32,'2024-04-06 01:30:00.000000'),(65745,'5b46af80-4471-4957-92b9-dcc57442f6f3',6,4,2024,8,0,0,36,'2024-04-06 08:00:00.000000'),(65746,'5b46af80-4471-4957-92b9-dcc57442f6f3',6,4,2024,10,0,0,18,'2024-04-06 10:00:00.000000'),(65747,'5b46af80-4471-4957-92b9-dcc57442f6f3',6,4,2024,12,40,30,115,'2024-04-06 12:40:00.000000'),(65748,'5b46af80-4471-4957-92b9-dcc57442f6f3',6,4,2024,13,0,0,30,'2024-04-06 13:00:00.000000'),(65749,'5b46af80-4471-4957-92b9-dcc57442f6f3',6,4,2024,19,30,0,21,'2024-04-06 19:30:00.000000'),(65750,'5b46af80-4471-4957-92b9-dcc57442f6f3',7,4,2024,0,0,60,75,'2024-04-07 00:00:00.000000'),(65751,'5b46af80-4471-4957-92b9-dcc57442f6f3',7,4,2024,0,0,60,51,'2024-04-07 00:00:00.000000'),(65752,'5b46af80-4471-4957-92b9-dcc57442f6f3',7,4,2024,1,0,60,79,'2024-04-07 01:00:00.000000'),(65753,'5b46af80-4471-4957-92b9-dcc57442f6f3',7,4,2024,1,0,60,52,'2024-04-07 01:00:00.000000'),(65754,'5b46af80-4471-4957-92b9-dcc57442f6f3',7,4,2024,2,0,60,53,'2024-04-07 02:00:00.000000'),(65755,'5b46af80-4471-4957-92b9-dcc57442f6f3',7,4,2024,3,0,60,54,'2024-04-07 03:00:00.000000'),(65756,'5b46af80-4471-4957-92b9-dcc57442f6f3',7,4,2024,4,0,60,84,'2024-04-07 04:00:00.000000'),(65757,'5b46af80-4471-4957-92b9-dcc57442f6f3',7,4,2024,5,0,60,81,'2024-04-07 05:00:00.000000'),(65758,'5b46af80-4471-4957-92b9-dcc57442f6f3',7,4,2024,6,30,0,33,'2024-04-07 06:30:00.000000'),(65759,'5b46af80-4471-4957-92b9-dcc57442f6f3',7,4,2024,8,30,0,37,'2024-04-07 08:30:00.000000'),(65760,'5b46af80-4471-4957-92b9-dcc57442f6f3',7,4,2024,9,0,0,44,'2024-04-07 09:00:00.000000'),(65761,'5b46af80-4471-4957-92b9-dcc57442f6f3',7,4,2024,10,30,0,10,'2024-04-07 10:30:00.000000'),(65762,'5b46af80-4471-4957-92b9-dcc57442f6f3',7,4,2024,17,0,60,69,'2024-04-07 17:00:00.000000'),(65763,'5b46af80-4471-4957-92b9-dcc57442f6f3',7,4,2024,20,0,0,22,'2024-04-07 20:00:00.000000'),(65764,'5b46af80-4471-4957-92b9-dcc57442f6f3',8,4,2024,0,0,60,77,'2024-04-08 00:00:00.000000'),(65765,'5b46af80-4471-4957-92b9-dcc57442f6f3',8,4,2024,0,0,60,57,'2024-04-08 00:00:00.000000'),(65766,'5b46af80-4471-4957-92b9-dcc57442f6f3',8,4,2024,1,0,0,47,'2024-04-08 01:00:00.000000'),(65767,'5b46af80-4471-4957-92b9-dcc57442f6f3',8,4,2024,4,0,0,49,'2024-04-08 04:00:00.000000'),(65768,'5b46af80-4471-4957-92b9-dcc57442f6f3',8,4,2024,5,0,60,60,'2024-04-08 05:00:00.000000'),(65769,'5b46af80-4471-4957-92b9-dcc57442f6f3',8,4,2024,6,0,60,61,'2024-04-08 06:00:00.000000'),(65770,'5b46af80-4471-4957-92b9-dcc57442f6f3',8,4,2024,11,30,0,34,'2024-04-08 11:30:00.000000'),(65771,'5b46af80-4471-4957-92b9-dcc57442f6f3',8,4,2024,12,0,0,9,'2024-04-08 12:00:00.000000'),(65772,'5b46af80-4471-4957-92b9-dcc57442f6f3',8,4,2024,18,0,60,76,'2024-04-08 18:00:00.000000'),(65773,'5b46af80-4471-4957-92b9-dcc57442f6f3',8,4,2024,20,30,0,23,'2024-04-08 20:30:00.000000'),(65774,'5b46af80-4471-4957-92b9-dcc57442f6f3',9,4,2024,0,0,60,102,'2024-04-09 00:00:00.000000'),(65775,'5b46af80-4471-4957-92b9-dcc57442f6f3',9,4,2024,0,0,60,72,'2024-04-09 00:00:00.000000'),(65776,'5b46af80-4471-4957-92b9-dcc57442f6f3',9,4,2024,1,0,60,74,'2024-04-09 01:00:00.000000'),(65777,'5b46af80-4471-4957-92b9-dcc57442f6f3',9,4,2024,2,0,0,12,'2024-04-09 02:00:00.000000'),(65778,'5b46af80-4471-4957-92b9-dcc57442f6f3',9,4,2024,3,0,0,11,'2024-04-09 03:00:00.000000'),(65779,'5b46af80-4471-4957-92b9-dcc57442f6f3',9,4,2024,4,0,60,82,'2024-04-09 04:00:00.000000'),(65780,'5b46af80-4471-4957-92b9-dcc57442f6f3',9,4,2024,4,0,0,48,'2024-04-09 04:00:00.000000'),(65781,'5b46af80-4471-4957-92b9-dcc57442f6f3',9,4,2024,7,0,60,83,'2024-04-09 07:00:00.000000'),(65782,'5b46af80-4471-4957-92b9-dcc57442f6f3',9,4,2024,11,30,0,8,'2024-04-09 11:30:00.000000'),(65783,'5b46af80-4471-4957-92b9-dcc57442f6f3',9,4,2024,17,0,60,71,'2024-04-09 17:00:00.000000'),(65784,'5b46af80-4471-4957-92b9-dcc57442f6f3',9,4,2024,19,0,0,35,'2024-04-09 19:00:00.000000'),(65785,'5b46af80-4471-4957-92b9-dcc57442f6f3',9,4,2024,21,0,0,24,'2024-04-09 21:00:00.000000'),(65786,'5b46af80-4471-4957-92b9-dcc57442f6f3',10,4,2024,0,0,60,103,'2024-04-10 00:00:00.000000'),(65787,'5b46af80-4471-4957-92b9-dcc57442f6f3',10,4,2024,1,0,60,105,'2024-04-10 01:00:00.000000'),(65788,'5b46af80-4471-4957-92b9-dcc57442f6f3',10,4,2024,1,30,0,40,'2024-04-10 01:30:00.000000'),(65789,'5b46af80-4471-4957-92b9-dcc57442f6f3',10,4,2024,2,0,60,106,'2024-04-10 02:00:00.000000'),(65790,'5b46af80-4471-4957-92b9-dcc57442f6f3',10,4,2024,2,0,0,41,'2024-04-10 02:00:00.000000'),(65791,'5b46af80-4471-4957-92b9-dcc57442f6f3',10,4,2024,3,0,60,111,'2024-04-10 03:00:00.000000'),(65792,'5b46af80-4471-4957-92b9-dcc57442f6f3',10,4,2024,4,0,60,113,'2024-04-10 04:00:00.000000'),(65793,'5b46af80-4471-4957-92b9-dcc57442f6f3',10,4,2024,8,0,60,114,'2024-04-10 08:00:00.000000'),(65794,'5b46af80-4471-4957-92b9-dcc57442f6f3',10,4,2024,8,0,0,43,'2024-04-10 08:00:00.000000'),(65795,'5b46af80-4471-4957-92b9-dcc57442f6f3',10,4,2024,9,0,60,108,'2024-04-10 09:00:00.000000'),(65796,'5b46af80-4471-4957-92b9-dcc57442f6f3',10,4,2024,10,0,60,64,'2024-04-10 10:00:00.000000'),(65797,'5b46af80-4471-4957-92b9-dcc57442f6f3',10,4,2024,11,30,0,16,'2024-04-10 11:30:00.000000'),(65798,'5b46af80-4471-4957-92b9-dcc57442f6f3',10,4,2024,12,0,60,110,'2024-04-10 12:00:00.000000'),(65799,'5b46af80-4471-4957-92b9-dcc57442f6f3',10,4,2024,12,30,0,39,'2024-04-10 12:30:00.000000'),(65800,'5b46af80-4471-4957-92b9-dcc57442f6f3',10,4,2024,21,30,0,25,'2024-04-10 21:30:00.000000'),(65801,'5b46af80-4471-4957-92b9-dcc57442f6f3',11,4,2024,1,30,0,15,'2024-04-11 01:30:00.000000'),(65802,'5b46af80-4471-4957-92b9-dcc57442f6f3',11,4,2024,4,0,60,118,'2024-04-11 04:00:00.000000'),(65803,'5b46af80-4471-4957-92b9-dcc57442f6f3',11,4,2024,4,0,60,107,'2024-04-11 04:00:00.000000'),(65804,'5b46af80-4471-4957-92b9-dcc57442f6f3',11,4,2024,7,30,0,42,'2024-04-11 07:30:00.000000'),(65805,'5b46af80-4471-4957-92b9-dcc57442f6f3',11,4,2024,9,0,60,73,'2024-04-11 09:00:00.000000'),(65806,'5b46af80-4471-4957-92b9-dcc57442f6f3',11,4,2024,12,30,0,46,'2024-04-11 12:30:00.000000'),(65807,'5b46af80-4471-4957-92b9-dcc57442f6f3',11,4,2024,22,0,0,26,'2024-04-11 22:00:00.000000'),(65808,'5b46af80-4471-4957-92b9-dcc57442f6f3',12,4,2024,1,30,0,45,'2024-04-12 01:30:00.000000'),(65809,'5b46af80-4471-4957-92b9-dcc57442f6f3',12,4,2024,1,0,0,38,'2024-04-12 01:00:00.000000'),(65810,'5b46af80-4471-4957-92b9-dcc57442f6f3',12,4,2024,2,30,0,13,'2024-04-12 02:30:00.000000'),(65811,'5b46af80-4471-4957-92b9-dcc57442f6f3',12,4,2024,8,0,60,112,'2024-04-12 08:00:00.000000'),(65812,'5b46af80-4471-4957-92b9-dcc57442f6f3',12,4,2024,12,30,0,14,'2024-04-12 12:30:00.000000'),(65813,'5b46af80-4471-4957-92b9-dcc57442f6f3',12,4,2024,22,30,0,27,'2024-04-12 22:30:00.000000'),(65814,'5b46af80-4471-4957-92b9-dcc57442f6f3',12,4,2024,23,30,0,17,'2024-04-12 23:30:00.000000'),(65815,'5b46af80-4471-4957-92b9-dcc57442f6f3',13,4,2024,0,30,0,28,'2024-04-13 00:30:00.000000'),(65816,'5b46af80-4471-4957-92b9-dcc57442f6f3',13,4,2024,1,30,0,32,'2024-04-13 01:30:00.000000'),(65817,'5b46af80-4471-4957-92b9-dcc57442f6f3',13,4,2024,8,0,0,36,'2024-04-13 08:00:00.000000'),(65818,'5b46af80-4471-4957-92b9-dcc57442f6f3',13,4,2024,10,0,0,18,'2024-04-13 10:00:00.000000'),(65819,'5b46af80-4471-4957-92b9-dcc57442f6f3',13,4,2024,12,40,30,115,'2024-04-13 12:40:00.000000'),(65820,'5b46af80-4471-4957-92b9-dcc57442f6f3',13,4,2024,13,0,0,30,'2024-04-13 13:00:00.000000'),(65821,'5b46af80-4471-4957-92b9-dcc57442f6f3',13,4,2024,19,30,0,21,'2024-04-13 19:30:00.000000'),(65822,'5b46af80-4471-4957-92b9-dcc57442f6f3',14,4,2024,0,0,60,75,'2024-04-14 00:00:00.000000'),(65823,'5b46af80-4471-4957-92b9-dcc57442f6f3',14,4,2024,0,0,60,51,'2024-04-14 00:00:00.000000'),(65824,'5b46af80-4471-4957-92b9-dcc57442f6f3',14,4,2024,1,0,60,79,'2024-04-14 01:00:00.000000'),(65825,'5b46af80-4471-4957-92b9-dcc57442f6f3',14,4,2024,1,0,60,52,'2024-04-14 01:00:00.000000'),(65826,'5b46af80-4471-4957-92b9-dcc57442f6f3',14,4,2024,2,0,60,53,'2024-04-14 02:00:00.000000'),(65827,'5b46af80-4471-4957-92b9-dcc57442f6f3',14,4,2024,3,0,60,54,'2024-04-14 03:00:00.000000'),(65828,'5b46af80-4471-4957-92b9-dcc57442f6f3',14,4,2024,4,0,60,84,'2024-04-14 04:00:00.000000'),(65829,'5b46af80-4471-4957-92b9-dcc57442f6f3',14,4,2024,5,0,60,81,'2024-04-14 05:00:00.000000'),(65830,'5b46af80-4471-4957-92b9-dcc57442f6f3',14,4,2024,6,30,0,33,'2024-04-14 06:30:00.000000'),(65831,'5b46af80-4471-4957-92b9-dcc57442f6f3',14,4,2024,8,30,0,37,'2024-04-14 08:30:00.000000'),(65832,'5b46af80-4471-4957-92b9-dcc57442f6f3',14,4,2024,9,0,0,44,'2024-04-14 09:00:00.000000'),(65833,'5b46af80-4471-4957-92b9-dcc57442f6f3',14,4,2024,10,30,0,10,'2024-04-14 10:30:00.000000'),(65834,'5b46af80-4471-4957-92b9-dcc57442f6f3',14,4,2024,17,0,60,69,'2024-04-14 17:00:00.000000'),(65835,'5b46af80-4471-4957-92b9-dcc57442f6f3',14,4,2024,20,0,0,22,'2024-04-14 20:00:00.000000'),(65836,'5b46af80-4471-4957-92b9-dcc57442f6f3',15,4,2024,0,0,60,77,'2024-04-15 00:00:00.000000'),(65837,'5b46af80-4471-4957-92b9-dcc57442f6f3',15,4,2024,0,0,60,57,'2024-04-15 00:00:00.000000'),(65838,'5b46af80-4471-4957-92b9-dcc57442f6f3',15,4,2024,1,0,0,47,'2024-04-15 01:00:00.000000'),(65839,'5b46af80-4471-4957-92b9-dcc57442f6f3',15,4,2024,4,0,0,49,'2024-04-15 04:00:00.000000'),(65840,'5b46af80-4471-4957-92b9-dcc57442f6f3',15,4,2024,5,0,60,60,'2024-04-15 05:00:00.000000'),(65841,'5b46af80-4471-4957-92b9-dcc57442f6f3',15,4,2024,6,0,60,61,'2024-04-15 06:00:00.000000'),(65842,'5b46af80-4471-4957-92b9-dcc57442f6f3',15,4,2024,11,30,0,34,'2024-04-15 11:30:00.000000'),(65843,'5b46af80-4471-4957-92b9-dcc57442f6f3',15,4,2024,12,0,0,9,'2024-04-15 12:00:00.000000'),(65844,'5b46af80-4471-4957-92b9-dcc57442f6f3',15,4,2024,18,0,60,76,'2024-04-15 18:00:00.000000'),(65845,'5b46af80-4471-4957-92b9-dcc57442f6f3',15,4,2024,20,30,0,23,'2024-04-15 20:30:00.000000'),(65846,'5b46af80-4471-4957-92b9-dcc57442f6f3',16,4,2024,0,0,60,102,'2024-04-16 00:00:00.000000'),(65847,'5b46af80-4471-4957-92b9-dcc57442f6f3',16,4,2024,0,0,60,72,'2024-04-16 00:00:00.000000'),(65848,'5b46af80-4471-4957-92b9-dcc57442f6f3',16,4,2024,1,0,60,74,'2024-04-16 01:00:00.000000'),(65849,'5b46af80-4471-4957-92b9-dcc57442f6f3',16,4,2024,2,0,0,12,'2024-04-16 02:00:00.000000'),(65850,'5b46af80-4471-4957-92b9-dcc57442f6f3',16,4,2024,3,0,0,11,'2024-04-16 03:00:00.000000'),(65851,'5b46af80-4471-4957-92b9-dcc57442f6f3',16,4,2024,4,0,60,82,'2024-04-16 04:00:00.000000'),(65852,'5b46af80-4471-4957-92b9-dcc57442f6f3',16,4,2024,4,0,0,48,'2024-04-16 04:00:00.000000'),(65853,'5b46af80-4471-4957-92b9-dcc57442f6f3',16,4,2024,7,0,60,83,'2024-04-16 07:00:00.000000'),(65854,'5b46af80-4471-4957-92b9-dcc57442f6f3',16,4,2024,11,30,0,8,'2024-04-16 11:30:00.000000'),(65855,'5b46af80-4471-4957-92b9-dcc57442f6f3',16,4,2024,17,0,60,71,'2024-04-16 17:00:00.000000'),(65856,'5b46af80-4471-4957-92b9-dcc57442f6f3',16,4,2024,19,0,0,35,'2024-04-16 19:00:00.000000'),(65857,'5b46af80-4471-4957-92b9-dcc57442f6f3',16,4,2024,21,0,0,24,'2024-04-16 21:00:00.000000'),(65858,'5b46af80-4471-4957-92b9-dcc57442f6f3',17,4,2024,0,0,60,103,'2024-04-17 00:00:00.000000'),(65859,'5b46af80-4471-4957-92b9-dcc57442f6f3',17,4,2024,1,0,60,105,'2024-04-17 01:00:00.000000'),(65860,'5b46af80-4471-4957-92b9-dcc57442f6f3',17,4,2024,1,30,0,40,'2024-04-17 01:30:00.000000'),(65861,'5b46af80-4471-4957-92b9-dcc57442f6f3',17,4,2024,2,0,60,106,'2024-04-17 02:00:00.000000'),(65862,'5b46af80-4471-4957-92b9-dcc57442f6f3',17,4,2024,2,0,0,41,'2024-04-17 02:00:00.000000'),(65863,'5b46af80-4471-4957-92b9-dcc57442f6f3',17,4,2024,3,0,60,111,'2024-04-17 03:00:00.000000'),(65864,'5b46af80-4471-4957-92b9-dcc57442f6f3',17,4,2024,4,0,60,113,'2024-04-17 04:00:00.000000'),(65865,'5b46af80-4471-4957-92b9-dcc57442f6f3',17,4,2024,8,0,60,114,'2024-04-17 08:00:00.000000'),(65866,'5b46af80-4471-4957-92b9-dcc57442f6f3',17,4,2024,8,0,0,43,'2024-04-17 08:00:00.000000'),(65867,'5b46af80-4471-4957-92b9-dcc57442f6f3',17,4,2024,9,0,60,108,'2024-04-17 09:00:00.000000'),(65868,'5b46af80-4471-4957-92b9-dcc57442f6f3',17,4,2024,10,0,60,64,'2024-04-17 10:00:00.000000'),(65869,'5b46af80-4471-4957-92b9-dcc57442f6f3',17,4,2024,11,30,0,16,'2024-04-17 11:30:00.000000'),(65870,'5b46af80-4471-4957-92b9-dcc57442f6f3',17,4,2024,12,0,60,110,'2024-04-17 12:00:00.000000'),(65871,'5b46af80-4471-4957-92b9-dcc57442f6f3',17,4,2024,12,30,0,39,'2024-04-17 12:30:00.000000'),(65872,'5b46af80-4471-4957-92b9-dcc57442f6f3',17,4,2024,21,30,0,25,'2024-04-17 21:30:00.000000'),(65873,'5b46af80-4471-4957-92b9-dcc57442f6f3',18,4,2024,1,30,0,15,'2024-04-18 01:30:00.000000'),(65874,'5b46af80-4471-4957-92b9-dcc57442f6f3',18,4,2024,4,0,60,118,'2024-04-18 04:00:00.000000'),(65875,'5b46af80-4471-4957-92b9-dcc57442f6f3',18,4,2024,4,0,60,107,'2024-04-18 04:00:00.000000'),(65876,'5b46af80-4471-4957-92b9-dcc57442f6f3',18,4,2024,7,30,0,42,'2024-04-18 07:30:00.000000'),(65877,'5b46af80-4471-4957-92b9-dcc57442f6f3',18,4,2024,9,0,60,73,'2024-04-18 09:00:00.000000'),(65878,'5b46af80-4471-4957-92b9-dcc57442f6f3',18,4,2024,12,30,0,46,'2024-04-18 12:30:00.000000'),(65879,'5b46af80-4471-4957-92b9-dcc57442f6f3',18,4,2024,22,0,0,26,'2024-04-18 22:00:00.000000'),(65880,'5b46af80-4471-4957-92b9-dcc57442f6f3',19,4,2024,1,30,0,45,'2024-04-19 01:30:00.000000'),(65881,'5b46af80-4471-4957-92b9-dcc57442f6f3',19,4,2024,1,0,0,38,'2024-04-19 01:00:00.000000'),(65882,'5b46af80-4471-4957-92b9-dcc57442f6f3',19,4,2024,2,30,0,13,'2024-04-19 02:30:00.000000'),(65883,'5b46af80-4471-4957-92b9-dcc57442f6f3',19,4,2024,8,0,60,112,'2024-04-19 08:00:00.000000'),(65884,'5b46af80-4471-4957-92b9-dcc57442f6f3',19,4,2024,12,30,0,14,'2024-04-19 12:30:00.000000'),(65885,'5b46af80-4471-4957-92b9-dcc57442f6f3',19,4,2024,22,30,0,27,'2024-04-19 22:30:00.000000'),(65886,'5b46af80-4471-4957-92b9-dcc57442f6f3',19,4,2024,23,30,0,17,'2024-04-19 23:30:00.000000'),(65887,'5b46af80-4471-4957-92b9-dcc57442f6f3',20,4,2024,0,30,0,28,'2024-04-20 00:30:00.000000'),(65888,'5b46af80-4471-4957-92b9-dcc57442f6f3',20,4,2024,1,30,0,32,'2024-04-20 01:30:00.000000'),(65889,'5b46af80-4471-4957-92b9-dcc57442f6f3',20,4,2024,8,0,0,36,'2024-04-20 08:00:00.000000'),(65890,'5b46af80-4471-4957-92b9-dcc57442f6f3',20,4,2024,10,0,0,18,'2024-04-20 10:00:00.000000'),(65891,'5b46af80-4471-4957-92b9-dcc57442f6f3',20,4,2024,12,40,30,115,'2024-04-20 12:40:00.000000'),(65892,'5b46af80-4471-4957-92b9-dcc57442f6f3',20,4,2024,13,0,0,30,'2024-04-20 13:00:00.000000'),(65893,'5b46af80-4471-4957-92b9-dcc57442f6f3',20,4,2024,19,30,0,21,'2024-04-20 19:30:00.000000'),(65894,'5b46af80-4471-4957-92b9-dcc57442f6f3',21,4,2024,0,0,60,75,'2024-04-21 00:00:00.000000'),(65895,'5b46af80-4471-4957-92b9-dcc57442f6f3',21,4,2024,0,0,60,51,'2024-04-21 00:00:00.000000'),(65896,'5b46af80-4471-4957-92b9-dcc57442f6f3',21,4,2024,1,0,60,79,'2024-04-21 01:00:00.000000'),(65897,'5b46af80-4471-4957-92b9-dcc57442f6f3',21,4,2024,1,0,60,52,'2024-04-21 01:00:00.000000'),(65898,'5b46af80-4471-4957-92b9-dcc57442f6f3',21,4,2024,2,0,60,53,'2024-04-21 02:00:00.000000'),(65899,'5b46af80-4471-4957-92b9-dcc57442f6f3',21,4,2024,3,0,60,54,'2024-04-21 03:00:00.000000'),(65900,'5b46af80-4471-4957-92b9-dcc57442f6f3',21,4,2024,4,0,60,84,'2024-04-21 04:00:00.000000'),(65901,'5b46af80-4471-4957-92b9-dcc57442f6f3',21,4,2024,5,0,60,81,'2024-04-21 05:00:00.000000'),(65902,'5b46af80-4471-4957-92b9-dcc57442f6f3',21,4,2024,6,30,0,33,'2024-04-21 06:30:00.000000'),(65903,'5b46af80-4471-4957-92b9-dcc57442f6f3',21,4,2024,8,30,0,37,'2024-04-21 08:30:00.000000'),(65904,'5b46af80-4471-4957-92b9-dcc57442f6f3',21,4,2024,9,0,0,44,'2024-04-21 09:00:00.000000'),(65905,'5b46af80-4471-4957-92b9-dcc57442f6f3',21,4,2024,10,30,0,10,'2024-04-21 10:30:00.000000'),(65906,'5b46af80-4471-4957-92b9-dcc57442f6f3',21,4,2024,17,0,60,69,'2024-04-21 17:00:00.000000'),(65907,'5b46af80-4471-4957-92b9-dcc57442f6f3',21,4,2024,20,0,0,22,'2024-04-21 20:00:00.000000'),(65908,'5b46af80-4471-4957-92b9-dcc57442f6f3',22,4,2024,0,0,60,77,'2024-04-22 00:00:00.000000'),(65909,'5b46af80-4471-4957-92b9-dcc57442f6f3',22,4,2024,0,0,60,57,'2024-04-22 00:00:00.000000'),(65910,'5b46af80-4471-4957-92b9-dcc57442f6f3',22,4,2024,1,0,0,47,'2024-04-22 01:00:00.000000'),(65911,'5b46af80-4471-4957-92b9-dcc57442f6f3',22,4,2024,4,0,0,49,'2024-04-22 04:00:00.000000'),(65912,'5b46af80-4471-4957-92b9-dcc57442f6f3',22,4,2024,5,0,60,60,'2024-04-22 05:00:00.000000'),(65913,'5b46af80-4471-4957-92b9-dcc57442f6f3',22,4,2024,6,0,60,61,'2024-04-22 06:00:00.000000'),(65914,'5b46af80-4471-4957-92b9-dcc57442f6f3',22,4,2024,11,30,0,34,'2024-04-22 11:30:00.000000'),(65915,'5b46af80-4471-4957-92b9-dcc57442f6f3',22,4,2024,12,0,0,9,'2024-04-22 12:00:00.000000'),(65916,'5b46af80-4471-4957-92b9-dcc57442f6f3',22,4,2024,18,0,60,76,'2024-04-22 18:00:00.000000'),(65917,'5b46af80-4471-4957-92b9-dcc57442f6f3',22,4,2024,20,30,0,23,'2024-04-22 20:30:00.000000'),(65918,'5b46af80-4471-4957-92b9-dcc57442f6f3',23,4,2024,0,0,60,102,'2024-04-23 00:00:00.000000'),(65919,'5b46af80-4471-4957-92b9-dcc57442f6f3',23,4,2024,0,0,60,72,'2024-04-23 00:00:00.000000'),(65920,'5b46af80-4471-4957-92b9-dcc57442f6f3',23,4,2024,1,0,60,74,'2024-04-23 01:00:00.000000'),(65921,'5b46af80-4471-4957-92b9-dcc57442f6f3',23,4,2024,2,0,0,12,'2024-04-23 02:00:00.000000'),(65922,'5b46af80-4471-4957-92b9-dcc57442f6f3',23,4,2024,3,0,0,11,'2024-04-23 03:00:00.000000'),(65923,'5b46af80-4471-4957-92b9-dcc57442f6f3',23,4,2024,4,0,60,82,'2024-04-23 04:00:00.000000'),(65924,'5b46af80-4471-4957-92b9-dcc57442f6f3',23,4,2024,4,0,0,48,'2024-04-23 04:00:00.000000'),(65925,'5b46af80-4471-4957-92b9-dcc57442f6f3',23,4,2024,7,0,60,83,'2024-04-23 07:00:00.000000'),(65926,'5b46af80-4471-4957-92b9-dcc57442f6f3',23,4,2024,11,30,0,8,'2024-04-23 11:30:00.000000'),(65927,'5b46af80-4471-4957-92b9-dcc57442f6f3',23,4,2024,17,0,60,71,'2024-04-23 17:00:00.000000'),(65928,'5b46af80-4471-4957-92b9-dcc57442f6f3',23,4,2024,19,0,0,35,'2024-04-23 19:00:00.000000'),(65929,'5b46af80-4471-4957-92b9-dcc57442f6f3',23,4,2024,21,0,0,24,'2024-04-23 21:00:00.000000'),(65930,'5b46af80-4471-4957-92b9-dcc57442f6f3',24,4,2024,0,0,60,103,'2024-04-24 00:00:00.000000'),(65931,'5b46af80-4471-4957-92b9-dcc57442f6f3',24,4,2024,1,0,60,105,'2024-04-24 01:00:00.000000'),(65932,'5b46af80-4471-4957-92b9-dcc57442f6f3',24,4,2024,1,30,0,40,'2024-04-24 01:30:00.000000'),(65933,'5b46af80-4471-4957-92b9-dcc57442f6f3',24,4,2024,2,0,60,106,'2024-04-24 02:00:00.000000'),(65934,'5b46af80-4471-4957-92b9-dcc57442f6f3',24,4,2024,2,0,0,41,'2024-04-24 02:00:00.000000'),(65935,'5b46af80-4471-4957-92b9-dcc57442f6f3',24,4,2024,3,0,60,111,'2024-04-24 03:00:00.000000'),(65936,'5b46af80-4471-4957-92b9-dcc57442f6f3',24,4,2024,4,0,60,113,'2024-04-24 04:00:00.000000'),(65937,'5b46af80-4471-4957-92b9-dcc57442f6f3',24,4,2024,8,0,60,114,'2024-04-24 08:00:00.000000'),(65938,'5b46af80-4471-4957-92b9-dcc57442f6f3',24,4,2024,8,0,0,43,'2024-04-24 08:00:00.000000'),(65939,'5b46af80-4471-4957-92b9-dcc57442f6f3',24,4,2024,9,0,60,108,'2024-04-24 09:00:00.000000'),(65940,'5b46af80-4471-4957-92b9-dcc57442f6f3',24,4,2024,10,0,60,64,'2024-04-24 10:00:00.000000'),(65941,'5b46af80-4471-4957-92b9-dcc57442f6f3',24,4,2024,11,30,0,16,'2024-04-24 11:30:00.000000'),(65942,'5b46af80-4471-4957-92b9-dcc57442f6f3',24,4,2024,12,0,60,110,'2024-04-24 12:00:00.000000'),(65943,'5b46af80-4471-4957-92b9-dcc57442f6f3',24,4,2024,12,30,0,39,'2024-04-24 12:30:00.000000'),(65944,'5b46af80-4471-4957-92b9-dcc57442f6f3',24,4,2024,21,30,0,25,'2024-04-24 21:30:00.000000'),(65945,'5b46af80-4471-4957-92b9-dcc57442f6f3',25,4,2024,1,30,0,15,'2024-04-25 01:30:00.000000'),(65946,'5b46af80-4471-4957-92b9-dcc57442f6f3',25,4,2024,4,0,60,118,'2024-04-25 04:00:00.000000'),(65947,'5b46af80-4471-4957-92b9-dcc57442f6f3',25,4,2024,4,0,60,107,'2024-04-25 04:00:00.000000'),(65948,'5b46af80-4471-4957-92b9-dcc57442f6f3',25,4,2024,7,30,0,42,'2024-04-25 07:30:00.000000'),(65949,'5b46af80-4471-4957-92b9-dcc57442f6f3',25,4,2024,9,0,60,73,'2024-04-25 09:00:00.000000'),(65950,'5b46af80-4471-4957-92b9-dcc57442f6f3',25,4,2024,12,30,0,46,'2024-04-25 12:30:00.000000'),(65951,'5b46af80-4471-4957-92b9-dcc57442f6f3',25,4,2024,22,0,0,26,'2024-04-25 22:00:00.000000'),(65952,'5b46af80-4471-4957-92b9-dcc57442f6f3',26,4,2024,1,30,0,45,'2024-04-26 01:30:00.000000'),(65953,'5b46af80-4471-4957-92b9-dcc57442f6f3',26,4,2024,1,0,0,38,'2024-04-26 01:00:00.000000'),(65954,'5b46af80-4471-4957-92b9-dcc57442f6f3',26,4,2024,2,30,0,13,'2024-04-26 02:30:00.000000'),(65955,'5b46af80-4471-4957-92b9-dcc57442f6f3',26,4,2024,8,0,60,112,'2024-04-26 08:00:00.000000'),(65956,'5b46af80-4471-4957-92b9-dcc57442f6f3',26,4,2024,12,30,0,14,'2024-04-26 12:30:00.000000'),(65957,'5b46af80-4471-4957-92b9-dcc57442f6f3',26,4,2024,22,30,0,27,'2024-04-26 22:30:00.000000'),(65958,'5b46af80-4471-4957-92b9-dcc57442f6f3',26,4,2024,23,30,0,17,'2024-04-26 23:30:00.000000'),(65959,'5b46af80-4471-4957-92b9-dcc57442f6f3',27,4,2024,0,30,0,28,'2024-04-27 00:30:00.000000'),(65960,'5b46af80-4471-4957-92b9-dcc57442f6f3',27,4,2024,1,30,0,32,'2024-04-27 01:30:00.000000'),(65961,'5b46af80-4471-4957-92b9-dcc57442f6f3',27,4,2024,8,0,0,36,'2024-04-27 08:00:00.000000'),(65962,'5b46af80-4471-4957-92b9-dcc57442f6f3',27,4,2024,10,0,0,18,'2024-04-27 10:00:00.000000'),(65963,'5b46af80-4471-4957-92b9-dcc57442f6f3',27,4,2024,12,40,30,115,'2024-04-27 12:40:00.000000'),(65964,'5b46af80-4471-4957-92b9-dcc57442f6f3',27,4,2024,13,0,0,30,'2024-04-27 13:00:00.000000'),(65965,'5b46af80-4471-4957-92b9-dcc57442f6f3',27,4,2024,19,30,0,21,'2024-04-27 19:30:00.000000'),(65966,'5b46af80-4471-4957-92b9-dcc57442f6f3',28,4,2024,0,0,60,75,'2024-04-28 00:00:00.000000'),(65967,'5b46af80-4471-4957-92b9-dcc57442f6f3',28,4,2024,0,0,60,51,'2024-04-28 00:00:00.000000'),(65968,'5b46af80-4471-4957-92b9-dcc57442f6f3',28,4,2024,1,0,60,79,'2024-04-28 01:00:00.000000'),(65969,'5b46af80-4471-4957-92b9-dcc57442f6f3',28,4,2024,1,0,60,52,'2024-04-28 01:00:00.000000'),(65970,'5b46af80-4471-4957-92b9-dcc57442f6f3',28,4,2024,2,0,60,53,'2024-04-28 02:00:00.000000'),(65971,'5b46af80-4471-4957-92b9-dcc57442f6f3',28,4,2024,3,0,60,54,'2024-04-28 03:00:00.000000'),(65972,'5b46af80-4471-4957-92b9-dcc57442f6f3',28,4,2024,4,0,60,84,'2024-04-28 04:00:00.000000'),(65973,'5b46af80-4471-4957-92b9-dcc57442f6f3',28,4,2024,5,0,60,81,'2024-04-28 05:00:00.000000'),(65974,'5b46af80-4471-4957-92b9-dcc57442f6f3',28,4,2024,6,30,0,33,'2024-04-28 06:30:00.000000'),(65975,'5b46af80-4471-4957-92b9-dcc57442f6f3',28,4,2024,8,30,0,37,'2024-04-28 08:30:00.000000'),(65976,'5b46af80-4471-4957-92b9-dcc57442f6f3',28,4,2024,9,0,0,44,'2024-04-28 09:00:00.000000'),(65977,'5b46af80-4471-4957-92b9-dcc57442f6f3',28,4,2024,10,30,0,10,'2024-04-28 10:30:00.000000'),(65978,'5b46af80-4471-4957-92b9-dcc57442f6f3',28,4,2024,17,0,60,69,'2024-04-28 17:00:00.000000'),(65979,'5b46af80-4471-4957-92b9-dcc57442f6f3',28,4,2024,20,0,0,22,'2024-04-28 20:00:00.000000'),(65980,'5b46af80-4471-4957-92b9-dcc57442f6f3',29,4,2024,0,0,60,77,'2024-04-29 00:00:00.000000'),(65981,'5b46af80-4471-4957-92b9-dcc57442f6f3',29,4,2024,0,0,60,57,'2024-04-29 00:00:00.000000'),(65982,'5b46af80-4471-4957-92b9-dcc57442f6f3',29,4,2024,1,0,0,47,'2024-04-29 01:00:00.000000'),(65983,'5b46af80-4471-4957-92b9-dcc57442f6f3',29,4,2024,4,0,0,49,'2024-04-29 04:00:00.000000'),(65984,'5b46af80-4471-4957-92b9-dcc57442f6f3',29,4,2024,5,0,60,60,'2024-04-29 05:00:00.000000'),(65985,'5b46af80-4471-4957-92b9-dcc57442f6f3',29,4,2024,6,0,60,61,'2024-04-29 06:00:00.000000'),(65986,'5b46af80-4471-4957-92b9-dcc57442f6f3',29,4,2024,11,30,0,34,'2024-04-29 11:30:00.000000'),(65987,'5b46af80-4471-4957-92b9-dcc57442f6f3',29,4,2024,12,0,0,9,'2024-04-29 12:00:00.000000'),(65988,'5b46af80-4471-4957-92b9-dcc57442f6f3',29,4,2024,18,0,60,76,'2024-04-29 18:00:00.000000'),(65989,'5b46af80-4471-4957-92b9-dcc57442f6f3',29,4,2024,20,30,0,23,'2024-04-29 20:30:00.000000'),(65990,'5b46af80-4471-4957-92b9-dcc57442f6f3',30,4,2024,0,0,60,102,'2024-04-30 00:00:00.000000'),(65991,'5b46af80-4471-4957-92b9-dcc57442f6f3',30,4,2024,0,0,60,72,'2024-04-30 00:00:00.000000'),(65992,'5b46af80-4471-4957-92b9-dcc57442f6f3',30,4,2024,1,0,60,74,'2024-04-30 01:00:00.000000'),(65993,'5b46af80-4471-4957-92b9-dcc57442f6f3',30,4,2024,2,0,0,12,'2024-04-30 02:00:00.000000'),(65994,'5b46af80-4471-4957-92b9-dcc57442f6f3',30,4,2024,3,0,0,11,'2024-04-30 03:00:00.000000'),(65995,'5b46af80-4471-4957-92b9-dcc57442f6f3',30,4,2024,4,0,60,82,'2024-04-30 04:00:00.000000'),(65996,'5b46af80-4471-4957-92b9-dcc57442f6f3',30,4,2024,4,0,0,48,'2024-04-30 04:00:00.000000'),(65997,'5b46af80-4471-4957-92b9-dcc57442f6f3',30,4,2024,7,0,60,83,'2024-04-30 07:00:00.000000'),(65998,'5b46af80-4471-4957-92b9-dcc57442f6f3',30,4,2024,11,30,0,8,'2024-04-30 11:30:00.000000'),(65999,'5b46af80-4471-4957-92b9-dcc57442f6f3',30,4,2024,17,0,60,71,'2024-04-30 17:00:00.000000'),(66000,'5b46af80-4471-4957-92b9-dcc57442f6f3',30,4,2024,19,0,0,35,'2024-04-30 19:00:00.000000'),(66001,'5b46af80-4471-4957-92b9-dcc57442f6f3',30,4,2024,21,0,0,24,'2024-04-30 21:00:00.000000'),(66002,'5b46af80-4471-4957-92b9-dcc57442f6f3',1,5,2024,0,0,60,103,'2024-05-01 00:00:00.000000'),(66003,'5b46af80-4471-4957-92b9-dcc57442f6f3',1,5,2024,1,0,60,105,'2024-05-01 01:00:00.000000'),(66004,'5b46af80-4471-4957-92b9-dcc57442f6f3',1,5,2024,1,30,0,40,'2024-05-01 01:30:00.000000'),(66005,'5b46af80-4471-4957-92b9-dcc57442f6f3',1,5,2024,2,0,60,106,'2024-05-01 02:00:00.000000'),(66006,'5b46af80-4471-4957-92b9-dcc57442f6f3',1,5,2024,2,0,0,41,'2024-05-01 02:00:00.000000'),(66007,'5b46af80-4471-4957-92b9-dcc57442f6f3',1,5,2024,3,0,60,111,'2024-05-01 03:00:00.000000'),(66008,'5b46af80-4471-4957-92b9-dcc57442f6f3',1,5,2024,4,0,60,113,'2024-05-01 04:00:00.000000'),(66009,'5b46af80-4471-4957-92b9-dcc57442f6f3',1,5,2024,8,0,60,114,'2024-05-01 08:00:00.000000'),(66010,'5b46af80-4471-4957-92b9-dcc57442f6f3',1,5,2024,8,0,0,43,'2024-05-01 08:00:00.000000'),(66011,'5b46af80-4471-4957-92b9-dcc57442f6f3',1,5,2024,9,0,60,108,'2024-05-01 09:00:00.000000'),(66012,'5b46af80-4471-4957-92b9-dcc57442f6f3',1,5,2024,10,0,60,64,'2024-05-01 10:00:00.000000'),(66013,'5b46af80-4471-4957-92b9-dcc57442f6f3',1,5,2024,11,30,0,16,'2024-05-01 11:30:00.000000'),(66014,'5b46af80-4471-4957-92b9-dcc57442f6f3',1,5,2024,12,0,60,110,'2024-05-01 12:00:00.000000'),(66015,'5b46af80-4471-4957-92b9-dcc57442f6f3',1,5,2024,12,30,0,39,'2024-05-01 12:30:00.000000'),(66016,'5b46af80-4471-4957-92b9-dcc57442f6f3',1,5,2024,21,30,0,25,'2024-05-01 21:30:00.000000'),(66017,'5b46af80-4471-4957-92b9-dcc57442f6f3',2,5,2024,1,30,0,15,'2024-05-02 01:30:00.000000'),(66018,'5b46af80-4471-4957-92b9-dcc57442f6f3',2,5,2024,4,0,60,118,'2024-05-02 04:00:00.000000'),(66019,'5b46af80-4471-4957-92b9-dcc57442f6f3',2,5,2024,4,0,60,107,'2024-05-02 04:00:00.000000'),(66020,'5b46af80-4471-4957-92b9-dcc57442f6f3',2,5,2024,7,30,0,42,'2024-05-02 07:30:00.000000'),(66021,'5b46af80-4471-4957-92b9-dcc57442f6f3',2,5,2024,9,0,60,73,'2024-05-02 09:00:00.000000'),(66022,'5b46af80-4471-4957-92b9-dcc57442f6f3',2,5,2024,12,30,0,46,'2024-05-02 12:30:00.000000'),(66023,'5b46af80-4471-4957-92b9-dcc57442f6f3',2,5,2024,22,0,0,26,'2024-05-02 22:00:00.000000'),(66024,'5b46af80-4471-4957-92b9-dcc57442f6f3',3,5,2024,1,30,0,45,'2024-05-03 01:30:00.000000'),(66025,'5b46af80-4471-4957-92b9-dcc57442f6f3',3,5,2024,1,0,0,38,'2024-05-03 01:00:00.000000'),(66026,'5b46af80-4471-4957-92b9-dcc57442f6f3',3,5,2024,2,30,0,13,'2024-05-03 02:30:00.000000'),(66027,'5b46af80-4471-4957-92b9-dcc57442f6f3',3,5,2024,8,0,60,112,'2024-05-03 08:00:00.000000'),(66028,'5b46af80-4471-4957-92b9-dcc57442f6f3',3,5,2024,12,30,0,14,'2024-05-03 12:30:00.000000'),(66029,'5b46af80-4471-4957-92b9-dcc57442f6f3',3,5,2024,22,30,0,27,'2024-05-03 22:30:00.000000'),(66030,'5b46af80-4471-4957-92b9-dcc57442f6f3',3,5,2024,23,30,0,17,'2024-05-03 23:30:00.000000'),(66031,'5b46af80-4471-4957-92b9-dcc57442f6f3',4,5,2024,0,30,0,28,'2024-05-04 00:30:00.000000'),(66032,'5b46af80-4471-4957-92b9-dcc57442f6f3',4,5,2024,1,30,0,32,'2024-05-04 01:30:00.000000'),(66033,'5b46af80-4471-4957-92b9-dcc57442f6f3',4,5,2024,8,0,0,36,'2024-05-04 08:00:00.000000'),(66034,'5b46af80-4471-4957-92b9-dcc57442f6f3',4,5,2024,10,0,0,18,'2024-05-04 10:00:00.000000'),(66035,'5b46af80-4471-4957-92b9-dcc57442f6f3',4,5,2024,12,40,30,115,'2024-05-04 12:40:00.000000'),(66036,'5b46af80-4471-4957-92b9-dcc57442f6f3',4,5,2024,13,0,0,30,'2024-05-04 13:00:00.000000'),(66037,'5b46af80-4471-4957-92b9-dcc57442f6f3',4,5,2024,19,30,0,21,'2024-05-04 19:30:00.000000'),(66038,'5b46af80-4471-4957-92b9-dcc57442f6f3',5,5,2024,0,0,60,75,'2024-05-05 00:00:00.000000'),(66039,'5b46af80-4471-4957-92b9-dcc57442f6f3',5,5,2024,0,0,60,51,'2024-05-05 00:00:00.000000'),(66040,'5b46af80-4471-4957-92b9-dcc57442f6f3',5,5,2024,1,0,60,79,'2024-05-05 01:00:00.000000'),(66041,'5b46af80-4471-4957-92b9-dcc57442f6f3',5,5,2024,1,0,60,52,'2024-05-05 01:00:00.000000'),(66042,'5b46af80-4471-4957-92b9-dcc57442f6f3',5,5,2024,2,0,60,53,'2024-05-05 02:00:00.000000'),(66043,'5b46af80-4471-4957-92b9-dcc57442f6f3',5,5,2024,3,0,60,54,'2024-05-05 03:00:00.000000'),(66044,'5b46af80-4471-4957-92b9-dcc57442f6f3',5,5,2024,4,0,60,84,'2024-05-05 04:00:00.000000'),(66045,'5b46af80-4471-4957-92b9-dcc57442f6f3',5,5,2024,5,0,60,81,'2024-05-05 05:00:00.000000'),(66046,'5b46af80-4471-4957-92b9-dcc57442f6f3',5,5,2024,6,30,0,33,'2024-05-05 06:30:00.000000'),(66047,'5b46af80-4471-4957-92b9-dcc57442f6f3',5,5,2024,8,30,0,37,'2024-05-05 08:30:00.000000'),(66048,'5b46af80-4471-4957-92b9-dcc57442f6f3',5,5,2024,9,0,0,44,'2024-05-05 09:00:00.000000'),(66049,'5b46af80-4471-4957-92b9-dcc57442f6f3',5,5,2024,10,30,0,10,'2024-05-05 10:30:00.000000'),(66050,'5b46af80-4471-4957-92b9-dcc57442f6f3',5,5,2024,17,0,60,69,'2024-05-05 17:00:00.000000'),(66051,'5b46af80-4471-4957-92b9-dcc57442f6f3',5,5,2024,20,0,0,22,'2024-05-05 20:00:00.000000'),(66052,'5b46af80-4471-4957-92b9-dcc57442f6f3',6,5,2024,0,0,60,77,'2024-05-06 00:00:00.000000'),(66053,'5b46af80-4471-4957-92b9-dcc57442f6f3',6,5,2024,0,0,60,57,'2024-05-06 00:00:00.000000'),(66054,'5b46af80-4471-4957-92b9-dcc57442f6f3',6,5,2024,1,0,0,47,'2024-05-06 01:00:00.000000'),(66055,'5b46af80-4471-4957-92b9-dcc57442f6f3',6,5,2024,4,0,0,49,'2024-05-06 04:00:00.000000'),(66056,'5b46af80-4471-4957-92b9-dcc57442f6f3',6,5,2024,5,0,60,60,'2024-05-06 05:00:00.000000'),(66057,'5b46af80-4471-4957-92b9-dcc57442f6f3',6,5,2024,6,0,60,61,'2024-05-06 06:00:00.000000'),(66058,'5b46af80-4471-4957-92b9-dcc57442f6f3',6,5,2024,11,30,0,34,'2024-05-06 11:30:00.000000'),(66059,'5b46af80-4471-4957-92b9-dcc57442f6f3',6,5,2024,12,0,0,9,'2024-05-06 12:00:00.000000'),(66060,'5b46af80-4471-4957-92b9-dcc57442f6f3',6,5,2024,18,0,60,76,'2024-05-06 18:00:00.000000'),(66061,'5b46af80-4471-4957-92b9-dcc57442f6f3',6,5,2024,20,30,0,23,'2024-05-06 20:30:00.000000'),(66062,'5b46af80-4471-4957-92b9-dcc57442f6f3',7,5,2024,0,0,60,102,'2024-05-07 00:00:00.000000'),(66063,'5b46af80-4471-4957-92b9-dcc57442f6f3',7,5,2024,0,0,60,72,'2024-05-07 00:00:00.000000'),(66064,'5b46af80-4471-4957-92b9-dcc57442f6f3',7,5,2024,1,0,60,74,'2024-05-07 01:00:00.000000'),(66065,'5b46af80-4471-4957-92b9-dcc57442f6f3',7,5,2024,2,0,0,12,'2024-05-07 02:00:00.000000'),(66066,'5b46af80-4471-4957-92b9-dcc57442f6f3',7,5,2024,3,0,0,11,'2024-05-07 03:00:00.000000'),(66067,'5b46af80-4471-4957-92b9-dcc57442f6f3',7,5,2024,4,0,60,82,'2024-05-07 04:00:00.000000'),(66068,'5b46af80-4471-4957-92b9-dcc57442f6f3',7,5,2024,4,0,0,48,'2024-05-07 04:00:00.000000'),(66069,'5b46af80-4471-4957-92b9-dcc57442f6f3',7,5,2024,7,0,60,83,'2024-05-07 07:00:00.000000'),(66070,'5b46af80-4471-4957-92b9-dcc57442f6f3',7,5,2024,11,30,0,8,'2024-05-07 11:30:00.000000'),(66071,'5b46af80-4471-4957-92b9-dcc57442f6f3',7,5,2024,17,0,60,71,'2024-05-07 17:00:00.000000'),(66072,'5b46af80-4471-4957-92b9-dcc57442f6f3',7,5,2024,19,0,0,35,'2024-05-07 19:00:00.000000'),(66073,'5b46af80-4471-4957-92b9-dcc57442f6f3',7,5,2024,21,0,0,24,'2024-05-07 21:00:00.000000');

--
-- Table structure for table `medicaltests`
--

CREATE TABLE `medicaltests` (
  `Id` char(36) CHARACTER SET ascii COLLATE ascii_general_ci NOT NULL,
  `Name` longtext NOT NULL,
  `NameAR` longtext NOT NULL,
  `Description` longtext NOT NULL,
  `DescriptionAR` longtext NOT NULL,
  `Img` longtext NOT NULL,
  `CreatedDate` datetime(6) NOT NULL,
  `UpdateDate` datetime(6) NOT NULL,
  `IsDeleted` tinyint(1) NOT NULL DEFAULT '0',
  PRIMARY KEY (`Id`)
) ENGINE=InnoDB DEFAULT CHARSET=utf8mb4 COLLATE=utf8mb4_0900_ai_ci;

--
-- Dumping data for table `medicaltests`
--

INSERT INTO `medicaltests` VALUES ('08dbec23-202f-4bbe-8ca9-8acc3092bf55','string','stءring','string','string','string','2023-11-23 12:53:01.090849','2023-11-23 14:48:48.072130',1),('08dbec23-44a6-4a03-8c6d-1fc246ff2364','test','test','test','test','xx','2023-11-23 12:54:02.283129','2023-11-23 12:56:01.600340',1),('08dbec23-d337-4b20-81a9-39b245b06b4a','tt','tt','tt','tt','xx','2023-11-23 12:58:01.470954','2023-11-23 12:58:25.540073',1),('08dbec23-db7f-4b93-812a-702bd6d31971','merooOOOOO','mmmmm','mrroooo','ccccccccccc','xx','0001-01-01 00:00:00.000000','2023-11-23 14:48:53.011445',1),('08dbec25-3a8b-460f-8886-d8adab84426d','merrroo','merrroo','merrroo','merrroo','xx','2023-11-23 13:08:04.321393','2023-11-23 14:48:56.884341',1),('08dbec2b-647b-448e-894e-8fe3b3389c03','HAMILTON DEPRESSION RATING SCALE','مقياس هاملتون للإكتئاب ','Depression test','اختبار الاكتئاب ','xx','0001-01-01 00:00:00.000000','0001-01-01 00:00:00.000000',0),('08dbece9-d837-4646-8228-0c14b3cdd77a','Byk depression test','مقياس بيك للإكتئاب','Depression test','اختبار الإكتئاب','xx','2023-11-24 12:35:30.196247','0001-01-01 00:00:00.000000',0),('08dbf0ab-d92d-4532-8a75-19e530c644f5','TEST','TEST','TEST','TEST','xx','2023-11-29 07:21:47.662019','2023-11-29 07:31:58.673329',1),('08dbf0af-4de3-4204-8da7-16c89a48b72f','t','t','t','t','xx','2023-11-29 07:46:31.972486','2023-11-29 07:52:05.057726',1),('08dbf0c1-bb01-4355-899a-273e60bf7042','ttt','t','t','t','xx','2023-11-29 09:58:25.982886','2023-11-30 11:28:38.470053',1),('08dbf3dc-9d44-4fa8-8d48-12c8bad17140','xxx','xxxx','xxxx','xxxx','xx','2023-12-03 08:48:25.994645','2023-12-03 08:48:58.005109',1),('08dbf3dc-a9d5-4f11-8644-e95ca4c18366','vvvvvv','vvvvvvvv','vvvvvvvvv','vvvvvvvvvv','xx','2023-12-03 08:48:47.078131','2023-12-03 09:09:55.937031',1),('08dbf3dc-bd35-40d2-8a8e-9715842156e8','xxxxxxxxx','xxxxxxxxxx','xxxxxxxxxxxxxxx','xxxxxxxxxxxxx','xx','2023-12-03 08:49:19.578153','2023-12-03 11:03:24.221892',1),('08dbf3eb-95c2-475a-8637-fad6d2a84c81','z','z','z','z','xx','2023-12-03 10:35:35.846958','2023-12-03 10:46:22.759572',1),('08dbf3ed-2e0e-4434-8a3a-49da173801d7','xxxxxxxxxxxxxxxxxxx','xxxxxxxxx','xxxxxxxxxxxxx','xxxxxxxxxx','xx','2023-12-03 10:47:00.854128','2023-12-03 11:03:38.360905',1),('08dbf3ef-4a07-43d0-81bd-57e4df007788','test ','test ','test ','test ','xx','2023-12-03 11:02:06.777817','2023-12-03 11:17:19.232532',1),('08dbf3f0-da66-42ae-842e-e6620c060968','Medical Test ','Medical Test ','Medical Test ','Medical Test ','xx','2023-12-03 11:13:18.488587','2023-12-05 10:55:41.775295',1),('08dbf3fb-72f2-4b87-8adc-8d076fcf8bd4','xxx','xxx','xxx','xxxx','xx','2023-12-03 12:29:09.390693','2023-12-03 12:30:52.750715',1),('08dbf3fb-abd7-4846-8f1e-129c291e39cd','Miro ','مييرووز','test','test','xx','2023-12-03 12:30:44.842546','2023-12-05 10:55:36.144463',1);

--
-- Table structure for table `messages`
--

CREATE TABLE `messages` (
  `Id` int NOT NULL AUTO_INCREMENT,
  `Email` longtext NOT NULL,
  `Name` longtext,
  `Phone` longtext,
  `Address` longtext,
  `Gender` int DEFAULT NULL,
  `Title` longtext NOT NULL,
  `Body` longtext NOT NULL,
  `UserId` varchar(255) DEFAULT NULL,
  `CreatedAt` datetime(6) NOT NULL DEFAULT '0001-01-01 00:00:00.000000',
  PRIMARY KEY (`Id`),
  KEY `IX_Messages_UserId` (`UserId`),
  CONSTRAINT `FK_Messages_AspNetUsers_UserId` FOREIGN KEY (`UserId`) REFERENCES `aspnetusers` (`Id`)
) ENGINE=InnoDB AUTO_INCREMENT=3 DEFAULT CHARSET=utf8mb4 COLLATE=utf8mb4_0900_ai_ci;

--
-- Dumping data for table `messages`
--

INSERT INTO `messages` VALUES (1,'strinxxxg','strixxxxng','string','string',0,'string','string',NULL,'2023-11-26 09:30:37.559546'),(2,'miroosalih@gmail.com','Marwa Salih','+24999999999','Kh - Sudan',0,'Test Title','Test Message',NULL,'2023-11-26 10:07:11.927876');

--
-- Table structure for table `questionanswers`
--

CREATE TABLE `questionanswers` (
  `Id` int NOT NULL AUTO_INCREMENT,
  `QuestionId` int NOT NULL,
  `TestId` char(36) CHARACTER SET ascii COLLATE ascii_general_ci NOT NULL,
  `Answer` longtext NOT NULL,
  `AnswerAR` longtext NOT NULL,
  `Weight` int NOT NULL,
  `IsDeleted` tinyint(1) NOT NULL DEFAULT '0',
  PRIMARY KEY (`Id`),
  KEY `IX_QuestionAnswers_QuestionId` (`QuestionId`),
  KEY `IX_QuestionAnswers_TestId` (`TestId`),
  CONSTRAINT `FK_QuestionAnswers_MedicalTests_TestId` FOREIGN KEY (`TestId`) REFERENCES `medicaltests` (`Id`) ON DELETE CASCADE,
  CONSTRAINT `FK_QuestionAnswers_TestQuestions_QuestionId` FOREIGN KEY (`QuestionId`) REFERENCES `testquestions` (`Id`) ON DELETE CASCADE
) ENGINE=InnoDB AUTO_INCREMENT=240 DEFAULT CHARSET=utf8mb4 COLLATE=utf8mb4_0900_ai_ci;

--
-- Dumping data for table `questionanswers`
--

INSERT INTO `questionanswers` VALUES (1,1,'08dbec23-db7f-4b93-812a-702bd6d31971','azz','zzz',12,1),(2,2,'08dbec23-db7f-4b93-812a-702bd6d31971','sss','ssss',12,0),(3,1,'08dbec23-db7f-4b93-812a-702bd6d31971','azz','zzz',22222,1),(4,3,'08dbec23-db7f-4b93-812a-702bd6d31971','xxxxx','xxxxxxxxxxx',12,0),(5,1,'08dbec23-db7f-4b93-812a-702bd6d31971','azz','zzz',22222,1),(6,1,'08dbec23-db7f-4b93-812a-702bd6d31971','azz','zzz',22222,1),(7,1,'08dbec23-db7f-4b93-812a-702bd6d31971','azz','zzz',22222,1),(8,1,'08dbec23-db7f-4b93-812a-702bd6d31971','azz','zzz',22222,0),(9,4,'08dbec23-202f-4bbe-8ca9-8acc3092bf55','xx','xx',111,1),(10,4,'08dbec23-202f-4bbe-8ca9-8acc3092bf55','meroo','xx',200,0),(11,5,'08dbec25-3a8b-460f-8886-d8adab84426d','ans','anns',90,1),(12,5,'08dbec25-3a8b-460f-8886-d8adab84426d','ans','anns',90,1),(13,5,'08dbec25-3a8b-460f-8886-d8adab84426d','ans','anns',90,0),(14,6,'08dbec2b-647b-448e-894e-8fe3b3389c03','Absent','لا يوجد ',0,1),(15,6,'08dbec2b-647b-448e-894e-8fe3b3389c03','Sadness, etc.','حزن,الخ',1,1),(16,6,'08dbec2b-647b-448e-894e-8fe3b3389c03','Occasional weeping','بكاء بين الحين والاخر',2,1),(17,6,'08dbec2b-647b-448e-894e-8fe3b3389c03','Frequent weeping','البكاء بشكل متكرر',3,1),(18,6,'08dbec2b-647b-448e-894e-8fe3b3389c03','Extreme symptoms','اعراض حزن شديدة',4,1),(19,6,'08dbec2b-647b-448e-894e-8fe3b3389c03','Absent','لا يوجد ',0,1),(20,6,'08dbec2b-647b-448e-894e-8fe3b3389c03','Sadness, etc.','حزن,الخ',1,1),(21,6,'08dbec2b-647b-448e-894e-8fe3b3389c03','Occasional weeping','بكاء بين الحين والاخر',2,1),(22,6,'08dbec2b-647b-448e-894e-8fe3b3389c03','Frequent weeping','البكاء بشكل متكرر',3,1),(23,6,'08dbec2b-647b-448e-894e-8fe3b3389c03','Extreme symptoms','اعراض حزن شديدة',4,1),(24,6,'08dbec2b-647b-448e-894e-8fe3b3389c03','Absent','لا يوجد ',0,0),(25,6,'08dbec2b-647b-448e-894e-8fe3b3389c03','Sadness, etc.','حزن,الخ',1,0),(26,6,'08dbec2b-647b-448e-894e-8fe3b3389c03','Occasional weeping','بكاء بين الحين والاخر',2,0),(27,6,'08dbec2b-647b-448e-894e-8fe3b3389c03','Frequent weeping','البكاء بشكل متكرر',3,0),(28,6,'08dbec2b-647b-448e-894e-8fe3b3389c03','Extreme symptoms','اعراض حزن شديدة',4,0),(29,7,'08dbec2b-647b-448e-894e-8fe3b3389c03','Absent','لا يوجد',0,0),(30,7,'08dbec2b-647b-448e-894e-8fe3b3389c03','Self-reproach, feels he/she has let people down','لوم النفس ، والشعور بأنه خيب ظن اللآخرين فيه',1,0),(31,7,'08dbec2b-647b-448e-894e-8fe3b3389c03','Ideas of guilt','أفكار بشأن أنه مذنب ',2,0),(32,7,'08dbec2b-647b-448e-894e-8fe3b3389c03','Present illness is a punishment; delusions  of guilt','مرضه الحالي عقاب نزل به ',3,0),(33,7,'08dbec2b-647b-448e-894e-8fe3b3389c03','Hallucinations of guilt','هلاويس بشأن الإحساس بالذنب',4,0),(34,8,'08dbec2b-647b-448e-894e-8fe3b3389c03','Absent','لا يوجد',0,0),(35,8,'08dbec2b-647b-448e-894e-8fe3b3389c03','Feels life is not worth living','يشعر أن الحياة لا تستحق العيش',1,0),(36,8,'08dbec2b-647b-448e-894e-8fe3b3389c03','Wishes he/she were dead','تتمنى لو مات',2,0),(37,8,'08dbec2b-647b-448e-894e-8fe3b3389c03','Suicidal ideas or gestures','أفكار بشأن الانتحار',3,0),(38,8,'08dbec2b-647b-448e-894e-8fe3b3389c03','Attempts at suicide','محاولات الانتحار',4,0),(39,9,'08dbec2b-647b-448e-894e-8fe3b3389c03','Absent','لا يوجد',0,0),(40,9,'08dbec2b-647b-448e-894e-8fe3b3389c03','Occasional','احيانا',1,0),(41,9,'08dbec2b-647b-448e-894e-8fe3b3389c03','Frequent','متكرر',2,0),(42,10,'08dbec2b-647b-448e-894e-8fe3b3389c03','Absent','لا يوجد',0,0),(43,10,'08dbec2b-647b-448e-894e-8fe3b3389c03','Occasional','احيانا',1,0),(44,10,'08dbec2b-647b-448e-894e-8fe3b3389c03','Frequent','متكرر',2,0),(45,11,'08dbec2b-647b-448e-894e-8fe3b3389c03','Absent','لا يوجد',0,0),(46,11,'08dbec2b-647b-448e-894e-8fe3b3389c03','Occasional','احيانا',1,0),(47,11,'08dbec2b-647b-448e-894e-8fe3b3389c03','Frequent','متكرر',2,0),(48,12,'08dbec2b-647b-448e-894e-8fe3b3389c03','No difficulty','لا توجد صعوبة',0,0),(49,12,'08dbec2b-647b-448e-894e-8fe3b3389c03','Feelings of incapacity, listlessness, indecision and vacillation','مشاعر العجز ، الخمول ، التردد والتذبذب',1,0),(50,12,'08dbec2b-647b-448e-894e-8fe3b3389c03',' Loss of interest in hobbies, decreased social activities','فقدان الاهتمام بالهوايات ، انخفاض الأنشطة الاجتماعية',2,0),(51,12,'08dbec2b-647b-448e-894e-8fe3b3389c03','Productivity decreased','انخفاض الإنتاجية ',3,0),(52,12,'08dbec2b-647b-448e-894e-8fe3b3389c03','Unable to work. Stopped working because of present illness only. (Absence from work after treatment or recovery may rate a lower score)','غير قادر على العمل. توقف عن العمل بسبب المرض الحالي فقط. (قد يؤدي الغياب عن العمل بعد العلاج أو الشفاء درجة أقل).',4,0),(53,13,'08dbec2b-647b-448e-894e-8fe3b3389c03','No difficulty','لا توجد صعوبة',0,1),(54,13,'08dbec2b-647b-448e-894e-8fe3b3389c03','Feelings of incapacity, listlessness, indecision and vacillation','مشاعر العجز ، الخمول ، التردد والتذبذب',1,1),(55,13,'08dbec2b-647b-448e-894e-8fe3b3389c03',' Loss of interest in hobbies, decreased social activities','فقدان الاهتمام بالهوايات ، انخفاض الأنشطة الاجتماعية',2,1),(56,13,'08dbec2b-647b-448e-894e-8fe3b3389c03','Productivity decreased','انخفاض الإنتاجية ',3,1),(57,13,'08dbec2b-647b-448e-894e-8fe3b3389c03','Unable to work. Stopped working because of present illness only. (Absence from work after treatment or recovery may rate a lower score)','غير قادر على العمل. توقف عن العمل بسبب المرض الحالي فقط. (قد يؤدي الغياب عن العمل بعد العلاج أو الشفاء درجة أقل).',4,1),(58,14,'08dbec2b-647b-448e-894e-8fe3b3389c03','Absent','لايوجد',0,0),(59,14,'08dbec2b-647b-448e-894e-8fe3b3389c03','Slight retardation at interview','تأخير طفيف أثناء الحديث مع شخص اخر',1,0),(60,14,'08dbec2b-647b-448e-894e-8fe3b3389c03','Obvious retardation at interview','تأخير واضح أثناء الحديث مع شخص اخر',2,0),(61,14,'08dbec2b-647b-448e-894e-8fe3b3389c03','Interview difficult','صعوبات أثناء الحديث مع شخص اخر',3,0),(62,14,'08dbec2b-647b-448e-894e-8fe3b3389c03','Complete stupor','ذهول كامل أثناء الحديث ',4,0),(63,15,'08dbec2b-647b-448e-894e-8fe3b3389c03','Absent','لايوجد',0,1),(64,15,'08dbec2b-647b-448e-894e-8fe3b3389c03','Slight retardation at interview','تأخير طفيف أثناء الحديث مع شخص اخر',1,1),(65,15,'08dbec2b-647b-448e-894e-8fe3b3389c03','Obvious retardation at interview','تأخير واضح أثناء الحديث مع شخص اخر',2,1),(66,15,'08dbec2b-647b-448e-894e-8fe3b3389c03','Interview difficult','صعوبات أثناء الحديث مع شخص اخر',3,1),(67,15,'08dbec2b-647b-448e-894e-8fe3b3389c03','Complete stupor','ذهول كامل أثناء الحديث ',4,1),(68,16,'08dbec2b-647b-448e-894e-8fe3b3389c03','Absent','لا يوجد',0,0),(69,16,'08dbec2b-647b-448e-894e-8fe3b3389c03','Occasional','احيانا',1,0),(70,16,'08dbec2b-647b-448e-894e-8fe3b3389c03','Frequent','متكرر',2,0),(71,17,'08dbec2b-647b-448e-894e-8fe3b3389c03','No difficulty','لا توجد',0,0),(72,17,'08dbec2b-647b-448e-894e-8fe3b3389c03','Tension and irritability','التوتر والتهيج',1,0),(73,17,'08dbec2b-647b-448e-894e-8fe3b3389c03','Worrying about minor matters','القلق بشأن الأمور البسيطة',2,0),(74,17,'08dbec2b-647b-448e-894e-8fe3b3389c03','Apprehensive attitude','سلوك عصبي',3,0),(75,17,'08dbec2b-647b-448e-894e-8fe3b3389c03','Fears','المخاوف',4,0),(76,18,'08dbec2b-647b-448e-894e-8fe3b3389c03','Absent','لا يوجد',0,0),(77,18,'08dbec2b-647b-448e-894e-8fe3b3389c03','Mild','خفيف',1,0),(78,18,'08dbec2b-647b-448e-894e-8fe3b3389c03','Moderate','متوسط',2,0),(79,18,'08dbec2b-647b-448e-894e-8fe3b3389c03','Severe','شديد',3,0),(80,18,'08dbec2b-647b-448e-894e-8fe3b3389c03','Incapacitating','يسبب العجز',4,0),(81,19,'08dbec2b-647b-448e-894e-8fe3b3389c03','Absent','لا يوجد',0,0),(82,19,'08dbec2b-647b-448e-894e-8fe3b3389c03','Mild','خفيف',1,0),(83,19,'08dbec2b-647b-448e-894e-8fe3b3389c03','Severe','شديد',2,0),(84,20,'08dbec2b-647b-448e-894e-8fe3b3389c03','Absent','لا يوجد',0,0),(85,20,'08dbec2b-647b-448e-894e-8fe3b3389c03',' Mild','خفيف',1,0),(86,20,'08dbec2b-647b-448e-894e-8fe3b3389c03','Severe','شديد',2,0),(87,21,'08dbec2b-647b-448e-894e-8fe3b3389c03','Absent','لا يوجد',0,0),(88,21,'08dbec2b-647b-448e-894e-8fe3b3389c03',' Mild','خفيف',1,0),(89,21,'08dbec2b-647b-448e-894e-8fe3b3389c03','Severe','شديد',2,0),(90,22,'08dbec2b-647b-448e-894e-8fe3b3389c03','Absent','لا يوجد',0,0),(91,22,'08dbec2b-647b-448e-894e-8fe3b3389c03','Mild','خفيف',1,0),(92,22,'08dbec2b-647b-448e-894e-8fe3b3389c03','Severe','متوسط',2,0),(93,23,'08dbec2b-647b-448e-894e-8fe3b3389c03','Not present','لا يوجد ',0,0),(94,23,'08dbec2b-647b-448e-894e-8fe3b3389c03','Self-absorption (bodily)','انهماك ذاتي',1,0),(95,23,'08dbec2b-647b-448e-894e-8fe3b3389c03','Preoccupation with health','انشغال بالأفكارالمتعلقة بالصحة',2,0),(96,23,'08dbec2b-647b-448e-894e-8fe3b3389c03',' Querulous attitude','سلوك معاتب أو نكدي',3,0),(97,23,'08dbec2b-647b-448e-894e-8fe3b3389c03','Hypochondriacal delusions','أوهام المرض ',4,0),(98,24,'08dbec2b-647b-448e-894e-8fe3b3389c03','No weight loss','لا يوجد فقدان للوزن',0,0),(99,24,'08dbec2b-647b-448e-894e-8fe3b3389c03','Slight','طفيف',1,0),(100,24,'08dbec2b-647b-448e-894e-8fe3b3389c03','Obvious or severe','واضح أو شديد',2,0),(101,25,'08dbec2b-647b-448e-894e-8fe3b3389c03','No loss','لا خسارة',0,0),(102,25,'08dbec2b-647b-448e-894e-8fe3b3389c03','Partial or doubtfull loss','خسارة جزئية',1,0),(103,25,'08dbec2b-647b-448e-894e-8fe3b3389c03','Loss of insight','فقدان الفطنة',2,0),(104,26,'08dbec2b-647b-448e-894e-8fe3b3389c03','No variation','لا يوجد اختلاف',0,0),(105,26,'08dbec2b-647b-448e-894e-8fe3b3389c03','Mild variation; AM ( ) PM ( )','اختلاف خفيف ؛ صباحا () مساء ()',1,0),(106,26,'08dbec2b-647b-448e-894e-8fe3b3389c03','Severe variation; AM ( ) PM ( )','اختلاف شديد ؛ صباحا () مساء ()',2,0),(107,27,'08dbec2b-647b-448e-894e-8fe3b3389c03','No variation','لا يوجد اختلاف',0,1),(108,27,'08dbec2b-647b-448e-894e-8fe3b3389c03','Mild variation; AM ( ) PM ( )','اختلاف خفيف ؛ صباحا () مساء ()',1,1),(109,27,'08dbec2b-647b-448e-894e-8fe3b3389c03','Severe variation; AM ( ) PM ( )','اختلاف شديد ؛ صباحا () مساء ()',2,1),(110,28,'08dbec2b-647b-448e-894e-8fe3b3389c03','Absent','لا يوجد',0,0),(111,28,'08dbec2b-647b-448e-894e-8fe3b3389c03','Mild','بسيط',1,0),(112,28,'08dbec2b-647b-448e-894e-8fe3b3389c03','Moderate','متوسط',2,0),(113,28,'08dbec2b-647b-448e-894e-8fe3b3389c03','Severe','شديد',3,0),(114,28,'08dbec2b-647b-448e-894e-8fe3b3389c03','Incapacitating','يسبب العجز',4,0),(115,29,'08dbec2b-647b-448e-894e-8fe3b3389c03','None','لا شيء',0,0),(116,29,'08dbec2b-647b-448e-894e-8fe3b3389c03','Suspicious','مشبوه',1,0),(117,29,'08dbec2b-647b-448e-894e-8fe3b3389c03','Ideas of reference','افكار مرجعية',2,0),(118,29,'08dbec2b-647b-448e-894e-8fe3b3389c03','Delusions of reference and persecution','أوهام مرجعية واضطهاد',3,0),(119,29,'08dbec2b-647b-448e-894e-8fe3b3389c03',' Hallucinations, persecutory','هلوسة ، اضطهاد',4,0),(120,30,'08dbec2b-647b-448e-894e-8fe3b3389c03','None','لا شيء',0,0),(121,30,'08dbec2b-647b-448e-894e-8fe3b3389c03','Suspicious','مشبوه',1,0),(122,30,'08dbec2b-647b-448e-894e-8fe3b3389c03','Ideas of reference','افكار مرجعية',2,0),(123,30,'08dbec2b-647b-448e-894e-8fe3b3389c03','Delusions of reference and persecution','أوهام مرجعية واضطهاد',3,0),(124,30,'08dbec2b-647b-448e-894e-8fe3b3389c03',' Hallucinations, persecutory','هلوسة ، اضطهاد',4,0),(125,31,'08dbec2b-647b-448e-894e-8fe3b3389c03','Absen','لا يوجد',0,0),(126,31,'08dbec2b-647b-448e-894e-8fe3b3389c03',' Mild','خفيف',1,0),(127,31,'08dbec2b-647b-448e-894e-8fe3b3389c03',' Severe','شديد',2,0),(128,32,'08dbece9-d837-4646-8228-0c14b3cdd77a','Don’t feel sad','لا اشعر بالحزن',0,0),(129,32,'08dbece9-d837-4646-8228-0c14b3cdd77a','I feel sad','اشعر بالحزن',1,0),(130,32,'08dbece9-d837-4646-8228-0c14b3cdd77a','I’m sad all the time, and I can’t get over it','اشعر بالحزن طوال الوقت ولا استطيع ان اتخلص منه',2,0),(131,32,'08dbece9-d837-4646-8228-0c14b3cdd77a','I’m so sad that I can’t stand it','حزين بدرجة لا استطيع تحملها',3,0),(132,33,'08dbece9-d837-4646-8228-0c14b3cdd77a','I’m not pessimistic about the future','لست متشائما بالنسبة للمستقبل ',0,0),(133,33,'08dbece9-d837-4646-8228-0c14b3cdd77a','I feel pessimistic about the future','اشعر بتشائم بالنسبة للمستقبل ',1,0),(134,33,'08dbece9-d837-4646-8228-0c14b3cdd77a','I feel like there is nothing that draws me to the future','اشعر بانه ليس هنالك شيء يشدني للمستقبل',2,0),(135,33,'08dbece9-d837-4646-8228-0c14b3cdd77a','I feel that the future is unbearable and that things will not get better','اشعر ان المستقبل لا امل فيه وان الامور لن تتحسن',3,0),(136,34,'08dbece9-d837-4646-8228-0c14b3cdd77a','I don’t feel like a failure','لا اشعر بأني فاشل',0,0),(137,34,'08dbece9-d837-4646-8228-0c14b3cdd77a','I feel like I failed more than usual','اشعر انني فشلت اكثر من المعتاد',1,0),(138,34,'08dbece9-d837-4646-8228-0c14b3cdd77a','When I look at my past years, I only see a fiasco','عندما انظر الى ما مضى من سنوات عمري فأنا لا ارى الا الفشل الذريع',2,0),(139,34,'08dbece9-d837-4646-8228-0c14b3cdd77a','I feel like a total failure','اشعر بانني شخص فاشل تماما',3,0),(140,35,'08dbece9-d837-4646-8228-0c14b3cdd77a','Enjoy the aspects of life as I used to','استمتع بدرجة كافيةبجوانب الحياة كما اعتدت من قبل',0,0),(141,35,'08dbece9-d837-4646-8228-0c14b3cdd77a','I don’t enjoy the aspect of life as I used to','لا استمتع بجوانب الحياة على النحو الذي تعودت عليه',1,0),(142,35,'08dbece9-d837-4646-8228-0c14b3cdd77a','I don’t have real fun in anything in life','لم اعد احصل على استمتاع حقيقيفي اي شيئ في الحياة',2,0),(143,35,'08dbece9-d837-4646-8228-0c14b3cdd77a','I never enjoy anything in life','لا استمتع اطلاقا بأي شيء في الحياة',3,0),(144,36,'08dbece9-d837-4646-8228-0c14b3cdd77a','I don’t feel guilty','لا اشعر بالذنب',0,0),(145,36,'08dbece9-d837-4646-8228-0c14b3cdd77a','I don’t feel like I’m guilty','اشعر بأني قد اكون مذنبا ',1,0),(146,36,'08dbece9-d837-4646-8228-0c14b3cdd77a','I feel deeply guilty most of the time','اشعر بشعور عميق بالذنب في اغلب الاوقات',2,0),(147,36,'08dbece9-d837-4646-8228-0c14b3cdd77a','I feel generally guilty','اشعر بالذنب بصفة عامة',3,0),(148,37,'08dbece9-d837-4646-8228-0c14b3cdd77a','I don’t feel like I’m getting a punishment','لا اشعر بأني اتلقى عقابا',0,0),(149,37,'08dbece9-d837-4646-8228-0c14b3cdd77a','I feel that I may be punished','اشعر باني فد اتعرض للعقاب',1,0),(150,37,'08dbece9-d837-4646-8228-0c14b3cdd77a','I expect to be punished','اتوقع ان اعاقب',2,0),(151,37,'08dbece9-d837-4646-8228-0c14b3cdd77a','I feel like I’m receiving a punishment','اشعر بأني اتلقى عقابا',3,0),(152,38,'08dbece9-d837-4646-8228-0c14b3cdd77a','I don’t feel dissatisfied with myself','لا اشعر بعدم الرضا عن نفسي',0,0),(153,38,'08dbece9-d837-4646-8228-0c14b3cdd77a','I’m not satisfied with myself','انا غير راضي عن نفسي',1,0),(154,38,'08dbece9-d837-4646-8228-0c14b3cdd77a','I’m angry with myself','انا ممتعض من نفسي',2,0),(155,38,'08dbece9-d837-4646-8228-0c14b3cdd77a','I hate myself','اكره نفسي',4,0),(156,39,'08dbece9-d837-4646-8228-0c14b3cdd77a','I don’t feel I’m worse than others','لا اشعر باني اسوء من الاخرين',0,0),(157,39,'08dbece9-d837-4646-8228-0c14b3cdd77a','I criticize myself for my weaknesses and my mistakes','انقد نفسي بسبب ضعفي واخطائي',1,0),(158,39,'08dbece9-d837-4646-8228-0c14b3cdd77a','I blame myself most of the time for my mistakes','الوم نفسي معظم الوقت على اخطائي',2,0),(159,39,'08dbece9-d837-4646-8228-0c14b3cdd77a','I blame myself for everything bad that happens','الوم نفسي على كل شيء يحدث',3,0),(160,40,'08dbece9-d837-4646-8228-0c14b3cdd77a','I feel bad about life','اشعر بضيق من الحياة',0,0),(161,40,'08dbece9-d837-4646-8228-0c14b3cdd77a','I have no desire to live','ليس لي رغبة في الحياة',1,0),(162,40,'08dbece9-d837-4646-8228-0c14b3cdd77a','I hate life','اصبحت اكره الحياة',2,0),(163,40,'08dbece9-d837-4646-8228-0c14b3cdd77a','I wish I could die if I found an opportunity','اتمنى الموت اذا وجدت فرصة لذلك',3,0),(164,41,'08dbece9-d837-4646-8228-0c14b3cdd77a','I don’t cry more than usual','لا ابكي اكثر من المعتاد',0,0),(165,41,'08dbece9-d837-4646-8228-0c14b3cdd77a','I’m currently crying more than before','ابكي الان اكثر من ذي قبل',1,0),(166,41,'08dbece9-d837-4646-8228-0c14b3cdd77a','I’m crying all the time','ابكي طوال الوقت',2,0),(167,41,'08dbece9-d837-4646-8228-0c14b3cdd77a','I was able to cry in the past, but now I can’t cry, even if I have a desire','لقد كنت قادرا على البكاء فيما مضى لكنني الان لااستطيع البكاء حتى لو كانتلي رغبة في ذلك',3,0),(168,42,'08dbece9-d837-4646-8228-0c14b3cdd77a','I’m not more nervous than before','لست متوتر اكثر من ذي قبل',0,0),(169,42,'08dbece9-d837-4646-8228-0c14b3cdd77a','I get annoyed or nervous more quickly than before','اتضايق او اتوتر بسرعة اكثر من ذي قبل',1,0),(170,42,'08dbece9-d837-4646-8228-0c14b3cdd77a','I feel nervous all the time','اشعر بالتوتر كل وقت',2,0),(171,42,'08dbece9-d837-4646-8228-0c14b3cdd77a','I never get nervous about the things that used to make me nervous','لا اتوتر ابدا من الاشياء التي كانت توترني فيما مضى ',3,0),(172,43,'08dbece9-d837-4646-8228-0c14b3cdd77a','I didn’t lose caring for other people','لم افقد الاهتمام بالناس الاخرين',0,0),(173,43,'08dbece9-d837-4646-8228-0c14b3cdd77a','I’m less caring about others than I used to be','اني اقل اهتماما بالاخرين مما كنت عليه من ذي قبل ',1,0),(174,43,'08dbece9-d837-4646-8228-0c14b3cdd77a','I lost most of my attention on other people','لقد فقدت معظم اهتمامي بالناس الاخرين',2,0),(175,43,'08dbece9-d837-4646-8228-0c14b3cdd77a','I lost all my attention on other people','لقد فقدت كل اهتمامي بالناس الاخرين',3,0),(176,44,'08dbece9-d837-4646-8228-0c14b3cdd77a','I make decisions on the same level I used to','اتخذت قرارات بنفس المستوى الذي اعتدت عليه',0,0),(177,44,'08dbece9-d837-4646-8228-0c14b3cdd77a','I’ve stopped making decisions more than ever before','لقد توقفت عن اتخاذ القرارات بصورة اكبر من ما مضى',1,0),(178,44,'08dbece9-d837-4646-8228-0c14b3cdd77a','I find it more difficult to make decisions than I used to','اجد صعوبة اكبر في اتخاذ القرارات عما كنت اقوم به',2,0),(179,44,'08dbece9-d837-4646-8228-0c14b3cdd77a','I can’t make decisions anymore','لم اعد استطيع اخذ القرارات على الاطلاق',3,0),(180,45,'08dbece9-d837-4646-8228-0c14b3cdd77a','I make decisions on the same level I used to','اتخذت قرارات بنفس المستوى الذي اعتدت عليه',0,1),(181,45,'08dbece9-d837-4646-8228-0c14b3cdd77a','I’ve stopped making decisions more than ever before','لقد توقفت عن اتخاذ القرارات بصورة اكبر من ما مضى',1,1),(182,45,'08dbece9-d837-4646-8228-0c14b3cdd77a','I find it more difficult to make decisions than I used to','اجد صعوبة اكبر في اتخاذ القرارات عما كنت اقوم به',2,1),(183,45,'08dbece9-d837-4646-8228-0c14b3cdd77a','I can’t make decisions anymore','لم اعد استطيع اخذ القرارات على الاطلاق',3,1),(184,46,'08dbece9-d837-4646-8228-0c14b3cdd77a','I don’t feel worse than I used to be','لا اشعر اني ابدو في حالة اسوء مما كنت عليه ',0,0),(185,46,'08dbece9-d837-4646-8228-0c14b3cdd77a','I’m worried about looking older and less lively','يقلقني ان ابدو اكبر سنا واقل حيوية',1,0),(186,46,'08dbece9-d837-4646-8228-0c14b3cdd77a','I feel that there are permanent changes in my appearance that make me look less lively','اشعر ان هالك تغيرات مستديمة في مظهري تجعلني ابدو اقل حيوية',2,0),(187,46,'08dbece9-d837-4646-8228-0c14b3cdd77a','I think I look ugly','اعتقد اني ابدو قبيحا ',3,0),(188,47,'08dbece9-d837-4646-8228-0c14b3cdd77a','I can do my job as I used to','استطيع ان اقوم بعملي كما تعودت',0,0),(189,47,'08dbece9-d837-4646-8228-0c14b3cdd77a','I need a lot of effort to start doing something','احتاج الى جهد كبير لكي ابدا بعمل شيء ما ',1,0),(190,47,'08dbece9-d837-4646-8228-0c14b3cdd77a','I have to press myself too hard to do anything','ان علي ان اضغط على نفسي بشدة لعمل اي شيء ',2,0),(191,47,'08dbece9-d837-4646-8228-0c14b3cdd77a','I can’t do anything at all','لا استطيع ان اقوم بعمل اي شيء على الاطلاق',3,0),(192,48,'08dbece9-d837-4646-8228-0c14b3cdd77a','I can sleep as usual','استطيع ان انام كالمعتاد',0,0),(193,48,'08dbece9-d837-4646-8228-0c14b3cdd77a','I don’t sleep as usual','انا انام كالمعتاد',1,0),(194,48,'08dbece9-d837-4646-8228-0c14b3cdd77a','I get up an hour or two before my time and I find it difficult to fall asleep again','استيقظ قبل موعدي بساعة او ساعتينواجد صعوبة في النوم مرة اخرى',2,0),(195,48,'08dbece9-d837-4646-8228-0c14b3cdd77a','I get up a few hours before my usual time and I can’t go back to sleep again','استيقظ قبل بضعة ساعات من موعدي المعتاد ولا استطيع العودة للنوم مرة اخرى ',3,0),(196,49,'08dbece9-d837-4646-8228-0c14b3cdd77a','I don’t feel tired more than usual','لا اشعر بتعب اكثر من المعتاد',0,0),(197,49,'08dbece9-d837-4646-8228-0c14b3cdd77a','I get tired quickly','اتعب بسرعة عن المعتاد ',1,0),(198,49,'08dbece9-d837-4646-8228-0c14b3cdd77a','I get tired of doing anything','اتعب من القيام بأي جهد في عمل اي شيء ',2,0),(199,49,'08dbece9-d837-4646-8228-0c14b3cdd77a','I’m so tired that I can’t do any work','اني اتعب لدرجة انني لا استطيع القيام باي عمل ',3,0),(200,50,'08dbece9-d837-4646-8228-0c14b3cdd77a','my appetite for food is no less than usual','ان شهيتي للطعام ليست اقل من المعتاد',0,0),(201,50,'08dbece9-d837-4646-8228-0c14b3cdd77a','my appetite for food is as good as usual','ان شهيتي للطعام ليست جيدة كالمعتاد',1,0),(202,50,'08dbece9-d837-4646-8228-0c14b3cdd77a','my appetite for food is much worse now','ان شهيتي للطعام اسوء كثيرا الان',2,0),(203,50,'08dbece9-d837-4646-8228-0c14b3cdd77a','I don’t have any appetite at all, right now','ليس لدي شهية على الاطلاق في الوقت الحاضر ',3,0),(204,51,'08dbece9-d837-4646-8228-0c14b3cdd77a','I haven’t lost weight lately','لم ينقص وزني في الاونة الاخيرة',0,0),(205,51,'08dbece9-d837-4646-8228-0c14b3cdd77a','I lost more than a kilogram of weight','فقدت اكثر من كيلوجرامات من وزني ',1,0),(206,51,'08dbece9-d837-4646-8228-0c14b3cdd77a','I lost four kilograms of weight','فقدت اربعه كيلوجرامات من وزني ',2,0),(207,51,'08dbece9-d837-4646-8228-0c14b3cdd77a','I lost six kilograms of weight','فقدت سته كيلوجرامات من وزني ',3,0),(208,52,'08dbece9-d837-4646-8228-0c14b3cdd77a','I’m not busy with my health more than before','لست مشغولا على صحتي اكثر من السابق',0,0),(209,52,'08dbece9-d837-4646-8228-0c14b3cdd77a','I’m very busy with some physical problems such as aches, stomach disorders and constipation','اني مشغول جدا ببعض المشكلات البدنية مثل الاوجاع واضطرابات المعدة والامساك',1,0),(210,52,'08dbece9-d837-4646-8228-0c14b3cdd77a','I’m very busy with some daily problems and it’s hard to think about anything else','اني مشغول جدا ببعض المشكلات اليومية ومن الصعب ان افكر بأي شيء اخر ',2,0),(211,52,'08dbece9-d837-4646-8228-0c14b3cdd77a','I’m so busy with some physical problems that I can’t think of anything else','اني مشغول ببعض المكلات البدنية بحيث لا يمكنني التفكير باي شيء اخر ',3,0),(212,53,'08dbece9-d837-4646-8228-0c14b3cdd77a','I haven’t noticed any recent changes in my sexual interest','لم الاحظ اي تغيرات حديثة في اهتمامي الجنسي ',0,0),(213,53,'08dbece9-d837-4646-8228-0c14b3cdd77a','I’m less interested in sex than usual','انني اقل اهتماما بالجنس من المعتاد',1,0),(214,53,'08dbece9-d837-4646-8228-0c14b3cdd77a','I’m now less interested in sex','لقد قل الان اهتمامي بالجنس كثيرا ',2,0),(215,53,'08dbece9-d837-4646-8228-0c14b3cdd77a','I lost totally my interest in sex','لقد فقدت اهتمامي بالجنس تماما ',3,0),(216,54,'08dbf0ab-d92d-4532-8a75-19e530c644f5','Ans','Ans',10,0),(217,55,'08dbf0af-4de3-4204-8da7-16c89a48b72f','a','a',11,1),(218,56,'08dbf0c1-bb01-4355-899a-273e60bf7042','ff','ff',11,1),(219,57,'08dbf0c1-bb01-4355-899a-273e60bf7042','ssss','aaaa',3,0),(220,57,'08dbf0c1-bb01-4355-899a-273e60bf7042','ssss','dddd',4,0),(221,58,'08dbf3eb-95c2-475a-8637-fad6d2a84c81','ans','ans',1,1),(222,59,'08dbf3eb-95c2-475a-8637-fad6d2a84c81','ans','ans',1,1),(223,60,'08dbf3eb-95c2-475a-8637-fad6d2a84c81','ans','ans',1,0),(224,61,'08dbf3eb-95c2-475a-8637-fad6d2a84c81','q','q',11,0),(225,62,'08dbf3eb-95c2-475a-8637-fad6d2a84c81','x','x',1,0),(226,63,'08dbf3eb-95c2-475a-8637-fad6d2a84c81','ssss','sssss',12,1),(227,64,'08dbf3eb-95c2-475a-8637-fad6d2a84c81','tt','tt',12,0),(228,65,'08dbf3dc-bd35-40d2-8a8e-9715842156e8','x','x',12,0),(229,66,'08dbf3dc-bd35-40d2-8a8e-9715842156e8','ss','ss',1,0),(230,67,'08dbf3dc-bd35-40d2-8a8e-9715842156e8','cc','cc',12,0),(231,68,'08dbf3ef-4a07-43d0-81bd-57e4df007788','test ','test ',1,1),(232,68,'08dbf3ef-4a07-43d0-81bd-57e4df007788','test ','test ',2,1),(233,68,'08dbf3ef-4a07-43d0-81bd-57e4df007788','test ','test ',3,1),(234,69,'08dbf3ef-4a07-43d0-81bd-57e4df007788','ans1','ans1',1,0),(235,69,'08dbf3ef-4a07-43d0-81bd-57e4df007788','ans2','ans2',2,0),(236,69,'08dbf3ef-4a07-43d0-81bd-57e4df007788','ans3','ans3',3,0),(237,70,'08dbf3ef-4a07-43d0-81bd-57e4df007788','ans','ans',1,1),(238,71,'08dbf3f0-da66-42ae-842e-e6620c060968','Medical Test ','Medical Test ',1,0),(239,71,'08dbf3f0-da66-42ae-842e-e6620c060968','Medical Test ','Medical Test ',2,0);

--
-- Table structure for table `testquestions`
--

CREATE TABLE `testquestions` (
  `Id` int NOT NULL AUTO_INCREMENT,
  `Question` longtext NOT NULL,
  `QuestionAR` longtext NOT NULL,
  `TestId` char(36) CHARACTER SET ascii COLLATE ascii_general_ci NOT NULL,
  `CreatedDate` datetime(6) NOT NULL,
  `UpdateDate` datetime(6) NOT NULL,
  `IsDeleted` tinyint(1) NOT NULL DEFAULT '0',
  PRIMARY KEY (`Id`),
  KEY `IX_TestQuestions_TestId` (`TestId`),
  CONSTRAINT `FK_TestQuestions_MedicalTests_TestId` FOREIGN KEY (`TestId`) REFERENCES `medicaltests` (`Id`) ON DELETE CASCADE
) ENGINE=InnoDB AUTO_INCREMENT=72 DEFAULT CHARSET=utf8mb4 COLLATE=utf8mb4_0900_ai_ci;

--
-- Dumping data for table `testquestions`
--

INSERT INTO `testquestions` VALUES (1,'Q1','q1','08dbec23-db7f-4b93-812a-702bd6d31971','0001-01-01 00:00:00.000000','0001-01-01 00:00:00.000000',0),(2,'vvv','vvvv','08dbec23-db7f-4b93-812a-702bd6d31971','2023-11-23 13:05:50.591791','0001-01-01 00:00:00.000000',0),(3,'xxxxxxxxxx','xxxxxxxxxxxxxxx','08dbec23-db7f-4b93-812a-702bd6d31971','2023-11-23 13:08:29.542604','0001-01-01 00:00:00.000000',0),(4,'xx','xx','08dbec23-202f-4bbe-8ca9-8acc3092bf55','0001-01-01 00:00:00.000000','0001-01-01 00:00:00.000000',0),(5,'test','test','08dbec25-3a8b-460f-8886-d8adab84426d','0001-01-01 00:00:00.000000','0001-01-01 00:00:00.000000',0),(6,'DEPRESSED MOOD','المزاج الإكتئابي','08dbec2b-647b-448e-894e-8fe3b3389c03','0001-01-01 00:00:00.000000','0001-01-01 00:00:00.000000',0),(7,'FEELINGS OF GUILT','الشعور بالذنب ','08dbec2b-647b-448e-894e-8fe3b3389c03','2023-11-23 14:05:08.833093','0001-01-01 00:00:00.000000',0),(8,'SUICIDE','الانتحار','08dbec2b-647b-448e-894e-8fe3b3389c03','2023-11-23 14:08:02.294464','0001-01-01 00:00:00.000000',0),(9,'INSOMNIA - Initial','الأرق - في بداية الليل ( صعوبة النوم)','08dbec2b-647b-448e-894e-8fe3b3389c03','2023-11-23 14:10:29.841611','0001-01-01 00:00:00.000000',0),(10,'INSOMNIA - Middle (Complains of being restless and disturbed during the night. Waking during the night.)','الأرق - في منتصف الليل  (يشكو من القلق والانزعاج أثناء الليل. الاستيقاظ أثناء الليل.)','08dbec2b-647b-448e-894e-8fe3b3389c03','2023-11-23 14:13:13.022286','0001-01-01 00:00:00.000000',0),(11,'INSOMNIA - Delayed (Waking in early hours of the morning and  unable to fall asleep again)','الأرق –  ساعة متأخرة من الليل','08dbec2b-647b-448e-894e-8fe3b3389c03','2023-11-23 14:14:52.237694','0001-01-01 00:00:00.000000',0),(12,'WORK AND INTERESTS','العمل والاهتمامات','08dbec2b-647b-448e-894e-8fe3b3389c03','2023-11-23 14:17:33.674689','0001-01-01 00:00:00.000000',0),(13,'WORK AND INTERESTS','العمل والاهتمامات','08dbec2b-647b-448e-894e-8fe3b3389c03','2023-11-23 14:17:33.711701','0001-01-01 00:00:00.000000',1),(14,'RETARDATION (Slowness of thought, speech, and activity;  apathy; stupor.)','التأخير (بطء في الفكر والكلام والنشاط ؛ اللامبالاة ؛ الذهول.)','08dbec2b-647b-448e-894e-8fe3b3389c03','2023-11-23 14:20:23.137253','0001-01-01 00:00:00.000000',0),(15,'RETARDATION (Slowness of thought, speech, and activity;  apathy; stupor.)','التأخير (بطء في الفكر والكلام والنشاط ؛ اللامبالاة ؛ الذهول.)','08dbec2b-647b-448e-894e-8fe3b3389c03','2023-11-23 14:20:23.233134','0001-01-01 00:00:00.000000',1),(16,'AGITATION','الإنفعال (الضجر المرتبط بالقلق)','08dbec2b-647b-448e-894e-8fe3b3389c03','2023-11-23 14:22:03.245498','0001-01-01 00:00:00.000000',0),(17,'ANXIETY - PSYCHIC','القلق - تأثيره على الحالة النفسية','08dbec2b-647b-448e-894e-8fe3b3389c03','2023-11-23 14:25:00.416170','0001-01-01 00:00:00.000000',0),(18,'ANXIETY - SOMATIC Gastrointestinal, indigestion Cardiovascular, palpitation, Headaches Respiratory, Genito-urinary, etc.','القلق - تأثيره على الجهاز الهضمي الجسدي ،  وعسر الهضم القلبي الوعائي ، والخفقان ،  والصداع التنفسي ، والأعضاء التناسلية البولية ، إلخ','08dbec2b-647b-448e-894e-8fe3b3389c03','2023-11-23 14:27:55.915964','0001-01-01 00:00:00.000000',0),(19,'SOMATIC SYMPTOMS -  GASTROINTESTINAL (Loss of appetite , heavy feeling in abdomen; constipation)','الأعراض الجسدية – الجهاز الهضمي  (فقدان الشهية ، الشعور الثقيل في البطن ؛ الإمساك)','08dbec2b-647b-448e-894e-8fe3b3389c03','2023-11-23 14:29:18.263423','0001-01-01 00:00:00.000000',0),(20,'SOMATIC SYMPTOMS - GENERAL (Heaviness in limbs, back or head; diffuse backache; loss of energy and fatiguability)','13-	الأعراض الجسدية – عامة  (ثقل في الأطراف أو الظهر أو الرأس ؛ آلام في الظهر ؛ فقدان الطاقة والإرهاق)','08dbec2b-647b-448e-894e-8fe3b3389c03','2023-11-23 14:30:53.506510','0001-01-01 00:00:00.000000',0),(21,'SOMATIC SYMPTOMS - GENERAL (Heaviness in limbs, back or head; diffuse backache; loss of energy and fatiguability)','13-	الأعراض الجسدية – عامة  (ثقل في الأطراف أو الظهر أو الرأس ؛ آلام في الظهر ؛ فقدان الطاقة والإرهاق)','08dbec2b-647b-448e-894e-8fe3b3389c03','2023-11-23 14:30:53.552413','0001-01-01 00:00:00.000000',0),(22,'GENITAL SYMPTOMS (Loss of libido, menstrual disturbances)','أعراض الأعضاء التناسلية  (فقدان الرغبة الجنسية ، اضطرابات الدورة الشهرية)','08dbec2b-647b-448e-894e-8fe3b3389c03','2023-11-23 14:32:24.321629','0001-01-01 00:00:00.000000',0),(23,'HYPOCHONDRIASIS','الوسواس المرضي ','08dbec2b-647b-448e-894e-8fe3b3389c03','2023-11-23 14:34:52.873762','0001-01-01 00:00:00.000000',0),(24,'WEIGHT LOSS','فقدان الوزن','08dbec2b-647b-448e-894e-8fe3b3389c03','2023-11-23 14:36:26.025154','0001-01-01 00:00:00.000000',0),(25,'INSIGHT (Insight must be interpreted in terms of patient’s understanding and backgrou',' الفطنة (يجب تفسير الفطنة من حيث فهم المريض وخلفيته.)','08dbec2b-647b-448e-894e-8fe3b3389c03','2023-11-23 14:38:11.897818','0001-01-01 00:00:00.000000',0),(26,'DIURNAL VARIATION (Symptoms worse in morning or evening. Note which it is. ) ','التباين النهاري  (لاحظ للأعراض: هل أسوأ في الصباح أو في المساء)','08dbec2b-647b-448e-894e-8fe3b3389c03','2023-11-23 14:40:32.212443','0001-01-01 00:00:00.000000',0),(27,'DIURNAL VARIATION (Symptoms worse in morning or evening. Note which it is. ) ','التباين النهاري  (لاحظ للأعراض: هل أسوأ في الصباح أو في المساء)','08dbec2b-647b-448e-894e-8fe3b3389c03','2023-11-23 14:40:32.229452','0001-01-01 00:00:00.000000',1),(28,'DEPERSONALIZATION AND  DEREALIZATION (feelings of unreality, nihilistic ideas)',' تبدد الشخصية وتجاهلها  (مشاعر غير واقعية ، أفكار عدمية)','08dbec2b-647b-448e-894e-8fe3b3389c03','2023-11-23 14:43:08.357543','0001-01-01 00:00:00.000000',0),(29,'PARANOID SYMPTOMS (Not with a depressive quality)','أعراض بجنون العظمة  (ليس بجودة اكتئابية)','08dbec2b-647b-448e-894e-8fe3b3389c03','2023-11-23 14:45:30.232298','0001-01-01 00:00:00.000000',0),(30,'PARANOID SYMPTOMS (Not with a depressive quality)','أعراض بجنون العظمة  (ليس بجودة اكتئابية)','08dbec2b-647b-448e-894e-8fe3b3389c03','2023-11-23 14:45:30.280093','0001-01-01 00:00:00.000000',0),(31,'OBSESSIONAL SYMPTOMS (Obsessive thoughts and compulsions against which the patient struggles)','أعراض الوسواس (الأفكار الوسواسية والإكراهات التي يكافح المريض ضدها)','08dbec2b-647b-448e-894e-8fe3b3389c03','2023-11-23 14:46:50.252811','0001-01-01 00:00:00.000000',0),(32,'SAD','الحزن','08dbece9-d837-4646-8228-0c14b3cdd77a','2023-11-24 12:41:24.197474','0001-01-01 00:00:00.000000',0),(33,'Pessimism','التشائم','08dbece9-d837-4646-8228-0c14b3cdd77a','2023-11-24 12:49:39.206121','0001-01-01 00:00:00.000000',0),(34,' Failure','الفشل','08dbece9-d837-4646-8228-0c14b3cdd77a','2023-11-24 12:52:57.178833','0001-01-01 00:00:00.000000',0),(35,'Enjoying life','الاستمتاع بالحياة ','08dbece9-d837-4646-8228-0c14b3cdd77a','2023-11-24 13:01:36.204848','0001-01-01 00:00:00.000000',0),(36,'Guilt','الذنب','08dbece9-d837-4646-8228-0c14b3cdd77a','2023-11-24 13:03:56.448415','0001-01-01 00:00:00.000000',0),(37,'Punishment','العقاب','08dbece9-d837-4646-8228-0c14b3cdd77a','2023-11-24 13:06:37.633890','0001-01-01 00:00:00.000000',0),(38,'Satisfaction','الرضاء','08dbece9-d837-4646-8228-0c14b3cdd77a','2023-11-24 13:09:43.928048','0001-01-01 00:00:00.000000',0),(39,'Blame','اللوم','08dbece9-d837-4646-8228-0c14b3cdd77a','2023-11-24 13:14:19.326083','0001-01-01 00:00:00.000000',0),(40,'Death','الموت','08dbece9-d837-4646-8228-0c14b3cdd77a','2023-11-24 13:17:06.036146','0001-01-01 00:00:00.000000',0),(41,'Crying','البكاء','08dbece9-d837-4646-8228-0c14b3cdd77a','2023-11-24 13:19:40.124230','0001-01-01 00:00:00.000000',0),(42,'Tension','التوتر','08dbece9-d837-4646-8228-0c14b3cdd77a','2023-11-24 14:03:33.005098','0001-01-01 00:00:00.000000',0),(43,'Caring','الاهتمام','08dbece9-d837-4646-8228-0c14b3cdd77a','2023-11-24 14:07:21.622155','0001-01-01 00:00:00.000000',0),(44,'Making decisions','اخذ القرارات ','08dbece9-d837-4646-8228-0c14b3cdd77a','2023-11-24 14:13:25.916387','0001-01-01 00:00:00.000000',0),(45,'Making decisions','اخذ القرارات ','08dbece9-d837-4646-8228-0c14b3cdd77a','2023-11-24 14:14:32.693707','0001-01-01 00:00:00.000000',1),(46,'The Appearance','المظهر','08dbece9-d837-4646-8228-0c14b3cdd77a','2023-11-24 14:18:07.271133','0001-01-01 00:00:00.000000',0),(47,'Doing work','اداء العمل','08dbece9-d837-4646-8228-0c14b3cdd77a','2023-11-24 14:21:01.904720','0001-01-01 00:00:00.000000',0),(48,'Sleeping','النوم','08dbece9-d837-4646-8228-0c14b3cdd77a','2023-11-24 14:25:25.796637','0001-01-01 00:00:00.000000',0),(49,'Tired','التعب','08dbece9-d837-4646-8228-0c14b3cdd77a','2023-11-24 14:31:13.374951','0001-01-01 00:00:00.000000',0),(50,'Appetite','الشهية','08dbece9-d837-4646-8228-0c14b3cdd77a','2023-11-24 14:33:49.814965','0001-01-01 00:00:00.000000',0),(51,'Weight loss ','خسارة الوزن','08dbece9-d837-4646-8228-0c14b3cdd77a','2023-11-24 14:36:22.642044','0001-01-01 00:00:00.000000',0),(52,'Health problems','مشاكل صحية','08dbece9-d837-4646-8228-0c14b3cdd77a','2023-11-24 14:40:37.482756','0001-01-01 00:00:00.000000',0),(53,'Sexual interest','الاهتمام الجنسي ','08dbece9-d837-4646-8228-0c14b3cdd77a','2023-11-24 14:43:56.457008','0001-01-01 00:00:00.000000',0),(54,'Q1','Q1','08dbf0ab-d92d-4532-8a75-19e530c644f5','2023-11-29 07:22:12.731507','0001-01-01 00:00:00.000000',0),(55,'q','q','08dbf0af-4de3-4204-8da7-16c89a48b72f','2023-11-29 07:46:45.624287','0001-01-01 00:00:00.000000',1),(56,'f','f','08dbf0c1-bb01-4355-899a-273e60bf7042','2023-11-29 09:58:49.083942','0001-01-01 00:00:00.000000',1),(57,'AAAA','سسسسس','08dbf0c1-bb01-4355-899a-273e60bf7042','2023-11-30 11:26:46.302145','0001-01-01 00:00:00.000000',0),(58,'q','q','08dbf3eb-95c2-475a-8637-fad6d2a84c81','2023-12-03 10:35:54.500474','0001-01-01 00:00:00.000000',1),(59,'q','q','08dbf3eb-95c2-475a-8637-fad6d2a84c81','2023-12-03 10:35:56.067223','0001-01-01 00:00:00.000000',1),(60,'q','q','08dbf3eb-95c2-475a-8637-fad6d2a84c81','2023-12-03 10:35:59.984350','0001-01-01 00:00:00.000000',0),(61,'qqqq','qqqqqqq','08dbf3eb-95c2-475a-8637-fad6d2a84c81','2023-12-03 10:41:41.624744','0001-01-01 00:00:00.000000',0),(62,'xx','xx','08dbf3eb-95c2-475a-8637-fad6d2a84c81','2023-12-03 10:42:40.051222','0001-01-01 00:00:00.000000',0),(63,'sssssssssssss','sssssssssssssss','08dbf3eb-95c2-475a-8637-fad6d2a84c81','2023-12-03 10:44:55.391962','0001-01-01 00:00:00.000000',1),(64,'test','ttt','08dbf3eb-95c2-475a-8637-fad6d2a84c81','2023-12-03 10:46:01.791592','0001-01-01 00:00:00.000000',0),(65,'xxxx','xxxxx','08dbf3dc-bd35-40d2-8a8e-9715842156e8','2023-12-03 10:46:33.516122','0001-01-01 00:00:00.000000',0),(66,'s','sss','08dbf3dc-bd35-40d2-8a8e-9715842156e8','2023-12-03 10:46:42.807149','0001-01-01 00:00:00.000000',0),(67,'ccc','ccccc','08dbf3dc-bd35-40d2-8a8e-9715842156e8','2023-12-03 10:47:30.315765','0001-01-01 00:00:00.000000',0),(68,'test ','test ','08dbf3ef-4a07-43d0-81bd-57e4df007788','2023-12-03 11:02:33.674448','0001-01-01 00:00:00.000000',1),(69,'q1','q1','08dbf3ef-4a07-43d0-81bd-57e4df007788','2023-12-03 11:04:23.835867','0001-01-01 00:00:00.000000',0),(70,'q2','q2','08dbf3ef-4a07-43d0-81bd-57e4df007788','2023-12-03 11:11:47.469002','0001-01-01 00:00:00.000000',1),(71,'q1','q1','08dbf3f0-da66-42ae-842e-e6620c060968','2023-12-03 11:13:39.832921','0001-01-01 00:00:00.000000',0);

--
-- Table structure for table `testranges`
--

CREATE TABLE `testranges` (
  `Id` int NOT NULL AUTO_INCREMENT,
  `From` int NOT NULL,
  `To` int NOT NULL,
  `MedicalTestId` char(36) CHARACTER SET ascii COLLATE ascii_general_ci NOT NULL,
  `ResultDescription` longtext NOT NULL,
  `ResultDescriptionAR` longtext NOT NULL,
  `IsDeleted` tinyint(1) NOT NULL DEFAULT '0',
  PRIMARY KEY (`Id`),
  KEY `IX_TestRanges_MedicalTestId` (`MedicalTestId`),
  CONSTRAINT `FK_TestRanges_MedicalTests_MedicalTestId` FOREIGN KEY (`MedicalTestId`) REFERENCES `medicaltests` (`Id`) ON DELETE CASCADE
) ENGINE=InnoDB AUTO_INCREMENT=43 DEFAULT CHARSET=utf8mb4 COLLATE=utf8mb4_0900_ai_ci;

--
-- Dumping data for table `testranges`
--

INSERT INTO `testranges` VALUES (1,0,0,'08dbec23-202f-4bbe-8ca9-8acc3092bf55','string','string',0),(2,1,10,'08dbec23-44a6-4a03-8c6d-1fc246ff2364','test','test',0),(3,1,10,'08dbec23-d337-4b20-81a9-39b245b06b4a','tttt','tttt',0),(4,1,10,'08dbec23-db7f-4b93-812a-702bd6d31971','vvvvvvvvv','vvvvvvv',1),(5,1,10,'08dbec23-db7f-4b93-812a-702bd6d31971','vvvvvvvvv','vvvvvvv',1),(6,1,10,'08dbec25-3a8b-460f-8886-d8adab84426d','rrrr','rrrr',0),(7,1,10,'08dbec23-db7f-4b93-812a-702bd6d31971','vvvvvvvvv','vvvvvvv',1),(8,1,10,'08dbec23-db7f-4b93-812a-702bd6d31971','vvvvvvvvv','vvvvvvv',0),(9,0,7,'08dbec2b-647b-448e-894e-8fe3b3389c03','Normal','عادي',1),(10,8,13,'08dbec2b-647b-448e-894e-8fe3b3389c03','Mild Depression','اكتئاب خفيف',1),(11,14,18,'08dbec2b-647b-448e-894e-8fe3b3389c03','Moderate Depression','اكتئاب معتدل',1),(12,19,22,'08dbec2b-647b-448e-894e-8fe3b3389c03','Severe Depression','اكتئاب شديد',1),(13,23,100,'08dbec2b-647b-448e-894e-8fe3b3389c03','Very Severe Depression','اكتئاب شديد جدا ',1),(14,0,9,'08dbece9-d837-4646-8228-0c14b3cdd77a','Normal','لا يوجد اكتئاب',0),(15,10,15,'08dbece9-d837-4646-8228-0c14b3cdd77a','Mild Depression','اكتئاب بسيط',0),(16,16,23,'08dbece9-d837-4646-8228-0c14b3cdd77a','Moderate Depression','اكتئاب متوسط',0),(17,24,36,'08dbece9-d837-4646-8228-0c14b3cdd77a','Severe Depression','اكتئاب شديد',0),(18,37,1000,'08dbece9-d837-4646-8228-0c14b3cdd77a','Very Severe Depression','اكتئاب شديد جدا ',0),(19,0,7,'08dbec2b-647b-448e-894e-8fe3b3389c03','Normal','عادي',1),(20,8,13,'08dbec2b-647b-448e-894e-8fe3b3389c03','Mild Depression','اكتئاب خفيف',1),(21,14,18,'08dbec2b-647b-448e-894e-8fe3b3389c03','Moderate Depression','اكتئاب معتدل',0),(22,19,22,'08dbec2b-647b-448e-894e-8fe3b3389c03','Severe Depression','اكتئاب شديد',0),(23,23,100,'08dbec2b-647b-448e-894e-8fe3b3389c03','Very Severe Depression','اكتئاب شديد جدا ',0),(24,1,10,'08dbf0ab-d92d-4532-8a75-19e530c644f5','xxxx','xxxx',0),(25,1,11,'08dbf0af-4de3-4204-8da7-16c89a48b72f','rrrr','rrrr',0),(26,1,11,'08dbf0c1-bb01-4355-899a-273e60bf7042','tttt','ttttt',0),(27,2,2,'08dbf0c1-bb01-4355-899a-273e60bf7042','rrrrr','rrrrrrrr',1),(28,33,33,'08dbf0c1-bb01-4355-899a-273e60bf7042','ffff','ffffffff',1),(29,1,2,'08dbf3dc-9d44-4fa8-8d48-12c8bad17140','xxxx','xxxx',0),(30,1,2,'08dbf3dc-a9d5-4f11-8644-e95ca4c18366','xxxx','xxxx',0),(31,1,2,'08dbf3dc-bd35-40d2-8a8e-9715842156e8','zzzzz','zzzzz',0),(32,1,11,'08dbf3eb-95c2-475a-8637-fad6d2a84c81','zzzz','zzzz',0),(33,1,10,'08dbf3ed-2e0e-4434-8a3a-49da173801d7','xxxx','xxxx',1),(34,1,10,'08dbf3ef-4a07-43d0-81bd-57e4df007788','test ','test ',0),(35,10,20,'08dbf3ef-4a07-43d0-81bd-57e4df007788','test ','test ',1),(36,20,30,'08dbf3ef-4a07-43d0-81bd-57e4df007788','test ','test ',1),(37,30,40,'08dbf3ef-4a07-43d0-81bd-57e4df007788','test ','test ',1),(38,1,10,'08dbf3f0-da66-42ae-842e-e6620c060968','Medical Test ','Medical Test ',0),(39,10,20,'08dbf3f0-da66-42ae-842e-e6620c060968','Medical Test ','Medical Test ',0),(40,30,40,'08dbf3f0-da66-42ae-842e-e6620c060968','Medical Test ','Medical Test ',0),(41,1,10,'08dbf3fb-72f2-4b87-8adc-8d076fcf8bd4','xxxx','xxxx',0),(42,1,11,'08dbf3fb-abd7-4846-8f1e-129c291e39cd','zzzz','zzzz',0);

--
-- Table structure for table `useranswers`
--

CREATE TABLE `useranswers` (
  `Id` int NOT NULL AUTO_INCREMENT,
  `UserTestId` int NOT NULL,
  `AnswerId` int NOT NULL,
  `QuestionId` int NOT NULL,
  PRIMARY KEY (`Id`),
  KEY `IX_UserAnswers_AnswerId` (`AnswerId`),
  KEY `IX_UserAnswers_QuestionId` (`QuestionId`),
  KEY `IX_UserAnswers_UserTestId` (`UserTestId`),
  CONSTRAINT `FK_UserAnswers_QuestionAnswers_AnswerId` FOREIGN KEY (`AnswerId`) REFERENCES `questionanswers` (`Id`) ON DELETE CASCADE,
  CONSTRAINT `FK_UserAnswers_TestQuestions_QuestionId` FOREIGN KEY (`QuestionId`) REFERENCES `testquestions` (`Id`) ON DELETE CASCADE,
  CONSTRAINT `FK_UserAnswers_UserResults_UserTestId` FOREIGN KEY (`UserTestId`) REFERENCES `userresults` (`Id`) ON DELETE CASCADE
) ENGINE=InnoDB AUTO_INCREMENT=243 DEFAULT CHARSET=utf8mb4 COLLATE=utf8mb4_0900_ai_ci;

--
-- Dumping data for table `useranswers`
--

INSERT INTO `useranswers` VALUES (1,1,27,6),(2,1,30,7),(3,1,35,8),(4,2,27,6),(5,1,39,9),(6,1,43,10),(7,2,30,7),(8,1,45,11),(9,2,35,8),(10,1,54,13),(11,2,39,9),(12,1,64,15),(13,1,70,16),(14,2,43,10),(15,1,74,17),(16,2,45,11),(17,1,76,18),(18,2,54,13),(19,1,82,19),(20,2,64,15),(21,1,87,21),(22,2,70,16),(23,1,90,22),(24,2,74,17),(25,1,96,23),(26,2,76,18),(27,1,99,24),(28,2,82,19),(29,1,101,25),(30,2,87,21),(31,1,107,27),(32,2,90,22),(33,1,114,28),(34,2,96,23),(35,1,124,30),(36,2,99,24),(37,1,126,31),(38,2,101,25),(39,2,107,27),(40,2,114,28),(41,2,124,30),(42,2,126,31),(43,3,25,6),(44,3,30,7),(45,3,36,8),(46,3,40,9),(47,3,43,10),(48,3,46,11),(49,3,53,13),(50,3,64,15),(51,3,68,16),(52,3,71,17),(53,3,79,18),(54,3,82,19),(55,3,87,21),(56,3,91,22),(57,3,93,23),(58,3,98,24),(59,3,103,25),(60,3,107,27),(61,3,110,28),(62,3,120,30),(63,3,126,31),(64,4,24,6),(65,4,29,7),(66,4,34,8),(67,4,39,9),(68,4,42,10),(69,4,45,11),(70,4,53,13),(71,4,63,15),(72,4,68,16),(73,4,71,17),(74,4,76,18),(75,4,81,19),(76,4,87,21),(77,4,90,22),(78,4,93,23),(79,4,98,24),(80,4,101,25),(81,4,107,27),(82,4,110,28),(83,4,120,30),(84,4,125,31),(85,5,129,32),(86,6,26,6),(87,6,30,7),(88,6,37,8),(89,6,40,9),(90,6,42,10),(91,6,45,11),(92,6,54,13),(93,6,63,15),(94,6,69,16),(95,6,74,17),(96,6,76,18),(97,6,81,19),(98,6,87,21),(99,6,90,22),(100,6,94,23),(101,6,98,24),(102,6,101,25),(103,6,107,27),(104,6,114,28),(105,6,120,30),(106,6,126,31),(107,7,130,32),(108,7,133,33),(109,7,139,34),(110,7,141,35),(111,7,145,36),(112,7,151,37),(113,7,154,38),(114,7,158,39),(115,7,161,40),(116,7,165,41),(117,8,129,32),(118,8,134,33),(119,8,138,34),(120,8,141,35),(121,8,144,36),(122,8,148,37),(123,8,152,38),(124,8,158,39),(125,8,160,40),(126,8,164,41),(127,8,168,42),(128,8,174,43),(129,8,180,45),(130,8,186,46),(131,8,188,47),(132,8,192,48),(133,8,196,49),(134,8,200,50),(135,8,204,51),(136,8,208,52),(137,8,214,53),(138,9,129,32),(139,9,132,33),(140,9,137,34),(141,9,140,35),(142,9,144,36),(143,9,151,37),(144,9,152,38),(145,9,156,39),(146,9,163,40),(147,9,164,41),(148,9,171,42),(149,9,172,43),(150,9,176,44),(151,9,184,46),(152,9,190,47),(153,9,195,48),(154,9,196,49),(155,9,200,50),(156,9,205,51),(157,9,208,52),(158,9,212,53),(159,10,128,32),(160,10,132,33),(161,10,136,34),(162,10,140,35),(163,10,146,36),(164,10,151,37),(165,10,152,38),(166,10,156,39),(167,10,160,40),(168,10,164,41),(169,10,171,42),(170,10,172,43),(171,10,176,44),(172,10,184,46),(173,10,188,47),(174,10,195,48),(175,10,196,49),(176,10,200,50),(177,10,205,51),(178,10,208,52),(179,10,212,53),(180,11,128,32),(181,11,132,33),(182,11,137,34),(183,11,141,35),(184,11,144,36),(185,11,149,37),(186,11,153,38),(187,11,157,39),(188,11,160,40),(189,11,164,41),(190,11,171,42),(191,11,172,43),(192,11,176,44),(193,11,184,46),(194,11,188,47),(195,11,192,48),(196,11,197,49),(197,11,200,50),(198,11,204,51),(199,11,208,52),(200,11,212,53),(201,12,27,6),(202,12,30,7),(203,12,35,8),(204,12,41,9),(205,12,43,10),(206,12,46,11),(207,12,49,12),(208,12,58,14),(209,12,70,16),(210,12,74,17),(211,12,76,18),(212,12,82,19),(213,12,88,21),(214,12,90,22),(215,12,96,23),(216,12,98,24),(217,12,101,25),(218,12,104,26),(219,12,114,28),(220,12,124,30),(221,12,127,31),(222,13,24,6),(223,13,31,7),(224,13,34,8),(225,13,40,9),(226,13,43,10),(227,13,46,11),(228,13,48,12),(229,13,59,14),(230,13,69,16),(231,13,75,17),(232,13,78,18),(233,13,82,19),(234,13,84,20),(235,13,90,22),(236,13,97,23),(237,13,98,24),(238,13,101,25),(239,13,104,26),(240,13,110,28),(241,13,120,30),(242,13,126,31);

--
-- Table structure for table `userresults`
--

CREATE TABLE `userresults` (
  `Id` int NOT NULL AUTO_INCREMENT,
  `CreateDate` datetime(6) NOT NULL DEFAULT '0001-01-01 00:00:00.000000',
  `Email` longtext NOT NULL,
  `Score` int NOT NULL DEFAULT '0',
  `TestId` char(36) CHARACTER SET ascii COLLATE ascii_general_ci NOT NULL DEFAULT '00000000-0000-0000-0000-000000000000',
  `UserId` longtext,
  PRIMARY KEY (`Id`),
  KEY `IX_UserResults_TestId` (`TestId`),
  CONSTRAINT `FK_UserResults_MedicalTests_TestId` FOREIGN KEY (`TestId`) REFERENCES `medicaltests` (`Id`) ON DELETE CASCADE
) ENGINE=InnoDB AUTO_INCREMENT=14 DEFAULT CHARSET=utf8mb4 COLLATE=utf8mb4_0900_ai_ci;

--
-- Dumping data for table `userresults`
--

INSERT INTO `userresults` VALUES (1,'2023-11-23 16:17:45.301345','motazsiam@gmail.com',27,'08dbec2b-647b-448e-894e-8fe3b3389c03',NULL),(2,'2023-11-23 16:17:45.285945','motazsiam@gmail.com',27,'08dbec2b-647b-448e-894e-8fe3b3389c03',NULL),(3,'2023-11-24 12:30:47.372716','moganomos@gmail.com',16,'08dbec2b-647b-448e-894e-8fe3b3389c03',NULL),(4,'2023-11-24 12:36:32.630133','hareef9@hotmail.com',0,'08dbec2b-647b-448e-894e-8fe3b3389c03',NULL),(5,'2023-11-24 12:49:52.697228','motazsiam@gmail.com',1,'08dbece9-d837-4646-8228-0c14b3cdd77a',NULL),(6,'2023-11-24 12:53:03.874833','motazsiam@gmail.com',18,'08dbec2b-647b-448e-894e-8fe3b3389c03',NULL),(7,'2023-11-24 13:23:57.944777','motazsiam@gmail.com',17,'08dbece9-d837-4646-8228-0c14b3cdd77a',NULL),(8,'2023-11-24 14:53:49.498607','miroosalih@gmail.com',14,'08dbece9-d837-4646-8228-0c14b3cdd77a',NULL),(9,'2023-12-05 08:12:52.572436','mohamed.g@nxt-level.co',17,'08dbece9-d837-4646-8228-0c14b3cdd77a',NULL),(10,'2023-12-05 10:57:11.354311','mutaz.s@nxt-level.co',12,'08dbece9-d837-4646-8228-0c14b3cdd77a',NULL),(11,'2023-12-05 11:06:15.477540','tazykaharaba2@gmail.com',9,'08dbece9-d837-4646-8228-0c14b3cdd77a',NULL),(12,'2024-02-07 08:11:05.132873','motazsiam@gmail.com',30,'08dbec2b-647b-448e-894e-8fe3b3389c03',NULL),(13,'2024-02-08 20:02:06.586718','fagarai3@yahoo.com',19,'08dbec2b-647b-448e-894e-8fe3b3389c03',NULL);

--
-- Table structure for table `weekschedules`
--

CREATE TABLE `weekschedules` (
  `Id` int NOT NULL AUTO_INCREMENT,
  `DoctorId` varchar(255) NOT NULL,
  `DayNumber` int NOT NULL,
  `Hour` int NOT NULL,
  `Minute` int NOT NULL,
  `MinutesDuration` int NOT NULL,
  `IsDeleted` tinyint(1) NOT NULL,
  PRIMARY KEY (`Id`),
  UNIQUE KEY `IX_WeekSchedules_DoctorId_DayNumber_Hour_IsDeleted` (`DoctorId`,`DayNumber`,`Hour`,`IsDeleted`),
  CONSTRAINT `FK_WeekSchedules_AspNetUsers_DoctorId` FOREIGN KEY (`DoctorId`) REFERENCES `aspnetusers` (`Id`) ON DELETE CASCADE
) ENGINE=InnoDB AUTO_INCREMENT=119 DEFAULT CHARSET=utf8mb4 COLLATE=utf8mb4_0900_ai_ci;

--
-- Dumping data for table `weekschedules`
--

INSERT INTO `weekschedules` VALUES (1,'8c93b005-9111-4819-a4a2-4f95947bcda9',3,10,30,60,1),(2,'8c93b005-9111-4819-a4a2-4f95947bcda9',1,9,0,0,1),(3,'8c93b005-9111-4819-a4a2-4f95947bcda9',2,9,30,0,1),(4,'8c93b005-9111-4819-a4a2-4f95947bcda9',3,9,30,0,1),(8,'5b46af80-4471-4957-92b9-dcc57442f6f3',3,11,30,0,1),(9,'5b46af80-4471-4957-92b9-dcc57442f6f3',2,12,0,0,1),(10,'5b46af80-4471-4957-92b9-dcc57442f6f3',1,10,30,0,1),(11,'5b46af80-4471-4957-92b9-dcc57442f6f3',3,3,0,0,1),(12,'5b46af80-4471-4957-92b9-dcc57442f6f3',3,2,0,0,1),(13,'5b46af80-4471-4957-92b9-dcc57442f6f3',6,2,30,0,1),(14,'5b46af80-4471-4957-92b9-dcc57442f6f3',6,12,30,0,1),(15,'5b46af80-4471-4957-92b9-dcc57442f6f3',5,1,30,0,1),(16,'5b46af80-4471-4957-92b9-dcc57442f6f3',4,11,30,0,1),(17,'5b46af80-4471-4957-92b9-dcc57442f6f3',6,23,30,0,1),(18,'5b46af80-4471-4957-92b9-dcc57442f6f3',7,10,0,0,1),(21,'5b46af80-4471-4957-92b9-dcc57442f6f3',7,19,30,0,1),(22,'5b46af80-4471-4957-92b9-dcc57442f6f3',1,20,0,0,1),(23,'5b46af80-4471-4957-92b9-dcc57442f6f3',2,20,30,0,1),(24,'5b46af80-4471-4957-92b9-dcc57442f6f3',3,21,0,0,1),(25,'5b46af80-4471-4957-92b9-dcc57442f6f3',4,21,30,0,1),(26,'5b46af80-4471-4957-92b9-dcc57442f6f3',5,22,0,0,1),(27,'5b46af80-4471-4957-92b9-dcc57442f6f3',6,22,30,0,1),(28,'5b46af80-4471-4957-92b9-dcc57442f6f3',7,0,30,0,1),(30,'5b46af80-4471-4957-92b9-dcc57442f6f3',7,13,0,0,1),(32,'5b46af80-4471-4957-92b9-dcc57442f6f3',7,1,30,0,1),(33,'5b46af80-4471-4957-92b9-dcc57442f6f3',1,6,30,0,1),(34,'5b46af80-4471-4957-92b9-dcc57442f6f3',2,11,30,0,1),(35,'5b46af80-4471-4957-92b9-dcc57442f6f3',3,19,0,0,1),(36,'5b46af80-4471-4957-92b9-dcc57442f6f3',7,8,0,0,1),(37,'5b46af80-4471-4957-92b9-dcc57442f6f3',1,8,30,0,1),(38,'5b46af80-4471-4957-92b9-dcc57442f6f3',6,1,0,0,1),(39,'5b46af80-4471-4957-92b9-dcc57442f6f3',4,12,30,0,1),(40,'5b46af80-4471-4957-92b9-dcc57442f6f3',4,1,30,0,1),(41,'5b46af80-4471-4957-92b9-dcc57442f6f3',4,2,0,0,1),(42,'5b46af80-4471-4957-92b9-dcc57442f6f3',5,7,30,0,1),(43,'5b46af80-4471-4957-92b9-dcc57442f6f3',4,8,0,0,1),(44,'5b46af80-4471-4957-92b9-dcc57442f6f3',1,9,0,0,1),(45,'5b46af80-4471-4957-92b9-dcc57442f6f3',6,1,30,0,0),(46,'5b46af80-4471-4957-92b9-dcc57442f6f3',5,12,30,0,1),(47,'5b46af80-4471-4957-92b9-dcc57442f6f3',2,1,0,0,1),(48,'5b46af80-4471-4957-92b9-dcc57442f6f3',3,4,0,0,1),(49,'5b46af80-4471-4957-92b9-dcc57442f6f3',2,4,0,0,1),(51,'5b46af80-4471-4957-92b9-dcc57442f6f3',1,0,0,60,1),(52,'5b46af80-4471-4957-92b9-dcc57442f6f3',1,1,0,60,1),(53,'5b46af80-4471-4957-92b9-dcc57442f6f3',1,2,0,60,1),(54,'5b46af80-4471-4957-92b9-dcc57442f6f3',1,3,0,60,1),(57,'5b46af80-4471-4957-92b9-dcc57442f6f3',2,0,0,60,1),(60,'5b46af80-4471-4957-92b9-dcc57442f6f3',2,5,0,60,1),(61,'5b46af80-4471-4957-92b9-dcc57442f6f3',2,6,0,60,1),(64,'5b46af80-4471-4957-92b9-dcc57442f6f3',4,10,0,60,1),(69,'5b46af80-4471-4957-92b9-dcc57442f6f3',1,17,0,60,1),(71,'5b46af80-4471-4957-92b9-dcc57442f6f3',3,17,0,60,1),(72,'5b46af80-4471-4957-92b9-dcc57442f6f3',3,0,0,60,1),(73,'5b46af80-4471-4957-92b9-dcc57442f6f3',5,9,0,60,1),(74,'5b46af80-4471-4957-92b9-dcc57442f6f3',3,1,0,60,1),(75,'5b46af80-4471-4957-92b9-dcc57442f6f3',1,0,0,60,0),(76,'5b46af80-4471-4957-92b9-dcc57442f6f3',2,18,0,60,0),(77,'5b46af80-4471-4957-92b9-dcc57442f6f3',2,0,0,60,0),(79,'5b46af80-4471-4957-92b9-dcc57442f6f3',1,1,0,60,0),(81,'5b46af80-4471-4957-92b9-dcc57442f6f3',1,5,0,60,0),(82,'5b46af80-4471-4957-92b9-dcc57442f6f3',3,4,0,60,0),(83,'5b46af80-4471-4957-92b9-dcc57442f6f3',3,7,0,60,0),(84,'5b46af80-4471-4957-92b9-dcc57442f6f3',1,4,0,60,0),(88,'8c93b005-9111-4819-a4a2-4f95947bcda9',3,11,0,60,1),(90,'8c93b005-9111-4819-a4a2-4f95947bcda9',3,11,10,60,0),(92,'8c93b005-9111-4819-a4a2-4f95947bcda9',4,11,10,60,0),(93,'8c93b005-9111-4819-a4a2-4f95947bcda9',5,11,10,60,0),(95,'8c93b005-9111-4819-a4a2-4f95947bcda9',5,12,10,60,0),(97,'8c93b005-9111-4819-a4a2-4f95947bcda9',5,13,10,60,0),(100,'8c93b005-9111-4819-a4a2-4f95947bcda9',1,2,0,60,0),(102,'5b46af80-4471-4957-92b9-dcc57442f6f3',3,0,0,60,0),(103,'5b46af80-4471-4957-92b9-dcc57442f6f3',4,0,0,60,0),(105,'5b46af80-4471-4957-92b9-dcc57442f6f3',4,1,0,60,0),(106,'5b46af80-4471-4957-92b9-dcc57442f6f3',4,2,0,60,0),(107,'5b46af80-4471-4957-92b9-dcc57442f6f3',5,4,0,60,1),(108,'5b46af80-4471-4957-92b9-dcc57442f6f3',4,9,0,60,0),(110,'5b46af80-4471-4957-92b9-dcc57442f6f3',4,12,0,60,0),(111,'5b46af80-4471-4957-92b9-dcc57442f6f3',4,3,0,60,0),(112,'5b46af80-4471-4957-92b9-dcc57442f6f3',6,8,0,60,0),(113,'5b46af80-4471-4957-92b9-dcc57442f6f3',4,4,0,60,1),(114,'5b46af80-4471-4957-92b9-dcc57442f6f3',4,8,0,60,0),(115,'5b46af80-4471-4957-92b9-dcc57442f6f3',7,12,40,30,1),(117,'8c93b005-9111-4819-a4a2-4f95947bcda9',3,17,30,60,0),(118,'5b46af80-4471-4957-92b9-dcc57442f6f3',5,4,0,60,0);


