-- https://www.phpmyadmin.net/
--

START TRANSACTION;



--
-- Database: `nexthour`
--

-- --------------------------------------------------------

--
-- Table structure for table `actors`
--

CREATE TABLE `actors` (
  `id` int(10) UNSIGNED NOT NULL,
  `name` varchar(191) COLLATE utf8mb4_unicode_ci NOT NULL,
  `image` varchar(191) COLLATE utf8mb4_unicode_ci DEFAULT NULL,
  `biography` text COLLATE utf8mb4_unicode_ci DEFAULT NULL,
  `place_of_birth` text COLLATE utf8mb4_unicode_ci DEFAULT NULL,
  `DOB` date DEFAULT NULL,
  `created_at` timestamp NULL DEFAULT NULL,
  `updated_at` timestamp NULL DEFAULT NULL,
  `slug` longtext COLLATE utf8mb4_unicode_ci DEFAULT NULL
) ENGINE=InnoDB DEFAULT CHARSET=utf8mb4 COLLATE=utf8mb4_unicode_ci;

-- --------------------------------------------------------

--
-- Table structure for table `ads`
--

CREATE TABLE `ads` (
  `id` int(11) NOT NULL,
  `ad_type` varchar(100) COLLATE utf8mb4_unicode_ci NOT NULL,
  `ad_image` varchar(100) COLLATE utf8mb4_unicode_ci NOT NULL,
  `ad_video` varchar(100) COLLATE utf8mb4_unicode_ci NOT NULL,
  `ad_url` varchar(100) COLLATE utf8mb4_unicode_ci DEFAULT NULL,
  `ad_location` varchar(100) COLLATE utf8mb4_unicode_ci NOT NULL,
  `ad_target` varchar(100) COLLATE utf8mb4_unicode_ci DEFAULT NULL,
  `ad_hold` int(11) DEFAULT NULL,
  `time` varchar(100) COLLATE utf8mb4_unicode_ci NOT NULL,
  `endtime` varchar(100) COLLATE utf8mb4_unicode_ci DEFAULT NULL,
  `created_at` timestamp NULL DEFAULT NULL,
  `updated_at` timestamp NULL DEFAULT NULL
) ENGINE=InnoDB DEFAULT CHARSET=utf8mb4 COLLATE=utf8mb4_unicode_ci;

-- --------------------------------------------------------

--
-- Table structure for table `adsenses`
--

CREATE TABLE `adsenses` (
  `id` int(11) NOT NULL,
  `code` text COLLATE utf8mb4_unicode_ci NOT NULL,
  `status` tinyint(1) NOT NULL,
  `ishome` tinyint(1) NOT NULL,
  `isviewall` tinyint(1) NOT NULL,
  `issearch` tinyint(1) NOT NULL,
  `iswishlist` tinyint(1) NOT NULL,
  `created_at` timestamp NULL DEFAULT NULL,
  `updated_at` timestamp NULL DEFAULT NULL
) ENGINE=InnoDB DEFAULT CHARSET=utf8mb4 COLLATE=utf8mb4_unicode_ci;

--
-- Dumping data for table `adsenses`
--

INSERT INTO `adsenses` (`id`, `code`, `status`, `ishome`, `isviewall`, `issearch`, `iswishlist`, `created_at`, `updated_at`) VALUES
(1, '<script type=\"text/javascript\">\r\ngoogle_ad_client = \"\";  \r\ngoogle_ad_slot = \"99*****99\"; \r\ngoogle_ad_width = 728;\r\ngoogle_ad_height =  90; \r\n\n</script>', 0, 0, 0, 0, 0, '2019-09-09 12:43:44', '2020-02-11 11:08:26');

-- --------------------------------------------------------

--
-- Table structure for table `app_configs`
--

CREATE TABLE `app_configs` (
  `id` bigint(20) UNSIGNED NOT NULL,
  `logo` varchar(191) COLLATE utf8mb4_unicode_ci DEFAULT NULL,
  `title` varchar(191) COLLATE utf8mb4_unicode_ci DEFAULT NULL,
  `stripe_payment` tinyint(1) NOT NULL DEFAULT 0,
  `paypal_payment` tinyint(1) NOT NULL DEFAULT 0,
  `razorpay_payment` tinyint(1) NOT NULL DEFAULT 0,
  `brainetree_payment` tinyint(1) NOT NULL DEFAULT 0,
  `paystack_payment` tinyint(1) NOT NULL DEFAULT 0,
  `bankdetails` tinyint(1) NOT NULL DEFAULT 0,
  `fb_check` tinyint(1) NOT NULL DEFAULT 0,
  `google_login` tinyint(1) NOT NULL DEFAULT 0,
  `git_lab_check` tinyint(1) NOT NULL DEFAULT 0,
  `created_at` timestamp NULL DEFAULT NULL,
  `updated_at` timestamp NULL DEFAULT NULL,
  `inapp_payment` tinyint(1) NOT NULL DEFAULT 0,
  `push_key` tinyint(1) NOT NULL DEFAULT 0,
  `remove_ads` tinyint(1) NOT NULL DEFAULT 0,
  `paytm_payment` tinyint(1) NOT NULL DEFAULT 0,
  `amazon_login` tinyint(1) NOT NULL DEFAULT 0,
  `is_admob` tinyint(1) NOT NULL DEFAULT 0,
  `instamojo_payment` tinyint(1) NOT NULL DEFAULT 0
) ENGINE=InnoDB DEFAULT CHARSET=utf8mb4 COLLATE=utf8mb4_unicode_ci;

--
-- Dumping data for table `app_configs`
--

INSERT INTO `app_configs` (`id`, `logo`, `title`, `stripe_payment`, `paypal_payment`, `razorpay_payment`, `brainetree_payment`, `paystack_payment`, `bankdetails`, `fb_check`, `google_login`, `git_lab_check`, `created_at`, `updated_at`, `inapp_payment`, `push_key`, `remove_ads`, `paytm_payment`, `amazon_login`, `is_admob`, `instamojo_payment`) VALUES
(1, 'applogo_1606642921logo.png', 'Nexthour', 0, 0, 0, 0, 0, 0, 0, 0, 0, NULL, '2020-11-29 15:12:01', 0, 0, 0, 0, 0, 0, 0);

-- --------------------------------------------------------

--
-- Table structure for table `app_sliders`
--

CREATE TABLE `app_sliders` (
  `id` bigint(20) UNSIGNED NOT NULL,
  `movie_id` int(10) UNSIGNED DEFAULT NULL,
  `tv_series_id` int(10) UNSIGNED DEFAULT NULL,
  `slide_image` varchar(191) COLLATE utf8mb4_unicode_ci DEFAULT NULL,
  `active` tinyint(1) NOT NULL DEFAULT 0,
  `position` int(11) NOT NULL,
  `created_at` timestamp NULL DEFAULT NULL,
  `updated_at` timestamp NULL DEFAULT NULL
) ENGINE=InnoDB DEFAULT CHARSET=utf8mb4 COLLATE=utf8mb4_unicode_ci;

--
-- Dumping data for table `app_sliders`
--

INSERT INTO `app_sliders` (`id`, `movie_id`, `tv_series_id`, `slide_image`, `active`, `position`, `created_at`, `updated_at`) VALUES
(1, NULL, NULL, 'app_slide_1606642528movie.jpg', 1, 1, '2020-11-29 14:47:00', '2020-11-29 15:05:28'),
(2, NULL, NULL, 'app_slide_1606642578tvshow.jpg', 1, 2, '2020-11-29 15:06:18', '2020-11-29 15:06:18');

-- --------------------------------------------------------

--
-- Table structure for table `audio_languages`
--

CREATE TABLE `audio_languages` (
  `id` int(10) UNSIGNED NOT NULL,
  `language` varchar(191) COLLATE utf8mb4_unicode_ci NOT NULL,
  `created_at` timestamp NULL DEFAULT NULL,
  `updated_at` timestamp NULL DEFAULT NULL,
  `image` varchar(191) COLLATE utf8mb4_unicode_ci DEFAULT NULL,
  `status` tinyint(1) NOT NULL DEFAULT 0
) ENGINE=InnoDB DEFAULT CHARSET=utf8mb4 COLLATE=utf8mb4_unicode_ci;

-- --------------------------------------------------------

--
-- Table structure for table `auth_customizes`
--

CREATE TABLE `auth_customizes` (
  `id` int(10) UNSIGNED NOT NULL,
  `image` varchar(191) COLLATE utf8mb4_unicode_ci DEFAULT NULL,
  `detail` text COLLATE utf8mb4_unicode_ci DEFAULT NULL,
  `created_at` timestamp NULL DEFAULT NULL,
  `updated_at` timestamp NULL DEFAULT NULL
) ENGINE=InnoDB DEFAULT CHARSET=utf8mb4 COLLATE=utf8mb4_unicode_ci;

--
-- Dumping data for table `auth_customizes`
--

INSERT INTO `auth_customizes` (`id`, `image`, `detail`, `created_at`, `updated_at`) VALUES
(1, '{\"en\":\"auth_page1604309119login.jpg\"}', '{\"en\":\"<h1>Welcome to<br \\/>\\r\\nNext Hour<\\/h1>\\r\\n\\r\\n<h2>Are you ready to join the elite?<\\/h2>\"}', NULL, '2020-11-02 14:55:19');

-- --------------------------------------------------------

--
-- Table structure for table `blogs`
--

CREATE TABLE `blogs` (
  `id` int(11) NOT NULL,
  `user_id` int(11) NOT NULL,
  `title` varchar(60) COLLATE utf8mb4_unicode_ci NOT NULL,
  `slug` varchar(191) COLLATE utf8mb4_unicode_ci NOT NULL,
  `image` varchar(191) COLLATE utf8mb4_unicode_ci NOT NULL,
  `detail` varchar(5000) COLLATE utf8mb4_unicode_ci NOT NULL,
  `is_active` int(11) NOT NULL,
  `created_at` timestamp NULL DEFAULT NULL,
  `updated_at` timestamp NULL DEFAULT NULL,
  `poster` longtext COLLATE utf8mb4_unicode_ci DEFAULT NULL
) ENGINE=InnoDB DEFAULT CHARSET=utf8mb4 COLLATE=utf8mb4_unicode_ci;

-- --------------------------------------------------------

--
-- Table structure for table `blog_menu`
--

CREATE TABLE `blog_menu` (
  `id` int(10) UNSIGNED NOT NULL,
  `menu_id` int(11) NOT NULL,
  `blog_id` int(10) UNSIGNED NOT NULL,
  `created_at` timestamp NULL DEFAULT NULL,
  `updated_at` timestamp NULL DEFAULT NULL
) ENGINE=InnoDB DEFAULT CHARSET=utf8mb4 COLLATE=utf8mb4_unicode_ci;

-- --------------------------------------------------------

--
-- Table structure for table `buttons`
--

CREATE TABLE `buttons` (
  `id` int(10) UNSIGNED NOT NULL,
  `rightclick` tinyint(1) NOT NULL DEFAULT 1,
  `inspect` tinyint(1) DEFAULT NULL,
  `goto` tinyint(1) NOT NULL DEFAULT 1,
  `color` tinyint(1) NOT NULL DEFAULT 1,
  `uc_browser` tinyint(1) NOT NULL DEFAULT 1,
  `comming_soon` tinyint(1) NOT NULL DEFAULT 1,
  `created_at` timestamp NULL DEFAULT NULL,
  `updated_at` timestamp NULL DEFAULT NULL,
  `commingsoon_enabled_ip` longtext COLLATE utf8mb4_unicode_ci DEFAULT NULL,
  `ip_block` tinyint(1) NOT NULL DEFAULT 1,
  `block_ips` longtext COLLATE utf8mb4_unicode_ci DEFAULT NULL,
  `maintenance` tinyint(1) NOT NULL DEFAULT 1,
  `comming_soon_text` longtext COLLATE utf8mb4_unicode_ci DEFAULT NULL,
  `remove_subscription` tinyint(1) NOT NULL DEFAULT 0,
  `protip` tinyint(1) NOT NULL DEFAULT 1,
  `multiplescreen` tinyint(1) NOT NULL DEFAULT 0,
  `two_factor` tinyint(1) NOT NULL DEFAULT 0,
  `countviews` tinyint(1) NOT NULL DEFAULT 0,
  `remove_ads` tinyint(1) NOT NULL DEFAULT 0,
  `is_toprated` tinyint(1) NOT NULL DEFAULT 0,
  `toprated_count` text COLLATE utf8mb4_unicode_ci DEFAULT NULL,
  `remove_thumbnail` tinyint(1) NOT NULL DEFAULT 0
) ENGINE=InnoDB DEFAULT CHARSET=utf8mb4 COLLATE=utf8mb4_unicode_ci;

--
-- Dumping data for table `buttons`
--

INSERT INTO `buttons` (`id`, `rightclick`, `inspect`, `goto`, `color`, `uc_browser`, `comming_soon`, `created_at`, `updated_at`, `commingsoon_enabled_ip`, `ip_block`, `block_ips`, `maintenance`, `comming_soon_text`, `remove_subscription`, `protip`, `multiplescreen`, `two_factor`, `countviews`, `remove_ads`, `is_toprated`, `toprated_count`, `remove_thumbnail`) VALUES
(1, 0, 0, 1, 0, 1, 0, '2018-07-31 11:30:00', '2022-04-17 12:32:38', NULL, 0, NULL, 1, NULL, 1, 1, 0, 0, 0, 1, 0, NULL, 0);

-- --------------------------------------------------------

--
-- Table structure for table `callback_addresses`
--

CREATE TABLE `callback_addresses` (
  `id` int(10) UNSIGNED NOT NULL,
  `address` varchar(128) COLLATE utf8mb4_unicode_ci NOT NULL,
  `currency` varchar(10) COLLATE utf8mb4_unicode_ci NOT NULL,
  `pubkey` text COLLATE utf8mb4_unicode_ci DEFAULT NULL,
  `ipn_url` varchar(191) COLLATE utf8mb4_unicode_ci DEFAULT NULL,
  `dest_tag` varchar(191) COLLATE utf8mb4_unicode_ci DEFAULT NULL,
  `created_at` timestamp NULL DEFAULT NULL,
  `updated_at` timestamp NULL DEFAULT NULL
) ENGINE=InnoDB DEFAULT CHARSET=utf8mb4 COLLATE=utf8mb4_unicode_ci;

-- --------------------------------------------------------

--
-- Table structure for table `color_schemes`
--

CREATE TABLE `color_schemes` (
  `id` bigint(20) UNSIGNED NOT NULL,
  `color_scheme` varchar(191) COLLATE utf8mb4_unicode_ci NOT NULL,
  `default_navigation_color` text COLLATE utf8mb4_unicode_ci NOT NULL,
  `custom_navigation_color` text COLLATE utf8mb4_unicode_ci DEFAULT NULL,
  `default_text_color` text COLLATE utf8mb4_unicode_ci NOT NULL,
  `custom_text_color` text COLLATE utf8mb4_unicode_ci DEFAULT NULL,
  `default_text_on_color` text COLLATE utf8mb4_unicode_ci NOT NULL,
  `custom_text_on_color` text COLLATE utf8mb4_unicode_ci DEFAULT NULL,
  `default_back_to_top_color` text COLLATE utf8mb4_unicode_ci NOT NULL,
  `custom_back_to_top_color` text COLLATE utf8mb4_unicode_ci DEFAULT NULL,
  `default_back_to_top_bgcolor` text COLLATE utf8mb4_unicode_ci NOT NULL,
  `custom_back_to_top_bgcolor` text COLLATE utf8mb4_unicode_ci DEFAULT NULL,
  `default_back_to_top_bgcolor_on_hover` text COLLATE utf8mb4_unicode_ci NOT NULL,
  `custom_back_to_top_bgcolor_on_hover` text COLLATE utf8mb4_unicode_ci DEFAULT NULL,
  `default_back_to_top_color_on_hover` text COLLATE utf8mb4_unicode_ci NOT NULL,
  `custom_back_to_top_color_on_hover` text COLLATE utf8mb4_unicode_ci DEFAULT NULL,
  `default_footer_background_color` text COLLATE utf8mb4_unicode_ci NOT NULL,
  `custom_footer_background_color` text COLLATE utf8mb4_unicode_ci DEFAULT NULL,
  `created_at` timestamp NULL DEFAULT NULL,
  `updated_at` timestamp NULL DEFAULT NULL
) ENGINE=InnoDB DEFAULT CHARSET=utf8mb4 COLLATE=utf8mb4_unicode_ci;

--
-- Dumping data for table `color_schemes`
--

INSERT INTO `color_schemes` (`id`, `color_scheme`, `default_navigation_color`, `custom_navigation_color`, `default_text_color`, `custom_text_color`, `default_text_on_color`, `custom_text_on_color`, `default_back_to_top_color`, `custom_back_to_top_color`, `default_back_to_top_bgcolor`, `custom_back_to_top_bgcolor`, `default_back_to_top_bgcolor_on_hover`, `custom_back_to_top_bgcolor_on_hover`, `default_back_to_top_color_on_hover`, `custom_back_to_top_color_on_hover`, `default_footer_background_color`, `custom_footer_background_color`, `created_at`, `updated_at`) VALUES
(1, 'dark', '#111111FA', 'rgba(71,71,69,0.86)', '#48A3C6', '#fec901', '#90DFFE', NULL, '#111', NULL, '#FFF', NULL, '#48A3C6', NULL, '#FFF', NULL, '#111', 'rgba(71,71,69,0.86)', NULL, '2022-03-31 17:49:57');

-- --------------------------------------------------------

--
-- Table structure for table `comments`
--

CREATE TABLE `comments` (
  `id` int(11) NOT NULL,
  `name` varchar(30) COLLATE utf8mb4_unicode_ci NOT NULL,
  `user_id` int(11) NOT NULL,
  `email` varchar(191) COLLATE utf8mb4_unicode_ci NOT NULL,
  `blog_id` int(11) NOT NULL,
  `comment` varchar(191) COLLATE utf8mb4_unicode_ci NOT NULL,
  `created_at` timestamp NULL DEFAULT NULL,
  `updated_at` timestamp NULL DEFAULT NULL
) ENGINE=InnoDB DEFAULT CHARSET=utf8mb4 COLLATE=utf8mb4_unicode_ci;

-- --------------------------------------------------------

--
-- Table structure for table `conversions`
--

CREATE TABLE `conversions` (
  `id` int(10) UNSIGNED NOT NULL,
  `amount` varchar(191) COLLATE utf8mb4_unicode_ci NOT NULL,
  `ref_id` varchar(32) COLLATE utf8mb4_unicode_ci NOT NULL,
  `from` varchar(10) COLLATE utf8mb4_unicode_ci NOT NULL,
  `to` varchar(10) COLLATE utf8mb4_unicode_ci NOT NULL,
  `address` varchar(191) COLLATE utf8mb4_unicode_ci DEFAULT NULL,
  `dest_tag` varchar(191) COLLATE utf8mb4_unicode_ci DEFAULT NULL,
  `created_at` timestamp NULL DEFAULT NULL,
  `updated_at` timestamp NULL DEFAULT NULL
) ENGINE=InnoDB DEFAULT CHARSET=utf8mb4 COLLATE=utf8mb4_unicode_ci;

-- --------------------------------------------------------

--
-- Table structure for table `coupon_applies`
--

CREATE TABLE `coupon_applies` (
  `id` bigint(20) UNSIGNED NOT NULL,
  `user_id` int(11) NOT NULL,
  `coupon_id` int(11) NOT NULL,
  `redeem` int(11) NOT NULL,
  `created_at` timestamp NULL DEFAULT NULL,
  `updated_at` timestamp NULL DEFAULT NULL
) ENGINE=InnoDB DEFAULT CHARSET=utf8mb4 COLLATE=utf8mb4_unicode_ci;

-- --------------------------------------------------------

--
-- Table structure for table `coupon_codes`
--

CREATE TABLE `coupon_codes` (
  `id` int(10) UNSIGNED NOT NULL,
  `coupon_code` varchar(191) COLLATE utf8mb4_unicode_ci NOT NULL,
  `percent_off` double(8,2) DEFAULT NULL,
  `currency` varchar(191) COLLATE utf8mb4_unicode_ci NOT NULL,
  `amount_off` double(8,2) DEFAULT NULL,
  `duration` varchar(191) COLLATE utf8mb4_unicode_ci NOT NULL DEFAULT 'once',
  `max_redemptions` varchar(191) COLLATE utf8mb4_unicode_ci DEFAULT NULL,
  `redeem_by` datetime DEFAULT NULL,
  `created_at` timestamp NULL DEFAULT NULL,
  `updated_at` timestamp NULL DEFAULT NULL,
  `in_stripe` tinyint(1) NOT NULL DEFAULT 0
) ENGINE=InnoDB DEFAULT CHARSET=utf8mb4 COLLATE=utf8mb4_unicode_ci;

-- --------------------------------------------------------

--
-- Table structure for table `cps_cpp`
--

CREATE TABLE `cps_cpp` (
  `userid` int(11) NOT NULL,
  `expire` int(11) NOT NULL,
  `info` text COLLATE utf8mb4_unicode_ci NOT NULL,
  `plan` int(11) NOT NULL
) ENGINE=InnoDB DEFAULT CHARSET=utf8mb4 COLLATE=utf8mb4_unicode_ci;

-- --------------------------------------------------------

--
-- Table structure for table `currencies`
--

CREATE TABLE `currencies` (
  `id` int(10) UNSIGNED NOT NULL,
  `name` varchar(191) COLLATE utf8mb4_unicode_ci NOT NULL,
  `code` varchar(10) COLLATE utf8mb4_unicode_ci NOT NULL,
  `symbol` varchar(25) COLLATE utf8mb4_unicode_ci NOT NULL,
  `format` varchar(50) COLLATE utf8mb4_unicode_ci NOT NULL,
  `exchange_rate` varchar(191) COLLATE utf8mb4_unicode_ci NOT NULL,
  `payment_method` longtext COLLATE utf8mb4_unicode_ci NOT NULL,
  `active` tinyint(1) NOT NULL DEFAULT 0,
  `created_at` timestamp NULL DEFAULT NULL,
  `updated_at` timestamp NULL DEFAULT NULL
) ENGINE=InnoDB DEFAULT CHARSET=utf8mb4 COLLATE=utf8mb4_unicode_ci;

--
-- Dumping data for table `currencies`
--

INSERT INTO `currencies` (`id`, `name`, `code`, `symbol`, `format`, `exchange_rate`, `payment_method`, `active`, `created_at`, `updated_at`) VALUES
(1, 'Indian Rupee', 'INR', '₹', '1,0.00₹', '75.298292', '[\"flutterrave\",\"instamojo\",\"paytm\",\"mollie\",\"cashfree\",\"razorpay\"]', 0, '2021-09-08 17:11:27', '2021-10-18 11:30:00'),
(2, 'US Dollar', 'USD', '$', '$1,0.00', '1', '[\"stripe\",\"paypal\",\"braintree\",\"omise\",\"payhere\",\"flutterrave\",\"mollie\"]', 0, '2021-09-08 17:13:00', '2021-10-18 11:30:00'),
(3, 'Euro', 'EUR', '€', '1.0,00 €', '0.863677', '[\"stripe\",\"paypal\",\"braintree\",\"omise\",\"payhere\",\"flutterrave\"]', 0, '2021-09-08 17:13:39', '2021-10-18 11:30:00'),
(4, 'Sri Lanka Rupee', 'LKR', '₨', '₨ 1,0.', '202.450844', '[\"payhere\"]', 0, '2021-09-08 17:52:46', '2021-10-18 11:30:00'),
(5, 'UAE Dirham', 'AED', 'دإ‏', 'دإ‏ 1,0.00', '3.6731', '[\"mollie\",\"cashfree\"]', 0, '2021-09-09 15:58:19', '2021-10-18 11:30:00'),
(6, 'Nigeria, Naira', 'NGN', '₦', '₦1,0.00', '411.92', '[\"stripe\",\"flutterrave\",\"paystack\"]', 0, '2021-09-13 15:03:42', '2021-10-18 11:30:00'),
(7, 'Angola, Kwanza', 'AOA', 'Kz', 'Kz1,0.00', '597.698', '[\"stripe\"]', 0, '2021-10-01 14:01:26', '2021-10-18 11:30:00'),
(8, 'Tunisian Dinar', 'TND', 'د.ت.‏', 'د.ت.‏ 1,0.000', '2.8235', '[\"stripe\"]', 0, '2021-10-04 12:33:43', '2021-10-18 11:30:00'),
(9, 'Kenyan Shilling', 'KES', 'S', 'S1,0.00', '110.9', '[\"stripe\"]', 0, '2021-10-04 13:46:10', '2021-10-18 11:30:00');

-- --------------------------------------------------------

--
-- Table structure for table `custom_pages`
--

CREATE TABLE `custom_pages` (
  `id` int(11) NOT NULL,
  `title` varchar(191) COLLATE utf8mb4_unicode_ci NOT NULL,
  `slug` varchar(191) COLLATE utf8mb4_unicode_ci NOT NULL,
  `in_show_menu` tinyint(1) DEFAULT NULL,
  `detail` varchar(191) COLLATE utf8mb4_unicode_ci NOT NULL,
  `is_active` tinyint(1) NOT NULL,
  `created_at` timestamp NULL DEFAULT NULL,
  `updated_at` timestamp NULL DEFAULT NULL
) ENGINE=InnoDB DEFAULT CHARSET=utf8mb4 COLLATE=utf8mb4_unicode_ci;

-- --------------------------------------------------------

--
-- Table structure for table `deposits`
--

CREATE TABLE `deposits` (
  `id` bigint(20) UNSIGNED NOT NULL,
  `address` varchar(128) COLLATE utf8mb4_unicode_ci NOT NULL,
  `txn_id` varchar(128) COLLATE utf8mb4_unicode_ci NOT NULL,
  `status` tinyint(4) NOT NULL,
  `status_text` varchar(191) COLLATE utf8mb4_unicode_ci NOT NULL,
  `currency` varchar(10) COLLATE utf8mb4_unicode_ci NOT NULL,
  `confirms` tinyint(3) UNSIGNED NOT NULL,
  `amount` varchar(191) COLLATE utf8mb4_unicode_ci NOT NULL,
  `amounti` varchar(191) COLLATE utf8mb4_unicode_ci NOT NULL,
  `fee` varchar(191) COLLATE utf8mb4_unicode_ci DEFAULT NULL,
  `feei` varchar(191) COLLATE utf8mb4_unicode_ci DEFAULT NULL,
  `dest_tag` varchar(191) COLLATE utf8mb4_unicode_ci DEFAULT NULL,
  `created_at` timestamp NULL DEFAULT NULL,
  `updated_at` timestamp NULL DEFAULT NULL
) ENGINE=InnoDB DEFAULT CHARSET=utf8mb4 COLLATE=utf8mb4_unicode_ci;

-- --------------------------------------------------------

--
-- Table structure for table `directors`
--

CREATE TABLE `directors` (
  `id` int(10) UNSIGNED NOT NULL,
  `name` varchar(191) COLLATE utf8mb4_unicode_ci NOT NULL,
  `image` varchar(191) COLLATE utf8mb4_unicode_ci DEFAULT NULL,
  `biography` text COLLATE utf8mb4_unicode_ci DEFAULT NULL,
  `place_of_birth` text COLLATE utf8mb4_unicode_ci DEFAULT NULL,
  `DOB` date DEFAULT NULL,
  `created_at` timestamp NULL DEFAULT NULL,
  `updated_at` timestamp NULL DEFAULT NULL,
  `slug` longtext COLLATE utf8mb4_unicode_ci DEFAULT NULL
) ENGINE=InnoDB DEFAULT CHARSET=utf8mb4 COLLATE=utf8mb4_unicode_ci;

-- --------------------------------------------------------

--
-- Table structure for table `donater_lists`
--

CREATE TABLE `donater_lists` (
  `id` int(11) NOT NULL,
  `user_id` int(10) UNSIGNED DEFAULT NULL,
  `method` varchar(191) COLLATE utf8mb4_unicode_ci DEFAULT NULL,
  `donor_msg` text COLLATE utf8mb4_unicode_ci DEFAULT NULL,
  `amount` varchar(191) COLLATE utf8mb4_unicode_ci DEFAULT NULL,
  `payment_id` varchar(191) COLLATE utf8mb4_unicode_ci DEFAULT NULL,
  `created_at` timestamp NULL DEFAULT NULL,
  `updated_at` timestamp NULL DEFAULT NULL
) ENGINE=InnoDB DEFAULT CHARSET=utf8mb4 COLLATE=utf8mb4_unicode_ci;

-- --------------------------------------------------------

--
-- Table structure for table `episodes`
--

CREATE TABLE `episodes` (
  `id` int(10) UNSIGNED NOT NULL,
  `seasons_id` int(10) UNSIGNED NOT NULL,
  `tmdb_id` varchar(191) COLLATE utf8mb4_unicode_ci DEFAULT NULL,
  `thumbnail` varchar(200) COLLATE utf8mb4_unicode_ci DEFAULT NULL,
  `episode_no` int(11) DEFAULT NULL,
  `title` varchar(191) COLLATE utf8mb4_unicode_ci NOT NULL,
  `tmdb` char(191) COLLATE utf8mb4_unicode_ci DEFAULT NULL,
  `duration` varchar(191) COLLATE utf8mb4_unicode_ci DEFAULT NULL,
  `detail` text COLLATE utf8mb4_unicode_ci DEFAULT NULL,
  `a_language` varchar(191) COLLATE utf8mb4_unicode_ci DEFAULT NULL,
  `subtitle` tinyint(1) DEFAULT NULL,
  `released` varchar(191) COLLATE utf8mb4_unicode_ci DEFAULT NULL,
  `type` char(191) COLLATE utf8mb4_unicode_ci NOT NULL DEFAULT 'E',
  `created_at` timestamp NULL DEFAULT NULL,
  `updated_at` timestamp NULL DEFAULT NULL
) ENGINE=InnoDB DEFAULT CHARSET=utf8mb4 COLLATE=utf8mb4_unicode_ci;

-- --------------------------------------------------------

--
-- Table structure for table `faqs`
--

CREATE TABLE `faqs` (
  `id` int(10) UNSIGNED NOT NULL,
  `question` text COLLATE utf8mb4_unicode_ci DEFAULT NULL,
  `answer` text COLLATE utf8mb4_unicode_ci DEFAULT NULL,
  `created_at` timestamp NULL DEFAULT NULL,
  `updated_at` timestamp NULL DEFAULT NULL
) ENGINE=InnoDB DEFAULT CHARSET=utf8mb4 COLLATE=utf8mb4_unicode_ci;

--
-- Dumping data for table `faqs`
--

INSERT INTO `faqs` (`id`, `question`, `answer`, `created_at`, `updated_at`) VALUES
(1, '{\"en\":\"\\u0645\\u0627 \\u0647\\u064a \\u0627\\u0644\\u062e\\u062f\\u0645\\u0629 \\u0627\\u0644\\u062a\\u064a \\u064a\\u0642\\u062f\\u0645\\u0647\\u0627 \\u0627\\u0644\\u0645\\u0648\\u0642\\u0639 \\u061f\"}', '{\"en\":\"\\u064a\\u0642\\u062f\\u0645 \\u0645\\u0648\\u0642\\u0639 \\u0633\\u0641\\u0631\\u0629 \\u0645\\u0642\\u0627\\u0637\\u0639 \\u0641\\u064a\\u062f\\u064a\\u0648 \\u0639\\u0646 \\u0648\\u0635\\u0641\\u0627\\u062a \\u0645\\u062e\\u062a\\u0644\\u0641\\u0629 \\u0644\\u0644\\u0627\\u0643\\u0644\"}', '2022-04-10 16:29:42', '2022-04-10 16:29:42'),
(2, '{\"en\":\"\\u0643\\u064a\\u0641 \\u062a\\u0642\\u0648\\u0645 \\u0628\\u0627\\u0644\\u0627\\u0634\\u062a\\u0631\\u0627\\u0643 \\u0641\\u064a \\u0627\\u0644\\u0645\\u0648\\u0642\\u0639 \\u061f\"}', '{\"en\":\"\\u0642\\u0645 \\u0628\\u0627\\u0644\\u0636\\u063a\\u0637 \\u0639\\u0644\\u0649 \\u0632\\u0631 \\u0627\\u0634\\u062a\\u0631\\u0627\\u0643 \\u0628\\u0627\\u0644\\u0627\\u0639\\u0644\\u0649 \\u0644\\u0643\\u064a \\u062a\\u062a\\u0645\\u062a\\u0639 \\u0628\\u0645\\u0634\\u0627\\u0647\\u062f\\u0629 \\u0627\\u0634\\u0647\\u0649 \\u0627\\u0644\\u0648\\u0635\\u0641\\u0627\\u062a\"}', '2022-04-10 16:30:37', '2022-04-10 16:30:37'),
(3, '{\"en\":\"\\u0647\\u0644 \\u064a\\u0645\\u0643\\u0646\\u0646\\u064a \\u0627\\u0644\\u063a\\u0627\\u0621 \\u0627\\u0644\\u0627\\u0634\\u062a\\u0631\\u0627\\u0643 \\u0641\\u064a \\u0627\\u064a \\u0648\\u0642\\u062a \\u061f\"}', '{\"en\":\"\\u0646\\u0639\\u0645 .. \\u0628\\u0627\\u0644\\u0636\\u063a\\u0637 \\u0639\\u0644\\u0649 \\u0632\\u0631 \\u0627\\u0644\\u063a\\u0627\\u0621 \\u0627\\u0644\\u0627\\u0634\\u062a\\u0631\\u0627\\u0643\"}', '2022-04-10 16:31:13', '2022-04-10 16:31:13');

-- --------------------------------------------------------

--
-- Table structure for table `front_slider_updates`
--

CREATE TABLE `front_slider_updates` (
  `id` int(10) UNSIGNED NOT NULL,
  `item_show` int(10) UNSIGNED DEFAULT NULL,
  `orderby` int(11) DEFAULT 1,
  `sliderview` tinyint(1) NOT NULL
) ENGINE=InnoDB DEFAULT CHARSET=utf8mb4 COLLATE=utf8mb4_unicode_ci;

-- --------------------------------------------------------

--
-- Table structure for table `genres`
--

CREATE TABLE `genres` (
  `id` int(10) UNSIGNED NOT NULL,
  `name` varchar(100) COLLATE utf8mb4_unicode_ci NOT NULL,
  `image` varchar(191) COLLATE utf8mb4_unicode_ci DEFAULT NULL,
  `position` int(11) NOT NULL,
  `created_at` timestamp NULL DEFAULT NULL,
  `updated_at` timestamp NULL DEFAULT NULL
) ENGINE=InnoDB DEFAULT CHARSET=utf8mb4 COLLATE=utf8mb4_unicode_ci;

--
-- Dumping data for table `genres`
--

INSERT INTO `genres` (`id`, `name`, `image`, `position`, `created_at`, `updated_at`) VALUES
(1, '{\"en\":\"\\u0645\\u0623\\u0643\\u0648\\u0644\\u0627\\u062a\"}', 'genre_1648729546WhatsApp Image 2022-03-25 at 10.06.40 PM.jpeg', 1, '2022-03-31 16:37:13', '2022-03-31 17:55:46'),
(2, '{\"en\":\"\\u0639\\u0635\\u0627\\u0626\\u0631 \\u0648\\u0645\\u0634\\u0631\\u0648\\u0628\\u0627\\u062a\"}', 'genre_1648729559WhatsApp Image 2022-03-25 at 10.10.36 PM.jpeg', 2, '2022-03-31 16:37:28', '2022-04-09 17:02:15'),
(3, '{\"en\":\"\\u0634\\u0648\\u0631\\u0628\\u0627\\u062a \\u0648\\u0633\\u0644\\u0637\\u0627\\u062a\"}', 'genre_1648729572WhatsApp Image 2022-03-25 at 10.06.40 PM (1).jpeg', 3, '2022-03-31 16:37:41', '2022-03-31 17:56:12'),
(4, '{\"en\":\"\\u062d\\u0644\\u0648\\u064a\\u0627\\u062a\"}', NULL, 4, '2022-04-07 16:34:00', '2022-04-07 16:34:00'),
(5, '{\"en\":\"\\u0643\\u064a\\u0643 \\u0648\\u0628\\u0633\\u0643\\u0648\\u064a\\u062a\"}', NULL, 5, '2022-04-07 16:34:11', '2022-04-07 16:34:11');

-- --------------------------------------------------------

--
-- Table structure for table `google_ads`
--

CREATE TABLE `google_ads` (
  `id` bigint(20) UNSIGNED NOT NULL,
  `google_ad_client` varchar(191) COLLATE utf8mb4_unicode_ci NOT NULL,
  `google_ad_slot` varchar(191) COLLATE utf8mb4_unicode_ci NOT NULL,
  `google_ad_width` varchar(191) COLLATE utf8mb4_unicode_ci NOT NULL,
  `google_ad_height` varchar(191) COLLATE utf8mb4_unicode_ci NOT NULL,
  `google_ad_starttime` varchar(191) COLLATE utf8mb4_unicode_ci NOT NULL,
  `google_ad_endtime` varchar(191) COLLATE utf8mb4_unicode_ci NOT NULL,
  `created_at` timestamp NULL DEFAULT NULL,
  `updated_at` timestamp NULL DEFAULT NULL
) ENGINE=InnoDB DEFAULT CHARSET=utf8mb4 COLLATE=utf8mb4_unicode_ci;

-- --------------------------------------------------------

--
-- Table structure for table `home_blocks`
--

CREATE TABLE `home_blocks` (
  `id` int(11) NOT NULL,
  `movie_id` int(11) DEFAULT NULL,
  `tv_series_id` int(11) DEFAULT NULL,
  `is_active` int(11) NOT NULL,
  `created_at` timestamp NULL DEFAULT NULL,
  `updated_at` timestamp NULL DEFAULT NULL
) ENGINE=InnoDB DEFAULT CHARSET=utf8mb4 COLLATE=utf8mb4_unicode_ci;

-- --------------------------------------------------------

--
-- Table structure for table `home_sliders`
--

CREATE TABLE `home_sliders` (
  `id` int(10) UNSIGNED NOT NULL,
  `movie_id` int(10) UNSIGNED DEFAULT NULL,
  `tv_series_id` int(10) UNSIGNED DEFAULT NULL,
  `slide_image` varchar(191) COLLATE utf8mb4_unicode_ci DEFAULT NULL,
  `active` tinyint(1) NOT NULL DEFAULT 0,
  `position` int(11) NOT NULL,
  `created_at` timestamp NULL DEFAULT NULL,
  `updated_at` timestamp NULL DEFAULT NULL
) ENGINE=InnoDB DEFAULT CHARSET=utf8mb4 COLLATE=utf8mb4_unicode_ci;

--
-- Dumping data for table `home_sliders`
--

INSERT INTO `home_sliders` (`id`, `movie_id`, `tv_series_id`, `slide_image`, `active`, `position`, `created_at`, `updated_at`) VALUES
(4, 26, NULL, 'slide_1649502641WhatsApp Image 2022-03-28 at 1.23.54 PM.jpeg', 1, 3, '2022-04-09 16:40:42', '2022-04-09 16:40:42'),
(5, 58, NULL, 'slide_1649502664WhatsApp Image 2022-03-28 at 1.23.55 PM (1).jpeg', 1, 4, '2022-04-09 16:41:04', '2022-04-09 16:41:04'),
(6, 64, NULL, 'slide_1649502697WhatsApp Image 2022-03-28 at 1.23.55 PM.jpeg', 1, 5, '2022-04-09 16:41:37', '2022-04-09 16:41:37'),
(7, 35, NULL, 'slide_1649502719WhatsApp Image 2022-03-28 at 1.23.56 PM.jpeg', 1, 6, '2022-04-09 16:41:59', '2022-04-09 16:41:59'),
(8, 13, NULL, 'slide_1649502941WhatsApp Image 2022-03-28 at 1.23.52 PM.jpeg', 1, 5, '2022-04-09 16:45:41', '2022-04-09 16:45:41'),
(9, 15, NULL, 'slide_1649502985WhatsApp Image 2022-03-28 at 1.23.53 PM.jpeg', 1, 6, '2022-04-09 16:46:25', '2022-04-09 16:46:25');

-- --------------------------------------------------------

--
-- Table structure for table `ipns`
--

CREATE TABLE `ipns` (
  `id` bigint(20) UNSIGNED NOT NULL,
  `ipn_version` varchar(10) COLLATE utf8mb4_unicode_ci NOT NULL,
  `ipn_id` varchar(128) COLLATE utf8mb4_unicode_ci NOT NULL,
  `ref_id` varchar(191) COLLATE utf8mb4_unicode_ci DEFAULT NULL,
  `ipn_mode` varchar(32) COLLATE utf8mb4_unicode_ci NOT NULL,
  `merchant` varchar(191) COLLATE utf8mb4_unicode_ci NOT NULL,
  `ipn_type` varchar(32) COLLATE utf8mb4_unicode_ci DEFAULT NULL,
  `address` varchar(128) COLLATE utf8mb4_unicode_ci DEFAULT NULL,
  `txn_id` varchar(191) COLLATE utf8mb4_unicode_ci DEFAULT NULL,
  `status` smallint(6) DEFAULT NULL,
  `status_text` varchar(191) COLLATE utf8mb4_unicode_ci DEFAULT NULL,
  `currency` varchar(191) COLLATE utf8mb4_unicode_ci DEFAULT NULL,
  `currency1` varchar(191) COLLATE utf8mb4_unicode_ci DEFAULT NULL,
  `currency2` varchar(191) COLLATE utf8mb4_unicode_ci DEFAULT NULL,
  `confirms` tinyint(3) UNSIGNED DEFAULT NULL,
  `amount` varchar(191) COLLATE utf8mb4_unicode_ci DEFAULT NULL,
  `amounti` varchar(191) COLLATE utf8mb4_unicode_ci DEFAULT NULL,
  `amount1` varchar(191) COLLATE utf8mb4_unicode_ci DEFAULT NULL,
  `amount2` varchar(191) COLLATE utf8mb4_unicode_ci DEFAULT NULL,
  `fee` varchar(191) COLLATE utf8mb4_unicode_ci DEFAULT NULL,
  `feei` varchar(191) COLLATE utf8mb4_unicode_ci DEFAULT NULL,
  `dest_tag` varchar(191) COLLATE utf8mb4_unicode_ci DEFAULT NULL,
  `buyer_name` varchar(191) COLLATE utf8mb4_unicode_ci DEFAULT NULL,
  `item_name` varchar(191) COLLATE utf8mb4_unicode_ci DEFAULT NULL,
  `item_number` varchar(191) COLLATE utf8mb4_unicode_ci DEFAULT NULL,
  `invoice` varchar(191) COLLATE utf8mb4_unicode_ci DEFAULT NULL,
  `custom` text COLLATE utf8mb4_unicode_ci DEFAULT NULL,
  `send_tx` varchar(191) COLLATE utf8mb4_unicode_ci DEFAULT NULL,
  `received_amount` varchar(191) COLLATE utf8mb4_unicode_ci DEFAULT NULL,
  `received_confirms` varchar(191) COLLATE utf8mb4_unicode_ci DEFAULT NULL,
  `created_at` timestamp NULL DEFAULT NULL,
  `updated_at` timestamp NULL DEFAULT NULL
) ENGINE=InnoDB DEFAULT CHARSET=utf8mb4 COLLATE=utf8mb4_unicode_ci;

-- --------------------------------------------------------

--
-- Table structure for table `jobs`
--

CREATE TABLE `jobs` (
  `id` bigint(20) UNSIGNED NOT NULL,
  `queue` varchar(191) COLLATE utf8mb4_unicode_ci NOT NULL,
  `payload` text COLLATE utf8mb4_unicode_ci NOT NULL,
  `attempts` tinyint(1) NOT NULL,
  `reserved_at` int(10) UNSIGNED DEFAULT NULL,
  `available_at` int(10) UNSIGNED NOT NULL,
  `created_at` datetime NOT NULL
) ENGINE=InnoDB DEFAULT CHARSET=utf8mb4 COLLATE=utf8mb4_unicode_ci;

-- --------------------------------------------------------

--
-- Table structure for table `labels`
--

CREATE TABLE `labels` (
  `id` bigint(20) UNSIGNED NOT NULL,
  `name` text COLLATE utf8mb4_unicode_ci NOT NULL,
  `created_at` timestamp NULL DEFAULT NULL,
  `updated_at` timestamp NULL DEFAULT NULL
) ENGINE=InnoDB DEFAULT CHARSET=utf8mb4 COLLATE=utf8mb4_unicode_ci;

-- --------------------------------------------------------

--
-- Table structure for table `landing_pages`
--

CREATE TABLE `landing_pages` (
  `id` int(10) UNSIGNED NOT NULL,
  `image` varchar(191) COLLATE utf8mb4_unicode_ci DEFAULT NULL,
  `heading` varchar(191) COLLATE utf8mb4_unicode_ci DEFAULT NULL,
  `detail` text COLLATE utf8mb4_unicode_ci DEFAULT NULL,
  `button` tinyint(1) NOT NULL DEFAULT 1,
  `button_text` varchar(191) COLLATE utf8mb4_unicode_ci DEFAULT NULL,
  `button_link` varchar(191) COLLATE utf8mb4_unicode_ci DEFAULT NULL,
  `left` tinyint(1) NOT NULL DEFAULT 1,
  `position` int(11) DEFAULT NULL,
  `created_at` timestamp NULL DEFAULT NULL,
  `updated_at` timestamp NULL DEFAULT NULL
) ENGINE=InnoDB DEFAULT CHARSET=utf8mb4 COLLATE=utf8mb4_unicode_ci;

--
-- Dumping data for table `landing_pages`
--

INSERT INTO `landing_pages` (`id`, `image`, `heading`, `detail`, `button`, `button_text`, `button_link`, `left`, `position`, `created_at`, `updated_at`) VALUES
(1, 'landing_page_1604308741home_1.jpg', '{\"en\":\"Welcome!  Join Next Hour\"}', '{\"en\":\"Join Next Hour to watch the most recent motion pictures, elite TV appears and grant winning Next Hour membership at simply least cost.\"}', 1, '{\"en\":\"Join Next Hour\"}', 'login', 0, 1, '2020-11-02 14:29:21', '2020-11-02 14:49:01'),
(2, 'landing_page_1604308752home_2.jpg', '{\"en\":\"Don\'t Miss TV Shows\"}', '{\"en\":\"With your Next Hour membership, you approach select US and all TV shows, grant winning Next Hour Original Series and kids and children shows.\"}', 1, '{\"en\":\"Register Now\"}', 'register', 1, 2, '2020-11-02 14:29:39', '2020-11-02 14:49:12'),
(3, 'landing_page_1604308763home_3.jpg', '{\"en\":\"Membership for Movies & TV shows\"}', '{\"en\":\"Notwithstanding boundless gushing, your Next Hour membership incorporates elite Bollywood, Hollywood films, US and all TV shows, grant winning Next Hour Series and kids shows.\"}', 1, '{\"en\":\"Login Now\"}', 'login', 0, 3, '2020-11-02 14:30:01', '2020-11-02 14:49:23'),
(4, 'landing_page_1604308776home_4.jpg', '{\"en\":\"Kids Special\"}', '{\"en\":\"With simple to utilize parental controls and a committed children page, you can appreciate secure, advertisement free children and kids diversion. Children and kids can appreciate famous TV shows.\"}', 1, '{\"en\":\"Get Now\"}', 'register', 0, 4, '2020-11-02 14:30:18', '2020-11-02 14:49:36');

-- --------------------------------------------------------

--
-- Table structure for table `languages`
--

CREATE TABLE `languages` (
  `id` int(10) UNSIGNED NOT NULL,
  `local` varchar(191) COLLATE utf8mb4_unicode_ci NOT NULL,
  `name` varchar(191) COLLATE utf8mb4_unicode_ci NOT NULL,
  `def` tinyint(1) DEFAULT NULL,
  `created_at` timestamp NULL DEFAULT NULL,
  `updated_at` timestamp NULL DEFAULT NULL,
  `rtl` tinyint(1) NOT NULL DEFAULT 0
) ENGINE=InnoDB DEFAULT CHARSET=utf8mb4 COLLATE=utf8mb4_unicode_ci;

--
-- Dumping data for table `languages`
--

INSERT INTO `languages` (`id`, `local`, `name`, `def`, `created_at`, `updated_at`, `rtl`) VALUES
(1, 'en', 'English', 0, '2020-11-02 14:19:55', '2022-04-09 19:05:28', 1),
(2, 'ar', 'Arabic', 1, '2022-03-31 15:54:50', '2022-04-09 19:05:28', 1);

-- --------------------------------------------------------

--
-- Table structure for table `likes`
--

CREATE TABLE `likes` (
  `id` int(11) NOT NULL,
  `user_id` int(11) NOT NULL,
  `blog_id` int(11) NOT NULL,
  `added` varchar(11) COLLATE utf8mb4_unicode_ci NOT NULL,
  `created_at` timestamp NULL DEFAULT NULL,
  `updated_at` timestamp NULL DEFAULT NULL
) ENGINE=InnoDB DEFAULT CHARSET=utf8mb4 COLLATE=utf8mb4_unicode_ci;

-- --------------------------------------------------------

--
-- Table structure for table `live_events`
--

CREATE TABLE `live_events` (
  `id` int(11) NOT NULL,
  `title` varchar(191) COLLATE utf8mb4_unicode_ci NOT NULL,
  `slug` varchar(191) COLLATE utf8mb4_unicode_ci NOT NULL,
  `description` text COLLATE utf8mb4_unicode_ci NOT NULL,
  `type` varchar(191) COLLATE utf8mb4_unicode_ci NOT NULL,
  `iframeurl` text COLLATE utf8mb4_unicode_ci DEFAULT NULL,
  `ready_url` text COLLATE utf8mb4_unicode_ci DEFAULT NULL,
  `start_time` datetime NOT NULL,
  `end_time` datetime NOT NULL,
  `status` tinyint(1) NOT NULL,
  `thumbnail` text COLLATE utf8mb4_unicode_ci DEFAULT NULL,
  `poster` text COLLATE utf8mb4_unicode_ci DEFAULT NULL,
  `genre_id` varchar(191) COLLATE utf8mb4_unicode_ci DEFAULT NULL,
  `detail` longtext COLLATE utf8mb4_unicode_ci DEFAULT NULL,
  `organized_by` text COLLATE utf8mb4_unicode_ci DEFAULT NULL,
  `created_at` timestamp NULL DEFAULT NULL,
  `updated_at` timestamp NULL DEFAULT NULL
) ENGINE=InnoDB DEFAULT CHARSET=utf8mb4 COLLATE=utf8mb4_unicode_ci;

-- --------------------------------------------------------

--
-- Table structure for table `log`
--

CREATE TABLE `log` (
  `id` int(10) UNSIGNED NOT NULL,
  `type` varchar(32) COLLATE utf8mb4_unicode_ci DEFAULT NULL,
  `log` text COLLATE utf8mb4_unicode_ci NOT NULL,
  `created_at` timestamp NULL DEFAULT NULL,
  `updated_at` timestamp NULL DEFAULT NULL
) ENGINE=InnoDB DEFAULT CHARSET=utf8mb4 COLLATE=utf8mb4_unicode_ci;

-- --------------------------------------------------------

--
-- Table structure for table `manual_payments`
--

CREATE TABLE `manual_payments` (
  `id` bigint(20) UNSIGNED NOT NULL,
  `user_id` int(10) UNSIGNED NOT NULL,
  `payment_id` varchar(191) COLLATE utf8mb4_unicode_ci DEFAULT NULL,
  `user_name` varchar(191) COLLATE utf8mb4_unicode_ci DEFAULT NULL,
  `package_id` int(11) DEFAULT NULL,
  `price` double(8,2) NOT NULL,
  `status` tinyint(1) NOT NULL,
  `method` varchar(191) COLLATE utf8mb4_unicode_ci NOT NULL,
  `file` varchar(191) COLLATE utf8mb4_unicode_ci DEFAULT NULL,
  `subscription_from` datetime DEFAULT NULL,
  `subscription_to` datetime DEFAULT NULL,
  `created_at` timestamp NULL DEFAULT NULL,
  `updated_at` timestamp NULL DEFAULT NULL
) ENGINE=InnoDB DEFAULT CHARSET=utf8mb4 COLLATE=utf8mb4_unicode_ci;

-- --------------------------------------------------------

--
-- Table structure for table `manual_payment_methods`
--

CREATE TABLE `manual_payment_methods` (
  `id` bigint(20) UNSIGNED NOT NULL,
  `payment_name` varchar(191) COLLATE utf8mb4_unicode_ci NOT NULL,
  `description` varchar(191) COLLATE utf8mb4_unicode_ci NOT NULL,
  `thumbnail` varchar(191) COLLATE utf8mb4_unicode_ci DEFAULT NULL,
  `status` int(10) UNSIGNED NOT NULL DEFAULT 0,
  `created_at` timestamp NULL DEFAULT NULL,
  `updated_at` timestamp NULL DEFAULT NULL
) ENGINE=InnoDB DEFAULT CHARSET=utf8mb4 COLLATE=utf8mb4_unicode_ci;

-- --------------------------------------------------------

--
-- Table structure for table `mass_withdrawals`
--

CREATE TABLE `mass_withdrawals` (
  `id` int(10) UNSIGNED NOT NULL,
  `created_at` timestamp NULL DEFAULT NULL,
  `updated_at` timestamp NULL DEFAULT NULL
) ENGINE=InnoDB DEFAULT CHARSET=utf8mb4 COLLATE=utf8mb4_unicode_ci;

-- --------------------------------------------------------

--
-- Table structure for table `menus`
--

CREATE TABLE `menus` (
  `id` int(10) UNSIGNED NOT NULL,
  `name` varchar(191) COLLATE utf8mb4_unicode_ci NOT NULL,
  `slug` varchar(191) COLLATE utf8mb4_unicode_ci DEFAULT NULL,
  `position` bigint(20) DEFAULT NULL,
  `created_at` timestamp NULL DEFAULT NULL,
  `updated_at` timestamp NULL DEFAULT NULL
) ENGINE=InnoDB DEFAULT CHARSET=utf8mb4 COLLATE=utf8mb4_unicode_ci;

--
-- Dumping data for table `menus`
--

INSERT INTO `menus` (`id`, `name`, `slug`, `position`, `created_at`, `updated_at`) VALUES
(1, '{\"en\":\"\\u0648\\u0635\\u0641\\u0627\\u062a\",\"ar\":\"\\u0648\\u0635\\u0641\\u0627\\u062a\"}', 'osfat', 1, '2022-03-31 16:19:30', '2022-04-10 18:37:24'),
(2, '{\"en\":\"\\u062c\\u062f\\u064a\\u062f\"}', 'gdyd', 2, '2022-03-31 16:19:51', '2022-03-31 16:28:01');

-- --------------------------------------------------------

--
-- Table structure for table `menu_genre_shows`
--

CREATE TABLE `menu_genre_shows` (
  `id` bigint(20) UNSIGNED NOT NULL,
  `menu_id` int(10) UNSIGNED NOT NULL,
  `menu_section_id` int(10) UNSIGNED NOT NULL,
  `genre_id` int(10) UNSIGNED NOT NULL
) ENGINE=InnoDB DEFAULT CHARSET=utf8mb4 COLLATE=utf8mb4_unicode_ci;

--
-- Dumping data for table `menu_genre_shows`
--

INSERT INTO `menu_genre_shows` (`id`, `menu_id`, `menu_section_id`, `genre_id`) VALUES
(4, 1, 2, 1),
(5, 1, 2, 2),
(6, 1, 2, 3),
(7, 1, 2, 4),
(8, 1, 2, 5);

-- --------------------------------------------------------

--
-- Table structure for table `menu_sections`
--

CREATE TABLE `menu_sections` (
  `id` int(10) UNSIGNED NOT NULL,
  `menu_id` int(10) UNSIGNED DEFAULT NULL,
  `section_id` int(10) UNSIGNED DEFAULT NULL,
  `item_limit` int(10) UNSIGNED DEFAULT NULL,
  `view` int(10) UNSIGNED NOT NULL DEFAULT 1,
  `order` int(10) UNSIGNED NOT NULL DEFAULT 1
) ENGINE=InnoDB DEFAULT CHARSET=utf8mb4 COLLATE=utf8mb4_unicode_ci;

--
-- Dumping data for table `menu_sections`
--

INSERT INTO `menu_sections` (`id`, `menu_id`, `section_id`, `item_limit`, `view`, `order`) VALUES
(5, 2, 1, 4, 1, 1),
(8, 1, 2, 5, 1, 1);

-- --------------------------------------------------------

--
-- Table structure for table `menu_videos`
--

CREATE TABLE `menu_videos` (
  `id` int(10) UNSIGNED NOT NULL,
  `menu_id` int(10) UNSIGNED NOT NULL,
  `movie_id` int(10) UNSIGNED DEFAULT NULL,
  `tv_series_id` int(10) UNSIGNED DEFAULT NULL,
  `live_event_id` int(11) DEFAULT NULL,
  `audio_id` int(11) DEFAULT NULL,
  `created_at` timestamp NULL DEFAULT NULL,
  `updated_at` timestamp NULL DEFAULT NULL
) ENGINE=InnoDB DEFAULT CHARSET=utf8mb4 COLLATE=utf8mb4_unicode_ci;

--
-- Dumping data for table `menu_videos`
--

INSERT INTO `menu_videos` (`id`, `menu_id`, `movie_id`, `tv_series_id`, `live_event_id`, `audio_id`, `created_at`, `updated_at`) VALUES
(11, 1, 2, NULL, NULL, NULL, '2022-04-08 14:13:40', '2022-04-08 14:13:40'),
(13, 1, 3, NULL, NULL, NULL, '2022-04-08 14:15:58', '2022-04-08 14:15:58'),
(14, 1, 4, NULL, NULL, NULL, '2022-04-08 14:17:49', '2022-04-08 14:17:49'),
(15, 1, 5, NULL, NULL, NULL, '2022-04-08 14:19:58', '2022-04-08 14:19:58'),
(16, 1, 6, NULL, NULL, NULL, '2022-04-08 14:22:34', '2022-04-08 14:22:34'),
(17, 1, 7, NULL, NULL, NULL, '2022-04-08 14:25:25', '2022-04-08 14:25:25'),
(18, 1, 8, NULL, NULL, NULL, '2022-04-08 14:27:36', '2022-04-08 14:27:36'),
(19, 1, 9, NULL, NULL, NULL, '2022-04-08 14:29:47', '2022-04-08 14:29:47'),
(20, 1, 10, NULL, NULL, NULL, '2022-04-08 14:39:43', '2022-04-08 14:39:43'),
(21, 1, 11, NULL, NULL, NULL, '2022-04-08 14:45:28', '2022-04-08 14:45:28'),
(22, 1, 12, NULL, NULL, NULL, '2022-04-08 14:47:14', '2022-04-08 14:47:14'),
(23, 1, 13, NULL, NULL, NULL, '2022-04-08 14:49:03', '2022-04-08 14:49:03'),
(24, 1, 14, NULL, NULL, NULL, '2022-04-08 14:50:46', '2022-04-08 14:50:46'),
(25, 1, 15, NULL, NULL, NULL, '2022-04-08 14:53:26', '2022-04-08 14:53:26'),
(28, 1, 18, NULL, NULL, NULL, '2022-04-08 14:57:15', '2022-04-08 14:57:15'),
(29, 1, 19, NULL, NULL, NULL, '2022-04-08 14:58:01', '2022-04-08 14:58:01'),
(30, 1, 20, NULL, NULL, NULL, '2022-04-08 14:59:07', '2022-04-08 14:59:07'),
(31, 1, 21, NULL, NULL, NULL, '2022-04-08 14:59:56', '2022-04-08 14:59:56'),
(32, 1, 22, NULL, NULL, NULL, '2022-04-08 15:00:43', '2022-04-08 15:00:43'),
(34, 1, 24, NULL, NULL, NULL, '2022-04-08 15:05:11', '2022-04-08 15:05:11'),
(35, 1, 25, NULL, NULL, NULL, '2022-04-08 15:06:20', '2022-04-08 15:06:20'),
(36, 1, 26, NULL, NULL, NULL, '2022-04-08 15:07:13', '2022-04-08 15:07:13'),
(38, 1, 17, NULL, NULL, NULL, '2022-04-08 15:09:48', '2022-04-08 15:09:48'),
(39, 1, 28, NULL, NULL, NULL, '2022-04-08 15:10:38', '2022-04-08 15:10:38'),
(40, 1, 29, NULL, NULL, NULL, '2022-04-08 15:11:38', '2022-04-08 15:11:38'),
(41, 1, 30, NULL, NULL, NULL, '2022-04-08 15:14:23', '2022-04-08 15:14:23'),
(42, 1, 31, NULL, NULL, NULL, '2022-04-08 15:15:15', '2022-04-08 15:15:15'),
(43, 1, 32, NULL, NULL, NULL, '2022-04-08 15:16:07', '2022-04-08 15:16:07'),
(44, 1, 33, NULL, NULL, NULL, '2022-04-08 15:17:13', '2022-04-08 15:17:13'),
(45, 1, 34, NULL, NULL, NULL, '2022-04-08 15:18:41', '2022-04-08 15:18:41'),
(46, 1, 35, NULL, NULL, NULL, '2022-04-08 15:19:28', '2022-04-08 15:19:28'),
(47, 1, 36, NULL, NULL, NULL, '2022-04-08 15:20:56', '2022-04-08 15:20:56'),
(48, 1, 37, NULL, NULL, NULL, '2022-04-08 15:21:46', '2022-04-08 15:21:46'),
(49, 1, 38, NULL, NULL, NULL, '2022-04-08 15:22:57', '2022-04-08 15:22:57'),
(50, 1, 39, NULL, NULL, NULL, '2022-04-08 15:24:06', '2022-04-08 15:24:06'),
(51, 1, 40, NULL, NULL, NULL, '2022-04-08 15:25:10', '2022-04-08 15:25:10'),
(52, 1, 41, NULL, NULL, NULL, '2022-04-08 15:26:06', '2022-04-08 15:26:06'),
(53, 1, 42, NULL, NULL, NULL, '2022-04-08 15:27:04', '2022-04-08 15:27:04'),
(54, 1, 43, NULL, NULL, NULL, '2022-04-08 15:28:03', '2022-04-08 15:28:03'),
(55, 1, 44, NULL, NULL, NULL, '2022-04-08 15:29:37', '2022-04-08 15:29:37'),
(56, 1, 45, NULL, NULL, NULL, '2022-04-08 15:30:51', '2022-04-08 15:30:51'),
(57, 1, 46, NULL, NULL, NULL, '2022-04-08 15:31:41', '2022-04-08 15:31:41'),
(58, 1, 47, NULL, NULL, NULL, '2022-04-08 15:32:36', '2022-04-08 15:32:36'),
(59, 1, 48, NULL, NULL, NULL, '2022-04-08 15:33:30', '2022-04-08 15:33:30'),
(60, 1, 49, NULL, NULL, NULL, '2022-04-08 15:34:23', '2022-04-08 15:34:23'),
(61, 1, 50, NULL, NULL, NULL, '2022-04-08 15:35:46', '2022-04-08 15:35:46'),
(62, 1, 51, NULL, NULL, NULL, '2022-04-08 15:36:33', '2022-04-08 15:36:33'),
(63, 1, 52, NULL, NULL, NULL, '2022-04-08 15:38:07', '2022-04-08 15:38:07'),
(65, 1, 54, NULL, NULL, NULL, '2022-04-08 15:39:54', '2022-04-08 15:39:54'),
(66, 1, 55, NULL, NULL, NULL, '2022-04-08 15:42:06', '2022-04-08 15:42:06'),
(67, 1, 56, NULL, NULL, NULL, '2022-04-09 02:35:42', '2022-04-09 02:35:42'),
(68, 1, 57, NULL, NULL, NULL, '2022-04-09 02:36:38', '2022-04-09 02:36:38'),
(69, 1, 58, NULL, NULL, NULL, '2022-04-09 02:44:14', '2022-04-09 02:44:14'),
(70, 1, 59, NULL, NULL, NULL, '2022-04-09 02:47:17', '2022-04-09 02:47:17'),
(71, 1, 60, NULL, NULL, NULL, '2022-04-09 02:48:17', '2022-04-09 02:48:17'),
(72, 1, 61, NULL, NULL, NULL, '2022-04-09 02:49:58', '2022-04-09 02:49:58'),
(73, 1, 62, NULL, NULL, NULL, '2022-04-09 02:52:14', '2022-04-09 02:52:14'),
(74, 1, 63, NULL, NULL, NULL, '2022-04-09 02:53:24', '2022-04-09 02:53:24'),
(75, 1, 64, NULL, NULL, NULL, '2022-04-09 02:54:40', '2022-04-09 02:54:40'),
(76, 1, 65, NULL, NULL, NULL, '2022-04-09 02:55:30', '2022-04-09 02:55:30'),
(80, 1, 69, NULL, NULL, NULL, '2022-04-09 03:00:03', '2022-04-09 03:00:03'),
(81, 1, 70, NULL, NULL, NULL, '2022-04-09 03:01:00', '2022-04-09 03:01:00'),
(82, 1, 71, NULL, NULL, NULL, '2022-04-09 03:02:11', '2022-04-09 03:02:11'),
(83, 1, 72, NULL, NULL, NULL, '2022-04-09 03:04:21', '2022-04-09 03:04:21'),
(84, 1, 73, NULL, NULL, NULL, '2022-04-09 16:22:24', '2022-04-09 16:22:24'),
(85, 1, 74, NULL, NULL, NULL, '2022-04-09 16:23:23', '2022-04-09 16:23:23'),
(86, 1, 75, NULL, NULL, NULL, '2022-04-09 16:24:09', '2022-04-09 16:24:09'),
(87, 1, 76, NULL, NULL, NULL, '2022-04-09 16:24:46', '2022-04-09 16:24:46'),
(88, 1, 77, NULL, NULL, NULL, '2022-04-09 16:25:36', '2022-04-09 16:25:36'),
(89, 1, 78, NULL, NULL, NULL, '2022-04-09 16:26:20', '2022-04-09 16:26:20'),
(90, 1, 79, NULL, NULL, NULL, '2022-04-09 16:27:09', '2022-04-09 16:27:09'),
(91, 1, 80, NULL, NULL, NULL, '2022-04-09 16:27:57', '2022-04-09 16:27:57'),
(92, 1, 81, NULL, NULL, NULL, '2022-04-09 16:30:07', '2022-04-09 16:30:07'),
(93, 1, 82, NULL, NULL, NULL, '2022-04-10 15:10:44', '2022-04-10 15:10:44'),
(95, 1, 84, NULL, NULL, NULL, '2022-04-10 15:30:11', '2022-04-10 15:30:11'),
(96, 1, 85, NULL, NULL, NULL, '2022-04-10 15:32:37', '2022-04-10 15:32:37'),
(97, 1, 86, NULL, NULL, NULL, '2022-04-10 15:34:07', '2022-04-10 15:34:07'),
(98, 1, 87, NULL, NULL, NULL, '2022-04-10 15:36:22', '2022-04-10 15:36:22'),
(99, 1, 88, NULL, NULL, NULL, '2022-04-10 15:38:20', '2022-04-10 15:38:20'),
(100, 1, 89, NULL, NULL, NULL, '2022-04-10 15:39:45', '2022-04-10 15:39:45'),
(101, 1, 90, NULL, NULL, NULL, '2022-04-10 15:41:16', '2022-04-10 15:41:16'),
(102, 1, 91, NULL, NULL, NULL, '2022-04-10 15:42:54', '2022-04-10 15:42:54'),
(103, 1, 92, NULL, NULL, NULL, '2022-04-10 15:44:21', '2022-04-10 15:44:21'),
(104, 1, 93, NULL, NULL, NULL, '2022-04-10 15:45:34', '2022-04-10 15:45:34'),
(105, 1, 94, NULL, NULL, NULL, '2022-04-10 15:51:51', '2022-04-10 15:51:51'),
(106, 1, 95, NULL, NULL, NULL, '2022-04-10 15:53:35', '2022-04-10 15:53:35'),
(108, 1, 96, NULL, NULL, NULL, '2022-04-10 15:56:37', '2022-04-10 15:56:37'),
(109, 1, 1, NULL, NULL, NULL, '2022-04-10 17:05:59', '2022-04-10 17:05:59'),
(110, 1, 83, NULL, NULL, NULL, '2022-04-10 17:07:05', '2022-04-10 17:07:05'),
(111, 1, 67, NULL, NULL, NULL, '2022-04-10 17:17:13', '2022-04-10 17:17:13'),
(112, 1, 68, NULL, NULL, NULL, '2022-04-10 17:20:24', '2022-04-10 17:20:24'),
(113, 1, 27, NULL, NULL, NULL, '2022-04-10 17:21:19', '2022-04-10 17:21:19'),
(114, 1, 16, NULL, NULL, NULL, '2022-04-10 17:21:52', '2022-04-10 17:21:52'),
(115, 1, 66, NULL, NULL, NULL, '2022-04-10 17:23:24', '2022-04-10 17:23:24'),
(116, 1, 53, NULL, NULL, NULL, '2022-04-10 18:38:22', '2022-04-10 18:38:22'),
(117, 1, 23, NULL, NULL, NULL, '2022-04-10 18:39:49', '2022-04-10 18:39:49');

-- --------------------------------------------------------

--
-- Table structure for table `migrations`
--

CREATE TABLE `migrations` (
  `id` int(10) UNSIGNED NOT NULL,
  `migration` varchar(191) COLLATE utf8mb4_unicode_ci NOT NULL,
  `batch` int(11) NOT NULL
) ENGINE=InnoDB DEFAULT CHARSET=utf8mb4 COLLATE=utf8mb4_unicode_ci;

--
-- Dumping data for table `migrations`
--

INSERT INTO `migrations` (`id`, `migration`, `batch`) VALUES
(1, '2016_06_01_000001_create_oauth_auth_codes_table', 1),
(2, '2016_06_01_000002_create_oauth_access_tokens_table', 1),
(3, '2016_06_01_000003_create_oauth_refresh_tokens_table', 1),
(4, '2016_06_01_000004_create_oauth_clients_table', 1),
(5, '2016_06_01_000005_create_oauth_personal_access_clients_table', 1),
(6, '2017_09_15_051156_setup_coinpayment_tables', 1),
(7, '2018_03_24_032432_create_callback_address_table', 1),
(8, '2018_05_07_123123_fix_transactions_table', 1),
(9, '2018_05_08_037214_cp_create_mass_withdrawal', 1),
(10, '2018_07_01_112608_add_column_dest_tag_to_transactions_table', 1),
(11, '2018_08_29_205156_create_translations_table', 1),
(12, '2019_05_03_000002_create_subscriptions_table', 1),
(13, '2019_05_03_000003_create_subscription_items_table', 1),
(14, '2020_06_14_180448_create_actors_table', 1),
(15, '2020_06_14_180448_create_ads_table', 1),
(16, '2020_06_14_180448_create_adsenses_table', 1),
(17, '2020_06_14_180448_create_audio_languages_table', 1),
(18, '2020_06_14_180448_create_auth_customizes_table', 1),
(19, '2020_06_14_180448_create_blog_menu_table', 1),
(20, '2020_06_14_180448_create_blogs_table', 1),
(21, '2020_06_14_180448_create_buttons_table', 1),
(22, '2020_06_14_180448_create_comments_table', 1),
(23, '2020_06_14_180448_create_configs_table', 1),
(24, '2020_06_14_180448_create_coupon_codes_table', 1),
(25, '2020_06_14_180448_create_cps_cpp_table', 1),
(26, '2020_06_14_180448_create_custom_pages_table', 1),
(27, '2020_06_14_180448_create_directors_table', 1),
(28, '2020_06_14_180448_create_donater_lists_table', 1),
(29, '2020_06_14_180448_create_episodes_table', 1),
(30, '2020_06_14_180448_create_faqs_table', 1),
(31, '2020_06_14_180448_create_front_slider_updates_table', 1),
(32, '2020_06_14_180448_create_genres_table', 1),
(33, '2020_06_14_180448_create_home_blocks_table', 1),
(34, '2020_06_14_180448_create_home_sliders_table', 1),
(35, '2020_06_14_180448_create_home_translations_table', 1),
(36, '2020_06_14_180448_create_jobs_table', 1),
(37, '2020_06_14_180448_create_landing_pages_table', 1),
(38, '2020_06_14_180448_create_languages_table', 1),
(39, '2020_06_14_180448_create_likes_table', 1),
(40, '2020_06_14_180448_create_live_events_table', 1),
(41, '2020_06_14_180448_create_menu_sections_table', 1),
(42, '2020_06_14_180448_create_menu_videos_table', 1),
(43, '2020_06_14_180448_create_menus_table', 1),
(44, '2020_06_14_180448_create_movie_comments_table', 1),
(45, '2020_06_14_180448_create_movie_series_table', 1),
(46, '2020_06_14_180448_create_movie_subcomments_table', 1),
(47, '2020_06_14_180448_create_movies_table', 1),
(48, '2020_06_14_180448_create_multiple_links_table', 1),
(49, '2020_06_14_180448_create_multiplescreens_table', 1),
(50, '2020_06_14_180448_create_notifications_table', 1),
(51, '2020_06_14_180448_create_package_menu_table', 1),
(52, '2020_06_14_180448_create_packages_table', 1),
(53, '2020_06_14_180448_create_password_resets_table', 1),
(54, '2020_06_14_180448_create_paypal_subscriptions_table', 1),
(55, '2020_06_14_180448_create_plans_table', 1),
(56, '2020_06_14_180448_create_player_settings_table', 1),
(57, '2020_06_14_180448_create_pricing_texts_table', 1),
(58, '2020_06_14_180448_create_seasons_table', 1),
(59, '2020_06_14_180448_create_seos_table', 1),
(60, '2020_06_14_180448_create_sessions_table', 1),
(61, '2020_06_14_180448_create_social_icons_table', 1),
(62, '2020_06_14_180448_create_subcomments_table', 1),
(63, '2020_06_14_180448_create_subtitles_table', 1),
(64, '2020_06_14_180448_create_tv_series_table', 1),
(65, '2020_06_14_180448_create_user_ratings_table', 1),
(66, '2020_06_14_180448_create_users_table', 1),
(67, '2020_06_14_180448_create_videolinks_table', 1),
(68, '2020_06_14_180448_create_views_table', 1),
(69, '2020_06_14_180448_create_watch_histories_table', 1),
(70, '2020_06_14_180448_create_wishlists_table', 1),
(71, '2020_06_14_180452_add_foreign_keys_to_episodes_table', 1),
(72, '2020_06_14_180452_add_foreign_keys_to_home_sliders_table', 1),
(73, '2020_06_22_122007_create_audio_table', 1),
(74, '2020_06_24_150735_create_manual_payments_table', 1),
(75, '2020_06_25_115048_create_app_configs_table', 1),
(76, '2020_06_25_132738_create_splash_screens_table', 1),
(77, '2020_06_25_180556_create_app_sliders_table', 1),
(78, '2020_06_29_102308_commingsoon_enabled_ip_to_buttons_table', 1),
(79, '2020_10_31_114942_add_column_to_player_settings_table', 1),
(80, '2020_11_02_113133_add_columns', 1),
(81, '2020_11_02_114440_create_reminder_mails_table', 1),
(82, '2020_11_07_135552_create_chat_setting_table', 1),
(83, '2021_06_05_112917_add_columns_in_users_table_custom', 1),
(84, '2021_06_05_130920_add_columns_existing', 1),
(85, '2020_11_06_114837_create_table', 2),
(86, '2020_11_06_115740_add_column_table', 2),
(87, '2020_12_03_153005_add_column_update_31_table', 3),
(88, '2020_12_24_121353_add_column_update_v3_2', 4),
(89, '2021_03_07_162535_create_coupon_applies_table', 4),
(90, '2021_03_22_112446_create_menu_genre_shows_table', 5),
(91, '2021_04_17_131827_create_google_ads_table', 5),
(92, '2021_05_03_144635_add_column_update_v3_3', 5),
(93, '2020_12_02_123844_create_manual_payment_methods_table', 6),
(94, '2021_06_13_182042_remove_column_update_v3_4', 6),
(95, '2021_06_13_185438_add_column_update_v3_4', 6),
(96, '2021_06_12_145328_create_package_features_table', 7),
(97, '2021_06_18_112730_add_column_update_v4_0', 7),
(98, '2021_07_03_084019_create_color_schemes_table', 7),
(99, '2021_07_20_094823_create_labels_table', 7),
(100, '2021_08_20_183347_remove_column_v4_0', 7),
(101, '2013_11_26_161501_create_currency_table', 8),
(102, '2021_08_30_180428_create_new_permission_tables', 8),
(103, '2021_08_30_180428_create_permission_tables', 8),
(104, '2021_09_04_110417_add_column_update_v_4_1', 8),
(105, '2021_09_17_182123_remove_column_v4_1', 8);

-- --------------------------------------------------------

--
-- Table structure for table `model_has_permissions`
--

CREATE TABLE `model_has_permissions` (
  `permission_id` bigint(20) UNSIGNED NOT NULL,
  `model_type` varchar(191) COLLATE utf8mb4_unicode_ci NOT NULL,
  `model_id` bigint(20) UNSIGNED NOT NULL
) ENGINE=InnoDB DEFAULT CHARSET=utf8mb4 COLLATE=utf8mb4_unicode_ci;

-- --------------------------------------------------------

--
-- Table structure for table `model_has_roles`
--

CREATE TABLE `model_has_roles` (
  `role_id` bigint(20) UNSIGNED NOT NULL,
  `model_type` varchar(191) COLLATE utf8mb4_unicode_ci NOT NULL,
  `model_id` bigint(20) UNSIGNED NOT NULL
) ENGINE=InnoDB DEFAULT CHARSET=utf8mb4 COLLATE=utf8mb4_unicode_ci;

--
-- Dumping data for table `model_has_roles`
--

INSERT INTO `model_has_roles` (`role_id`, `model_type`, `model_id`) VALUES
(1, 'App\\User', 1),
(1, 'App\\User', 6),
(3, 'App\\User', 4),
(3, 'App\\User', 7),
(4, 'App\\User', 4),
(5, 'App\\User', 8),
(5, 'App\\User', 9),
(5, 'App\\User', 12),
(5, 'App\\User', 16),
(5, 'App\\User', 20),
(5, 'App\\User', 22),
(5, 'App\\User', 23),
(5, 'App\\User', 25),
(5, 'App\\User', 26),
(5, 'App\\User', 27);

-- --------------------------------------------------------

--
-- Table structure for table `movie_comments`
--

CREATE TABLE `movie_comments` (
  `id` int(11) NOT NULL,
  `name` varchar(200) COLLATE utf8mb4_unicode_ci DEFAULT NULL,
  `user_id` int(11) NOT NULL,
  `email` varchar(100) COLLATE utf8mb4_unicode_ci DEFAULT NULL,
  `movie_id` int(11) DEFAULT NULL,
  `tv_series_id` int(11) DEFAULT NULL,
  `comment` text COLLATE utf8mb4_unicode_ci DEFAULT NULL,
  `created_at` timestamp NULL DEFAULT NULL,
  `updated_at` timestamp NULL DEFAULT NULL,
  `status` tinyint(1) NOT NULL DEFAULT 0
) ENGINE=InnoDB DEFAULT CHARSET=utf8mb4 COLLATE=utf8mb4_unicode_ci;

-- --------------------------------------------------------

--
-- Table structure for table `movie_series`
--

CREATE TABLE `movie_series` (
  `id` int(10) UNSIGNED NOT NULL,
  `movie_id` int(10) UNSIGNED NOT NULL,
  `series_movie_id` varchar(191) COLLATE utf8mb4_unicode_ci NOT NULL,
  `created_at` timestamp NULL DEFAULT NULL,
  `updated_at` timestamp NULL DEFAULT NULL
) ENGINE=InnoDB DEFAULT CHARSET=utf8mb4 COLLATE=utf8mb4_unicode_ci;

-- --------------------------------------------------------

--
-- Table structure for table `movie_subcomments`
--

CREATE TABLE `movie_subcomments` (
  `id` int(11) NOT NULL,
  `user_id` int(11) DEFAULT NULL,
  `comment_id` int(11) DEFAULT NULL,
  `reply` varchar(200) COLLATE utf8mb4_unicode_ci DEFAULT NULL,
  `created_at` timestamp NULL DEFAULT NULL,
  `updated_at` timestamp NULL DEFAULT NULL,
  `status` tinyint(1) NOT NULL DEFAULT 0
) ENGINE=InnoDB DEFAULT CHARSET=utf8mb4 COLLATE=utf8mb4_unicode_ci;

-- --------------------------------------------------------

--
-- Table structure for table `multiplescreens`
--

CREATE TABLE `multiplescreens` (
  `id` int(10) UNSIGNED NOT NULL,
  `screen1` varchar(50) COLLATE utf8mb4_unicode_ci DEFAULT NULL,
  `screen2` varchar(50) COLLATE utf8mb4_unicode_ci DEFAULT NULL,
  `screen3` varchar(50) COLLATE utf8mb4_unicode_ci DEFAULT NULL,
  `screen4` varchar(50) COLLATE utf8mb4_unicode_ci DEFAULT NULL,
  `user_id` int(10) UNSIGNED NOT NULL,
  `activescreen` varchar(191) COLLATE utf8mb4_unicode_ci DEFAULT NULL,
  `screen_1_used` varchar(100) COLLATE utf8mb4_unicode_ci NOT NULL DEFAULT 'NO',
  `screen_2_used` varchar(100) COLLATE utf8mb4_unicode_ci NOT NULL DEFAULT 'NO',
  `screen_3_used` varchar(100) COLLATE utf8mb4_unicode_ci NOT NULL DEFAULT 'NO',
  `screen_4_used` varchar(100) COLLATE utf8mb4_unicode_ci NOT NULL DEFAULT 'NO',
  `device_mac_1` varchar(100) COLLATE utf8mb4_unicode_ci DEFAULT NULL,
  `device_mac_2` varchar(100) COLLATE utf8mb4_unicode_ci DEFAULT NULL,
  `device_mac_3` varchar(100) COLLATE utf8mb4_unicode_ci DEFAULT NULL,
  `device_mac_4` varchar(100) COLLATE utf8mb4_unicode_ci DEFAULT NULL,
  `download_1` int(11) DEFAULT NULL,
  `download_2` int(11) DEFAULT NULL,
  `download_3` int(11) DEFAULT NULL,
  `download_4` int(11) DEFAULT NULL,
  `pkg_id` int(10) UNSIGNED NOT NULL,
  `created_at` timestamp NULL DEFAULT NULL,
  `updated_at` timestamp NULL DEFAULT NULL
) ENGINE=InnoDB DEFAULT CHARSET=utf8mb4 COLLATE=utf8mb4_unicode_ci;

-- --------------------------------------------------------

--
-- Table structure for table `multiple_links`
--

CREATE TABLE `multiple_links` (
  `id` int(11) NOT NULL,
  `movie_id` int(11) DEFAULT NULL,
  `episode_id` int(11) DEFAULT NULL,
  `download` tinyint(1) NOT NULL,
  `quality` varchar(191) COLLATE utf8mb4_unicode_ci NOT NULL,
  `size` varchar(191) COLLATE utf8mb4_unicode_ci NOT NULL,
  `language` varchar(191) COLLATE utf8mb4_unicode_ci NOT NULL,
  `url` varchar(191) COLLATE utf8mb4_unicode_ci NOT NULL,
  `clicks` int(11) NOT NULL DEFAULT 0,
  `created_at` timestamp NULL DEFAULT NULL,
  `updated_at` timestamp NULL DEFAULT NULL
) ENGINE=InnoDB DEFAULT CHARSET=utf8mb4 COLLATE=utf8mb4_unicode_ci;

-- --------------------------------------------------------

--
-- Table structure for table `notifications`
--

CREATE TABLE `notifications` (
  `id` char(36) COLLATE utf8mb4_unicode_ci NOT NULL,
  `type` varchar(191) COLLATE utf8mb4_unicode_ci NOT NULL,
  `title` longtext COLLATE utf8mb4_unicode_ci DEFAULT NULL,
  `notifiable_type` varchar(191) COLLATE utf8mb4_unicode_ci NOT NULL,
  `notifiable_id` bigint(20) UNSIGNED NOT NULL,
  `data` text COLLATE utf8mb4_unicode_ci NOT NULL,
  `movie_id` int(11) DEFAULT NULL,
  `tv_id` int(11) DEFAULT NULL,
  `read_at` timestamp NULL DEFAULT NULL,
  `created_at` timestamp NULL DEFAULT NULL,
  `updated_at` timestamp NULL DEFAULT NULL
) ENGINE=InnoDB DEFAULT CHARSET=utf8mb4 COLLATE=utf8mb4_unicode_ci;

-- --------------------------------------------------------

--
-- Table structure for table `oauth_auth_codes`
--

CREATE TABLE `oauth_auth_codes` (
  `id` varchar(100) COLLATE utf8mb4_unicode_ci NOT NULL,
  `user_id` bigint(20) UNSIGNED NOT NULL,
  `client_id` bigint(20) UNSIGNED NOT NULL,
  `scopes` text COLLATE utf8mb4_unicode_ci DEFAULT NULL,
  `revoked` tinyint(1) NOT NULL,
  `expires_at` datetime DEFAULT NULL
) ENGINE=InnoDB DEFAULT CHARSET=utf8mb4 COLLATE=utf8mb4_unicode_ci;

-- --------------------------------------------------------

--
-- Table structure for table `oauth_personal_access_clients`
--

CREATE TABLE `oauth_personal_access_clients` (
  `id` bigint(20) UNSIGNED NOT NULL,
  `client_id` bigint(20) UNSIGNED NOT NULL,
  `created_at` timestamp NULL DEFAULT NULL,
  `updated_at` timestamp NULL DEFAULT NULL
) ENGINE=InnoDB DEFAULT CHARSET=utf8mb4 COLLATE=utf8mb4_unicode_ci;

--
-- Dumping data for table `oauth_personal_access_clients`
--

INSERT INTO `oauth_personal_access_clients` (`id`, `client_id`, `created_at`, `updated_at`) VALUES
(1, 1, '2019-12-09 09:59:27', '2019-12-09 09:59:27');

-- --------------------------------------------------------

--
-- Table structure for table `packages`
--

CREATE TABLE `packages` (
  `id` int(10) UNSIGNED NOT NULL,
  `plan_id` varchar(191) COLLATE utf8mb4_unicode_ci NOT NULL,
  `name` varchar(191) COLLATE utf8mb4_unicode_ci NOT NULL,
  `currency` varchar(191) COLLATE utf8mb4_unicode_ci NOT NULL,
  `currency_symbol` varchar(50) COLLATE utf8mb4_unicode_ci NOT NULL,
  `amount` decimal(8,2) NOT NULL DEFAULT 0.00,
  `interval` varchar(191) COLLATE utf8mb4_unicode_ci NOT NULL,
  `interval_count` int(11) DEFAULT NULL,
  `trial_period_days` varchar(191) COLLATE utf8mb4_unicode_ci DEFAULT NULL,
  `status` varchar(191) COLLATE utf8mb4_unicode_ci NOT NULL DEFAULT 'active',
  `screens` int(10) UNSIGNED NOT NULL DEFAULT 1,
  `download` tinyint(1) NOT NULL DEFAULT 0,
  `downloadlimit` int(11) DEFAULT NULL,
  `delete_status` int(11) NOT NULL DEFAULT 1,
  `created_at` timestamp NULL DEFAULT NULL,
  `updated_at` timestamp NULL DEFAULT NULL,
  `free` tinyint(1) NOT NULL DEFAULT 0,
  `feature` longtext COLLATE utf8mb4_unicode_ci DEFAULT NULL,
  `ads_in_web` tinyint(1) NOT NULL DEFAULT 0,
  `ads_in_app` tinyint(1) NOT NULL DEFAULT 0
) ENGINE=InnoDB DEFAULT CHARSET=utf8mb4 COLLATE=utf8mb4_unicode_ci;

-- --------------------------------------------------------

--
-- Table structure for table `package_features`
--

CREATE TABLE `package_features` (
  `id` int(10) UNSIGNED NOT NULL,
  `name` varchar(191) COLLATE utf8mb4_unicode_ci NOT NULL,
  `created_at` timestamp NULL DEFAULT NULL,
  `updated_at` timestamp NULL DEFAULT NULL
) ENGINE=InnoDB DEFAULT CHARSET=utf8mb4 COLLATE=utf8mb4_unicode_ci;

-- --------------------------------------------------------

--
-- Table structure for table `package_menu`
--

CREATE TABLE `package_menu` (
  `id` int(10) UNSIGNED NOT NULL,
  `menu_id` int(11) NOT NULL,
  `pkg_id` int(11) NOT NULL,
  `package_id` varchar(200) COLLATE utf8mb4_unicode_ci NOT NULL,
  `created_at` timestamp NULL DEFAULT NULL,
  `updated_at` timestamp NULL DEFAULT NULL
) ENGINE=InnoDB DEFAULT CHARSET=utf8mb4 COLLATE=utf8mb4_unicode_ci;

-- --------------------------------------------------------

--
-- Table structure for table `paypal_subscriptions`
--

CREATE TABLE `paypal_subscriptions` (
  `id` int(10) UNSIGNED NOT NULL,
  `user_id` int(10) UNSIGNED NOT NULL,
  `payment_id` varchar(191) COLLATE utf8mb4_unicode_ci DEFAULT NULL,
  `user_name` varchar(191) COLLATE utf8mb4_unicode_ci DEFAULT NULL,
  `package_id` int(11) DEFAULT NULL,
  `price` double(8,2) NOT NULL,
  `status` tinyint(1) NOT NULL,
  `method` varchar(191) COLLATE utf8mb4_unicode_ci NOT NULL,
  `subscription_from` datetime DEFAULT NULL,
  `subscription_to` datetime DEFAULT NULL,
  `created_at` timestamp NULL DEFAULT NULL,
  `updated_at` timestamp NULL DEFAULT NULL
) ENGINE=InnoDB DEFAULT CHARSET=utf8mb4 COLLATE=utf8mb4_unicode_ci;

-- --------------------------------------------------------

--
-- Table structure for table `permissions`
--

CREATE TABLE `permissions` (
  `id` bigint(20) UNSIGNED NOT NULL,
  `name` varchar(191) COLLATE utf8mb4_unicode_ci NOT NULL,
  `guard_name` varchar(191) COLLATE utf8mb4_unicode_ci NOT NULL,
  `created_at` timestamp NULL DEFAULT NULL,
  `updated_at` timestamp NULL DEFAULT NULL
) ENGINE=InnoDB DEFAULT CHARSET=utf8mb4 COLLATE=utf8mb4_unicode_ci;

--
-- Dumping data for table `permissions`
--

INSERT INTO `permissions` (`id`, `name`, `guard_name`, `created_at`, `updated_at`) VALUES
(1, 'users.view', 'web', '2021-09-01 12:50:34', '2021-09-01 12:50:34'),
(2, 'users.create', 'web', '2021-09-01 12:50:34', '2021-09-01 12:50:34'),
(3, 'users.edit', 'web', '2021-09-01 12:50:34', '2021-09-01 12:50:34'),
(4, 'users.delete', 'web', '2021-09-01 12:50:34', '2021-09-01 12:50:34'),
(5, 'menu.view', 'web', '2021-09-01 13:08:10', '2021-09-01 13:08:10'),
(6, 'menu.create', 'web', '2021-09-01 13:08:10', '2021-09-01 13:08:10'),
(7, 'menu.edit', 'web', '2021-09-01 13:08:10', '2021-09-01 13:08:10'),
(8, 'menu.delete', 'web', '2021-09-01 13:08:10', '2021-09-01 13:08:10'),
(9, 'movies.view', 'web', '2021-09-02 12:14:20', '2021-09-02 12:14:20'),
(10, 'movies.create', 'web', '2021-09-02 12:14:20', '2021-09-02 12:14:20'),
(11, 'movies.edit', 'web', '2021-09-02 12:14:20', '2021-09-02 12:14:20'),
(12, 'movies.delete', 'web', '2021-09-02 12:14:20', '2021-09-02 12:14:20'),
(13, 'tvseries.view', 'web', '2021-09-02 12:14:28', '2021-09-02 12:14:28'),
(14, 'tvseries.create', 'web', '2021-09-02 12:14:28', '2021-09-02 12:14:28'),
(15, 'tvseries.edit', 'web', '2021-09-02 12:14:28', '2021-09-02 12:14:28'),
(16, 'tvseries.delete', 'web', '2021-09-02 12:14:29', '2021-09-02 12:14:29'),
(17, 'livetv.view', 'web', '2021-09-02 12:14:37', '2021-09-02 12:14:37'),
(18, 'livetv.create', 'web', '2021-09-02 12:14:37', '2021-09-02 12:14:37'),
(19, 'livetv.edit', 'web', '2021-09-02 12:14:37', '2021-09-02 12:14:37'),
(20, 'livetv.delete', 'web', '2021-09-02 12:14:37', '2021-09-02 12:14:37'),
(21, 'liveevent.view', 'web', '2021-09-02 12:14:44', '2021-09-02 12:14:44'),
(22, 'liveevent.create', 'web', '2021-09-02 12:14:44', '2021-09-02 12:14:44'),
(23, 'liveevent.edit', 'web', '2021-09-02 12:14:44', '2021-09-02 12:14:44'),
(24, 'liveevent.delete', 'web', '2021-09-02 12:14:44', '2021-09-02 12:14:44'),
(25, 'audio.view', 'web', '2021-09-02 12:14:55', '2021-09-02 12:14:55'),
(26, 'audio.create', 'web', '2021-09-02 12:14:55', '2021-09-02 12:14:55'),
(27, 'audio.edit', 'web', '2021-09-02 12:14:55', '2021-09-02 12:14:55'),
(28, 'audio.delete', 'web', '2021-09-02 12:14:55', '2021-09-02 12:14:55'),
(29, 'package.view', 'web', '2021-09-02 12:17:22', '2021-09-02 12:17:22'),
(30, 'package.create', 'web', '2021-09-02 12:17:23', '2021-09-02 12:17:23'),
(31, 'package.edit', 'web', '2021-09-02 12:17:23', '2021-09-02 12:17:23'),
(32, 'package.delete', 'web', '2021-09-02 12:17:23', '2021-09-02 12:17:23'),
(33, 'blog.view', 'web', '2021-09-02 12:17:53', '2021-09-02 12:17:53'),
(34, 'blog.create', 'web', '2021-09-02 12:17:53', '2021-09-02 12:17:53'),
(35, 'blog.edit', 'web', '2021-09-02 12:17:53', '2021-09-02 12:17:53'),
(36, 'blog.delete', 'web', '2021-09-02 12:17:54', '2021-09-02 12:17:54'),
(37, 'coupon.view', 'web', '2021-09-02 12:19:58', '2021-09-02 12:19:58'),
(38, 'coupon.create', 'web', '2021-09-02 12:19:58', '2021-09-02 12:19:58'),
(39, 'coupon.edit', 'web', '2021-09-02 12:19:58', '2021-09-02 12:19:58'),
(40, 'coupon.delete', 'web', '2021-09-02 12:19:58', '2021-09-02 12:19:58'),
(41, 'addon-manager.manage', 'web', '2021-09-02 12:40:25', '2021-09-02 12:40:25'),
(42, 'actor.view', 'web', '2021-09-02 16:44:09', '2021-09-02 16:44:09'),
(43, 'actor.create', 'web', '2021-09-02 16:44:09', '2021-09-02 16:44:09'),
(44, 'actor.edit', 'web', '2021-09-02 16:44:10', '2021-09-02 16:44:10'),
(45, 'actor.delete', 'web', '2021-09-02 16:44:10', '2021-09-02 16:44:10'),
(46, 'genre.view', 'web', '2021-09-02 16:44:19', '2021-09-02 16:44:19'),
(47, 'genre.create', 'web', '2021-09-02 16:44:19', '2021-09-02 16:44:19'),
(48, 'genre.edit', 'web', '2021-09-02 16:44:19', '2021-09-02 16:44:19'),
(49, 'genre.delete', 'web', '2021-09-02 16:44:19', '2021-09-02 16:44:19'),
(50, 'director.view', 'web', '2021-09-02 16:44:48', '2021-09-02 16:44:48'),
(51, 'director.create', 'web', '2021-09-02 16:44:48', '2021-09-02 16:44:48'),
(52, 'director.edit', 'web', '2021-09-02 16:44:49', '2021-09-02 16:44:49'),
(53, 'director.delete', 'web', '2021-09-02 16:44:49', '2021-09-02 16:44:49'),
(54, 'label.view', 'web', '2021-09-02 16:45:23', '2021-09-02 16:45:23'),
(55, 'label.create', 'web', '2021-09-02 16:45:23', '2021-09-02 16:45:23'),
(56, 'label.edit', 'web', '2021-09-02 16:45:23', '2021-09-02 16:45:23'),
(57, 'label.delete', 'web', '2021-09-02 16:45:23', '2021-09-02 16:45:23'),
(58, 'audiolanguage.view', 'web', '2021-09-02 17:07:35', '2021-09-02 17:07:35'),
(59, 'audiolanguage.create', 'web', '2021-09-02 17:07:35', '2021-09-02 17:07:35'),
(60, 'audiolanguage.edit', 'web', '2021-09-02 17:07:35', '2021-09-02 17:07:35'),
(61, 'audiolanguage.delete', 'web', '2021-09-02 17:07:36', '2021-09-02 17:07:36'),
(62, 'manual-payment.view', 'web', '2021-09-02 17:49:38', '2021-09-02 17:49:38'),
(63, 'manual-payment.create', 'web', '2021-09-02 17:49:38', '2021-09-02 17:49:38'),
(64, 'manual-payment.edit', 'web', '2021-09-02 17:49:38', '2021-09-02 17:49:38'),
(65, 'manual-payment.delete', 'web', '2021-09-02 17:49:38', '2021-09-02 17:49:38'),
(66, 'pages.view', 'web', '2021-09-02 17:49:51', '2021-09-02 17:49:51'),
(67, 'pages.create', 'web', '2021-09-02 17:49:51', '2021-09-02 17:49:51'),
(68, 'pages.edit', 'web', '2021-09-02 17:49:52', '2021-09-02 17:49:52'),
(69, 'pages.delete', 'web', '2021-09-02 17:49:52', '2021-09-02 17:49:52'),
(70, 'faq.view', 'web', '2021-09-02 17:50:01', '2021-09-02 17:50:01'),
(71, 'faq.create', 'web', '2021-09-02 17:50:01', '2021-09-02 17:50:01'),
(72, 'faq.edit', 'web', '2021-09-02 17:50:01', '2021-09-02 17:50:01'),
(73, 'faq.delete', 'web', '2021-09-02 17:50:02', '2021-09-02 17:50:02'),
(74, 'site-settings.language', 'web', '2021-09-02 17:52:36', '2021-09-02 17:52:36'),
(75, 'pushnotification.settings', 'web', '2021-09-02 17:53:18', '2021-09-02 17:53:18'),
(76, 'front-settings.sliders', 'web', '2021-09-02 17:54:07', '2021-09-02 17:54:07'),
(77, 'reports.viewtraker', 'web', '2021-09-02 17:54:38', '2021-09-02 17:54:38'),
(78, 'site-settings.genral-settings', 'web', '2021-09-02 17:54:54', '2021-09-02 17:54:54'),
(79, 'site-settings.mail-settings', 'web', '2021-09-02 17:55:10', '2021-09-02 17:55:10'),
(80, 'site-settings.social-login-settings', 'web', '2021-09-02 17:55:48', '2021-09-02 17:55:48'),
(81, 'site-settings.style-settings', 'web', '2021-09-02 17:58:12', '2021-09-02 17:58:12'),
(82, 'site-settings.seo', 'web', '2021-09-02 17:58:31', '2021-09-02 17:58:31'),
(83, 'comment-settings.comments', 'web', '2021-09-04 14:33:08', '2021-09-04 14:33:08'),
(84, 'help.db-backup', 'web', '2021-09-04 14:33:42', '2021-09-04 14:33:42'),
(85, 'producer-content.manage', 'web', '2021-09-04 14:34:07', '2021-09-04 14:34:07'),
(86, 'notification.manage', 'web', '2021-09-04 14:34:33', '2021-09-04 14:34:33'),
(87, 'front-settings.landing-page', 'web', '2021-09-04 14:35:38', '2021-09-04 14:35:38'),
(88, 'front-settings.auth-customization', 'web', '2021-09-04 14:36:46', '2021-09-04 14:36:46'),
(89, 'front-settings.short-promo', 'web', '2021-09-04 14:37:17', '2021-09-04 14:37:17'),
(90, 'site-settings.player-setting', 'web', '2021-09-04 14:43:34', '2021-09-04 14:43:34'),
(91, 'site-settings.pwa', 'web', '2021-09-04 14:48:59', '2021-09-04 14:48:59'),
(92, 'comment-settings.subcomments', 'web', '2021-09-04 17:32:14', '2021-09-04 17:32:14'),
(93, 'site-settings.color-option', 'web', '2021-09-04 17:35:06', '2021-09-04 17:35:06'),
(94, 'site-settings.adsense', 'web', '2021-09-04 17:35:25', '2021-09-04 17:35:25'),
(95, 'site-settings.chat-setting', 'web', '2021-09-04 17:35:41', '2021-09-04 17:35:41'),
(96, 'site-settings.api-settings', 'web', '2021-09-04 17:36:05', '2021-09-04 17:36:05'),
(97, 'site-settings.termsandcondition', 'web', '2021-09-04 17:36:44', '2021-09-04 17:36:44'),
(98, 'site-settings.privacy-policy', 'web', '2021-09-04 17:37:07', '2021-09-04 17:37:07'),
(99, 'site-settings.refund-policy', 'web', '2021-09-04 17:37:51', '2021-09-04 17:37:51'),
(100, 'site-settings.copyrights', 'web', '2021-09-04 17:38:12', '2021-09-04 17:38:12'),
(101, 'reports.user-subscription', 'web', '2021-09-04 17:38:33', '2021-09-04 17:38:33'),
(102, 'reports.device-history', 'web', '2021-09-04 17:38:47', '2021-09-04 17:38:47'),
(103, 'reports.revenue', 'web', '2021-09-04 17:39:10', '2021-09-04 17:39:10'),
(104, 'help.system-status', 'web', '2021-09-04 17:40:52', '2021-09-04 17:40:52'),
(105, 'help.remove-public', 'web', '2021-09-04 17:41:10', '2021-09-04 17:41:10'),
(106, 'help.clear-cache', 'web', '2021-09-04 17:41:28', '2021-09-04 17:41:28'),
(107, 'ads.view', 'web', '2021-09-04 17:42:23', '2021-09-04 17:42:23'),
(108, 'ads.create', 'web', '2021-09-04 17:42:23', '2021-09-04 17:42:23'),
(109, 'ads.edit', 'web', '2021-09-04 17:42:24', '2021-09-04 17:42:24'),
(110, 'ads.delete', 'web', '2021-09-04 17:42:24', '2021-09-04 17:42:24'),
(111, 'googleads.view', 'web', '2021-09-04 17:42:34', '2021-09-04 17:42:34'),
(112, 'googleads.create', 'web', '2021-09-04 17:42:34', '2021-09-04 17:42:34'),
(113, 'googleads.edit', 'web', '2021-09-04 17:42:34', '2021-09-04 17:42:34'),
(114, 'googleads.delete', 'web', '2021-09-04 17:42:34', '2021-09-04 17:42:34'),
(115, 'package-feature.view', 'web', '2021-09-04 17:42:48', '2021-09-04 17:42:48'),
(116, 'package-feature.create', 'web', '2021-09-04 17:42:48', '2021-09-04 17:42:48'),
(117, 'package-feature.edit', 'web', '2021-09-04 17:42:48', '2021-09-04 17:42:48'),
(118, 'package-feature.delete', 'web', '2021-09-04 17:42:48', '2021-09-04 17:42:48'),
(119, 'front-settings.social-icon', 'web', '2021-09-06 10:44:57', '2021-09-06 10:44:57'),
(120, 'site-settings.manualpayment', 'web', '2021-09-06 11:01:27', '2021-09-06 11:01:27'),
(121, 'reports.stripe-report', 'web', '2021-09-06 12:28:20', '2021-09-06 12:28:20'),
(122, 'help.import-demo', 'web', '2021-09-22 11:56:05', '2021-09-22 11:56:05'),
(123, 'site-settings.currency', 'web', '2021-09-22 11:56:49', '2021-09-22 11:56:49'),
(124, 'roles.view', 'web', '2021-09-22 12:05:12', '2021-09-22 12:05:12'),
(125, 'roles.create', 'web', '2021-09-22 12:06:30', '2021-09-22 12:06:30'),
(126, 'roles.edit', 'web', '2021-09-22 12:06:30', '2021-09-22 12:06:30'),
(127, 'roles.delete', 'web', '2021-09-22 12:06:30', '2021-09-22 12:06:30'),
(128, 'dashboard.states', 'web', '2021-10-20 14:10:22', '2021-10-20 14:10:22'),
(129, 'app-settings.setting', 'web', '2021-10-21 12:03:43', '2021-10-21 12:03:43'),
(130, 'app-settings.slider', 'web', '2021-10-21 12:03:54', '2021-10-21 12:03:54');

-- --------------------------------------------------------

--
-- Table structure for table `player_settings`
--

CREATE TABLE `player_settings` (
  `id` int(10) UNSIGNED NOT NULL,
  `logo` varchar(191) COLLATE utf8mb4_unicode_ci DEFAULT NULL,
  `logo_enable` tinyint(1) DEFAULT NULL,
  `cpy_text` varchar(191) COLLATE utf8mb4_unicode_ci DEFAULT NULL,
  `share_opt` tinyint(1) DEFAULT NULL,
  `auto_play` tinyint(1) DEFAULT NULL,
  `speed` tinyint(1) DEFAULT NULL,
  `thumbnail` tinyint(1) DEFAULT NULL,
  `info_window` tinyint(1) DEFAULT NULL,
  `skin` varchar(100) COLLATE utf8mb4_unicode_ci DEFAULT NULL,
  `loop_video` tinyint(1) DEFAULT NULL,
  `is_resume` tinyint(1) DEFAULT 0,
  `player_google_analytics_id` varchar(199) COLLATE utf8mb4_unicode_ci DEFAULT NULL,
  `subtitle_font_size` int(11) DEFAULT NULL,
  `subtitle_color` varchar(191) COLLATE utf8mb4_unicode_ci DEFAULT NULL,
  `chromecast` tinyint(1) DEFAULT NULL,
  `created_at` timestamp NULL DEFAULT NULL,
  `updated_at` timestamp NULL DEFAULT NULL
) ENGINE=InnoDB DEFAULT CHARSET=utf8mb4 COLLATE=utf8mb4_unicode_ci;

--
-- Dumping data for table `player_settings`
--

INSERT INTO `player_settings` (`id`, `logo`, `logo_enable`, `cpy_text`, `share_opt`, `auto_play`, `speed`, `thumbnail`, `info_window`, `skin`, `loop_video`, `is_resume`, `player_google_analytics_id`, `subtitle_font_size`, `subtitle_color`, `chromecast`, `created_at`, `updated_at`) VALUES
(1, 'logo.png', 1, '2022 Nxt Level', 1, 1, 1, NULL, 1, 'minimal_skin_dark', 1, 1, NULL, 20, '#48a3c6', 1, NULL, '2022-03-31 16:29:51');

-- --------------------------------------------------------

--
-- Table structure for table `pricing_texts`
--

CREATE TABLE `pricing_texts` (
  `id` int(11) NOT NULL,
  `package_id` int(11) NOT NULL,
  `title1` text COLLATE utf8mb4_unicode_ci DEFAULT NULL,
  `title2` text COLLATE utf8mb4_unicode_ci DEFAULT NULL,
  `title3` text COLLATE utf8mb4_unicode_ci DEFAULT NULL,
  `title4` text COLLATE utf8mb4_unicode_ci DEFAULT NULL,
  `title5` text COLLATE utf8mb4_unicode_ci DEFAULT NULL,
  `title6` text COLLATE utf8mb4_unicode_ci DEFAULT NULL,
  `created_at` timestamp NULL DEFAULT NULL,
  `updated_at` timestamp NULL DEFAULT NULL
) ENGINE=InnoDB DEFAULT CHARSET=utf8mb4 COLLATE=utf8mb4_unicode_ci;

-- --------------------------------------------------------

--
-- Table structure for table `reminder_mails`
--

CREATE TABLE `reminder_mails` (
  `id` int(10) UNSIGNED NOT NULL,
  `user_id` int(10) UNSIGNED NOT NULL,
  `subscription_id` int(10) UNSIGNED NOT NULL,
  `today` int(11) DEFAULT NULL,
  `before_7day` int(11) DEFAULT NULL,
  `after_7day` int(11) DEFAULT NULL
) ENGINE=InnoDB DEFAULT CHARSET=utf8mb4 COLLATE=utf8mb4_unicode_ci;

-- --------------------------------------------------------

--
-- Table structure for table `roles`
--

CREATE TABLE `roles` (
  `id` bigint(20) UNSIGNED NOT NULL,
  `name` varchar(191) COLLATE utf8mb4_unicode_ci NOT NULL,
  `guard_name` varchar(191) COLLATE utf8mb4_unicode_ci NOT NULL,
  `created_at` timestamp NULL DEFAULT NULL,
  `updated_at` timestamp NULL DEFAULT NULL
) ENGINE=InnoDB DEFAULT CHARSET=utf8mb4 COLLATE=utf8mb4_unicode_ci;

--
-- Dumping data for table `roles`
--

INSERT INTO `roles` (`id`, `name`, `guard_name`, `created_at`, `updated_at`) VALUES
(1, 'Super Admin', 'web', '2021-09-01 12:54:28', '2021-09-01 12:54:28'),
(2, 'Producer', 'web', '2021-09-04 14:52:18', '2021-09-04 14:52:18'),
(3, 'User', 'web', NULL, NULL),
(4, 'Subscriber', 'web', '2022-03-31 17:59:43', '2022-03-31 17:59:43'),
(5, 'TZARole', 'web', '2022-04-28 14:20:09', '2022-04-28 14:20:09');

-- --------------------------------------------------------

--
-- Table structure for table `role_has_permissions`
--

CREATE TABLE `role_has_permissions` (
  `permission_id` bigint(20) UNSIGNED NOT NULL,
  `role_id` bigint(20) UNSIGNED NOT NULL
) ENGINE=InnoDB DEFAULT CHARSET=utf8mb4 COLLATE=utf8mb4_unicode_ci;

--
-- Dumping data for table `role_has_permissions`
--

INSERT INTO `role_has_permissions` (`permission_id`, `role_id`) VALUES
(1, 1),
(2, 1),
(3, 1),
(4, 1),
(5, 1),
(5, 2),
(6, 1),
(6, 2),
(7, 1),
(7, 2),
(8, 1),
(8, 2),
(9, 1),
(9, 2),
(10, 1),
(10, 2),
(11, 1),
(11, 2),
(12, 1),
(12, 2),
(13, 1),
(13, 2),
(14, 1),
(14, 2),
(15, 1),
(15, 2),
(16, 1),
(16, 2),
(17, 1),
(17, 2),
(18, 1),
(18, 2),
(19, 1),
(19, 2),
(20, 1),
(20, 2),
(21, 1),
(21, 2),
(22, 1),
(22, 2),
(23, 1),
(23, 2),
(24, 1),
(24, 2),
(25, 1),
(25, 2),
(26, 1),
(26, 2),
(27, 1),
(27, 2),
(28, 1),
(28, 2),
(29, 1),
(30, 1),
(31, 1),
(32, 1),
(33, 1),
(33, 2),
(34, 1),
(34, 2),
(35, 1),
(35, 2),
(36, 1),
(36, 2),
(37, 1),
(38, 1),
(39, 1),
(40, 1),
(41, 1),
(42, 1),
(42, 2),
(43, 1),
(43, 2),
(44, 1),
(44, 2),
(45, 1),
(45, 2),
(46, 1),
(46, 2),
(47, 1),
(47, 2),
(48, 1),
(48, 2),
(49, 1),
(49, 2),
(50, 1),
(50, 2),
(51, 1),
(51, 2),
(52, 1),
(52, 2),
(53, 1),
(53, 2),
(54, 1),
(54, 2),
(55, 1),
(55, 2),
(56, 1),
(56, 2),
(57, 1),
(57, 2),
(58, 1),
(58, 2),
(59, 1),
(59, 2),
(60, 1),
(60, 2),
(61, 1),
(61, 2),
(62, 1),
(63, 1),
(64, 1),
(65, 1),
(66, 1),
(67, 1),
(68, 1),
(69, 1),
(70, 1),
(70, 2),
(71, 1),
(71, 2),
(72, 1),
(72, 2),
(73, 1),
(73, 2),
(74, 1),
(75, 1),
(76, 1),
(77, 1),
(78, 1),
(79, 1),
(80, 1),
(81, 1),
(82, 1),
(83, 1),
(84, 1),
(85, 1),
(86, 1),
(87, 1),
(88, 1),
(89, 1),
(90, 1),
(91, 1),
(92, 1),
(93, 1),
(94, 1),
(95, 1),
(96, 1),
(97, 1),
(98, 1),
(99, 1),
(100, 1),
(101, 1),
(102, 1),
(103, 1),
(104, 1),
(105, 1),
(106, 1),
(107, 1),
(108, 1),
(109, 1),
(110, 1),
(111, 1),
(112, 1),
(113, 1),
(114, 1),
(115, 1),
(116, 1),
(117, 1),
(118, 1),
(119, 1),
(120, 1),
(121, 1),
(122, 1),
(123, 1),
(124, 1),
(125, 1),
(126, 1),
(127, 1),
(128, 1),
(129, 1),
(130, 1);

-- --------------------------------------------------------

--
-- Table structure for table `seos`
--

CREATE TABLE `seos` (
  `id` int(10) UNSIGNED NOT NULL,
  `author` varchar(191) COLLATE utf8mb4_unicode_ci DEFAULT NULL,
  `fb` text COLLATE utf8mb4_unicode_ci DEFAULT NULL,
  `google` text COLLATE utf8mb4_unicode_ci DEFAULT NULL,
  `metadata` text COLLATE utf8mb4_unicode_ci DEFAULT NULL,
  `description` text COLLATE utf8mb4_unicode_ci NOT NULL,
  `keyword` text COLLATE utf8mb4_unicode_ci NOT NULL,
  `created_at` timestamp NULL DEFAULT NULL,
  `updated_at` timestamp NULL DEFAULT NULL
) ENGINE=InnoDB DEFAULT CHARSET=utf8mb4 COLLATE=utf8mb4_unicode_ci;

--
-- Dumping data for table `seos`
--

INSERT INTO `seos` (`id`, `author`, `fb`, `google`, `metadata`, `description`, `keyword`, `created_at`, `updated_at`) VALUES
(1, '{\"en\":\"Next Hour - Movie Tv Show & Video Subscription Portal Cms\"}', NULL, NULL, '{\"en\":\"this ts a next hour\"}', '{\"en\":null}', '{\"en\":null}', NULL, '2022-04-05 17:15:31');

-- --------------------------------------------------------

--
-- Table structure for table `sessions`
--

CREATE TABLE `sessions` (
  `id` varchar(191) COLLATE utf8mb4_unicode_ci NOT NULL,
  `user_id` int(10) UNSIGNED DEFAULT NULL,
  `ip_address` varchar(45) COLLATE utf8mb4_unicode_ci DEFAULT NULL,
  `user_agent` text COLLATE utf8mb4_unicode_ci DEFAULT NULL,
  `payload` text COLLATE utf8mb4_unicode_ci NOT NULL,
  `last_activity` int(11) NOT NULL
) ENGINE=InnoDB DEFAULT CHARSET=utf8mb4 COLLATE=utf8mb4_unicode_ci;

--
-- Dumping data for table `sessions`
--

INSERT INTO `sessions` (`id`, `user_id`, `ip_address`, `user_agent`, `payload`, `last_activity`) VALUES
('0AwsDPpoteP7FQB5Rpo8qTEHjL2uv1KDOeyunms7', NULL, '45.90.61.2', 'Mozilla/5.0 (Windows NT 10.0; Win64; x64) AppleWebKit/537.36 (KHTML, like Gecko) Chrome/94.0.4606.61 Safari/537.36', 'YTo0OntzOjY6Il90b2tlbiI7czo0MDoiSkVFcVE4d0REanVDa1Z5b0ZXM0xheDRzY21MOUVlS21xUEVpRFV2aCI7czoxNjoiY2hhbmdlZF9sYW5ndWFnZSI7czoyOiJhciI7czo5OiJfcHJldmlvdXMiO2E6MTp7czozOiJ1cmwiO3M6MTg6Imh0dHBzOi8vc29vZnJhLm5ldCI7fXM6NjoiX2ZsYXNoIjthOjI6e3M6Mzoib2xkIjthOjA6e31zOjM6Im5ldyI7YTowOnt9fX0=', 1649813192),
('1BYWzZlBOb8ZYYbs37vxoCduQ5GpcD6aZVzPHZ6j', NULL, '87.250.224.22', 'Mozilla/5.0 (compatible; YandexBot/3.0; +http://yandex.com/bots)', 'YTo0OntzOjY6Il90b2tlbiI7czo0MDoib2VOb201eTBENURYZnZGQWliRnBnS3A2MDRhdGhOMFNpalI1R0twcCI7czoxNjoiY2hhbmdlZF9sYW5ndWFnZSI7czoyOiJhciI7czo5OiJfcHJldmlvdXMiO2E6MTp7czozOiJ1cmwiO3M6MzA6Imh0dHBzOi8vc29vZnJhLm5ldC9ndWVzdC9vc2ZhdCI7fXM6NjoiX2ZsYXNoIjthOjI6e3M6Mzoib2xkIjthOjA6e31zOjM6Im5ldyI7YTowOnt9fX0=', 1649825989),
('8C6bGi2jxMzscRB8Ev5Yk6U1XjA30LjHcSKsNsuk', NULL, '176.53.219.74', 'Mozilla/5.0 (Windows NT 10.0; Win64; x64) AppleWebKit/537.36 (KHTML, like Gecko) Chrome/94.0.4606.61 Safari/537.36', 'YTo0OntzOjY6Il90b2tlbiI7czo0MDoicUs2UTAwdW1LSGlUMnNKNkRLbU9HUlZtbDhNOXM2TU9RajF0RXZMNyI7czoxNjoiY2hhbmdlZF9sYW5ndWFnZSI7czoyOiJhciI7czo5OiJfcHJldmlvdXMiO2E6MTp7czozOiJ1cmwiO3M6MTg6Imh0dHBzOi8vc29vZnJhLm5ldCI7fXM6NjoiX2ZsYXNoIjthOjI6e3M6Mzoib2xkIjthOjA6e31zOjM6Im5ldyI7YTowOnt9fX0=', 1649836274),
('9IO0hoFkVebG0dXI7cd4ISyVkSkXfUXqucpt3joA', NULL, '66.249.64.169', 'Mozilla/5.0 (Linux; Android 6.0.1; Nexus 5X Build/MMB29P) AppleWebKit/537.36 (KHTML, like Gecko) Chrome/99.0.4844.84 Mobile Safari/537.36 (compatible; Googlebot/2.1; +http://www.google.com/bot.html)', 'YTo1OntzOjY6Il90b2tlbiI7czo0MDoia1NuSFBxTEJmaFJxNk9oYXhQQ1lCZXd6V0VWQWk0NE5qelNWck9sciI7czozOiJ1cmwiO2E6MTp7czo4OiJpbnRlbmRlZCI7czo1OToiaHR0cDovL3Nvb2ZyYS5uZXQvbW92aWUvZGV0YWlsL21zaHJvYi1hbGFuYW5hcy1tYWEtYWxzaG9mYW4iO31zOjk6Il9wcmV2aW91cyI7YToxOntzOjM6InVybCI7czoyMzoiaHR0cDovL3Nvb2ZyYS5uZXQvbG9naW4iO31zOjY6Il9mbGFzaCI7YToyOntzOjM6Im9sZCI7YTowOnt9czozOiJuZXciO2E6MDp7fX1zOjE2OiJjaGFuZ2VkX2xhbmd1YWdlIjtzOjI6ImFyIjt9', 1649844454),
('B7doX9QefMw1U5MHUMI0CTSABlfltLnRcdHW05bZ', NULL, '66.249.70.11', 'Mozilla/5.0 (Linux; Android 6.0.1; Nexus 5X Build/MMB29P) AppleWebKit/537.36 (KHTML, like Gecko) Chrome/99.0.4844.84 Mobile Safari/537.36 (compatible; Googlebot/2.1; +http://www.google.com/bot.html)', 'YTo0OntzOjY6Il90b2tlbiI7czo0MDoiSFdyRk5rQXU4TE9US045RWFqUnVCQlJic1FCVmhycjl0RzlNcnpnbiI7czoxNjoiY2hhbmdlZF9sYW5ndWFnZSI7czoyOiJhciI7czo5OiJfcHJldmlvdXMiO2E6MTp7czozOiJ1cmwiO3M6MjM6Imh0dHA6Ly9zb29mcmEubmV0L2xvZ2luIjt9czo2OiJfZmxhc2giO2E6Mjp7czozOiJvbGQiO2E6MDp7fXM6MzoibmV3IjthOjA6e319fQ==', 1649786322),
('BssHv9V7S0fHOZAo80td6B7FKNRDvOd54KimrYER', NULL, '87.250.224.115', 'Mozilla/5.0 (compatible; YandexBot/3.0; +http://yandex.com/bots)', 'YTo0OntzOjY6Il90b2tlbiI7czo0MDoiU2hENnM0b3RoQVpOeklLZkJLNDBIczBDc1ByakV0U0thaDMySXdYSyI7czoxNjoiY2hhbmdlZF9sYW5ndWFnZSI7czoyOiJhciI7czo5OiJfcHJldmlvdXMiO2E6MTp7czozOiJ1cmwiO3M6MTg6Imh0dHBzOi8vc29vZnJhLm5ldCI7fXM6NjoiX2ZsYXNoIjthOjI6e3M6Mzoib2xkIjthOjA6e31zOjM6Im5ldyI7YTowOnt9fX0=', 1649825985),
('CTOCTczCsBbslb2FV7vlBCCVAWSz7E90QPLCr1Cb', NULL, '66.249.64.169', 'Mozilla/5.0 (Linux; Android 6.0.1; Nexus 5X Build/MMB29P) AppleWebKit/537.36 (KHTML, like Gecko) Chrome/99.0.4844.84 Mobile Safari/537.36 (compatible; Googlebot/2.1; +http://www.google.com/bot.html)', 'YTo0OntzOjY6Il90b2tlbiI7czo0MDoiZVhHM0xpY04zWUVqQXJIOFhHUWVEaUp6R0NjdnZsNkN6UE1tQlpSbCI7czoxNjoiY2hhbmdlZF9sYW5ndWFnZSI7czoyOiJhciI7czo5OiJfcHJldmlvdXMiO2E6MTp7czozOiJ1cmwiO3M6NjU6Imh0dHA6Ly9zb29mcmEubmV0L21vdmllL2d1ZXN0L2RldGFpbC9tc2hyb2ItYWxhbmFuYXMtbWFhLWFsc2hvZmFuIjt9czo2OiJfZmxhc2giO2E6Mjp7czozOiJvbGQiO2E6MDp7fXM6MzoibmV3IjthOjA6e319fQ==', 1649858853),
('e2vxZkuqWNYJ4cH4Sfys3DwiZZ3YtQ0g09zhxF9s', 1, '197.209.239.40', 'Mozilla/5.0 (Windows NT 10.0; Win64; x64) AppleWebKit/537.36 (KHTML, like Gecko) Chrome/100.0.4896.75 Safari/537.36 Edg/100.0.1185.36', 'YTo3OntzOjY6Il90b2tlbiI7czo0MDoiNzFEbTZPZ1JZQjNta1YyQ2JFdk13TGR4MUhpYlQ1NlpGOUE0MDl3MiI7czozOiJ1cmwiO2E6MTp7czo4OiJpbnRlbmRlZCI7czoyMzoiaHR0cDovL3Nvb2ZyYS5uZXQvb3NmYXQiO31zOjk6Il9wcmV2aW91cyI7YToxOntzOjM6InVybCI7czoyMzoiaHR0cDovL3Nvb2ZyYS5uZXQvb3NmYXQiO31zOjY6Il9mbGFzaCI7YToyOntzOjM6Im9sZCI7YTowOnt9czozOiJuZXciO2E6MDp7fX1zOjE2OiJjaGFuZ2VkX2xhbmd1YWdlIjtzOjI6ImFyIjtzOjUwOiJsb2dpbl93ZWJfNTliYTM2YWRkYzJiMmY5NDAxNTgwZjAxNGM3ZjU4ZWE0ZTMwOTg5ZCI7aToxO3M6NDoidXNlciI7YToyOntzOjU6ImVtYWlsIjtzOjIxOiJhZG1pbkBtZWRpYWNpdHkuY28uaW4iO3M6NDoibmFtZSI7czo1OiJBZG1pbiI7fX0=', 1649857121),
('FaePtDYR8vweec27EyWhgltkI3U5eDd7qeYSu5BE', NULL, '66.249.64.173', 'Mozilla/5.0 (Linux; Android 6.0.1; Nexus 5X Build/MMB29P) AppleWebKit/537.36 (KHTML, like Gecko) Chrome/99.0.4844.84 Mobile Safari/537.36 (compatible; Googlebot/2.1; +http://www.google.com/bot.html)', 'YTo1OntzOjY6Il90b2tlbiI7czo0MDoieDl4YlRjUlFzTmtmNkxMdkFmR2xJZXRqNlEwbUZqZHl3M1JnbFJ3VCI7czozOiJ1cmwiO2E6MTp7czo4OiJpbnRlbmRlZCI7czo1NToiaHR0cDovL3Nvb2ZyYS5uZXQvbW92aWUvZGV0YWlsL2Fhc3lyLWFsbHltb24tb2FsbmFhbmFhYSI7fXM6OToiX3ByZXZpb3VzIjthOjE6e3M6MzoidXJsIjtzOjIzOiJodHRwOi8vc29vZnJhLm5ldC9sb2dpbiI7fXM6NjoiX2ZsYXNoIjthOjI6e3M6Mzoib2xkIjthOjA6e31zOjM6Im5ldyI7YTowOnt9fXM6MTY6ImNoYW5nZWRfbGFuZ3VhZ2UiO3M6MjoiYXIiO30=', 1649840854),
('fsDtnXNm0TF7qUwlpP7ydLzDQZBjzcbqO4GcNmEr', NULL, '66.249.64.169', 'Mozilla/5.0 (compatible; Googlebot/2.1; +http://www.google.com/bot.html)', 'YTo0OntzOjY6Il90b2tlbiI7czo0MDoiQ1ZpM0JOQmlncE5sbFJxR2JjQ3hRTEFPSjZYNWU2TXJMRnNpQ0R5QiI7czoxNjoiY2hhbmdlZF9sYW5ndWFnZSI7czoyOiJhciI7czo5OiJfcHJldmlvdXMiO2E6MTp7czozOiJ1cmwiO3M6Mjk6Imh0dHA6Ly9zb29mcmEubmV0L2d1ZXN0L29zZmF0Ijt9czo2OiJfZmxhc2giO2E6Mjp7czozOiJvbGQiO2E6MDp7fXM6MzoibmV3IjthOjA6e319fQ==', 1649811782),
('gRh81krraBlQiJYRUE29hEV7zcRKDH5R7DoEXO4Z', NULL, '89.104.101.59', 'Mozilla/5.0 (Windows NT 10.0; Win64; x64) AppleWebKit/537.36 (KHTML, like Gecko) Chrome/94.0.4606.61 Safari/537.36', 'YTo0OntzOjY6Il90b2tlbiI7czo0MDoiZE14bUtXdHhaZExuSW9PSFpPQldNR2FSSkFrVWJmZHg1aHMzVkNWZCI7czoxNjoiY2hhbmdlZF9sYW5ndWFnZSI7czoyOiJhciI7czo5OiJfcHJldmlvdXMiO2E6MTp7czozOiJ1cmwiO3M6MzA6Imh0dHBzOi8vc29vZnJhLm5ldC9ndWVzdC9vc2ZhdCI7fXM6NjoiX2ZsYXNoIjthOjI6e3M6Mzoib2xkIjthOjA6e31zOjM6Im5ldyI7YTowOnt9fX0=', 1649813194),
('HNkz8ucSTnvGjb2m32QPTEADYGjkVa33fOsQSx4z', NULL, '197.209.239.40', 'Mozilla/5.0 (Windows NT 10.0; Win64; x64) AppleWebKit/537.36 (KHTML, like Gecko) Chrome/100.0.4896.88 Safari/537.36', 'YTo1OntzOjY6Il90b2tlbiI7czo0MDoiRFlFdFp3VVFobVpHcU9hNkVsZE1ycHlONktXVGFiejlwVVhaM2FmNiI7czozOiJ1cmwiO2E6MTp7czo4OiJpbnRlbmRlZCI7czoyNDoiaHR0cHM6Ly9zb29mcmEubmV0L2FkbWluIjt9czo5OiJfcHJldmlvdXMiO2E6MTp7czozOiJ1cmwiO3M6MjY6Imh0dHBzOi8vc29vZnJhLm5ldC9vZmZsaW5lIjt9czo2OiJfZmxhc2giO2E6Mjp7czozOiJvbGQiO2E6MDp7fXM6MzoibmV3IjthOjA6e319czoxNjoiY2hhbmdlZF9sYW5ndWFnZSI7czoyOiJhciI7fQ==', 1649857826),
('I6JNMhNcLZNg5skoRhghYNVajrVjWjYoUVX4x7ss', NULL, '35.86.1.237', 'Mozilla/5.0 (Windows NT 10.0; Win64; x64) AppleWebKit/537.36 (KHTML, like Gecko) Chrome/70.0.3538.77 Safari/537.36', 'YTo1OntzOjY6Il90b2tlbiI7czo0MDoiMXJUdVZ4OVpNTUt4VTNLYTNJOGhPVWNsR2tsbzV0aEpnUzlrMzFPUiI7czoxNjoiY2hhbmdlZF9sYW5ndWFnZSI7czoyOiJhciI7czo5OiJfcHJldmlvdXMiO2E6MTp7czozOiJ1cmwiO3M6MjM6Imh0dHA6Ly9zb29mcmEubmV0L2xvZ2luIjt9czo2OiJfZmxhc2giO2E6Mjp7czozOiJvbGQiO2E6MDp7fXM6MzoibmV3IjthOjA6e319czozOiJ1cmwiO2E6MTp7czo4OiJpbnRlbmRlZCI7czoyOToiaHR0cDovL3Nvb2ZyYS5uZXQvc2l0ZW1hcC54bWwiO319', 1649854093),
('IIVWEAoRnaLK6xLHqLX8UtJPEbJ5lMluxKTmwfUF', 1, '41.95.60.78', 'Mozilla/5.0 (Windows NT 10.0; Win64; x64) AppleWebKit/537.36 (KHTML, like Gecko) Chrome/100.0.4896.75 Safari/537.36 Edg/100.0.1185.36', 'YTo1OntzOjY6Il90b2tlbiI7czo0MDoicmk0NEpQM09rQkJ3U3V0M2RYVzlTTEpQRXlJT3NEWk1uVzJUeWJ3RSI7czoxNjoiY2hhbmdlZF9sYW5ndWFnZSI7czoyOiJlbiI7czo1MDoibG9naW5fd2ViXzU5YmEzNmFkZGMyYjJmOTQwMTU4MGYwMTRjN2Y1OGVhNGUzMDk4OWQiO2k6MTtzOjk6Il9wcmV2aW91cyI7YToxOntzOjM6InVybCI7czozMjoiaHR0cDovL3Nvb2ZyYS5uZXQvYWRtaW4vc2V0dGluZ3MiO31zOjY6Il9mbGFzaCI7YToyOntzOjM6Im9sZCI7YTowOnt9czozOiJuZXciO2E6MDp7fX19', 1649787107),
('iOuwtWQmoI9NYSzCe9T2DBp0kVLSTshVgtSKDl9s', NULL, '41.209.114.76', 'Mozilla/5.0 (X11; Linux x86_64) AppleWebKit/537.36 (KHTML, like Gecko) Chrome/100.0.4896.60 Safari/537.36', 'YToyOntzOjY6Il90b2tlbiI7czo0MDoiazd6WWpuWFpBS3NhbVFVMjZqUUs2cUhyWU5rSVFsdzFEN0NKNnBlTCI7czo2OiJfZmxhc2giO2E6Mjp7czozOiJvbGQiO2E6MDp7fXM6MzoibmV3IjthOjA6e319fQ==', 1649844459),
('JV8JMVGOqXqKBQc1yJZqECp8fRbmOQ80GMEXIpcF', NULL, '69.160.160.54', 'Mozilla/5.0 (X11; Linux x86_64) AppleWebKit/537.36 (KHTML, like Gecko) HeadlessChrome/80.0.3987.132 Safari/537.36', 'YTo0OntzOjY6Il90b2tlbiI7czo0MDoiQjY1UmVaQjJUdEJMRDFxN1hnUmUwYk14czFVbk1vQXdFQTU4cDlpeiI7czoxNjoiY2hhbmdlZF9sYW5ndWFnZSI7czoyOiJhciI7czo5OiJfcHJldmlvdXMiO2E6MTp7czozOiJ1cmwiO3M6Mjk6Imh0dHA6Ly9zb29mcmEubmV0L2d1ZXN0L29zZmF0Ijt9czo2OiJfZmxhc2giO2E6Mjp7czozOiJvbGQiO2E6MDp7fXM6MzoibmV3IjthOjA6e319fQ==', 1649817383),
('jyqFlsVx581Fi7QmIvBgBrm7FCWafnzVDO95avT6', NULL, '197.252.219.87', 'Mozilla/5.0 (Android 12; Mobile; rv:99.0) Gecko/99.0 Firefox/99.0', 'YTozOntzOjY6Il90b2tlbiI7czo0MDoiU25yRE54RjJpY1hnMFZ4OWtTbE9DNVBFVWhKWkRnNEdycG9ZSXhESiI7czo5OiJfcHJldmlvdXMiO2E6MTp7czozOiJ1cmwiO3M6MzE6Imh0dHA6Ly9zb29mcmEubmV0L21hbmlmZXN0Lmpzb24iO31zOjY6Il9mbGFzaCI7YToyOntzOjM6Im9sZCI7YTowOnt9czozOiJuZXciO2E6MDp7fX19', 1649840184),
('k0LHATH0zPGNeGccmHv93MNKk8O0rloWIMS1s6Qa', NULL, '66.249.70.11', 'Mozilla/5.0 (Linux; Android 6.0.1; Nexus 5X Build/MMB29P) AppleWebKit/537.36 (KHTML, like Gecko) Chrome/99.0.4844.84 Mobile Safari/537.36 (compatible; Googlebot/2.1; +http://www.google.com/bot.html)', 'YTo0OntzOjY6Il90b2tlbiI7czo0MDoiY0Q5dTc2em5RcXY3T3FXRkJHSmNZczdqd2tvaTBvd29XOUtLUnM0USI7czoxNjoiY2hhbmdlZF9sYW5ndWFnZSI7czoyOiJhciI7czo5OiJfcHJldmlvdXMiO2E6MTp7czozOiJ1cmwiO3M6NDc6Imh0dHA6Ly9zb29mcmEubmV0L21vdmllL2d1ZXN0L2RldGFpbC9zbHQtYWxrc2tzIjt9czo2OiJfZmxhc2giO2E6Mjp7czozOiJvbGQiO2E6MDp7fXM6MzoibmV3IjthOjA6e319fQ==', 1649789922),
('m5QhwkvrdtIgn2YsnvOo8Rs8Fe7ZiIVj8Isn7IlO', NULL, '66.249.64.173', 'Mozilla/5.0 (compatible; Googlebot/2.1; +http://www.google.com/bot.html)', 'YTo0OntzOjY6Il90b2tlbiI7czo0MDoiZEwwWHUwZGdaN3gyQk5YcGdkUzZQNWN2QzdJQjV5QTM3Nk1WYVdWYiI7czoxNjoiY2hhbmdlZF9sYW5ndWFnZSI7czoyOiJhciI7czo5OiJfcHJldmlvdXMiO2E6MTp7czozOiJ1cmwiO3M6Mjk6Imh0dHA6Ly9zb29mcmEubmV0L2d1ZXN0L29zZmF0Ijt9czo2OiJfZmxhc2giO2E6Mjp7czozOiJvbGQiO2E6MDp7fXM6MzoibmV3IjthOjA6e319fQ==', 1649800161),
('mjDz08px3kC7yMGjAxBEwlSvcp7TyCDOvqm7vffB', NULL, '66.249.64.169', 'Mozilla/5.0 (Linux; Android 6.0.1; Nexus 5X Build/MMB29P) AppleWebKit/537.36 (KHTML, like Gecko) Chrome/99.0.4844.84 Mobile Safari/537.36 (compatible; Googlebot/2.1; +http://www.google.com/bot.html)', 'YTo1OntzOjY6Il90b2tlbiI7czo0MDoiYXZtSHg1a2tBRFVodXNxNkVLcmN5VEFHbXpQVFlOV0hVRXVRak9sTCI7czozOiJ1cmwiO2E6MTp7czo4OiJpbnRlbmRlZCI7czo2MDoiaHR0cDovL3Nvb2ZyYS5uZXQvbW92aWUvZGV0YWlsL2FsaGxvLW1yLWJka3lrLWFsenJ5YWEtYWxnYWh6Ijt9czo5OiJfcHJldmlvdXMiO2E6MTp7czozOiJ1cmwiO3M6MjM6Imh0dHA6Ly9zb29mcmEubmV0L2xvZ2luIjt9czo2OiJfZmxhc2giO2E6Mjp7czozOiJvbGQiO2E6MDp7fXM6MzoibmV3IjthOjA6e319czoxNjoiY2hhbmdlZF9sYW5ndWFnZSI7czoyOiJhciI7fQ==', 1649851654),
('MTubxCY81VaBQ2L9iBSo7AE1fgIebHFQUxCdkx8z', NULL, '66.249.64.171', 'Mozilla/5.0 (compatible; Googlebot/2.1; +http://www.google.com/bot.html)', 'YTo0OntzOjY6Il90b2tlbiI7czo0MDoiQXA1bTFObmlrMzlmZWxhUnR0dUpsYzU2VUJnM2tXZnIxenh6dzBpZCI7czoxNjoiY2hhbmdlZF9sYW5ndWFnZSI7czoyOiJhciI7czo5OiJfcHJldmlvdXMiO2E6MTp7czozOiJ1cmwiO3M6Mjk6Imh0dHA6Ly9zb29mcmEubmV0L2d1ZXN0L29zZmF0Ijt9czo2OiJfZmxhc2giO2E6Mjp7czozOiJvbGQiO2E6MDp7fXM6MzoibmV3IjthOjA6e319fQ==', 1649848101),
('OW2TQb7gFP6O6SAuxbSK8hWTYRpgn01twTnxdeKh', NULL, '66.249.64.169', 'Mozilla/5.0 (Linux; Android 6.0.1; Nexus 5X Build/MMB29P) AppleWebKit/537.36 (KHTML, like Gecko) Chrome/99.0.4844.84 Mobile Safari/537.36 (compatible; Googlebot/2.1; +http://www.google.com/bot.html)', 'YTo0OntzOjY6Il90b2tlbiI7czo0MDoiSXJzcHhhOHc4ZEY1eGZvSUk4WGlITE1ZYXROemQ3NEF2R3ppTXR3ZyI7czoxNjoiY2hhbmdlZF9sYW5ndWFnZSI7czoyOiJhciI7czo5OiJfcHJldmlvdXMiO2E6MTp7czozOiJ1cmwiO3M6Mjg6Imh0dHA6Ly9zb29mcmEubmV0L2d1ZXN0L2dkeWQiO31zOjY6Il9mbGFzaCI7YToyOntzOjM6Im9sZCI7YTowOnt9czozOiJuZXciO2E6MDp7fX19', 1649855256),
('q2U6SDXDnFHjuydzTiaDDuHBHCMj7uY6g7eeQX0l', NULL, '69.160.160.54', 'Mozilla/5.0 AppleWebKit/537.36 (KHTML, like Gecko; compatible; Nicecrawler/1.1; +http://www.nicecrawler.com/) Chrome/90.0.4430.97 Safari/537.36', 'YTo0OntzOjY6Il90b2tlbiI7czo0MDoiRmVsSUZrZDBBOHExd1lCemFnQzhTdWpJVmRLaHRyOWRpWUdmcnpoeiI7czoxNjoiY2hhbmdlZF9sYW5ndWFnZSI7czoyOiJhciI7czo5OiJfcHJldmlvdXMiO2E6MTp7czozOiJ1cmwiO3M6Mjk6Imh0dHA6Ly9zb29mcmEubmV0L2d1ZXN0L29zZmF0Ijt9czo2OiJfZmxhc2giO2E6Mjp7czozOiJvbGQiO2E6MDp7fXM6MzoibmV3IjthOjA6e319fQ==', 1649817378),
('QT5uT6Xj79gslmQyIjJ2LfOOf0YNvKlRf2RKEoe3', NULL, '197.209.239.40', 'Mozilla/5.0 (Windows NT 10.0; Win64; x64) AppleWebKit/537.36 (KHTML, like Gecko) Chrome/100.0.4896.88 Safari/537.36', 'YTo0OntzOjY6Il90b2tlbiI7czo0MDoia1JhaWRiaWVvd3JwWERibWV0RzFqWUZBengzSWNGeHdTeFJ0ZWo0NiI7czoxNjoiY2hhbmdlZF9sYW5ndWFnZSI7czoyOiJhciI7czo5OiJfcHJldmlvdXMiO2E6MTp7czozOiJ1cmwiO3M6MjY6Imh0dHBzOi8vc29vZnJhLm5ldC9vZmZsaW5lIjt9czo2OiJfZmxhc2giO2E6Mjp7czozOiJvbGQiO2E6MDp7fXM6MzoibmV3IjthOjA6e319fQ==', 1649858420),
('SisS1RU0px6U2IbZwM2EDg5IPF7GEMbo0dQ1z9z0', NULL, '197.209.239.40', 'Mozilla/5.0 (Windows NT 10.0; Win64; x64) AppleWebKit/537.36 (KHTML, like Gecko) Chrome/100.0.4896.88 Safari/537.36', 'YTozOntzOjY6Il90b2tlbiI7czo0MDoiUGZMQ2E1OGlRYkdtUjJHQmNFWmt4VFhSYkhOZXNHWjFjVkFDRU5HeCI7czo5OiJfcHJldmlvdXMiO2E6MTp7czozOiJ1cmwiO3M6MzI6Imh0dHBzOi8vc29vZnJhLm5ldC9tYW5pZmVzdC5qc29uIjt9czo2OiJfZmxhc2giO2E6Mjp7czozOiJvbGQiO2E6MDp7fXM6MzoibmV3IjthOjA6e319fQ==', 1649857829),
('t1bnTQJ84lU04S0hQWbAxrbTx7sKlPSNTkYqCkpi', NULL, '66.249.64.173', 'Mozilla/5.0 (Linux; Android 6.0.1; Nexus 5X Build/MMB29P) AppleWebKit/537.36 (KHTML, like Gecko) Chrome/99.0.4844.84 Mobile Safari/537.36 (compatible; Googlebot/2.1; +http://www.google.com/bot.html)', 'YTo0OntzOjY6Il90b2tlbiI7czo0MDoiZDMwUE04Nk96NGZ5Um1GWXg0dlNiNzN4bzNWNTRuQkRiaEhrTlBkQSI7czoxNjoiY2hhbmdlZF9sYW5ndWFnZSI7czoyOiJhciI7czo5OiJfcHJldmlvdXMiO2E6MTp7czozOiJ1cmwiO3M6Mjk6Imh0dHA6Ly9zb29mcmEubmV0L2d1ZXN0L29zZmF0Ijt9czo2OiJfZmxhc2giO2E6Mjp7czozOiJvbGQiO2E6MDp7fXM6MzoibmV3IjthOjA6e319fQ==', 1649848055),
('W1yQexpl47UrtOgXmNJHraYR8aSN2YXIPN2AWl62', NULL, '197.209.239.40', 'Mozilla/5.0 (Windows NT 10.0; Win64; x64) AppleWebKit/537.36 (KHTML, like Gecko) Chrome/100.0.4896.88 Safari/537.36', 'YTo0OntzOjY6Il90b2tlbiI7czo0MDoiekVQZmFjNHE5NkVZUFBIbzJpbE9NRmNNckxVUDU1djZZN0tiNldmaiI7czoxNjoiY2hhbmdlZF9sYW5ndWFnZSI7czoyOiJhciI7czo5OiJfcHJldmlvdXMiO2E6MTp7czozOiJ1cmwiO3M6MTg6Imh0dHBzOi8vc29vZnJhLm5ldCI7fXM6NjoiX2ZsYXNoIjthOjI6e3M6Mzoib2xkIjthOjA6e31zOjM6Im5ldyI7YTowOnt9fX0=', 1649856234),
('WO26c98j7hNtdANB6TBo07qTpkF2TdRIU3uoxYlc', NULL, '176.53.220.155', 'Mozilla/5.0 (Windows NT 10.0; Win64; x64) AppleWebKit/537.36 (KHTML, like Gecko) Chrome/94.0.4606.61 Safari/537.36', 'YTo0OntzOjY6Il90b2tlbiI7czo0MDoiUlJZakdNVkRONDhmOUU5NzlvUkk1TnpraDFETEZFQ0NJYXFxZ0h2QiI7czoxNjoiY2hhbmdlZF9sYW5ndWFnZSI7czoyOiJhciI7czo5OiJfcHJldmlvdXMiO2E6MTp7czozOiJ1cmwiO3M6MzA6Imh0dHBzOi8vc29vZnJhLm5ldC9ndWVzdC9vc2ZhdCI7fXM6NjoiX2ZsYXNoIjthOjI6e3M6Mzoib2xkIjthOjA6e31zOjM6Im5ldyI7YTowOnt9fX0=', 1649836275),
('x4VFvyEC9ANxV1rBxvktiXw3Q0JJy6ENmfbmGyA9', NULL, '66.249.64.171', 'Mozilla/5.0 (Linux; Android 6.0.1; Nexus 5X Build/MMB29P) AppleWebKit/537.36 (KHTML, like Gecko) Chrome/99.0.4844.84 Mobile Safari/537.36 (compatible; Googlebot/2.1; +http://www.google.com/bot.html)', 'YTo0OntzOjY6Il90b2tlbiI7czo0MDoiRVR4MDBrRzVJcWM0VFVEQzJDdlJKVUIxVjhOTUx3ekhIOWdQaTRqNCI7czoxNjoiY2hhbmdlZF9sYW5ndWFnZSI7czoyOiJhciI7czo5OiJfcHJldmlvdXMiO2E6MTp7czozOiJ1cmwiO3M6Mjk6Imh0dHA6Ly9zb29mcmEubmV0L2d1ZXN0L29zZmF0Ijt9czo2OiJfZmxhc2giO2E6Mjp7czozOiJvbGQiO2E6MDp7fXM6MzoibmV3IjthOjA6e319fQ==', 1649848103),
('XAay2SddFbwg2izs2Xopcw9eDCuHdwpoRN5c37eb', NULL, '159.223.50.155', 'Mozilla/5.0 (Windows NT 10.0; Win64; x64) AppleWebKit/537.36 (KHTML, like Gecko) Chrome/95.0.4638.69 Safari/537.36', 'YTo0OntzOjY6Il90b2tlbiI7czo0MDoiYWlSckVRQWZqZ0p0ZXlRclZiajBZZHJWQzJ6VGhIb2JUOFpXZExJWiI7czoxNjoiY2hhbmdlZF9sYW5ndWFnZSI7czoyOiJhciI7czo5OiJfcHJldmlvdXMiO2E6MTp7czozOiJ1cmwiO3M6Mjk6Imh0dHA6Ly9zb29mcmEubmV0L2d1ZXN0L29zZmF0Ijt9czo2OiJfZmxhc2giO2E6Mjp7czozOiJvbGQiO2E6MDp7fXM6MzoibmV3IjthOjA6e319fQ==', 1649830845),
('YWTh3DnjXaWeiugyRTNxI5irDR2o1eYi4HVOPu56', NULL, '197.209.239.40', 'Mozilla/5.0 (Windows NT 10.0; Win64; x64) AppleWebKit/537.36 (KHTML, like Gecko) Chrome/100.0.4896.75 Safari/537.36 Edg/100.0.1185.36', 'YTo0OntzOjY6Il90b2tlbiI7czo0MDoic1lrdXpGc1NoYzhnU08xY2I1dUs5aVhYNmphOHlndGplNTNTeDBWcyI7czoxNjoiY2hhbmdlZF9sYW5ndWFnZSI7czoyOiJhciI7czo5OiJfcHJldmlvdXMiO2E6MTp7czozOiJ1cmwiO3M6Mjk6Imh0dHA6Ly9zb29mcmEubmV0L2d1ZXN0L29zZmF0Ijt9czo2OiJfZmxhc2giO2E6Mjp7czozOiJvbGQiO2E6MDp7fXM6MzoibmV3IjthOjA6e319fQ==', 1649857347),
('zPFI2LT1EQSF6qBIzoRcCCNbmBG61RAoMZWn5iuc', 1, '197.209.239.40', 'Mozilla/5.0 (Windows NT 10.0; Win64; x64) AppleWebKit/537.36 (KHTML, like Gecko) Chrome/100.0.4896.75 Safari/537.36 Edg/100.0.1185.36', 'YTo1OntzOjY6Il90b2tlbiI7czo0MDoiVTVxcVl5dHVkYldGb1ZLUVQ2UndmZnlnNGN1c2tSWWNLSVdyNTFVSyI7czoxNjoiY2hhbmdlZF9sYW5ndWFnZSI7czoyOiJhciI7czo1MDoibG9naW5fd2ViXzU5YmEzNmFkZGMyYjJmOTQwMTU4MGYwMTRjN2Y1OGVhNGUzMDk4OWQiO2k6MTtzOjk6Il9wcmV2aW91cyI7YToxOntzOjM6InVybCI7czoyMzoiaHR0cDovL3Nvb2ZyYS5uZXQvb3NmYXQiO31zOjY6Il9mbGFzaCI7YToyOntzOjM6Im9sZCI7YTowOnt9czozOiJuZXciO2E6MDp7fX19', 1649857232);

-- --------------------------------------------------------

--
-- Table structure for table `social_icons`
--

CREATE TABLE `social_icons` (
  `id` int(11) NOT NULL,
  `url1` varchar(191) COLLATE utf8mb4_unicode_ci DEFAULT NULL,
  `url2` varchar(191) COLLATE utf8mb4_unicode_ci DEFAULT NULL,
  `url3` varchar(191) COLLATE utf8mb4_unicode_ci DEFAULT NULL,
  `created_at` timestamp NULL DEFAULT NULL,
  `updated_at` timestamp NULL DEFAULT NULL
) ENGINE=InnoDB DEFAULT CHARSET=utf8mb4 COLLATE=utf8mb4_unicode_ci;

--
-- Dumping data for table `social_icons`
--

INSERT INTO `social_icons` (`id`, `url1`, `url2`, `url3`, `created_at`, `updated_at`) VALUES
(1, '#', '#', '#', '2020-11-02 09:09:08', '2020-11-02 09:10:18');

-- --------------------------------------------------------

--
-- Table structure for table `splash_screens`
--

CREATE TABLE `splash_screens` (
  `id` int(10) UNSIGNED NOT NULL,
  `image` varchar(191) COLLATE utf8mb4_unicode_ci DEFAULT NULL,
  `logo_enable` tinyint(1) NOT NULL DEFAULT 1,
  `logo` varchar(191) COLLATE utf8mb4_unicode_ci DEFAULT NULL,
  `created_at` timestamp NULL DEFAULT NULL,
  `updated_at` timestamp NULL DEFAULT NULL
) ENGINE=InnoDB DEFAULT CHARSET=utf8mb4 COLLATE=utf8mb4_unicode_ci;

-- --------------------------------------------------------

--
-- Table structure for table `subcomments`
--

CREATE TABLE `subcomments` (
  `id` int(11) NOT NULL,
  `user_id` int(11) NOT NULL,
  `blog_id` int(11) NOT NULL,
  `comment_id` int(11) NOT NULL,
  `reply` varchar(191) COLLATE utf8mb4_unicode_ci NOT NULL,
  `created_at` timestamp NULL DEFAULT NULL,
  `updated_at` timestamp NULL DEFAULT NULL
) ENGINE=InnoDB DEFAULT CHARSET=utf8mb4 COLLATE=utf8mb4_unicode_ci;

-- --------------------------------------------------------

--
-- Table structure for table `subscriptions`
--

CREATE TABLE `subscriptions` (
  `id` bigint(20) UNSIGNED NOT NULL,
  `user_id` bigint(20) UNSIGNED NOT NULL,
  `name` varchar(191) COLLATE utf8mb4_unicode_ci NOT NULL,
  `stripe_id` varchar(191) COLLATE utf8mb4_unicode_ci NOT NULL,
  `stripe_status` varchar(191) COLLATE utf8mb4_unicode_ci NOT NULL,
  `stripe_plan` varchar(191) COLLATE utf8mb4_unicode_ci DEFAULT NULL,
  `quantity` int(11) DEFAULT NULL,
  `trial_ends_at` timestamp NULL DEFAULT NULL,
  `ends_at` timestamp NULL DEFAULT NULL,
  `subscription_from` timestamp NULL DEFAULT NULL,
  `subscription_to` timestamp NULL DEFAULT NULL,
  `amount` double DEFAULT NULL,
  `created_at` timestamp NULL DEFAULT NULL,
  `updated_at` timestamp NULL DEFAULT NULL
) ENGINE=InnoDB DEFAULT CHARSET=utf8mb4 COLLATE=utf8mb4_unicode_ci;

-- --------------------------------------------------------

--
-- Table structure for table `subscription_items`
--

CREATE TABLE `subscription_items` (
  `id` bigint(20) UNSIGNED NOT NULL,
  `subscription_id` bigint(20) UNSIGNED NOT NULL,
  `stripe_id` varchar(191) COLLATE utf8mb4_unicode_ci NOT NULL,
  `stripe_plan` varchar(191) COLLATE utf8mb4_unicode_ci NOT NULL,
  `quantity` int(11) DEFAULT NULL,
  `created_at` timestamp NULL DEFAULT NULL,
  `updated_at` timestamp NULL DEFAULT NULL
) ENGINE=InnoDB DEFAULT CHARSET=utf8mb4 COLLATE=utf8mb4_unicode_ci;

-- --------------------------------------------------------

--
-- Table structure for table `subtitles`
--

CREATE TABLE `subtitles` (
  `id` int(10) UNSIGNED NOT NULL,
  `sub_lang` varchar(100) COLLATE utf8mb4_unicode_ci DEFAULT NULL,
  `sub_t` varchar(191) COLLATE utf8mb4_unicode_ci DEFAULT NULL,
  `m_t_id` varchar(100) COLLATE utf8mb4_unicode_ci DEFAULT NULL,
  `ep_id` int(10) UNSIGNED DEFAULT NULL,
  `created_at` timestamp NULL DEFAULT NULL,
  `updated_at` timestamp NULL DEFAULT NULL
) ENGINE=InnoDB DEFAULT CHARSET=utf8mb4 COLLATE=utf8mb4_unicode_ci;

-- --------------------------------------------------------

--
-- Table structure for table `transactions`
--

CREATE TABLE `transactions` (
  `id` bigint(20) UNSIGNED NOT NULL,
  `amount1` varchar(191) COLLATE utf8mb4_unicode_ci NOT NULL,
  `amount2` varchar(191) COLLATE utf8mb4_unicode_ci NOT NULL,
  `currency1` varchar(10) COLLATE utf8mb4_unicode_ci NOT NULL,
  `currency2` varchar(10) COLLATE utf8mb4_unicode_ci NOT NULL,
  `fee` varchar(191) COLLATE utf8mb4_unicode_ci DEFAULT NULL,
  `address` varchar(191) COLLATE utf8mb4_unicode_ci DEFAULT NULL,
  `dest_tag` varchar(191) COLLATE utf8mb4_unicode_ci DEFAULT NULL,
  `buyer_email` varchar(191) COLLATE utf8mb4_unicode_ci DEFAULT NULL,
  `buyer_name` varchar(191) COLLATE utf8mb4_unicode_ci DEFAULT NULL,
  `item_name` varchar(191) COLLATE utf8mb4_unicode_ci DEFAULT NULL,
  `item_number` varchar(191) COLLATE utf8mb4_unicode_ci DEFAULT NULL,
  `invoice` varchar(191) COLLATE utf8mb4_unicode_ci DEFAULT NULL,
  `custom` text COLLATE utf8mb4_unicode_ci DEFAULT NULL,
  `ipn_url` varchar(191) COLLATE utf8mb4_unicode_ci DEFAULT NULL,
  `txn_id` varchar(128) COLLATE utf8mb4_unicode_ci NOT NULL,
  `confirms_needed` tinyint(3) UNSIGNED NOT NULL,
  `timeout` int(10) UNSIGNED NOT NULL,
  `status_url` varchar(191) COLLATE utf8mb4_unicode_ci NOT NULL,
  `qrcode_url` varchar(191) COLLATE utf8mb4_unicode_ci NOT NULL,
  `created_at` timestamp NULL DEFAULT NULL,
  `updated_at` timestamp NULL DEFAULT NULL,
  `status` smallint(6) DEFAULT NULL,
  `status_text` varchar(191) COLLATE utf8mb4_unicode_ci DEFAULT NULL,
  `received_confirms` varchar(191) COLLATE utf8mb4_unicode_ci DEFAULT NULL,
  `received_amount` varchar(191) COLLATE utf8mb4_unicode_ci DEFAULT NULL
) ENGINE=InnoDB DEFAULT CHARSET=utf8mb4 COLLATE=utf8mb4_unicode_ci;

-- --------------------------------------------------------

--
-- Table structure for table `transfers`
--

CREATE TABLE `transfers` (
  `id` bigint(20) UNSIGNED NOT NULL,
  `amount` varchar(191) COLLATE utf8mb4_unicode_ci NOT NULL,
  `currency` varchar(10) COLLATE utf8mb4_unicode_ci NOT NULL,
  `merchant` varchar(191) COLLATE utf8mb4_unicode_ci DEFAULT NULL,
  `pbntag` varchar(191) COLLATE utf8mb4_unicode_ci DEFAULT NULL,
  `auto_confirm` tinyint(1) NOT NULL DEFAULT 0,
  `ref_id` varchar(128) COLLATE utf8mb4_unicode_ci NOT NULL,
  `status` smallint(6) NOT NULL,
  `created_at` timestamp NULL DEFAULT NULL,
  `updated_at` timestamp NULL DEFAULT NULL
) ENGINE=InnoDB DEFAULT CHARSET=utf8mb4 COLLATE=utf8mb4_unicode_ci;

-- --------------------------------------------------------

--
-- Table structure for table `tv_series`
--

CREATE TABLE `tv_series` (
  `id` int(10) UNSIGNED NOT NULL,
  `keyword` text COLLATE utf8mb4_unicode_ci DEFAULT NULL,
  `description` text COLLATE utf8mb4_unicode_ci DEFAULT NULL,
  `title` varchar(191) COLLATE utf8mb4_unicode_ci NOT NULL,
  `tmdb_id` varchar(191) COLLATE utf8mb4_unicode_ci DEFAULT NULL,
  `tmdb` char(191) COLLATE utf8mb4_unicode_ci DEFAULT NULL,
  `fetch_by` varchar(100) COLLATE utf8mb4_unicode_ci DEFAULT NULL,
  `thumbnail` varchar(191) COLLATE utf8mb4_unicode_ci DEFAULT NULL,
  `poster` varchar(191) COLLATE utf8mb4_unicode_ci DEFAULT NULL,
  `genre_id` varchar(191) COLLATE utf8mb4_unicode_ci DEFAULT NULL,
  `detail` text COLLATE utf8mb4_unicode_ci DEFAULT NULL,
  `rating` double(8,2) DEFAULT NULL,
  `episode_runtime` double(8,2) DEFAULT NULL,
  `maturity_rating` varchar(191) COLLATE utf8mb4_unicode_ci DEFAULT NULL,
  `featured` tinyint(1) NOT NULL DEFAULT 0,
  `type` char(191) COLLATE utf8mb4_unicode_ci NOT NULL DEFAULT 'T',
  `status` int(10) UNSIGNED NOT NULL DEFAULT 1,
  `created_by` int(10) UNSIGNED NOT NULL,
  `created_at` timestamp NULL DEFAULT NULL,
  `updated_at` timestamp NULL DEFAULT NULL,
  `is_custom_label` tinyint(1) NOT NULL DEFAULT 0,
  `label_id` int(11) DEFAULT NULL,
  `is_upcoming` tinyint(1) NOT NULL DEFAULT 0,
  `upcoming_date` int(11) DEFAULT NULL
) ENGINE=InnoDB DEFAULT CHARSET=utf8mb4 COLLATE=utf8mb4_unicode_ci;

-- --------------------------------------------------------

--
-- Table structure for table `user_ratings`
--

CREATE TABLE `user_ratings` (
  `id` int(11) NOT NULL,
  `user_id` int(11) DEFAULT NULL,
  `tv_id` int(11) DEFAULT NULL,
  `movie_id` int(11) DEFAULT NULL,
  `rating` double DEFAULT NULL,
  `created_at` timestamp NULL DEFAULT NULL,
  `updated_at` timestamp NULL DEFAULT NULL
) ENGINE=InnoDB DEFAULT CHARSET=utf8mb4 COLLATE=utf8mb4_unicode_ci;

--
-- Dumping data for table `user_ratings`
--

INSERT INTO `user_ratings` (`id`, `user_id`, `tv_id`, `movie_id`, `rating`, `created_at`, `updated_at`) VALUES
(2, 1, NULL, 81, NULL, '2022-04-09 17:58:20', '2022-04-09 17:58:20');

-- --------------------------------------------------------

--
-- Table structure for table `videolinks`
--

CREATE TABLE `videolinks` (
  `id` int(10) UNSIGNED NOT NULL,
  `movie_id` int(10) UNSIGNED DEFAULT NULL,
  `episode_id` int(10) UNSIGNED DEFAULT NULL,
  `type` varchar(200) COLLATE utf8mb4_unicode_ci DEFAULT NULL,
  `iframeurl` text COLLATE utf8mb4_unicode_ci DEFAULT NULL,
  `ready_url` varchar(191) COLLATE utf8mb4_unicode_ci DEFAULT NULL,
  `url_360` varchar(191) COLLATE utf8mb4_unicode_ci DEFAULT NULL,
  `url_480` varchar(191) COLLATE utf8mb4_unicode_ci DEFAULT NULL,
  `url_720` varchar(191) COLLATE utf8mb4_unicode_ci DEFAULT NULL,
  `url_1080` varchar(191) COLLATE utf8mb4_unicode_ci DEFAULT NULL,
  `created_at` timestamp NULL DEFAULT NULL,
  `updated_at` timestamp NULL DEFAULT NULL,
  `upload_video` longtext COLLATE utf8mb4_unicode_ci DEFAULT NULL
) ENGINE=InnoDB DEFAULT CHARSET=utf8mb4 COLLATE=utf8mb4_unicode_ci;

--
-- Dumping data for table `videolinks`
--

INSERT INTO `videolinks` (`id`, `movie_id`, `episode_id`, `type`, `iframeurl`, `ready_url`, `url_360`, `url_480`, `url_720`, `url_1080`, `created_at`, `updated_at`, `upload_video`) VALUES
(1, 1, NULL, 'iframeurl', 'https://player.vimeo.com/video/696962925?h=990fc018c6', NULL, NULL, NULL, NULL, NULL, '2022-03-31 16:52:04', '2022-04-08 14:12:06', NULL),
(2, 2, NULL, 'iframeurl', 'https://player.vimeo.com/video/696963925?h=af911ba259', NULL, NULL, NULL, NULL, NULL, '2022-03-31 16:53:00', '2022-04-08 14:13:40', NULL),
(3, 3, NULL, 'iframeurl', 'https://player.vimeo.com/video/696960613?h=1682b5b3cb', NULL, NULL, NULL, NULL, NULL, '2022-03-31 16:57:26', '2022-04-08 14:15:58', NULL),
(4, 4, NULL, 'iframeurl', 'https://player.vimeo.com/video/696958568?h=8b4322b392', NULL, NULL, NULL, NULL, NULL, '2022-03-31 17:01:17', '2022-04-08 14:17:49', NULL),
(5, 5, NULL, 'iframeurl', 'https://player.vimeo.com/video/696957782?h=911554ad78', NULL, NULL, NULL, NULL, NULL, '2022-03-31 17:02:23', '2022-04-08 14:19:58', NULL),
(6, 6, NULL, 'iframeurl', 'https://player.vimeo.com/video/696952702?h=c23e08d504', NULL, NULL, NULL, NULL, NULL, '2022-03-31 17:03:32', '2022-04-08 14:22:34', NULL),
(7, 7, NULL, 'iframeurl', 'https://player.vimeo.com/video/696950827?h=edf815572e', NULL, NULL, NULL, NULL, NULL, '2022-03-31 17:06:08', '2022-04-08 14:25:25', NULL),
(8, 8, NULL, 'iframeurl', 'https://player.vimeo.com/video/696949458?h=3097d082dc', NULL, NULL, NULL, NULL, NULL, '2022-03-31 17:07:56', '2022-04-08 14:27:36', NULL),
(9, 9, NULL, 'iframeurl', 'https://player.vimeo.com/video/696927654?h=a0ad4b5c0e', NULL, NULL, NULL, NULL, NULL, '2022-04-07 18:44:29', '2022-04-08 14:29:47', NULL),
(10, 10, NULL, 'iframeurl', 'https://player.vimeo.com/video/696948092?h=d81cb067dc', NULL, NULL, NULL, NULL, NULL, '2022-04-08 14:39:43', '2022-04-08 14:39:43', NULL),
(11, 11, NULL, 'iframeurl', 'https://player.vimeo.com/video/696945975?h=00c3feb72d', NULL, NULL, NULL, NULL, NULL, '2022-04-08 14:45:28', '2022-04-08 14:45:28', NULL),
(12, 12, NULL, 'iframeurl', 'https://player.vimeo.com/video/696940988?h=0f6c73d39b', NULL, NULL, NULL, NULL, NULL, '2022-04-08 14:47:14', '2022-04-08 14:47:14', NULL),
(13, 13, NULL, 'iframeurl', 'https://player.vimeo.com/video/696936957?h=2c193e0ee7', NULL, NULL, NULL, NULL, NULL, '2022-04-08 14:49:03', '2022-04-08 14:49:03', NULL),
(14, 14, NULL, 'iframeurl', 'https://player.vimeo.com/video/696930939?h=a7bb02d76a', NULL, NULL, NULL, NULL, NULL, '2022-04-08 14:50:46', '2022-04-08 14:50:46', NULL),
(15, 15, NULL, 'iframeurl', 'https://player.vimeo.com/video/690171943?h=8ade79c640', NULL, NULL, NULL, NULL, NULL, '2022-04-08 14:53:26', '2022-04-08 14:53:26', NULL),
(16, 16, NULL, 'iframeurl', 'https://player.vimeo.com/video/690173666?h=0ce0146ef6', NULL, NULL, NULL, NULL, NULL, '2022-04-08 14:55:03', '2022-04-08 14:55:03', NULL),
(17, 17, NULL, 'iframeurl', 'https://player.vimeo.com/video/690171245?h=a370bc62fe', NULL, NULL, NULL, NULL, NULL, '2022-04-08 14:56:15', '2022-04-08 14:56:15', NULL),
(18, 18, NULL, 'iframeurl', 'https://player.vimeo.com/video/690171383?h=660475cce1', NULL, NULL, NULL, NULL, NULL, '2022-04-08 14:57:15', '2022-04-08 14:57:15', NULL),
(19, 19, NULL, 'iframeurl', 'https://player.vimeo.com/video/690171539?h=18cde59c56', NULL, NULL, NULL, NULL, NULL, '2022-04-08 14:58:01', '2022-04-08 14:58:01', NULL),
(20, 20, NULL, 'iframeurl', 'https://player.vimeo.com/video/690171774?h=31685917a8', NULL, NULL, NULL, NULL, NULL, '2022-04-08 14:59:07', '2022-04-08 14:59:07', NULL),
(21, 21, NULL, 'iframeurl', 'https://player.vimeo.com/video/690172299?h=c634ac40a9', NULL, NULL, NULL, NULL, NULL, '2022-04-08 14:59:56', '2022-04-08 14:59:56', NULL),
(22, 22, NULL, 'iframeurl', 'https://player.vimeo.com/video/690172668?h=21712fffca', NULL, NULL, NULL, NULL, NULL, '2022-04-08 15:00:43', '2022-04-08 15:00:43', NULL),
(23, 23, NULL, 'iframeurl', 'https://player.vimeo.com/video/690172759?h=bb6a5ab812', NULL, NULL, NULL, NULL, NULL, '2022-04-08 15:02:49', '2022-04-08 15:02:49', NULL),
(24, 24, NULL, 'iframeurl', 'https://player.vimeo.com/video/690172886?h=8e57e0960c', NULL, NULL, NULL, NULL, NULL, '2022-04-08 15:05:11', '2022-04-08 15:05:11', NULL),
(25, 25, NULL, 'iframeurl', 'https://player.vimeo.com/video/690172974?h=acdcd008be', NULL, NULL, NULL, NULL, NULL, '2022-04-08 15:06:20', '2022-04-08 15:06:20', NULL),
(26, 26, NULL, 'iframeurl', 'https://player.vimeo.com/video/690173190?h=ef96f5a41d', NULL, NULL, NULL, NULL, NULL, '2022-04-08 15:07:13', '2022-04-08 15:07:13', NULL),
(27, 27, NULL, 'iframeurl', 'https://player.vimeo.com/video/690173336?h=db9521d710', NULL, NULL, NULL, NULL, NULL, '2022-04-08 15:09:03', '2022-04-08 15:09:03', NULL),
(28, 28, NULL, 'iframeurl', 'https://player.vimeo.com/video/690173574?h=5eef6e16c0', NULL, NULL, NULL, NULL, NULL, '2022-04-08 15:10:38', '2022-04-08 15:10:38', NULL),
(29, 29, NULL, 'iframeurl', 'https://player.vimeo.com/video/690173739?h=9765f1d582', NULL, NULL, NULL, NULL, NULL, '2022-04-08 15:11:38', '2022-04-08 15:11:38', NULL),
(30, 30, NULL, 'iframeurl', 'https://player.vimeo.com/video/690174122?h=f26d3cc35c', NULL, NULL, NULL, NULL, NULL, '2022-04-08 15:14:23', '2022-04-08 15:14:23', NULL),
(31, 31, NULL, 'iframeurl', 'https://player.vimeo.com/video/690174257?h=15e73ab076', NULL, NULL, NULL, NULL, NULL, '2022-04-08 15:15:15', '2022-04-08 15:15:15', NULL),
(32, 32, NULL, 'iframeurl', 'https://player.vimeo.com/video/690174403?h=11076befe5', NULL, NULL, NULL, NULL, NULL, '2022-04-08 15:16:07', '2022-04-08 15:16:07', NULL),
(33, 33, NULL, 'iframeurl', 'https://player.vimeo.com/video/690174462?h=78428faa94', NULL, NULL, NULL, NULL, NULL, '2022-04-08 15:17:13', '2022-04-08 15:17:13', NULL),
(34, 34, NULL, 'iframeurl', 'https://player.vimeo.com/video/690166218?h=1978721f05', NULL, NULL, NULL, NULL, NULL, '2022-04-08 15:18:41', '2022-04-08 15:18:41', NULL),
(35, 35, NULL, 'iframeurl', 'https://player.vimeo.com/video/690166538?h=6818b3d214', NULL, NULL, NULL, NULL, NULL, '2022-04-08 15:19:28', '2022-04-08 15:19:28', NULL),
(36, 36, NULL, 'iframeurl', 'https://player.vimeo.com/video/690166660?h=557d460f8d', NULL, NULL, NULL, NULL, NULL, '2022-04-08 15:20:56', '2022-04-08 15:20:56', NULL),
(37, 37, NULL, 'iframeurl', 'https://player.vimeo.com/video/690166765?h=3933d8e42f', NULL, NULL, NULL, NULL, NULL, '2022-04-08 15:21:46', '2022-04-08 15:21:46', NULL),
(38, 38, NULL, 'iframeurl', 'https://player.vimeo.com/video/690167073?h=598ac149f0', NULL, NULL, NULL, NULL, NULL, '2022-04-08 15:22:57', '2022-04-08 15:22:57', NULL),
(39, 39, NULL, 'iframeurl', 'https://player.vimeo.com/video/690167556?h=158b85beab', NULL, NULL, NULL, NULL, NULL, '2022-04-08 15:24:06', '2022-04-08 15:24:06', NULL),
(40, 40, NULL, 'iframeurl', 'https://player.vimeo.com/video/690167962?h=e057ddb09e', NULL, NULL, NULL, NULL, NULL, '2022-04-08 15:25:10', '2022-04-08 15:25:10', NULL),
(41, 41, NULL, 'iframeurl', 'https://player.vimeo.com/video/690168347?h=23721a852b', NULL, NULL, NULL, NULL, NULL, '2022-04-08 15:26:06', '2022-04-08 15:26:06', NULL),
(42, 42, NULL, 'iframeurl', 'https://player.vimeo.com/video/690168626?h=6d63642aa8', NULL, NULL, NULL, NULL, NULL, '2022-04-08 15:27:04', '2022-04-08 15:27:04', NULL),
(43, 43, NULL, 'iframeurl', 'https://player.vimeo.com/video/690168922?h=afd94fa038', NULL, NULL, NULL, NULL, NULL, '2022-04-08 15:28:03', '2022-04-08 15:28:03', NULL),
(44, 44, NULL, 'iframeurl', 'https://player.vimeo.com/video/690169899?h=e563e3cc5f', NULL, NULL, NULL, NULL, NULL, '2022-04-08 15:29:37', '2022-04-08 15:29:37', NULL),
(45, 45, NULL, 'iframeurl', 'https://player.vimeo.com/video/690175706?h=53abafe570', NULL, NULL, NULL, NULL, NULL, '2022-04-08 15:30:51', '2022-04-08 15:30:51', NULL),
(46, 46, NULL, 'iframeurl', 'https://player.vimeo.com/video/690175749?h=8efd9c17e5', NULL, NULL, NULL, NULL, NULL, '2022-04-08 15:31:41', '2022-04-08 15:31:41', NULL),
(47, 47, NULL, 'iframeurl', 'https://player.vimeo.com/video/690175824?h=dfcebade1a', NULL, NULL, NULL, NULL, NULL, '2022-04-08 15:32:36', '2022-04-08 15:32:36', NULL),
(48, 48, NULL, 'iframeurl', 'https://player.vimeo.com/video/690175875?h=8fddcca9ac', NULL, NULL, NULL, NULL, NULL, '2022-04-08 15:33:30', '2022-04-08 15:33:30', NULL),
(49, 49, NULL, 'iframeurl', 'https://player.vimeo.com/video/690175944?h=d762bb0d77', NULL, NULL, NULL, NULL, NULL, '2022-04-08 15:34:23', '2022-04-08 15:34:23', NULL),
(50, 50, NULL, 'iframeurl', 'https://player.vimeo.com/video/690200048?h=fc4ec634fd', NULL, NULL, NULL, NULL, NULL, '2022-04-08 15:35:46', '2022-04-08 15:35:46', NULL),
(51, 51, NULL, 'iframeurl', 'https://player.vimeo.com/video/690200495?h=7a0242377d', NULL, NULL, NULL, NULL, NULL, '2022-04-08 15:36:33', '2022-04-08 15:36:33', NULL),
(52, 52, NULL, 'iframeurl', 'https://player.vimeo.com/video/690405483?h=75f07a88f0', NULL, NULL, NULL, NULL, NULL, '2022-04-08 15:38:07', '2022-04-08 15:38:07', NULL),
(53, 53, NULL, 'iframeurl', 'https://player.vimeo.com/video/690405834?h=8528429c99', NULL, NULL, NULL, NULL, NULL, '2022-04-08 15:39:06', '2022-04-08 15:39:06', NULL),
(54, 54, NULL, 'iframeurl', 'https://player.vimeo.com/video/690405916?h=3addb3ff52', NULL, NULL, NULL, NULL, NULL, '2022-04-08 15:39:54', '2022-04-08 15:39:54', NULL),
(55, 55, NULL, 'iframeurl', 'https://player.vimeo.com/video/690406805?h=b43b3ab346', NULL, NULL, NULL, NULL, NULL, '2022-04-08 15:42:06', '2022-04-08 15:42:06', NULL),
(56, 56, NULL, 'iframeurl', 'https://player.vimeo.com/video/690190074?h=311318fb01', NULL, NULL, NULL, NULL, NULL, '2022-04-09 02:35:42', '2022-04-09 02:35:42', NULL),
(57, 57, NULL, 'iframeurl', 'https://player.vimeo.com/video/690190337?h=0665913ee2', NULL, NULL, NULL, NULL, NULL, '2022-04-09 02:36:38', '2022-04-09 02:36:38', NULL),
(58, 58, NULL, 'iframeurl', 'https://player.vimeo.com/video/690190477?h=6c96d61a48', NULL, NULL, NULL, NULL, NULL, '2022-04-09 02:44:14', '2022-04-09 02:44:14', NULL),
(59, 59, NULL, 'iframeurl', 'https://player.vimeo.com/video/690190674?h=0b86470cb9', NULL, NULL, NULL, NULL, NULL, '2022-04-09 02:47:17', '2022-04-09 02:47:17', NULL),
(60, 60, NULL, 'iframeurl', 'https://player.vimeo.com/video/690190987?h=1e3b22160c', NULL, NULL, NULL, NULL, NULL, '2022-04-09 02:48:17', '2022-04-09 02:48:17', NULL),
(61, 61, NULL, 'iframeurl', 'https://player.vimeo.com/video/690192144?h=be42ed161b', NULL, NULL, NULL, NULL, NULL, '2022-04-09 02:49:58', '2022-04-09 02:49:58', NULL),
(62, 62, NULL, 'iframeurl', 'https://player.vimeo.com/video/690192545?h=3025374135', NULL, NULL, NULL, NULL, NULL, '2022-04-09 02:52:14', '2022-04-09 02:52:14', NULL),
(63, 63, NULL, 'iframeurl', 'https://player.vimeo.com/video/690192734?h=147beb4e37', NULL, NULL, NULL, NULL, NULL, '2022-04-09 02:53:24', '2022-04-09 02:53:24', NULL),
(64, 64, NULL, 'iframeurl', 'https://player.vimeo.com/video/690193464?h=74ba4ec542', NULL, NULL, NULL, NULL, NULL, '2022-04-09 02:54:40', '2022-04-09 02:54:40', NULL),
(65, 65, NULL, 'iframeurl', 'https://player.vimeo.com/video/690195298?h=b7bdb5ece9', NULL, NULL, NULL, NULL, NULL, '2022-04-09 02:55:30', '2022-04-09 02:55:30', NULL),
(66, 66, NULL, 'iframeurl', 'https://player.vimeo.com/video/690195605?h=5fe349289b', NULL, NULL, NULL, NULL, NULL, '2022-04-09 02:56:40', '2022-04-09 02:56:40', NULL),
(67, 67, NULL, 'iframeurl', 'https://player.vimeo.com/video/690185630?h=e384cd5ef5', NULL, NULL, NULL, NULL, NULL, '2022-04-09 02:58:11', '2022-04-09 02:58:11', NULL),
(68, 68, NULL, 'iframeurl', 'https://player.vimeo.com/video/690186395?h=93d9b8044e', NULL, NULL, NULL, NULL, NULL, '2022-04-09 02:58:54', '2022-04-09 02:58:54', NULL),
(69, 69, NULL, 'iframeurl', 'https://player.vimeo.com/video/690182201?h=0e5b306958', NULL, NULL, NULL, NULL, NULL, '2022-04-09 03:00:03', '2022-04-09 03:00:03', NULL),
(70, 70, NULL, 'iframeurl', 'https://player.vimeo.com/video/690182894?h=31b6894909', NULL, NULL, NULL, NULL, NULL, '2022-04-09 03:01:00', '2022-04-09 03:01:00', NULL),
(71, 71, NULL, 'iframeurl', 'https://player.vimeo.com/video/690183001?h=dfbf21f9c0', NULL, NULL, NULL, NULL, NULL, '2022-04-09 03:02:11', '2022-04-09 03:02:11', NULL),
(72, 72, NULL, 'iframeurl', 'https://player.vimeo.com/video/690183437?h=9ca64c4c39', NULL, NULL, NULL, NULL, NULL, '2022-04-09 03:04:21', '2022-04-09 03:04:21', NULL),
(73, 73, NULL, 'iframeurl', 'https://player.vimeo.com/video/697324558?h=30273f4feb', NULL, NULL, NULL, NULL, NULL, '2022-04-09 16:22:24', '2022-04-09 16:22:24', NULL),
(74, 74, NULL, 'iframeurl', 'https://player.vimeo.com/video/697329311?h=5b2d0596d4', NULL, NULL, NULL, NULL, NULL, '2022-04-09 16:23:23', '2022-04-09 16:23:23', NULL),
(75, 75, NULL, 'iframeurl', 'https://player.vimeo.com/video/697334100?h=a171fb96f9', NULL, NULL, NULL, NULL, NULL, '2022-04-09 16:24:09', '2022-04-09 16:24:09', NULL),
(76, 76, NULL, 'iframeurl', 'https://player.vimeo.com/video/697399882?h=fd6cecf940', NULL, NULL, NULL, NULL, NULL, '2022-04-09 16:24:46', '2022-04-09 16:24:46', NULL),
(77, 77, NULL, 'iframeurl', 'https://player.vimeo.com/video/697427888?h=fc02a807d6', NULL, NULL, NULL, NULL, NULL, '2022-04-09 16:25:36', '2022-04-09 16:25:36', NULL),
(78, 78, NULL, 'iframeurl', 'https://player.vimeo.com/video/697451238?h=3ca5a790e8', NULL, NULL, NULL, NULL, NULL, '2022-04-09 16:26:20', '2022-04-09 16:26:20', NULL),
(79, 79, NULL, 'iframeurl', 'https://player.vimeo.com/video/697454095?h=5f1823da37', NULL, NULL, NULL, NULL, NULL, '2022-04-09 16:27:09', '2022-04-09 16:27:09', NULL),
(80, 80, NULL, 'iframeurl', 'https://player.vimeo.com/video/697461034?h=919e589b61', NULL, NULL, NULL, NULL, NULL, '2022-04-09 16:27:57', '2022-04-09 16:27:57', NULL),
(81, 81, NULL, 'iframeurl', 'https://player.vimeo.com/video/697478612?h=eefb7979c3', NULL, NULL, NULL, NULL, NULL, '2022-04-09 16:30:07', '2022-04-09 16:30:07', NULL),
(82, 82, NULL, 'iframeurl', 'https://player.vimeo.com/video/697846038?h=e024cd93ec', NULL, NULL, NULL, NULL, NULL, '2022-04-10 15:10:44', '2022-04-10 15:10:44', NULL),
(83, 83, NULL, 'iframeurl', 'https://player.vimeo.com/video/697852544?h=d4ec16d841', NULL, NULL, NULL, NULL, NULL, '2022-04-10 15:28:31', '2022-04-10 15:28:31', NULL),
(84, 84, NULL, 'iframeurl', 'https://player.vimeo.com/video/697851901?h=9cc790f966', NULL, NULL, NULL, NULL, NULL, '2022-04-10 15:30:11', '2022-04-10 15:30:11', NULL),
(85, 85, NULL, 'iframeurl', 'https://player.vimeo.com/video/697850268?h=7e1fde4586', NULL, NULL, NULL, NULL, NULL, '2022-04-10 15:32:37', '2022-04-10 15:32:37', NULL),
(86, 86, NULL, 'iframeurl', 'https://player.vimeo.com/video/697849099?h=9772c1a346', NULL, NULL, NULL, NULL, NULL, '2022-04-10 15:34:07', '2022-04-10 15:34:07', NULL),
(87, 87, NULL, 'iframeurl', 'https://player.vimeo.com/video/697712709?h=d2c011ec03', NULL, NULL, NULL, NULL, NULL, '2022-04-10 15:36:22', '2022-04-10 15:36:22', NULL),
(88, 88, NULL, 'iframeurl', 'https://player.vimeo.com/video/697708378?h=e9ac2482ed', NULL, NULL, NULL, NULL, NULL, '2022-04-10 15:38:20', '2022-04-10 15:38:20', NULL),
(89, 89, NULL, 'iframeurl', 'https://player.vimeo.com/video/697696079?h=91c948d320', NULL, NULL, NULL, NULL, NULL, '2022-04-10 15:39:45', '2022-04-10 15:39:45', NULL),
(90, 90, NULL, 'iframeurl', 'https://player.vimeo.com/video/697689552?h=3ffe858437', NULL, NULL, NULL, NULL, NULL, '2022-04-10 15:41:16', '2022-04-10 15:41:16', NULL),
(91, 91, NULL, 'iframeurl', 'https://player.vimeo.com/video/697684663?h=9dafc5d4ce', NULL, NULL, NULL, NULL, NULL, '2022-04-10 15:42:54', '2022-04-10 15:42:54', NULL),
(92, 92, NULL, 'iframeurl', 'https://player.vimeo.com/video/697682867?h=3ee81c8544', NULL, NULL, NULL, NULL, NULL, '2022-04-10 15:44:21', '2022-04-10 15:44:21', NULL),
(93, 93, NULL, 'iframeurl', 'https://player.vimeo.com/video/697678653?h=ea5dc97714', NULL, NULL, NULL, NULL, NULL, '2022-04-10 15:45:34', '2022-04-10 15:45:34', NULL),
(94, 94, NULL, 'iframeurl', 'https://player.vimeo.com/video/697671225?h=34fa3ac4f0', NULL, NULL, NULL, NULL, NULL, '2022-04-10 15:51:51', '2022-04-10 15:51:51', NULL),
(95, 95, NULL, 'iframeurl', 'https://player.vimeo.com/video/697666616?h=cdac9b33ac', NULL, NULL, NULL, NULL, NULL, '2022-04-10 15:53:35', '2022-04-10 15:53:35', NULL),
(96, 96, NULL, 'iframeurl', 'https://player.vimeo.com/video/697663975?h=0af431ed55', NULL, NULL, NULL, NULL, NULL, '2022-04-10 15:55:02', '2022-04-10 15:55:02', NULL);

-- --------------------------------------------------------

--
-- Table structure for table `views`
--

CREATE TABLE `views` (
  `id` int(10) UNSIGNED NOT NULL,
  `viewable_type` varchar(191) COLLATE utf8mb4_unicode_ci NOT NULL,
  `viewable_id` bigint(20) UNSIGNED NOT NULL,
  `visitor` text COLLATE utf8mb4_unicode_ci DEFAULT NULL,
  `collection` varchar(191) COLLATE utf8mb4_unicode_ci DEFAULT NULL,
  `viewed_at` timestamp NOT NULL DEFAULT current_timestamp()
) ENGINE=InnoDB DEFAULT CHARSET=utf8mb4 COLLATE=utf8mb4_unicode_ci;

--
-- Dumping data for table `views`
--

INSERT INTO `views` (`id`, `viewable_type`, `viewable_id`, `visitor`, `collection`, `viewed_at`) VALUES
(1, 'App\\Movie', 3, '7Pfg8rQuBSpYIA8gNQnkNDaOUBDpeANCCiG2GavuyCor8QKTI5Rl1i7LqZ73EVorwhu7yMdH0TdNhPG4', NULL, '2022-03-31 17:16:38'),
(2, 'App\\Movie', 3, '7Pfg8rQuBSpYIA8gNQnkNDaOUBDpeANCCiG2GavuyCor8QKTI5Rl1i7LqZ73EVorwhu7yMdH0TdNhPG4', NULL, '2022-03-31 17:18:52'),
(3, 'App\\Movie', 2, '7Pfg8rQuBSpYIA8gNQnkNDaOUBDpeANCCiG2GavuyCor8QKTI5Rl1i7LqZ73EVorwhu7yMdH0TdNhPG4', NULL, '2022-03-31 17:19:35'),
(4, 'App\\Movie', 1, '7Pfg8rQuBSpYIA8gNQnkNDaOUBDpeANCCiG2GavuyCor8QKTI5Rl1i7LqZ73EVorwhu7yMdH0TdNhPG4', NULL, '2022-03-31 17:19:41'),
(5, 'App\\Movie', 2, '7Pfg8rQuBSpYIA8gNQnkNDaOUBDpeANCCiG2GavuyCor8QKTI5Rl1i7LqZ73EVorwhu7yMdH0TdNhPG4', NULL, '2022-03-31 17:19:48'),
(6, 'App\\Movie', 2, '7Pfg8rQuBSpYIA8gNQnkNDaOUBDpeANCCiG2GavuyCor8QKTI5Rl1i7LqZ73EVorwhu7yMdH0TdNhPG4', NULL, '2022-03-31 17:20:04'),
(7, 'App\\Movie', 3, 'V3dNkWqJWYDARDMSs6hjhGB4ObZGqfhHfAD2mTTvIcHHfpjISBZ8W3ESqpHP302f1hNsCKnHVhEE2ZDa', NULL, '2022-03-31 17:21:08'),
(8, 'App\\Movie', 1, 'sNX4W5mt1pobXEVLIvCAxdPc1pssxbqGiEtaMVfGt8v6AMPmm1cVkZLDoKula4vDtEjxPNwM9a0Op1UH', NULL, '2022-03-31 17:21:08'),
(9, 'App\\Movie', 3, 'V3dNkWqJWYDARDMSs6hjhGB4ObZGqfhHfAD2mTTvIcHHfpjISBZ8W3ESqpHP302f1hNsCKnHVhEE2ZDa', NULL, '2022-03-31 17:21:20'),
(10, 'App\\Movie', 1, 'sNX4W5mt1pobXEVLIvCAxdPc1pssxbqGiEtaMVfGt8v6AMPmm1cVkZLDoKula4vDtEjxPNwM9a0Op1UH', NULL, '2022-03-31 17:28:23'),
(11, 'App\\Movie', 1, 'sNX4W5mt1pobXEVLIvCAxdPc1pssxbqGiEtaMVfGt8v6AMPmm1cVkZLDoKula4vDtEjxPNwM9a0Op1UH', NULL, '2022-03-31 17:28:54'),
(12, 'App\\Movie', 2, 'qAQHo7zk2CeMBIuroJ5xQXqAr576xupAUjUdQTOuJMxZLb6Hyazg4bZrve53UYFRlaETx93wWPmNK5ae', NULL, '2022-03-31 17:30:53'),
(13, 'App\\Movie', 2, '7Pfg8rQuBSpYIA8gNQnkNDaOUBDpeANCCiG2GavuyCor8QKTI5Rl1i7LqZ73EVorwhu7yMdH0TdNhPG4', NULL, '2022-03-31 17:31:17'),
(14, 'App\\Movie', 1, 'ZaZ0JJnUrYzxHr7Lr7hDU4BZVHRca8PoLnbkF1ihKzUg1UiK9qWm08Wew0m6PNgCBQR4lHlFcWdIq0zQ', NULL, '2022-03-31 17:31:53'),
(15, 'App\\Movie', 2, 'ZaZ0JJnUrYzxHr7Lr7hDU4BZVHRca8PoLnbkF1ihKzUg1UiK9qWm08Wew0m6PNgCBQR4lHlFcWdIq0zQ', NULL, '2022-03-31 17:32:07'),
(16, 'App\\Movie', 3, 'ZaZ0JJnUrYzxHr7Lr7hDU4BZVHRca8PoLnbkF1ihKzUg1UiK9qWm08Wew0m6PNgCBQR4lHlFcWdIq0zQ', NULL, '2022-03-31 17:32:22'),
(17, 'App\\Movie', 1, 'ZaZ0JJnUrYzxHr7Lr7hDU4BZVHRca8PoLnbkF1ihKzUg1UiK9qWm08Wew0m6PNgCBQR4lHlFcWdIq0zQ', NULL, '2022-03-31 17:43:27'),
(18, 'App\\Movie', 3, '7Pfg8rQuBSpYIA8gNQnkNDaOUBDpeANCCiG2GavuyCor8QKTI5Rl1i7LqZ73EVorwhu7yMdH0TdNhPG4', NULL, '2022-03-31 17:47:49'),
(19, 'App\\Movie', 8, 'V3dNkWqJWYDARDMSs6hjhGB4ObZGqfhHfAD2mTTvIcHHfpjISBZ8W3ESqpHP302f1hNsCKnHVhEE2ZDa', NULL, '2022-03-31 18:13:51'),
(20, 'App\\Movie', 7, 'V3dNkWqJWYDARDMSs6hjhGB4ObZGqfhHfAD2mTTvIcHHfpjISBZ8W3ESqpHP302f1hNsCKnHVhEE2ZDa', NULL, '2022-03-31 18:13:57'),
(21, 'App\\Movie', 7, 'V3dNkWqJWYDARDMSs6hjhGB4ObZGqfhHfAD2mTTvIcHHfpjISBZ8W3ESqpHP302f1hNsCKnHVhEE2ZDa', NULL, '2022-03-31 18:13:59'),
(22, 'App\\Movie', 3, 'V3dNkWqJWYDARDMSs6hjhGB4ObZGqfhHfAD2mTTvIcHHfpjISBZ8W3ESqpHP302f1hNsCKnHVhEE2ZDa', NULL, '2022-03-31 18:14:39'),
(23, 'App\\Movie', 3, 'V3dNkWqJWYDARDMSs6hjhGB4ObZGqfhHfAD2mTTvIcHHfpjISBZ8W3ESqpHP302f1hNsCKnHVhEE2ZDa', NULL, '2022-03-31 18:19:21'),
(24, 'App\\Movie', 3, 'V3dNkWqJWYDARDMSs6hjhGB4ObZGqfhHfAD2mTTvIcHHfpjISBZ8W3ESqpHP302f1hNsCKnHVhEE2ZDa', NULL, '2022-03-31 18:19:30'),
(25, 'App\\Movie', 2, '6CbcaqycsmQmO6WF3I8S9Vb6E2JsIS7ISovcvxQDuUPyeHOysVUR3CiaRMXesknCFxluD97wJ9Ms0nV4', NULL, '2022-03-31 18:19:52'),
(26, 'App\\Movie', 3, '02Dd14PzRrZWvjVOIgniguOGXd6e5JV4SgPxuCHixDlgr03AOgqAh8JqJICBeBW9rQbr80k729vYtRRH', NULL, '2022-03-31 22:08:25'),
(27, 'App\\Movie', 6, 'zEZxKpAukJav0jNeCh3C10fADNU6zNwDHLjoNOmx1V0iUuWdtpofIsXfCPtx1yaWWqV4Dzd4yFPHKyx9', NULL, '2022-04-01 10:16:38'),
(28, 'App\\Movie', 1, 'zEZxKpAukJav0jNeCh3C10fADNU6zNwDHLjoNOmx1V0iUuWdtpofIsXfCPtx1yaWWqV4Dzd4yFPHKyx9', NULL, '2022-04-01 10:16:38'),
(29, 'App\\Movie', 5, 'NNEBy8kitIhg1fnACkKo7SIaIY2uzPpyMN5KBps3tx7QgqKqIx52isGalms88NBS1R3BvnHB7xPneWEg', NULL, '2022-04-01 10:16:38'),
(30, 'App\\Movie', 2, '7Pfg8rQuBSpYIA8gNQnkNDaOUBDpeANCCiG2GavuyCor8QKTI5Rl1i7LqZ73EVorwhu7yMdH0TdNhPG4', NULL, '2022-04-02 03:09:51'),
(31, 'App\\Movie', 2, 'sNX4W5mt1pobXEVLIvCAxdPc1pssxbqGiEtaMVfGt8v6AMPmm1cVkZLDoKula4vDtEjxPNwM9a0Op1UH', NULL, '2022-04-03 14:38:08'),
(32, 'App\\Movie', 2, '7Pfg8rQuBSpYIA8gNQnkNDaOUBDpeANCCiG2GavuyCor8QKTI5Rl1i7LqZ73EVorwhu7yMdH0TdNhPG4', NULL, '2022-04-03 14:55:46'),
(33, 'App\\Movie', 3, '8PFUbWYn4C5wHoE1ltRWXe7ZZmKM9NKUOxNYPHk160aZ57gs6KmtHKsY9Y1W0PpfuTf2DJaY3bt559Va', NULL, '2022-04-05 22:17:16'),
(34, 'App\\Movie', 2, '8PFUbWYn4C5wHoE1ltRWXe7ZZmKM9NKUOxNYPHk160aZ57gs6KmtHKsY9Y1W0PpfuTf2DJaY3bt559Va', NULL, '2022-04-05 22:17:28'),
(35, 'App\\Movie', 2, '8PFUbWYn4C5wHoE1ltRWXe7ZZmKM9NKUOxNYPHk160aZ57gs6KmtHKsY9Y1W0PpfuTf2DJaY3bt559Va', NULL, '2022-04-05 22:17:30'),
(36, 'App\\Movie', 1, '8PFUbWYn4C5wHoE1ltRWXe7ZZmKM9NKUOxNYPHk160aZ57gs6KmtHKsY9Y1W0PpfuTf2DJaY3bt559Va', NULL, '2022-04-05 22:17:35'),
(37, 'App\\Movie', 5, '8PFUbWYn4C5wHoE1ltRWXe7ZZmKM9NKUOxNYPHk160aZ57gs6KmtHKsY9Y1W0PpfuTf2DJaY3bt559Va', NULL, '2022-04-05 22:17:40'),
(38, 'App\\Movie', 7, '8PFUbWYn4C5wHoE1ltRWXe7ZZmKM9NKUOxNYPHk160aZ57gs6KmtHKsY9Y1W0PpfuTf2DJaY3bt559Va', NULL, '2022-04-05 22:17:44'),
(39, 'App\\Movie', 3, '8PFUbWYn4C5wHoE1ltRWXe7ZZmKM9NKUOxNYPHk160aZ57gs6KmtHKsY9Y1W0PpfuTf2DJaY3bt559Va', NULL, '2022-04-05 22:17:54'),
(40, 'App\\Movie', 3, '8PFUbWYn4C5wHoE1ltRWXe7ZZmKM9NKUOxNYPHk160aZ57gs6KmtHKsY9Y1W0PpfuTf2DJaY3bt559Va', NULL, '2022-04-07 14:18:28'),
(41, 'App\\Movie', 1, 'qAQHo7zk2CeMBIuroJ5xQXqAr576xupAUjUdQTOuJMxZLb6Hyazg4bZrve53UYFRlaETx93wWPmNK5ae', NULL, '2022-04-07 14:20:02'),
(42, 'App\\Movie', 2, 'qAQHo7zk2CeMBIuroJ5xQXqAr576xupAUjUdQTOuJMxZLb6Hyazg4bZrve53UYFRlaETx93wWPmNK5ae', NULL, '2022-04-07 14:20:10'),
(43, 'App\\Movie', 2, 'sNX4W5mt1pobXEVLIvCAxdPc1pssxbqGiEtaMVfGt8v6AMPmm1cVkZLDoKula4vDtEjxPNwM9a0Op1UH', NULL, '2022-04-07 16:00:11'),
(44, 'App\\Movie', 2, 'x6fQx8vq7YrDCejoSg74bvxPyFMHkq0tyI67pc8WPBObR8ml8wfp7h3a37NSOqqbQk5t7EUaxDEvy0bB', NULL, '2022-04-07 16:08:04'),
(45, 'App\\Movie', 2, 'x6fQx8vq7YrDCejoSg74bvxPyFMHkq0tyI67pc8WPBObR8ml8wfp7h3a37NSOqqbQk5t7EUaxDEvy0bB', NULL, '2022-04-07 16:10:18'),
(46, 'App\\Movie', 5, '7Pfg8rQuBSpYIA8gNQnkNDaOUBDpeANCCiG2GavuyCor8QKTI5Rl1i7LqZ73EVorwhu7yMdH0TdNhPG4', NULL, '2022-04-07 16:36:49'),
(47, 'App\\Movie', 5, '7Pfg8rQuBSpYIA8gNQnkNDaOUBDpeANCCiG2GavuyCor8QKTI5Rl1i7LqZ73EVorwhu7yMdH0TdNhPG4', NULL, '2022-04-07 16:36:50'),
(48, 'App\\Movie', 2, '8PFUbWYn4C5wHoE1ltRWXe7ZZmKM9NKUOxNYPHk160aZ57gs6KmtHKsY9Y1W0PpfuTf2DJaY3bt559Va', NULL, '2022-04-07 17:10:02'),
(49, 'App\\Movie', 8, '8PFUbWYn4C5wHoE1ltRWXe7ZZmKM9NKUOxNYPHk160aZ57gs6KmtHKsY9Y1W0PpfuTf2DJaY3bt559Va', NULL, '2022-04-07 17:10:41'),
(50, 'App\\Movie', 9, 'sNX4W5mt1pobXEVLIvCAxdPc1pssxbqGiEtaMVfGt8v6AMPmm1cVkZLDoKula4vDtEjxPNwM9a0Op1UH', NULL, '2022-04-07 18:44:44'),
(51, 'App\\Movie', 9, 'sNX4W5mt1pobXEVLIvCAxdPc1pssxbqGiEtaMVfGt8v6AMPmm1cVkZLDoKula4vDtEjxPNwM9a0Op1UH', NULL, '2022-04-07 18:47:43'),
(52, 'App\\Movie', 8, 'PtcWWfiGeNJzrsdVmVy7tKLpmWxQ0cMpjK0GzKOG3aBMBtNac91PJdPn7mtUPRTaFgyj5MqCesRRSdtf', NULL, '2022-04-07 20:32:16'),
(53, 'App\\Movie', 34, '7Pfg8rQuBSpYIA8gNQnkNDaOUBDpeANCCiG2GavuyCor8QKTI5Rl1i7LqZ73EVorwhu7yMdH0TdNhPG4', NULL, '2022-04-09 03:19:23'),
(54, 'App\\Movie', 4, 'CmCukRz2fmVR4Cs9Pp8Zg5eJDEb6i0G1oqCLpkMF1vEegZBd14GSFuXv3h3kMNn5ZRrYv0sU1GmIvwlj', NULL, '2022-04-09 17:41:02'),
(55, 'App\\Movie', 4, 'CmCukRz2fmVR4Cs9Pp8Zg5eJDEb6i0G1oqCLpkMF1vEegZBd14GSFuXv3h3kMNn5ZRrYv0sU1GmIvwlj', NULL, '2022-04-09 17:43:17'),
(56, 'App\\Movie', 81, 'CmCukRz2fmVR4Cs9Pp8Zg5eJDEb6i0G1oqCLpkMF1vEegZBd14GSFuXv3h3kMNn5ZRrYv0sU1GmIvwlj', NULL, '2022-04-09 17:44:04'),
(57, 'App\\Movie', 4, 'CmCukRz2fmVR4Cs9Pp8Zg5eJDEb6i0G1oqCLpkMF1vEegZBd14GSFuXv3h3kMNn5ZRrYv0sU1GmIvwlj', NULL, '2022-04-09 17:54:22'),
(58, 'App\\Movie', 81, 'CmCukRz2fmVR4Cs9Pp8Zg5eJDEb6i0G1oqCLpkMF1vEegZBd14GSFuXv3h3kMNn5ZRrYv0sU1GmIvwlj', NULL, '2022-04-09 17:56:54'),
(59, 'App\\Movie', 4, '6CbcaqycsmQmO6WF3I8S9Vb6E2JsIS7ISovcvxQDuUPyeHOysVUR3CiaRMXesknCFxluD97wJ9Ms0nV4', NULL, '2022-04-09 17:58:24'),
(60, 'App\\Movie', 4, '6CbcaqycsmQmO6WF3I8S9Vb6E2JsIS7ISovcvxQDuUPyeHOysVUR3CiaRMXesknCFxluD97wJ9Ms0nV4', NULL, '2022-04-09 17:58:25'),
(61, 'App\\Movie', 71, 'CmCukRz2fmVR4Cs9Pp8Zg5eJDEb6i0G1oqCLpkMF1vEegZBd14GSFuXv3h3kMNn5ZRrYv0sU1GmIvwlj', NULL, '2022-04-09 17:58:39'),
(62, 'App\\Movie', 4, '6CbcaqycsmQmO6WF3I8S9Vb6E2JsIS7ISovcvxQDuUPyeHOysVUR3CiaRMXesknCFxluD97wJ9Ms0nV4', NULL, '2022-04-09 18:00:05'),
(63, 'App\\Movie', 1, '6CbcaqycsmQmO6WF3I8S9Vb6E2JsIS7ISovcvxQDuUPyeHOysVUR3CiaRMXesknCFxluD97wJ9Ms0nV4', NULL, '2022-04-09 18:00:18'),
(64, 'App\\Movie', 72, 'CmCukRz2fmVR4Cs9Pp8Zg5eJDEb6i0G1oqCLpkMF1vEegZBd14GSFuXv3h3kMNn5ZRrYv0sU1GmIvwlj', NULL, '2022-04-09 18:03:17'),
(65, 'App\\Movie', 4, 'CmCukRz2fmVR4Cs9Pp8Zg5eJDEb6i0G1oqCLpkMF1vEegZBd14GSFuXv3h3kMNn5ZRrYv0sU1GmIvwlj', NULL, '2022-04-09 18:05:19'),
(66, 'App\\Movie', 3, 'CmCukRz2fmVR4Cs9Pp8Zg5eJDEb6i0G1oqCLpkMF1vEegZBd14GSFuXv3h3kMNn5ZRrYv0sU1GmIvwlj', NULL, '2022-04-09 18:07:09'),
(67, 'App\\Movie', 81, 'CmCukRz2fmVR4Cs9Pp8Zg5eJDEb6i0G1oqCLpkMF1vEegZBd14GSFuXv3h3kMNn5ZRrYv0sU1GmIvwlj', NULL, '2022-04-09 18:07:26'),
(68, 'App\\Movie', 6, 'CmCukRz2fmVR4Cs9Pp8Zg5eJDEb6i0G1oqCLpkMF1vEegZBd14GSFuXv3h3kMNn5ZRrYv0sU1GmIvwlj', NULL, '2022-04-09 18:08:27'),
(69, 'App\\Movie', 6, 'CmCukRz2fmVR4Cs9Pp8Zg5eJDEb6i0G1oqCLpkMF1vEegZBd14GSFuXv3h3kMNn5ZRrYv0sU1GmIvwlj', NULL, '2022-04-09 18:08:56'),
(70, 'App\\Movie', 4, 'r304OMluMsatHH6STIhNtvdJCou0RY85V89ZuS8eGGYpqTKJausU42zduVNBvTmx5W3b8hJcp84j52D2', NULL, '2022-04-10 04:10:16'),
(71, 'App\\Movie', 1, 'r304OMluMsatHH6STIhNtvdJCou0RY85V89ZuS8eGGYpqTKJausU42zduVNBvTmx5W3b8hJcp84j52D2', NULL, '2022-04-10 04:10:35'),
(72, 'App\\Movie', 1, 'r304OMluMsatHH6STIhNtvdJCou0RY85V89ZuS8eGGYpqTKJausU42zduVNBvTmx5W3b8hJcp84j52D2', NULL, '2022-04-10 04:10:57'),
(73, 'App\\Movie', 4, 'YD597AOVMBjpB6Ka2iYKyR9g5J0NkT4Js2bP5bQgY2oQrR4c3TeaSDhYOcfNBvl5yqmxXHakN5N1NcKn', NULL, '2022-04-10 10:30:53'),
(74, 'App\\Movie', 4, 'Dl4DBDG2S457x3w7s9IYlIwEeeLeYbuFausTbdlyvozIMy9tWvflL0tLKoRKwtzDpAXOu5QrPedZPQRM', NULL, '2022-04-10 10:30:53'),
(75, 'App\\Movie', 4, 'DoJEv2ZCjioYV0UFoY5Nr3Dc1j0jnZWhOOgE9otCQ9hsv3w2GIeoPOyxXeJcfoaDb2S0OOhEzeFYZlW7', NULL, '2022-04-10 10:30:53'),
(76, 'App\\Movie', 4, '8PFUbWYn4C5wHoE1ltRWXe7ZZmKM9NKUOxNYPHk160aZ57gs6KmtHKsY9Y1W0PpfuTf2DJaY3bt559Va', NULL, '2022-04-10 16:17:29'),
(77, 'App\\Movie', 2, '7Pfg8rQuBSpYIA8gNQnkNDaOUBDpeANCCiG2GavuyCor8QKTI5Rl1i7LqZ73EVorwhu7yMdH0TdNhPG4', NULL, '2022-04-10 16:56:00'),
(78, 'App\\Movie', 88, 'cEXuQ0HdIQwaKsaIVJ3dHXSamCDtkWdOoKu32wGnAQ1qQyOnZadrUU0TNT72rubuknCSqbbNxBkfEHLF', NULL, '2022-04-10 17:45:10'),
(79, 'App\\Movie', 72, 'cEXuQ0HdIQwaKsaIVJ3dHXSamCDtkWdOoKu32wGnAQ1qQyOnZadrUU0TNT72rubuknCSqbbNxBkfEHLF', NULL, '2022-04-10 17:45:28'),
(80, 'App\\Movie', 85, 'gri7h0gWBrOmETCXvjgqFHrXeSWmHAaZEXbiI0HXRqMfvRr48OxnqJeAcsFuhfyzDKhQb3MfbSTyauGL', NULL, '2022-04-11 00:23:41'),
(81, 'App\\Movie', 26, '5UTacr37m46LaHT1dwprwminbMyO8Pa8mAeDrosGcT0tfs84CL4ktC9RHHNsLvR8w3n2xO55nJ1vEGBY', NULL, '2022-04-14 17:23:41'),
(82, 'App\\Movie', 35, '5UTacr37m46LaHT1dwprwminbMyO8Pa8mAeDrosGcT0tfs84CL4ktC9RHHNsLvR8w3n2xO55nJ1vEGBY', NULL, '2022-04-17 11:51:14'),
(83, 'App\\Movie', 26, '6KeFuyB2HUS7Zv1kAitEeqRfbGAUOnaiHGb3jhE01JsYP7IDi317pu7Oflp4niWD3kW3rzZhSVMwykpt', NULL, '2022-04-17 13:33:23'),
(84, 'App\\Movie', 26, '6KeFuyB2HUS7Zv1kAitEeqRfbGAUOnaiHGb3jhE01JsYP7IDi317pu7Oflp4niWD3kW3rzZhSVMwykpt', NULL, '2022-04-17 13:44:11'),
(85, 'App\\Movie', 6, '5UTacr37m46LaHT1dwprwminbMyO8Pa8mAeDrosGcT0tfs84CL4ktC9RHHNsLvR8w3n2xO55nJ1vEGBY', NULL, '2022-04-18 10:49:09'),
(86, 'App\\Movie', 6, '5UTacr37m46LaHT1dwprwminbMyO8Pa8mAeDrosGcT0tfs84CL4ktC9RHHNsLvR8w3n2xO55nJ1vEGBY', NULL, '2022-04-18 10:51:53'),
(87, 'App\\Movie', 6, '5UTacr37m46LaHT1dwprwminbMyO8Pa8mAeDrosGcT0tfs84CL4ktC9RHHNsLvR8w3n2xO55nJ1vEGBY', NULL, '2022-04-18 10:55:07'),
(88, 'App\\Movie', 6, '5UTacr37m46LaHT1dwprwminbMyO8Pa8mAeDrosGcT0tfs84CL4ktC9RHHNsLvR8w3n2xO55nJ1vEGBY', NULL, '2022-04-18 11:03:36'),
(89, 'App\\Movie', 6, 'r87WZtXeJzjNd4d93C52IsLSo3LGV87IVNNm2qw7d5YmeWh2hjSHVLfVrBS3BYUb4d6MXRA9PkDyzF2t', NULL, '2022-04-18 11:05:01'),
(90, 'App\\Movie', 6, 'r87WZtXeJzjNd4d93C52IsLSo3LGV87IVNNm2qw7d5YmeWh2hjSHVLfVrBS3BYUb4d6MXRA9PkDyzF2t', NULL, '2022-04-18 11:05:17'),
(91, 'App\\Movie', 5, 'r87WZtXeJzjNd4d93C52IsLSo3LGV87IVNNm2qw7d5YmeWh2hjSHVLfVrBS3BYUb4d6MXRA9PkDyzF2t', NULL, '2022-04-18 11:12:19'),
(92, 'App\\Movie', 6, 'r87WZtXeJzjNd4d93C52IsLSo3LGV87IVNNm2qw7d5YmeWh2hjSHVLfVrBS3BYUb4d6MXRA9PkDyzF2t', NULL, '2022-04-18 11:13:16'),
(93, 'App\\Movie', 6, 'r87WZtXeJzjNd4d93C52IsLSo3LGV87IVNNm2qw7d5YmeWh2hjSHVLfVrBS3BYUb4d6MXRA9PkDyzF2t', NULL, '2022-04-18 11:22:21'),
(94, 'App\\Movie', 58, 'r87WZtXeJzjNd4d93C52IsLSo3LGV87IVNNm2qw7d5YmeWh2hjSHVLfVrBS3BYUb4d6MXRA9PkDyzF2t', NULL, '2022-04-18 11:22:39'),
(95, 'App\\Movie', 3, '5UTacr37m46LaHT1dwprwminbMyO8Pa8mAeDrosGcT0tfs84CL4ktC9RHHNsLvR8w3n2xO55nJ1vEGBY', NULL, '2022-04-18 12:26:54'),
(96, 'App\\Movie', 26, '5UTacr37m46LaHT1dwprwminbMyO8Pa8mAeDrosGcT0tfs84CL4ktC9RHHNsLvR8w3n2xO55nJ1vEGBY', NULL, '2022-04-28 00:19:58'),
(97, 'App\\Movie', 58, 'gV75lDZAC2bd7KcM37eZFagSugmWGHIbEP2TPLgYqsAU0NP7rXWBQVsZNjx0Y2Zll6qDaFaZCqr5O7Ij', NULL, '2022-05-10 15:16:13');

-- --------------------------------------------------------

--
-- Table structure for table `watch_histories`
--

CREATE TABLE `watch_histories` (
  `id` int(11) NOT NULL,
  `movie_id` int(11) DEFAULT NULL,
  `tv_id` int(11) DEFAULT NULL,
  `user_id` int(11) DEFAULT NULL,
  `created_at` timestamp NULL DEFAULT NULL,
  `updated_at` timestamp NULL DEFAULT NULL
) ENGINE=InnoDB DEFAULT CHARSET=utf8mb4 COLLATE=utf8mb4_unicode_ci;

-- --------------------------------------------------------

--
-- Table structure for table `wishlists`
--

CREATE TABLE `wishlists` (
  `id` int(10) UNSIGNED NOT NULL,
  `user_id` int(10) UNSIGNED NOT NULL,
  `movie_id` int(11) DEFAULT NULL,
  `season_id` int(11) DEFAULT NULL,
  `added` tinyint(1) NOT NULL DEFAULT 0,
  `created_at` timestamp NULL DEFAULT NULL,
  `updated_at` timestamp NULL DEFAULT NULL
) ENGINE=InnoDB DEFAULT CHARSET=utf8mb4 COLLATE=utf8mb4_unicode_ci;

--
-- Dumping data for table `wishlists`
--

INSERT INTO `wishlists` (`id`, `user_id`, `movie_id`, `season_id`, `added`, `created_at`, `updated_at`) VALUES
(1, 1, 3, NULL, 1, '2022-03-31 16:58:15', '2022-03-31 16:58:15'),
(2, 4, 1, NULL, 1, '2022-03-31 18:06:58', '2022-03-31 18:06:58'),
(3, 4, 2, NULL, 1, '2022-03-31 18:07:03', '2022-03-31 18:07:03'),
(4, 4, 3, NULL, 0, '2022-03-31 18:19:22', '2022-03-31 18:19:22'),
(5, 1, 1, NULL, 1, '2022-04-05 16:05:00', '2022-04-05 16:05:00'),
(6, 1, 2, NULL, 1, '2022-04-05 16:05:15', '2022-04-05 16:05:15'),
(7, 1, 6, NULL, 1, '2022-04-05 16:05:21', '2022-04-05 16:05:21'),
(8, 1, 5, NULL, 1, '2022-04-05 16:05:24', '2022-04-05 16:05:24'),
(9, 1, 4, NULL, 1, '2022-04-09 18:06:42', '2022-04-09 18:06:42'),
(10, 1, 81, NULL, 1, '2022-04-09 18:07:30', '2022-04-09 18:07:30');

-- --------------------------------------------------------

--
-- Table structure for table `withdrawals`
--

CREATE TABLE `withdrawals` (
  `id` bigint(20) UNSIGNED NOT NULL,
  `mass_withdrawal_id` int(10) UNSIGNED DEFAULT NULL,
  `amount` varchar(191) COLLATE utf8mb4_unicode_ci NOT NULL,
  `amount2` varchar(191) COLLATE utf8mb4_unicode_ci DEFAULT NULL,
  `amounti` varchar(191) COLLATE utf8mb4_unicode_ci DEFAULT NULL,
  `currency` varchar(10) COLLATE utf8mb4_unicode_ci NOT NULL,
  `currency2` varchar(10) COLLATE utf8mb4_unicode_ci DEFAULT NULL,
  `address` varchar(191) COLLATE utf8mb4_unicode_ci DEFAULT NULL,
  `pbntag` varchar(191) COLLATE utf8mb4_unicode_ci DEFAULT NULL,
  `dest_tag` varchar(191) COLLATE utf8mb4_unicode_ci DEFAULT NULL,
  `ipn_url` varchar(191) COLLATE utf8mb4_unicode_ci DEFAULT NULL,
  `auto_confirm` tinyint(1) NOT NULL DEFAULT 0,
  `note` text COLLATE utf8mb4_unicode_ci DEFAULT NULL,
  `ref_id` varchar(128) COLLATE utf8mb4_unicode_ci NOT NULL,
  `status` smallint(6) NOT NULL,
  `status_text` varchar(191) COLLATE utf8mb4_unicode_ci DEFAULT NULL,
  `created_at` timestamp NULL DEFAULT NULL,
  `updated_at` timestamp NULL DEFAULT NULL,
  `txn_id` varchar(128) COLLATE utf8mb4_unicode_ci DEFAULT NULL
) ENGINE=InnoDB DEFAULT CHARSET=utf8mb4 COLLATE=utf8mb4_unicode_ci;

--
-- Indexes for dumped tables
--

--
-- Indexes for table `actors`
--
ALTER TABLE `actors`
  ADD PRIMARY KEY (`id`);

--
-- Indexes for table `ads`
--
ALTER TABLE `ads`
  ADD PRIMARY KEY (`id`);

--
-- Indexes for table `adsenses`
--
ALTER TABLE `adsenses`
  ADD PRIMARY KEY (`id`);

--
-- Indexes for table `app_configs`
--
ALTER TABLE `app_configs`
  ADD PRIMARY KEY (`id`);

--
-- Indexes for table `app_sliders`
--
ALTER TABLE `app_sliders`
  ADD PRIMARY KEY (`id`),
  ADD KEY `app_sliders_movie_id_foreign` (`movie_id`),
  ADD KEY `app_sliders_tv_series_id_foreign` (`tv_series_id`);

--
-- Indexes for table `audio_languages`
--
ALTER TABLE `audio_languages`
  ADD PRIMARY KEY (`id`);

--
-- Indexes for table `auth_customizes`
--
ALTER TABLE `auth_customizes`
  ADD PRIMARY KEY (`id`);

--
-- Indexes for table `blogs`
--
ALTER TABLE `blogs`
  ADD PRIMARY KEY (`id`);

--
-- Indexes for table `blog_menu`
--
ALTER TABLE `blog_menu`
  ADD PRIMARY KEY (`id`);

--
-- Indexes for table `buttons`
--
ALTER TABLE `buttons`
  ADD PRIMARY KEY (`id`);

--
-- Indexes for table `callback_addresses`
--
ALTER TABLE `callback_addresses`
  ADD PRIMARY KEY (`id`),
  ADD UNIQUE KEY `callback_addresses_address_currency_unique` (`address`,`currency`);

--
-- Indexes for table `color_schemes`
--
ALTER TABLE `color_schemes`
  ADD PRIMARY KEY (`id`);

--
-- Indexes for table `comments`
--
ALTER TABLE `comments`
  ADD PRIMARY KEY (`id`);

--
-- Indexes for table `conversions`
--
ALTER TABLE `conversions`
  ADD PRIMARY KEY (`id`),
  ADD UNIQUE KEY `conversions_ref_id_unique` (`ref_id`),
  ADD KEY `conversions_from_index` (`from`),
  ADD KEY `conversions_to_index` (`to`);

--
-- Indexes for table `coupon_applies`
--
ALTER TABLE `coupon_applies`
  ADD PRIMARY KEY (`id`);

--
-- Indexes for table `coupon_codes`
--
ALTER TABLE `coupon_codes`
  ADD PRIMARY KEY (`id`);

--
-- Indexes for table `currencies`
--
ALTER TABLE `currencies`
  ADD PRIMARY KEY (`id`),
  ADD KEY `currencies_code_index` (`code`);

--
-- Indexes for table `custom_pages`
--
ALTER TABLE `custom_pages`
  ADD PRIMARY KEY (`id`);

--
-- Indexes for table `deposits`
--
ALTER TABLE `deposits`
  ADD PRIMARY KEY (`id`),
  ADD UNIQUE KEY `deposits_txn_id_unique` (`txn_id`),
  ADD KEY `deposits_address_index` (`address`);

--
-- Indexes for table `directors`
--
ALTER TABLE `directors`
  ADD PRIMARY KEY (`id`);

--
-- Indexes for table `donater_lists`
--
ALTER TABLE `donater_lists`
  ADD PRIMARY KEY (`id`);

--
-- Indexes for table `episodes`
--
ALTER TABLE `episodes`
  ADD PRIMARY KEY (`id`),
  ADD KEY `episodes_seasons_id_foreign` (`seasons_id`);

--
-- Indexes for table `faqs`
--
ALTER TABLE `faqs`
  ADD PRIMARY KEY (`id`);

--
-- Indexes for table `front_slider_updates`
--
ALTER TABLE `front_slider_updates`
  ADD PRIMARY KEY (`id`);

--
-- Indexes for table `genres`
--
ALTER TABLE `genres`
  ADD PRIMARY KEY (`id`),
  ADD UNIQUE KEY `name` (`name`);

--
-- Indexes for table `google_ads`
--
ALTER TABLE `google_ads`
  ADD PRIMARY KEY (`id`);

--
-- Indexes for table `home_blocks`
--
ALTER TABLE `home_blocks`
  ADD PRIMARY KEY (`id`);

--
-- Indexes for table `home_sliders`
--
ALTER TABLE `home_sliders`
  ADD PRIMARY KEY (`id`),
  ADD KEY `home_sliders_movie_id_foreign` (`movie_id`),
  ADD KEY `home_sliders_tv_series_id_foreign` (`tv_series_id`);

--
-- Indexes for table `ipns`
--
ALTER TABLE `ipns`
  ADD PRIMARY KEY (`id`),
  ADD UNIQUE KEY `ipns_ipn_id_unique` (`ipn_id`),
  ADD KEY `ipns_address_index` (`address`);

--
-- Indexes for table `jobs`
--
ALTER TABLE `jobs`
  ADD PRIMARY KEY (`id`),
  ADD KEY `jobs_queue_index` (`queue`);

--
-- Indexes for table `labels`
--
ALTER TABLE `labels`
  ADD PRIMARY KEY (`id`);

--
-- Indexes for table `landing_pages`
--
ALTER TABLE `landing_pages`
  ADD PRIMARY KEY (`id`);

--
-- Indexes for table `languages`
--
ALTER TABLE `languages`
  ADD PRIMARY KEY (`id`);

--
-- Indexes for table `likes`
--
ALTER TABLE `likes`
  ADD PRIMARY KEY (`id`);

--
-- Indexes for table `live_events`
--
ALTER TABLE `live_events`
  ADD PRIMARY KEY (`id`);

--
-- Indexes for table `log`
--
ALTER TABLE `log`
  ADD PRIMARY KEY (`id`);

--
-- Indexes for table `manual_payments`
--
ALTER TABLE `manual_payments`
  ADD PRIMARY KEY (`id`);

--
-- Indexes for table `manual_payment_methods`
--
ALTER TABLE `manual_payment_methods`
  ADD PRIMARY KEY (`id`),
  ADD UNIQUE KEY `manual_payment_methods_payment_name_unique` (`payment_name`);

--
-- Indexes for table `mass_withdrawals`
--
ALTER TABLE `mass_withdrawals`
  ADD PRIMARY KEY (`id`);

--
-- Indexes for table `menus`
--
ALTER TABLE `menus`
  ADD PRIMARY KEY (`id`);

--
-- Indexes for table `menu_genre_shows`
--
ALTER TABLE `menu_genre_shows`
  ADD PRIMARY KEY (`id`);

--
-- Indexes for table `menu_sections`
--
ALTER TABLE `menu_sections`
  ADD PRIMARY KEY (`id`);

--
-- Indexes for table `menu_videos`
--
ALTER TABLE `menu_videos`
  ADD PRIMARY KEY (`id`),
  ADD KEY `menu_videos_menu_id_foreign` (`menu_id`),
  ADD KEY `menu_videos_movie_id_foreign` (`movie_id`),
  ADD KEY `menu_videos_tv_series_id_foreign` (`tv_series_id`);

--
-- Indexes for table `migrations`
--
ALTER TABLE `migrations`
  ADD PRIMARY KEY (`id`);

--
-- Indexes for table `model_has_permissions`
--
ALTER TABLE `model_has_permissions`
  ADD PRIMARY KEY (`permission_id`,`model_id`,`model_type`),
  ADD KEY `model_has_permissions_model_id_model_type_index` (`model_id`,`model_type`);

--
-- Indexes for table `model_has_roles`
--
ALTER TABLE `model_has_roles`
  ADD PRIMARY KEY (`role_id`,`model_id`,`model_type`),
  ADD KEY `model_has_roles_model_id_model_type_index` (`model_id`,`model_type`);

--
-- Indexes for table `movie_comments`
--
ALTER TABLE `movie_comments`
  ADD PRIMARY KEY (`id`);

--
-- Indexes for table `movie_series`
--
ALTER TABLE `movie_series`
  ADD PRIMARY KEY (`id`),
  ADD KEY `movie_series_movie_id_foreign` (`movie_id`);

--
-- Indexes for table `movie_subcomments`
--
ALTER TABLE `movie_subcomments`
  ADD PRIMARY KEY (`id`);

--
-- Indexes for table `multiplescreens`
--
ALTER TABLE `multiplescreens`
  ADD PRIMARY KEY (`id`);

--
-- Indexes for table `multiple_links`
--
ALTER TABLE `multiple_links`
  ADD PRIMARY KEY (`id`);

--
-- Indexes for table `notifications`
--
ALTER TABLE `notifications`
  ADD PRIMARY KEY (`id`),
  ADD KEY `notifications_notifiable_type_notifiable_id_index` (`notifiable_type`,`notifiable_id`);

--
-- Indexes for table `oauth_auth_codes`
--
ALTER TABLE `oauth_auth_codes`
  ADD PRIMARY KEY (`id`),
  ADD KEY `oauth_auth_codes_user_id_index` (`user_id`);

--
-- Indexes for table `oauth_personal_access_clients`
--
ALTER TABLE `oauth_personal_access_clients`
  ADD PRIMARY KEY (`id`);

--
-- Indexes for table `packages`
--
ALTER TABLE `packages`
  ADD PRIMARY KEY (`id`);

--
-- Indexes for table `package_features`
--
ALTER TABLE `package_features`
  ADD PRIMARY KEY (`id`);

--
-- Indexes for table `package_menu`
--
ALTER TABLE `package_menu`
  ADD PRIMARY KEY (`id`);

--
-- Indexes for table `paypal_subscriptions`
--
ALTER TABLE `paypal_subscriptions`
  ADD PRIMARY KEY (`id`);

--
-- Indexes for table `permissions`
--
ALTER TABLE `permissions`
  ADD PRIMARY KEY (`id`),
  ADD UNIQUE KEY `permissions_name_guard_name_unique` (`name`,`guard_name`);

--
-- Indexes for table `player_settings`
--
ALTER TABLE `player_settings`
  ADD PRIMARY KEY (`id`);

--
-- Indexes for table `pricing_texts`
--
ALTER TABLE `pricing_texts`
  ADD PRIMARY KEY (`id`);

--
-- Indexes for table `reminder_mails`
--
ALTER TABLE `reminder_mails`
  ADD PRIMARY KEY (`id`);

--
-- Indexes for table `roles`
--
ALTER TABLE `roles`
  ADD PRIMARY KEY (`id`),
  ADD UNIQUE KEY `roles_name_guard_name_unique` (`name`,`guard_name`);

--
-- Indexes for table `role_has_permissions`
--
ALTER TABLE `role_has_permissions`
  ADD PRIMARY KEY (`permission_id`,`role_id`);

--
-- Indexes for table `seos`
--
ALTER TABLE `seos`
  ADD PRIMARY KEY (`id`);

--
-- Indexes for table `sessions`
--
ALTER TABLE `sessions`
  ADD UNIQUE KEY `sessions_id_unique` (`id`);

--
-- Indexes for table `social_icons`
--
ALTER TABLE `social_icons`
  ADD PRIMARY KEY (`id`);

--
-- Indexes for table `splash_screens`
--
ALTER TABLE `splash_screens`
  ADD PRIMARY KEY (`id`);

--
-- Indexes for table `subcomments`
--
ALTER TABLE `subcomments`
  ADD PRIMARY KEY (`id`);

--
-- Indexes for table `subscriptions`
--
ALTER TABLE `subscriptions`
  ADD PRIMARY KEY (`id`);

--
-- Indexes for table `subscription_items`
--
ALTER TABLE `subscription_items`
  ADD PRIMARY KEY (`id`),
  ADD UNIQUE KEY `subscription_items_subscription_id_stripe_plan_unique` (`subscription_id`,`stripe_plan`),
  ADD KEY `subscription_items_stripe_id_index` (`stripe_id`);

--
-- Indexes for table `subtitles`
--
ALTER TABLE `subtitles`
  ADD PRIMARY KEY (`id`);

--
-- Indexes for table `transactions`
--
ALTER TABLE `transactions`
  ADD PRIMARY KEY (`id`),
  ADD UNIQUE KEY `transactions_txn_id_unique` (`txn_id`);

--
-- Indexes for table `transfers`
--
ALTER TABLE `transfers`
  ADD PRIMARY KEY (`id`),
  ADD UNIQUE KEY `transfers_ref_id_unique` (`ref_id`),
  ADD KEY `transfers_status_index` (`status`);

--
-- Indexes for table `tv_series`
--
ALTER TABLE `tv_series`
  ADD PRIMARY KEY (`id`);

--
-- Indexes for table `user_ratings`
--
ALTER TABLE `user_ratings`
  ADD PRIMARY KEY (`id`);

--
-- Indexes for table `videolinks`
--
ALTER TABLE `videolinks`
  ADD PRIMARY KEY (`id`),
  ADD KEY `videolinks_movie_id_foreign` (`movie_id`),
  ADD KEY `videolinks_episode_id_foreign` (`episode_id`);

--
-- Indexes for table `views`
--
ALTER TABLE `views`
  ADD PRIMARY KEY (`id`),
  ADD KEY `views_viewable_type_viewable_id_index` (`viewable_type`,`viewable_id`);

--
-- Indexes for table `watch_histories`
--
ALTER TABLE `watch_histories`
  ADD PRIMARY KEY (`id`);

--
-- Indexes for table `wishlists`
--
ALTER TABLE `wishlists`
  ADD PRIMARY KEY (`id`),
  ADD KEY `wishlists_user_id_foreign` (`user_id`);

--
-- Indexes for table `withdrawals`
--
ALTER TABLE `withdrawals`
  ADD PRIMARY KEY (`id`),
  ADD UNIQUE KEY `withdrawals_ref_id_unique` (`ref_id`),
  ADD UNIQUE KEY `withdrawals_txn_id_unique` (`txn_id`),
  ADD KEY `withdrawals_mass_withdrawal_id_index` (`mass_withdrawal_id`);

--
-- AUTO_INCREMENT for dumped tables
--

--
-- AUTO_INCREMENT for table `actors`
--
ALTER TABLE `actors`
  MODIFY `id` int(10) UNSIGNED NOT NULL AUTO_INCREMENT;

--
-- AUTO_INCREMENT for table `ads`
--
ALTER TABLE `ads`
  MODIFY `id` int(11) NOT NULL AUTO_INCREMENT;

--
-- AUTO_INCREMENT for table `adsenses`
--
ALTER TABLE `adsenses`
  MODIFY `id` int(11) NOT NULL AUTO_INCREMENT, AUTO_INCREMENT=2;

--
-- AUTO_INCREMENT for table `app_configs`
--
ALTER TABLE `app_configs`
  MODIFY `id` bigint(20) UNSIGNED NOT NULL AUTO_INCREMENT, AUTO_INCREMENT=2;

--
-- AUTO_INCREMENT for table `app_sliders`
--
ALTER TABLE `app_sliders`
  MODIFY `id` bigint(20) UNSIGNED NOT NULL AUTO_INCREMENT, AUTO_INCREMENT=3;

--
-- AUTO_INCREMENT for table `audio_languages`
--
ALTER TABLE `audio_languages`
  MODIFY `id` int(10) UNSIGNED NOT NULL AUTO_INCREMENT;

--
-- AUTO_INCREMENT for table `auth_customizes`
--
ALTER TABLE `auth_customizes`
  MODIFY `id` int(10) UNSIGNED NOT NULL AUTO_INCREMENT, AUTO_INCREMENT=2;

--
-- AUTO_INCREMENT for table `blogs`
--
ALTER TABLE `blogs`
  MODIFY `id` int(11) NOT NULL AUTO_INCREMENT;

--
-- AUTO_INCREMENT for table `blog_menu`
--
ALTER TABLE `blog_menu`
  MODIFY `id` int(10) UNSIGNED NOT NULL AUTO_INCREMENT;

--
-- AUTO_INCREMENT for table `buttons`
--
ALTER TABLE `buttons`
  MODIFY `id` int(10) UNSIGNED NOT NULL AUTO_INCREMENT, AUTO_INCREMENT=2;

--
-- AUTO_INCREMENT for table `callback_addresses`
--
ALTER TABLE `callback_addresses`
  MODIFY `id` int(10) UNSIGNED NOT NULL AUTO_INCREMENT;

--
-- AUTO_INCREMENT for table `color_schemes`
--
ALTER TABLE `color_schemes`
  MODIFY `id` bigint(20) UNSIGNED NOT NULL AUTO_INCREMENT, AUTO_INCREMENT=2;

--
-- AUTO_INCREMENT for table `comments`
--
ALTER TABLE `comments`
  MODIFY `id` int(11) NOT NULL AUTO_INCREMENT;

--
-- AUTO_INCREMENT for table `conversions`
--
ALTER TABLE `conversions`
  MODIFY `id` int(10) UNSIGNED NOT NULL AUTO_INCREMENT;

--
-- AUTO_INCREMENT for table `coupon_applies`
--
ALTER TABLE `coupon_applies`
  MODIFY `id` bigint(20) UNSIGNED NOT NULL AUTO_INCREMENT;

--
-- AUTO_INCREMENT for table `coupon_codes`
--
ALTER TABLE `coupon_codes`
  MODIFY `id` int(10) UNSIGNED NOT NULL AUTO_INCREMENT;

--
-- AUTO_INCREMENT for table `currencies`
--
ALTER TABLE `currencies`
  MODIFY `id` int(10) UNSIGNED NOT NULL AUTO_INCREMENT, AUTO_INCREMENT=10;

--
-- AUTO_INCREMENT for table `custom_pages`
--
ALTER TABLE `custom_pages`
  MODIFY `id` int(11) NOT NULL AUTO_INCREMENT;

--
-- AUTO_INCREMENT for table `deposits`
--
ALTER TABLE `deposits`
  MODIFY `id` bigint(20) UNSIGNED NOT NULL AUTO_INCREMENT;

--
-- AUTO_INCREMENT for table `directors`
--
ALTER TABLE `directors`
  MODIFY `id` int(10) UNSIGNED NOT NULL AUTO_INCREMENT;

--
-- AUTO_INCREMENT for table `donater_lists`
--
ALTER TABLE `donater_lists`
  MODIFY `id` int(11) NOT NULL AUTO_INCREMENT;

--
-- AUTO_INCREMENT for table `episodes`
--
ALTER TABLE `episodes`
  MODIFY `id` int(10) UNSIGNED NOT NULL AUTO_INCREMENT;

--
-- AUTO_INCREMENT for table `faqs`
--
ALTER TABLE `faqs`
  MODIFY `id` int(10) UNSIGNED NOT NULL AUTO_INCREMENT, AUTO_INCREMENT=4;

--
-- AUTO_INCREMENT for table `front_slider_updates`
--
ALTER TABLE `front_slider_updates`
  MODIFY `id` int(10) UNSIGNED NOT NULL AUTO_INCREMENT;

--
-- AUTO_INCREMENT for table `genres`
--
ALTER TABLE `genres`
  MODIFY `id` int(10) UNSIGNED NOT NULL AUTO_INCREMENT, AUTO_INCREMENT=6;

--
-- AUTO_INCREMENT for table `google_ads`
--
ALTER TABLE `google_ads`
  MODIFY `id` bigint(20) UNSIGNED NOT NULL AUTO_INCREMENT;

--
-- AUTO_INCREMENT for table `home_blocks`
--
ALTER TABLE `home_blocks`
  MODIFY `id` int(11) NOT NULL AUTO_INCREMENT;

--
-- AUTO_INCREMENT for table `home_sliders`
--
ALTER TABLE `home_sliders`
  MODIFY `id` int(10) UNSIGNED NOT NULL AUTO_INCREMENT, AUTO_INCREMENT=10;

--
-- AUTO_INCREMENT for table `ipns`
--
ALTER TABLE `ipns`
  MODIFY `id` bigint(20) UNSIGNED NOT NULL AUTO_INCREMENT;

--
-- AUTO_INCREMENT for table `jobs`
--
ALTER TABLE `jobs`
  MODIFY `id` bigint(20) UNSIGNED NOT NULL AUTO_INCREMENT;

--
-- AUTO_INCREMENT for table `labels`
--
ALTER TABLE `labels`
  MODIFY `id` bigint(20) UNSIGNED NOT NULL AUTO_INCREMENT;

--
-- AUTO_INCREMENT for table `landing_pages`
--
ALTER TABLE `landing_pages`
  MODIFY `id` int(10) UNSIGNED NOT NULL AUTO_INCREMENT, AUTO_INCREMENT=5;

--
-- AUTO_INCREMENT for table `languages`
--
ALTER TABLE `languages`
  MODIFY `id` int(10) UNSIGNED NOT NULL AUTO_INCREMENT, AUTO_INCREMENT=3;

--
-- AUTO_INCREMENT for table `likes`
--
ALTER TABLE `likes`
  MODIFY `id` int(11) NOT NULL AUTO_INCREMENT;

--
-- AUTO_INCREMENT for table `live_events`
--
ALTER TABLE `live_events`
  MODIFY `id` int(11) NOT NULL AUTO_INCREMENT;

--
-- AUTO_INCREMENT for table `log`
--
ALTER TABLE `log`
  MODIFY `id` int(10) UNSIGNED NOT NULL AUTO_INCREMENT;

--
-- AUTO_INCREMENT for table `manual_payments`
--
ALTER TABLE `manual_payments`
  MODIFY `id` bigint(20) UNSIGNED NOT NULL AUTO_INCREMENT;

--
-- AUTO_INCREMENT for table `manual_payment_methods`
--
ALTER TABLE `manual_payment_methods`
  MODIFY `id` bigint(20) UNSIGNED NOT NULL AUTO_INCREMENT;

--
-- AUTO_INCREMENT for table `mass_withdrawals`
--
ALTER TABLE `mass_withdrawals`
  MODIFY `id` int(10) UNSIGNED NOT NULL AUTO_INCREMENT;

--
-- AUTO_INCREMENT for table `menus`
--
ALTER TABLE `menus`
  MODIFY `id` int(10) UNSIGNED NOT NULL AUTO_INCREMENT, AUTO_INCREMENT=3;

--
-- AUTO_INCREMENT for table `menu_genre_shows`
--
ALTER TABLE `menu_genre_shows`
  MODIFY `id` bigint(20) UNSIGNED NOT NULL AUTO_INCREMENT, AUTO_INCREMENT=9;

--
-- AUTO_INCREMENT for table `menu_sections`
--
ALTER TABLE `menu_sections`
  MODIFY `id` int(10) UNSIGNED NOT NULL AUTO_INCREMENT, AUTO_INCREMENT=9;

--
-- AUTO_INCREMENT for table `menu_videos`
--
ALTER TABLE `menu_videos`
  MODIFY `id` int(10) UNSIGNED NOT NULL AUTO_INCREMENT, AUTO_INCREMENT=118;

--
-- AUTO_INCREMENT for table `migrations`
--
ALTER TABLE `migrations`
  MODIFY `id` int(10) UNSIGNED NOT NULL AUTO_INCREMENT, AUTO_INCREMENT=106;

--
-- AUTO_INCREMENT for table `movie_comments`
--
ALTER TABLE `movie_comments`
  MODIFY `id` int(11) NOT NULL AUTO_INCREMENT;

--
-- AUTO_INCREMENT for table `movie_series`
--
ALTER TABLE `movie_series`
  MODIFY `id` int(10) UNSIGNED NOT NULL AUTO_INCREMENT;

--
-- AUTO_INCREMENT for table `movie_subcomments`
--
ALTER TABLE `movie_subcomments`
  MODIFY `id` int(11) NOT NULL AUTO_INCREMENT;

--
-- AUTO_INCREMENT for table `multiplescreens`
--
ALTER TABLE `multiplescreens`
  MODIFY `id` int(10) UNSIGNED NOT NULL AUTO_INCREMENT;

--
-- AUTO_INCREMENT for table `multiple_links`
--
ALTER TABLE `multiple_links`
  MODIFY `id` int(11) NOT NULL AUTO_INCREMENT;

--
-- AUTO_INCREMENT for table `oauth_personal_access_clients`
--
ALTER TABLE `oauth_personal_access_clients`
  MODIFY `id` bigint(20) UNSIGNED NOT NULL AUTO_INCREMENT, AUTO_INCREMENT=2;

--
-- AUTO_INCREMENT for table `packages`
--
ALTER TABLE `packages`
  MODIFY `id` int(10) UNSIGNED NOT NULL AUTO_INCREMENT;

--
-- AUTO_INCREMENT for table `package_features`
--
ALTER TABLE `package_features`
  MODIFY `id` int(10) UNSIGNED NOT NULL AUTO_INCREMENT;

--
-- AUTO_INCREMENT for table `package_menu`
--
ALTER TABLE `package_menu`
  MODIFY `id` int(10) UNSIGNED NOT NULL AUTO_INCREMENT;

--
-- AUTO_INCREMENT for table `paypal_subscriptions`
--
ALTER TABLE `paypal_subscriptions`
  MODIFY `id` int(10) UNSIGNED NOT NULL AUTO_INCREMENT;

--
-- AUTO_INCREMENT for table `permissions`
--
ALTER TABLE `permissions`
  MODIFY `id` bigint(20) UNSIGNED NOT NULL AUTO_INCREMENT, AUTO_INCREMENT=131;

--
-- AUTO_INCREMENT for table `player_settings`
--
ALTER TABLE `player_settings`
  MODIFY `id` int(10) UNSIGNED NOT NULL AUTO_INCREMENT, AUTO_INCREMENT=2;

--
-- AUTO_INCREMENT for table `pricing_texts`
--
ALTER TABLE `pricing_texts`
  MODIFY `id` int(11) NOT NULL AUTO_INCREMENT;

--
-- AUTO_INCREMENT for table `reminder_mails`
--
ALTER TABLE `reminder_mails`
  MODIFY `id` int(10) UNSIGNED NOT NULL AUTO_INCREMENT;

--
-- AUTO_INCREMENT for table `roles`
--
ALTER TABLE `roles`
  MODIFY `id` bigint(20) UNSIGNED NOT NULL AUTO_INCREMENT, AUTO_INCREMENT=6;

--
-- AUTO_INCREMENT for table `seos`
--
ALTER TABLE `seos`
  MODIFY `id` int(10) UNSIGNED NOT NULL AUTO_INCREMENT, AUTO_INCREMENT=2;

--
-- AUTO_INCREMENT for table `social_icons`
--
ALTER TABLE `social_icons`
  MODIFY `id` int(11) NOT NULL AUTO_INCREMENT, AUTO_INCREMENT=2;

--
-- AUTO_INCREMENT for table `splash_screens`
--
ALTER TABLE `splash_screens`
  MODIFY `id` int(10) UNSIGNED NOT NULL AUTO_INCREMENT;

--
-- AUTO_INCREMENT for table `subcomments`
--
ALTER TABLE `subcomments`
  MODIFY `id` int(11) NOT NULL AUTO_INCREMENT;

--
-- AUTO_INCREMENT for table `subscriptions`
--
ALTER TABLE `subscriptions`
  MODIFY `id` bigint(20) UNSIGNED NOT NULL AUTO_INCREMENT;

--
-- AUTO_INCREMENT for table `subscription_items`
--
ALTER TABLE `subscription_items`
  MODIFY `id` bigint(20) UNSIGNED NOT NULL AUTO_INCREMENT;

--
-- AUTO_INCREMENT for table `subtitles`
--
ALTER TABLE `subtitles`
  MODIFY `id` int(10) UNSIGNED NOT NULL AUTO_INCREMENT;

--
-- AUTO_INCREMENT for table `transactions`
--
ALTER TABLE `transactions`
  MODIFY `id` bigint(20) UNSIGNED NOT NULL AUTO_INCREMENT;

--
-- AUTO_INCREMENT for table `transfers`
--
ALTER TABLE `transfers`
  MODIFY `id` bigint(20) UNSIGNED NOT NULL AUTO_INCREMENT;

--
-- AUTO_INCREMENT for table `tv_series`
--
ALTER TABLE `tv_series`
  MODIFY `id` int(10) UNSIGNED NOT NULL AUTO_INCREMENT;

--
-- AUTO_INCREMENT for table `user_ratings`
--
ALTER TABLE `user_ratings`
  MODIFY `id` int(11) NOT NULL AUTO_INCREMENT, AUTO_INCREMENT=3;

--
-- AUTO_INCREMENT for table `videolinks`
--
ALTER TABLE `videolinks`
  MODIFY `id` int(10) UNSIGNED NOT NULL AUTO_INCREMENT, AUTO_INCREMENT=97;

--
-- AUTO_INCREMENT for table `views`
--
ALTER TABLE `views`
  MODIFY `id` int(10) UNSIGNED NOT NULL AUTO_INCREMENT, AUTO_INCREMENT=98;

--
-- AUTO_INCREMENT for table `watch_histories`
--
ALTER TABLE `watch_histories`
  MODIFY `id` int(11) NOT NULL AUTO_INCREMENT;

--
-- AUTO_INCREMENT for table `wishlists`
--
ALTER TABLE `wishlists`
  MODIFY `id` int(10) UNSIGNED NOT NULL AUTO_INCREMENT, AUTO_INCREMENT=11;

--
-- AUTO_INCREMENT for table `withdrawals`
--
ALTER TABLE `withdrawals`
  MODIFY `id` bigint(20) UNSIGNED NOT NULL AUTO_INCREMENT;

--
-- Constraints for dumped tables
--

--
-- Constraints for table `deposits`
--
ALTER TABLE `deposits`
  ADD CONSTRAINT `deposits_address_foreign` FOREIGN KEY (`address`) REFERENCES `callback_addresses` (`address`) ON UPDATE CASCADE;

--
-- Constraints for table `withdrawals`
--
ALTER TABLE `withdrawals`
  ADD CONSTRAINT `withdrawals_mass_withdrawal_id_foreign` FOREIGN KEY (`mass_withdrawal_id`) REFERENCES `mass_withdrawals` (`id`) ON UPDATE CASCADE;
COMMIT;

