--
-- Host: localhost    Database: mahaara
-- ------------------------------------------------------


--
-- Table structure for table `actors`
--

CREATE TABLE `actors` (
  `id` int unsigned NOT NULL AUTO_INCREMENT,
  `name` varchar(191) CHARACTER SET utf8mb4 COLLATE utf8mb4_unicode_ci NOT NULL,
  `image` varchar(191) CHARACTER SET utf8mb4 COLLATE utf8mb4_unicode_ci DEFAULT NULL,
  `biography` text CHARACTER SET utf8mb4 COLLATE utf8mb4_unicode_ci,
  `place_of_birth` text CHARACTER SET utf8mb4 COLLATE utf8mb4_unicode_ci,
  `DOB` date DEFAULT NULL,
  `created_at` timestamp NULL DEFAULT NULL,
  `updated_at` timestamp NULL DEFAULT NULL,
  `slug` longtext CHARACTER SET utf8mb4 COLLATE utf8mb4_unicode_ci,
  PRIMARY KEY (`id`)
) ENGINE=InnoDB DEFAULT CHARSET=utf8mb4 COLLATE=utf8mb4_unicode_ci;

--
-- Dumping data for table `actors`
--


--
-- Table structure for table `ads`
--

CREATE TABLE `ads` (
  `id` int NOT NULL AUTO_INCREMENT,
  `ad_type` varchar(100) CHARACTER SET utf8mb4 COLLATE utf8mb4_unicode_ci NOT NULL,
  `ad_image` varchar(100) CHARACTER SET utf8mb4 COLLATE utf8mb4_unicode_ci NOT NULL,
  `ad_video` varchar(100) CHARACTER SET utf8mb4 COLLATE utf8mb4_unicode_ci NOT NULL,
  `ad_url` varchar(100) CHARACTER SET utf8mb4 COLLATE utf8mb4_unicode_ci DEFAULT NULL,
  `ad_location` varchar(100) CHARACTER SET utf8mb4 COLLATE utf8mb4_unicode_ci NOT NULL,
  `ad_target` varchar(100) CHARACTER SET utf8mb4 COLLATE utf8mb4_unicode_ci DEFAULT NULL,
  `ad_hold` int DEFAULT NULL,
  `time` varchar(100) CHARACTER SET utf8mb4 COLLATE utf8mb4_unicode_ci NOT NULL,
  `endtime` varchar(100) CHARACTER SET utf8mb4 COLLATE utf8mb4_unicode_ci DEFAULT NULL,
  `created_at` timestamp NULL DEFAULT NULL,
  `updated_at` timestamp NULL DEFAULT NULL,
  PRIMARY KEY (`id`)
) ENGINE=InnoDB DEFAULT CHARSET=utf8mb4 COLLATE=utf8mb4_unicode_ci;

--
-- Dumping data for table `ads`
--


--
-- Table structure for table `adsenses`
--

CREATE TABLE `adsenses` (
  `id` int NOT NULL AUTO_INCREMENT,
  `code` text CHARACTER SET utf8mb4 COLLATE utf8mb4_unicode_ci NOT NULL,
  `status` tinyint(1) NOT NULL,
  `ishome` tinyint(1) NOT NULL,
  `isviewall` tinyint(1) NOT NULL,
  `issearch` tinyint(1) NOT NULL,
  `iswishlist` tinyint(1) NOT NULL,
  `created_at` timestamp NULL DEFAULT NULL,
  `updated_at` timestamp NULL DEFAULT NULL,
  PRIMARY KEY (`id`)
) ENGINE=InnoDB AUTO_INCREMENT=2 DEFAULT CHARSET=utf8mb4 COLLATE=utf8mb4_unicode_ci;

--
-- Dumping data for table `adsenses`
--

INSERT INTO `adsenses` VALUES (1,'<script type=\"text/javascript\">\r\ngoogle_ad_client = \"\";  \r\ngoogle_ad_slot = \"99*****99\"; \r\ngoogle_ad_width = 728;\r\ngoogle_ad_height =  90; \r\n\n</script>',0,0,0,0,0,'2019-09-09 12:43:44','2020-02-11 11:08:26');

--
-- Table structure for table `app_configs`
--

CREATE TABLE `app_configs` (
  `id` bigint unsigned NOT NULL AUTO_INCREMENT,
  `logo` varchar(191) CHARACTER SET utf8mb4 COLLATE utf8mb4_unicode_ci DEFAULT NULL,
  `title` varchar(191) CHARACTER SET utf8mb4 COLLATE utf8mb4_unicode_ci DEFAULT NULL,
  `stripe_payment` tinyint(1) NOT NULL DEFAULT '0',
  `paypal_payment` tinyint(1) NOT NULL DEFAULT '0',
  `razorpay_payment` tinyint(1) NOT NULL DEFAULT '0',
  `brainetree_payment` tinyint(1) NOT NULL DEFAULT '0',
  `paystack_payment` tinyint(1) NOT NULL DEFAULT '0',
  `bankdetails` tinyint(1) NOT NULL DEFAULT '0',
  `fb_check` tinyint(1) NOT NULL DEFAULT '0',
  `google_login` tinyint(1) NOT NULL DEFAULT '0',
  `git_lab_check` tinyint(1) NOT NULL DEFAULT '0',
  `created_at` timestamp NULL DEFAULT NULL,
  `updated_at` timestamp NULL DEFAULT NULL,
  `inapp_payment` tinyint(1) NOT NULL DEFAULT '0',
  `push_key` tinyint(1) NOT NULL DEFAULT '0',
  `remove_ads` tinyint(1) NOT NULL DEFAULT '0',
  `paytm_payment` tinyint(1) NOT NULL DEFAULT '0',
  `amazon_login` tinyint(1) NOT NULL DEFAULT '0',
  `is_admob` tinyint(1) NOT NULL DEFAULT '0',
  `instamojo_payment` tinyint(1) NOT NULL DEFAULT '0',
  PRIMARY KEY (`id`)
) ENGINE=InnoDB AUTO_INCREMENT=2 DEFAULT CHARSET=utf8mb4 COLLATE=utf8mb4_unicode_ci;

--
-- Dumping data for table `app_configs`
--

INSERT INTO `app_configs` VALUES (1,'applogo_1606642921logo.png','Nexthour',0,0,0,0,0,0,0,0,0,NULL,'2020-11-29 15:12:01',0,0,0,0,0,0,0);

--
-- Table structure for table `app_sliders`
--

CREATE TABLE `app_sliders` (
  `id` bigint unsigned NOT NULL AUTO_INCREMENT,
  `movie_id` int unsigned DEFAULT NULL,
  `tv_series_id` int unsigned DEFAULT NULL,
  `slide_image` varchar(191) CHARACTER SET utf8mb4 COLLATE utf8mb4_unicode_ci DEFAULT NULL,
  `active` tinyint(1) NOT NULL DEFAULT '0',
  `position` int NOT NULL,
  `created_at` timestamp NULL DEFAULT NULL,
  `updated_at` timestamp NULL DEFAULT NULL,
  PRIMARY KEY (`id`),
  KEY `app_sliders_movie_id_foreign` (`movie_id`),
  KEY `app_sliders_tv_series_id_foreign` (`tv_series_id`)
) ENGINE=InnoDB AUTO_INCREMENT=3 DEFAULT CHARSET=utf8mb4 COLLATE=utf8mb4_unicode_ci;

--
-- Dumping data for table `app_sliders`
--

INSERT INTO `app_sliders` VALUES (1,NULL,NULL,'app_slide_1606642528movie.jpg',1,1,'2020-11-29 14:47:00','2020-11-29 15:05:28'),(2,NULL,NULL,'app_slide_1606642578tvshow.jpg',1,2,'2020-11-29 15:06:18','2020-11-29 15:06:18');

--
-- Table structure for table `audio_languages`
--

CREATE TABLE `audio_languages` (
  `id` int unsigned NOT NULL AUTO_INCREMENT,
  `language` varchar(191) CHARACTER SET utf8mb4 COLLATE utf8mb4_unicode_ci NOT NULL,
  `created_at` timestamp NULL DEFAULT NULL,
  `updated_at` timestamp NULL DEFAULT NULL,
  `image` varchar(191) CHARACTER SET utf8mb4 COLLATE utf8mb4_unicode_ci DEFAULT NULL,
  `status` tinyint(1) NOT NULL DEFAULT '0',
  PRIMARY KEY (`id`)
) ENGINE=InnoDB DEFAULT CHARSET=utf8mb4 COLLATE=utf8mb4_unicode_ci;

--
-- Dumping data for table `audio_languages`
--


--
-- Table structure for table `auth_customizes`
--

CREATE TABLE `auth_customizes` (
  `id` int unsigned NOT NULL AUTO_INCREMENT,
  `image` varchar(191) CHARACTER SET utf8mb4 COLLATE utf8mb4_unicode_ci DEFAULT NULL,
  `detail` text CHARACTER SET utf8mb4 COLLATE utf8mb4_unicode_ci,
  `created_at` timestamp NULL DEFAULT NULL,
  `updated_at` timestamp NULL DEFAULT NULL,
  PRIMARY KEY (`id`)
) ENGINE=InnoDB AUTO_INCREMENT=2 DEFAULT CHARSET=utf8mb4 COLLATE=utf8mb4_unicode_ci;

--
-- Dumping data for table `auth_customizes`
--

INSERT INTO `auth_customizes` VALUES (1,'{\"en\":\"auth_page1604309119login.jpg\"}','{\"en\":\"<h1>Welcome to<br \\/>\\r\\nNext Hour<\\/h1>\\r\\n\\r\\n<h2>Are you ready to join the elite?<\\/h2>\"}',NULL,'2020-11-02 14:55:19');

--
-- Table structure for table `blog_menu`
--

CREATE TABLE `blog_menu` (
  `id` int unsigned NOT NULL AUTO_INCREMENT,
  `menu_id` int NOT NULL,
  `blog_id` int unsigned NOT NULL,
  `created_at` timestamp NULL DEFAULT NULL,
  `updated_at` timestamp NULL DEFAULT NULL,
  PRIMARY KEY (`id`)
) ENGINE=InnoDB DEFAULT CHARSET=utf8mb4 COLLATE=utf8mb4_unicode_ci;

--
-- Dumping data for table `blog_menu`
--


--
-- Table structure for table `blogs`
--

CREATE TABLE `blogs` (
  `id` int NOT NULL AUTO_INCREMENT,
  `user_id` int NOT NULL,
  `title` varchar(60) CHARACTER SET utf8mb4 COLLATE utf8mb4_unicode_ci NOT NULL,
  `slug` varchar(191) CHARACTER SET utf8mb4 COLLATE utf8mb4_unicode_ci NOT NULL,
  `image` varchar(191) CHARACTER SET utf8mb4 COLLATE utf8mb4_unicode_ci NOT NULL,
  `detail` varchar(5000) CHARACTER SET utf8mb4 COLLATE utf8mb4_unicode_ci NOT NULL,
  `is_active` int NOT NULL,
  `created_at` timestamp NULL DEFAULT NULL,
  `updated_at` timestamp NULL DEFAULT NULL,
  `poster` longtext CHARACTER SET utf8mb4 COLLATE utf8mb4_unicode_ci,
  PRIMARY KEY (`id`)
) ENGINE=InnoDB DEFAULT CHARSET=utf8mb4 COLLATE=utf8mb4_unicode_ci;

--
-- Dumping data for table `blogs`
--


--
-- Table structure for table `buttons`
--

CREATE TABLE `buttons` (
  `id` int unsigned NOT NULL AUTO_INCREMENT,
  `rightclick` tinyint(1) NOT NULL DEFAULT '1',
  `inspect` tinyint(1) DEFAULT NULL,
  `goto` tinyint(1) NOT NULL DEFAULT '1',
  `color` tinyint(1) NOT NULL DEFAULT '1',
  `uc_browser` tinyint(1) NOT NULL DEFAULT '1',
  `comming_soon` tinyint(1) NOT NULL DEFAULT '1',
  `created_at` timestamp NULL DEFAULT NULL,
  `updated_at` timestamp NULL DEFAULT NULL,
  `commingsoon_enabled_ip` longtext CHARACTER SET utf8mb4 COLLATE utf8mb4_unicode_ci,
  `ip_block` tinyint(1) NOT NULL DEFAULT '1',
  `block_ips` longtext CHARACTER SET utf8mb4 COLLATE utf8mb4_unicode_ci,
  `maintenance` tinyint(1) NOT NULL DEFAULT '1',
  `comming_soon_text` longtext CHARACTER SET utf8mb4 COLLATE utf8mb4_unicode_ci,
  `remove_subscription` tinyint(1) NOT NULL DEFAULT '0',
  `protip` tinyint(1) NOT NULL DEFAULT '1',
  `multiplescreen` tinyint(1) NOT NULL DEFAULT '0',
  `two_factor` tinyint(1) NOT NULL DEFAULT '0',
  `countviews` tinyint(1) NOT NULL DEFAULT '0',
  `remove_ads` tinyint(1) NOT NULL DEFAULT '0',
  `is_toprated` tinyint(1) NOT NULL DEFAULT '0',
  `toprated_count` text CHARACTER SET utf8mb4 COLLATE utf8mb4_unicode_ci,
  `remove_thumbnail` tinyint(1) NOT NULL DEFAULT '0',
  PRIMARY KEY (`id`)
) ENGINE=InnoDB AUTO_INCREMENT=2 DEFAULT CHARSET=utf8mb4 COLLATE=utf8mb4_unicode_ci;

--
-- Dumping data for table `buttons`
--

INSERT INTO `buttons` VALUES (1,0,0,1,0,1,0,'2018-07-31 11:30:00','2022-04-17 12:32:38',NULL,0,NULL,1,NULL,1,1,0,0,0,1,0,NULL,0);

--
-- Table structure for table `callback_addresses`
--

CREATE TABLE `callback_addresses` (
  `id` int unsigned NOT NULL AUTO_INCREMENT,
  `address` varchar(128) CHARACTER SET utf8mb4 COLLATE utf8mb4_unicode_ci NOT NULL,
  `currency` varchar(10) CHARACTER SET utf8mb4 COLLATE utf8mb4_unicode_ci NOT NULL,
  `pubkey` text CHARACTER SET utf8mb4 COLLATE utf8mb4_unicode_ci,
  `ipn_url` varchar(191) CHARACTER SET utf8mb4 COLLATE utf8mb4_unicode_ci DEFAULT NULL,
  `dest_tag` varchar(191) CHARACTER SET utf8mb4 COLLATE utf8mb4_unicode_ci DEFAULT NULL,
  `created_at` timestamp NULL DEFAULT NULL,
  `updated_at` timestamp NULL DEFAULT NULL,
  PRIMARY KEY (`id`),
  UNIQUE KEY `callback_addresses_address_currency_unique` (`address`,`currency`)
) ENGINE=InnoDB DEFAULT CHARSET=utf8mb4 COLLATE=utf8mb4_unicode_ci;

--
-- Dumping data for table `callback_addresses`
--


--
-- Table structure for table `color_schemes`
--

CREATE TABLE `color_schemes` (
  `id` bigint unsigned NOT NULL AUTO_INCREMENT,
  `color_scheme` varchar(191) CHARACTER SET utf8mb4 COLLATE utf8mb4_unicode_ci NOT NULL,
  `default_navigation_color` text CHARACTER SET utf8mb4 COLLATE utf8mb4_unicode_ci NOT NULL,
  `custom_navigation_color` text CHARACTER SET utf8mb4 COLLATE utf8mb4_unicode_ci,
  `default_text_color` text CHARACTER SET utf8mb4 COLLATE utf8mb4_unicode_ci NOT NULL,
  `custom_text_color` text CHARACTER SET utf8mb4 COLLATE utf8mb4_unicode_ci,
  `default_text_on_color` text CHARACTER SET utf8mb4 COLLATE utf8mb4_unicode_ci NOT NULL,
  `custom_text_on_color` text CHARACTER SET utf8mb4 COLLATE utf8mb4_unicode_ci,
  `default_back_to_top_color` text CHARACTER SET utf8mb4 COLLATE utf8mb4_unicode_ci NOT NULL,
  `custom_back_to_top_color` text CHARACTER SET utf8mb4 COLLATE utf8mb4_unicode_ci,
  `default_back_to_top_bgcolor` text CHARACTER SET utf8mb4 COLLATE utf8mb4_unicode_ci NOT NULL,
  `custom_back_to_top_bgcolor` text CHARACTER SET utf8mb4 COLLATE utf8mb4_unicode_ci,
  `default_back_to_top_bgcolor_on_hover` text CHARACTER SET utf8mb4 COLLATE utf8mb4_unicode_ci NOT NULL,
  `custom_back_to_top_bgcolor_on_hover` text CHARACTER SET utf8mb4 COLLATE utf8mb4_unicode_ci,
  `default_back_to_top_color_on_hover` text CHARACTER SET utf8mb4 COLLATE utf8mb4_unicode_ci NOT NULL,
  `custom_back_to_top_color_on_hover` text CHARACTER SET utf8mb4 COLLATE utf8mb4_unicode_ci,
  `default_footer_background_color` text CHARACTER SET utf8mb4 COLLATE utf8mb4_unicode_ci NOT NULL,
  `custom_footer_background_color` text CHARACTER SET utf8mb4 COLLATE utf8mb4_unicode_ci,
  `created_at` timestamp NULL DEFAULT NULL,
  `updated_at` timestamp NULL DEFAULT NULL,
  PRIMARY KEY (`id`)
) ENGINE=InnoDB AUTO_INCREMENT=2 DEFAULT CHARSET=utf8mb4 COLLATE=utf8mb4_unicode_ci;

--
-- Dumping data for table `color_schemes`
--

INSERT INTO `color_schemes` VALUES (1,'dark','#111111FA',NULL,'#48A3C6',NULL,'#90DFFE',NULL,'#111','#ffffff','#FFF','#ffffff','#48A3C6',NULL,'#FFF',NULL,'#111','#ffffff',NULL,'2022-06-27 14:49:38');

--
-- Table structure for table `comments`
--

CREATE TABLE `comments` (
  `id` int NOT NULL AUTO_INCREMENT,
  `name` varchar(30) CHARACTER SET utf8mb4 COLLATE utf8mb4_unicode_ci NOT NULL,
  `user_id` int NOT NULL,
  `email` varchar(191) CHARACTER SET utf8mb4 COLLATE utf8mb4_unicode_ci NOT NULL,
  `blog_id` int NOT NULL,
  `comment` varchar(191) CHARACTER SET utf8mb4 COLLATE utf8mb4_unicode_ci NOT NULL,
  `created_at` timestamp NULL DEFAULT NULL,
  `updated_at` timestamp NULL DEFAULT NULL,
  PRIMARY KEY (`id`)
) ENGINE=InnoDB DEFAULT CHARSET=utf8mb4 COLLATE=utf8mb4_unicode_ci;

--
-- Dumping data for table `comments`
--


--
-- Table structure for table `conversions`
--

CREATE TABLE `conversions` (
  `id` int unsigned NOT NULL AUTO_INCREMENT,
  `amount` varchar(191) CHARACTER SET utf8mb4 COLLATE utf8mb4_unicode_ci NOT NULL,
  `ref_id` varchar(32) CHARACTER SET utf8mb4 COLLATE utf8mb4_unicode_ci NOT NULL,
  `from` varchar(10) CHARACTER SET utf8mb4 COLLATE utf8mb4_unicode_ci NOT NULL,
  `to` varchar(10) CHARACTER SET utf8mb4 COLLATE utf8mb4_unicode_ci NOT NULL,
  `address` varchar(191) CHARACTER SET utf8mb4 COLLATE utf8mb4_unicode_ci DEFAULT NULL,
  `dest_tag` varchar(191) CHARACTER SET utf8mb4 COLLATE utf8mb4_unicode_ci DEFAULT NULL,
  `created_at` timestamp NULL DEFAULT NULL,
  `updated_at` timestamp NULL DEFAULT NULL,
  PRIMARY KEY (`id`),
  UNIQUE KEY `conversions_ref_id_unique` (`ref_id`),
  KEY `conversions_from_index` (`from`),
  KEY `conversions_to_index` (`to`)
) ENGINE=InnoDB DEFAULT CHARSET=utf8mb4 COLLATE=utf8mb4_unicode_ci;

--
-- Dumping data for table `conversions`
--


--
-- Table structure for table `coupon_applies`
--

CREATE TABLE `coupon_applies` (
  `id` bigint unsigned NOT NULL AUTO_INCREMENT,
  `user_id` int NOT NULL,
  `coupon_id` int NOT NULL,
  `redeem` int NOT NULL,
  `created_at` timestamp NULL DEFAULT NULL,
  `updated_at` timestamp NULL DEFAULT NULL,
  PRIMARY KEY (`id`)
) ENGINE=InnoDB DEFAULT CHARSET=utf8mb4 COLLATE=utf8mb4_unicode_ci;

--
-- Dumping data for table `coupon_applies`
--


--
-- Table structure for table `coupon_codes`
--

CREATE TABLE `coupon_codes` (
  `id` int unsigned NOT NULL AUTO_INCREMENT,
  `coupon_code` varchar(191) CHARACTER SET utf8mb4 COLLATE utf8mb4_unicode_ci NOT NULL,
  `percent_off` double(8,2) DEFAULT NULL,
  `currency` varchar(191) CHARACTER SET utf8mb4 COLLATE utf8mb4_unicode_ci NOT NULL,
  `amount_off` double(8,2) DEFAULT NULL,
  `duration` varchar(191) CHARACTER SET utf8mb4 COLLATE utf8mb4_unicode_ci NOT NULL DEFAULT 'once',
  `max_redemptions` varchar(191) CHARACTER SET utf8mb4 COLLATE utf8mb4_unicode_ci DEFAULT NULL,
  `redeem_by` datetime DEFAULT NULL,
  `created_at` timestamp NULL DEFAULT NULL,
  `updated_at` timestamp NULL DEFAULT NULL,
  `in_stripe` tinyint(1) NOT NULL DEFAULT '0',
  PRIMARY KEY (`id`)
) ENGINE=InnoDB DEFAULT CHARSET=utf8mb4 COLLATE=utf8mb4_unicode_ci;

--
-- Dumping data for table `coupon_codes`
--


--
-- Table structure for table `cps_cpp`
--

CREATE TABLE `cps_cpp` (
  `userid` int NOT NULL,
  `expire` int NOT NULL,
  `info` text CHARACTER SET utf8mb4 COLLATE utf8mb4_unicode_ci NOT NULL,
  `plan` int NOT NULL
) ENGINE=InnoDB DEFAULT CHARSET=utf8mb4 COLLATE=utf8mb4_unicode_ci;

--
-- Dumping data for table `cps_cpp`
--


--
-- Table structure for table `currencies`
--

CREATE TABLE `currencies` (
  `id` int unsigned NOT NULL AUTO_INCREMENT,
  `name` varchar(191) CHARACTER SET utf8mb4 COLLATE utf8mb4_unicode_ci NOT NULL,
  `code` varchar(10) CHARACTER SET utf8mb4 COLLATE utf8mb4_unicode_ci NOT NULL,
  `symbol` varchar(25) CHARACTER SET utf8mb4 COLLATE utf8mb4_unicode_ci NOT NULL,
  `format` varchar(50) CHARACTER SET utf8mb4 COLLATE utf8mb4_unicode_ci NOT NULL,
  `exchange_rate` varchar(191) CHARACTER SET utf8mb4 COLLATE utf8mb4_unicode_ci NOT NULL,
  `payment_method` longtext CHARACTER SET utf8mb4 COLLATE utf8mb4_unicode_ci NOT NULL,
  `active` tinyint(1) NOT NULL DEFAULT '0',
  `created_at` timestamp NULL DEFAULT NULL,
  `updated_at` timestamp NULL DEFAULT NULL,
  PRIMARY KEY (`id`),
  KEY `currencies_code_index` (`code`)
) ENGINE=InnoDB AUTO_INCREMENT=10 DEFAULT CHARSET=utf8mb4 COLLATE=utf8mb4_unicode_ci;

--
-- Dumping data for table `currencies`
--

INSERT INTO `currencies` VALUES (1,'Indian Rupee','INR','₹','1,0.00₹','75.298292','[\"flutterrave\",\"instamojo\",\"paytm\",\"mollie\",\"cashfree\",\"razorpay\"]',0,'2021-09-08 17:11:27','2021-10-18 11:30:00'),(2,'US Dollar','USD','$','$1,0.00','1','[\"stripe\",\"paypal\",\"braintree\",\"omise\",\"payhere\",\"flutterrave\",\"mollie\"]',0,'2021-09-08 17:13:00','2021-10-18 11:30:00'),(3,'Euro','EUR','€','1.0,00 €','0.863677','[\"stripe\",\"paypal\",\"braintree\",\"omise\",\"payhere\",\"flutterrave\"]',0,'2021-09-08 17:13:39','2021-10-18 11:30:00'),(4,'Sri Lanka Rupee','LKR','₨','₨ 1,0.','202.450844','[\"payhere\"]',0,'2021-09-08 17:52:46','2021-10-18 11:30:00'),(5,'UAE Dirham','AED','دإ‏','دإ‏ 1,0.00','3.6731','[\"mollie\",\"cashfree\"]',0,'2021-09-09 15:58:19','2021-10-18 11:30:00'),(6,'Nigeria, Naira','NGN','₦','₦1,0.00','411.92','[\"stripe\",\"flutterrave\",\"paystack\"]',0,'2021-09-13 15:03:42','2021-10-18 11:30:00'),(7,'Angola, Kwanza','AOA','Kz','Kz1,0.00','597.698','[\"stripe\"]',0,'2021-10-01 14:01:26','2021-10-18 11:30:00'),(8,'Tunisian Dinar','TND','د.ت.‏','د.ت.‏ 1,0.000','2.8235','[\"stripe\"]',0,'2021-10-04 12:33:43','2021-10-18 11:30:00'),(9,'Kenyan Shilling','KES','S','S1,0.00','110.9','[\"stripe\"]',0,'2021-10-04 13:46:10','2021-10-18 11:30:00');

--
-- Table structure for table `custom_pages`
--

CREATE TABLE `custom_pages` (
  `id` int NOT NULL AUTO_INCREMENT,
  `title` varchar(191) CHARACTER SET utf8mb4 COLLATE utf8mb4_unicode_ci NOT NULL,
  `slug` varchar(191) CHARACTER SET utf8mb4 COLLATE utf8mb4_unicode_ci NOT NULL,
  `in_show_menu` tinyint(1) DEFAULT NULL,
  `detail` varchar(191) CHARACTER SET utf8mb4 COLLATE utf8mb4_unicode_ci NOT NULL,
  `is_active` tinyint(1) NOT NULL,
  `created_at` timestamp NULL DEFAULT NULL,
  `updated_at` timestamp NULL DEFAULT NULL,
  PRIMARY KEY (`id`)
) ENGINE=InnoDB DEFAULT CHARSET=utf8mb4 COLLATE=utf8mb4_unicode_ci;

--
-- Dumping data for table `custom_pages`
--


--
-- Table structure for table `deposits`
--

CREATE TABLE `deposits` (
  `id` bigint unsigned NOT NULL AUTO_INCREMENT,
  `address` varchar(128) CHARACTER SET utf8mb4 COLLATE utf8mb4_unicode_ci NOT NULL,
  `txn_id` varchar(128) CHARACTER SET utf8mb4 COLLATE utf8mb4_unicode_ci NOT NULL,
  `status` tinyint NOT NULL,
  `status_text` varchar(191) CHARACTER SET utf8mb4 COLLATE utf8mb4_unicode_ci NOT NULL,
  `currency` varchar(10) CHARACTER SET utf8mb4 COLLATE utf8mb4_unicode_ci NOT NULL,
  `confirms` tinyint unsigned NOT NULL,
  `amount` varchar(191) CHARACTER SET utf8mb4 COLLATE utf8mb4_unicode_ci NOT NULL,
  `amounti` varchar(191) CHARACTER SET utf8mb4 COLLATE utf8mb4_unicode_ci NOT NULL,
  `fee` varchar(191) CHARACTER SET utf8mb4 COLLATE utf8mb4_unicode_ci DEFAULT NULL,
  `feei` varchar(191) CHARACTER SET utf8mb4 COLLATE utf8mb4_unicode_ci DEFAULT NULL,
  `dest_tag` varchar(191) CHARACTER SET utf8mb4 COLLATE utf8mb4_unicode_ci DEFAULT NULL,
  `created_at` timestamp NULL DEFAULT NULL,
  `updated_at` timestamp NULL DEFAULT NULL,
  PRIMARY KEY (`id`),
  UNIQUE KEY `deposits_txn_id_unique` (`txn_id`),
  KEY `deposits_address_index` (`address`),
  CONSTRAINT `deposits_address_foreign` FOREIGN KEY (`address`) REFERENCES `callback_addresses` (`address`) ON UPDATE CASCADE
) ENGINE=InnoDB DEFAULT CHARSET=utf8mb4 COLLATE=utf8mb4_unicode_ci;

--
-- Dumping data for table `deposits`
--


--
-- Table structure for table `directors`
--

CREATE TABLE `directors` (
  `id` int unsigned NOT NULL AUTO_INCREMENT,
  `name` varchar(191) CHARACTER SET utf8mb4 COLLATE utf8mb4_unicode_ci NOT NULL,
  `image` varchar(191) CHARACTER SET utf8mb4 COLLATE utf8mb4_unicode_ci DEFAULT NULL,
  `biography` text CHARACTER SET utf8mb4 COLLATE utf8mb4_unicode_ci,
  `place_of_birth` text CHARACTER SET utf8mb4 COLLATE utf8mb4_unicode_ci,
  `DOB` date DEFAULT NULL,
  `created_at` timestamp NULL DEFAULT NULL,
  `updated_at` timestamp NULL DEFAULT NULL,
  `slug` longtext CHARACTER SET utf8mb4 COLLATE utf8mb4_unicode_ci,
  PRIMARY KEY (`id`)
) ENGINE=InnoDB DEFAULT CHARSET=utf8mb4 COLLATE=utf8mb4_unicode_ci;

--
-- Dumping data for table `directors`
--


--
-- Table structure for table `donater_lists`
--

CREATE TABLE `donater_lists` (
  `id` int NOT NULL AUTO_INCREMENT,
  `user_id` int unsigned DEFAULT NULL,
  `method` varchar(191) CHARACTER SET utf8mb4 COLLATE utf8mb4_unicode_ci DEFAULT NULL,
  `donor_msg` text CHARACTER SET utf8mb4 COLLATE utf8mb4_unicode_ci,
  `amount` varchar(191) CHARACTER SET utf8mb4 COLLATE utf8mb4_unicode_ci DEFAULT NULL,
  `payment_id` varchar(191) CHARACTER SET utf8mb4 COLLATE utf8mb4_unicode_ci DEFAULT NULL,
  `created_at` timestamp NULL DEFAULT NULL,
  `updated_at` timestamp NULL DEFAULT NULL,
  PRIMARY KEY (`id`)
) ENGINE=InnoDB DEFAULT CHARSET=utf8mb4 COLLATE=utf8mb4_unicode_ci;

--
-- Dumping data for table `donater_lists`
--


--
-- Table structure for table `episodes`
--

CREATE TABLE `episodes` (
  `id` int unsigned NOT NULL AUTO_INCREMENT,
  `seasons_id` int unsigned NOT NULL,
  `tmdb_id` varchar(191) CHARACTER SET utf8mb4 COLLATE utf8mb4_unicode_ci DEFAULT NULL,
  `thumbnail` varchar(200) CHARACTER SET utf8mb4 COLLATE utf8mb4_unicode_ci DEFAULT NULL,
  `episode_no` int DEFAULT NULL,
  `title` varchar(191) CHARACTER SET utf8mb4 COLLATE utf8mb4_unicode_ci NOT NULL,
  `tmdb` char(191) CHARACTER SET utf8mb4 COLLATE utf8mb4_unicode_ci DEFAULT NULL,
  `duration` varchar(191) CHARACTER SET utf8mb4 COLLATE utf8mb4_unicode_ci DEFAULT NULL,
  `detail` text CHARACTER SET utf8mb4 COLLATE utf8mb4_unicode_ci,
  `a_language` varchar(191) CHARACTER SET utf8mb4 COLLATE utf8mb4_unicode_ci DEFAULT NULL,
  `subtitle` tinyint(1) DEFAULT NULL,
  `released` varchar(191) CHARACTER SET utf8mb4 COLLATE utf8mb4_unicode_ci DEFAULT NULL,
  `type` char(191) CHARACTER SET utf8mb4 COLLATE utf8mb4_unicode_ci NOT NULL DEFAULT 'E',
  `created_at` timestamp NULL DEFAULT NULL,
  `updated_at` timestamp NULL DEFAULT NULL,
  PRIMARY KEY (`id`),
  KEY `episodes_seasons_id_foreign` (`seasons_id`)
) ENGINE=InnoDB AUTO_INCREMENT=22 DEFAULT CHARSET=utf8mb4 COLLATE=utf8mb4_unicode_ci;

--
-- Dumping data for table `episodes`
--

INSERT INTO `episodes` VALUES (13,7,NULL,'1661168999ادارة القلق والصدمات.jpeg',1,'كيفيّة إدارة الضغط النفسي ومقترحات لمعالجة الضغوطات','N',NULL,'{\"ar\":null}',NULL,0,NULL,'E','2022-08-22 17:19:59','2022-08-22 17:19:59'),(14,7,NULL,'1661169111ادارة القلق والصدمات.jpeg',2,'آثار الضغط النفسي على الصحّة والجسد','N',NULL,'{\"ar\":null}',NULL,0,NULL,'E','2022-08-22 17:21:51','2022-08-22 17:21:51'),(15,7,NULL,'thumb_1661169548ادارة القلق والصدمات.jpeg',3,'تعريف الضغط النفسي ومستوى الضغوطات','N',NULL,'{\"ar\":null}',NULL,0,NULL,'E','2022-08-22 17:22:59','2022-08-22 17:29:08'),(16,7,NULL,'1661170015ادارة القلق والصدمات.jpeg',4,'معنى العمل وتأثيره على قدرة التحمّل','N',NULL,'{\"ar\":null}',NULL,0,NULL,'E','2022-08-22 17:36:55','2022-08-22 17:36:55'),(17,7,NULL,'1661170165ادارة القلق والصدمات.jpeg',5,'الاحتراق من العمل','N',NULL,'{\"ar\":null}',NULL,0,NULL,'E','2022-08-22 17:39:25','2022-08-22 17:39:25'),(18,7,NULL,'1661170429ادارة القلق والصدمات.jpeg',6,'عامل الوقت وأنواع الصدمات','N',NULL,'{\"ar\":null}',NULL,0,NULL,'E','2022-08-22 17:43:49','2022-08-22 17:43:49'),(19,7,NULL,'1661170568ادارة القلق والصدمات.jpeg',7,'نوبات القلق ونوبات الهلع','N',NULL,'{\"ar\":null}',NULL,0,NULL,'E','2022-08-22 17:46:08','2022-08-22 17:46:08'),(20,8,NULL,'1661170919الاسعافات الاولية.PNG',1,'اسعاف الحروق','N',NULL,'{\"ar\":null}',NULL,0,NULL,'E','2022-08-22 17:51:59','2022-08-22 17:51:59'),(21,8,NULL,'1661171094الاسعافات الاولية.PNG',2,'السكتة الدماغية','N',NULL,'{\"ar\":null}',NULL,0,NULL,'E','2022-08-22 17:54:54','2022-08-22 17:54:54');

--
-- Table structure for table `faqs`
--

CREATE TABLE `faqs` (
  `id` int unsigned NOT NULL AUTO_INCREMENT,
  `question` text CHARACTER SET utf8mb4 COLLATE utf8mb4_unicode_ci,
  `answer` text CHARACTER SET utf8mb4 COLLATE utf8mb4_unicode_ci,
  `created_at` timestamp NULL DEFAULT NULL,
  `updated_at` timestamp NULL DEFAULT NULL,
  PRIMARY KEY (`id`)
) ENGINE=InnoDB AUTO_INCREMENT=4 DEFAULT CHARSET=utf8mb4 COLLATE=utf8mb4_unicode_ci;

--
-- Dumping data for table `faqs`
--

INSERT INTO `faqs` VALUES (1,'{\"en\":\"\\u0645\\u0627 \\u0647\\u064a \\u0627\\u0644\\u062e\\u062f\\u0645\\u0629 \\u0627\\u0644\\u062a\\u064a \\u064a\\u0642\\u062f\\u0645\\u0647\\u0627 \\u0627\\u0644\\u0645\\u0648\\u0642\\u0639 \\u061f\"}','{\"en\":\"\\u064a\\u0642\\u062f\\u0645 \\u0645\\u0648\\u0642\\u0639 \\u0633\\u0641\\u0631\\u0629 \\u0645\\u0642\\u0627\\u0637\\u0639 \\u0641\\u064a\\u062f\\u064a\\u0648 \\u0639\\u0646 \\u0648\\u0635\\u0641\\u0627\\u062a \\u0645\\u062e\\u062a\\u0644\\u0641\\u0629 \\u0644\\u0644\\u0627\\u0643\\u0644\"}','2022-04-10 16:29:42','2022-04-10 16:29:42'),(2,'{\"en\":\"\\u0643\\u064a\\u0641 \\u062a\\u0642\\u0648\\u0645 \\u0628\\u0627\\u0644\\u0627\\u0634\\u062a\\u0631\\u0627\\u0643 \\u0641\\u064a \\u0627\\u0644\\u0645\\u0648\\u0642\\u0639 \\u061f\"}','{\"en\":\"\\u0642\\u0645 \\u0628\\u0627\\u0644\\u0636\\u063a\\u0637 \\u0639\\u0644\\u0649 \\u0632\\u0631 \\u0627\\u0634\\u062a\\u0631\\u0627\\u0643 \\u0628\\u0627\\u0644\\u0627\\u0639\\u0644\\u0649 \\u0644\\u0643\\u064a \\u062a\\u062a\\u0645\\u062a\\u0639 \\u0628\\u0645\\u0634\\u0627\\u0647\\u062f\\u0629 \\u0627\\u0634\\u0647\\u0649 \\u0627\\u0644\\u0648\\u0635\\u0641\\u0627\\u062a\"}','2022-04-10 16:30:37','2022-04-10 16:30:37'),(3,'{\"en\":\"\\u0647\\u0644 \\u064a\\u0645\\u0643\\u0646\\u0646\\u064a \\u0627\\u0644\\u063a\\u0627\\u0621 \\u0627\\u0644\\u0627\\u0634\\u062a\\u0631\\u0627\\u0643 \\u0641\\u064a \\u0627\\u064a \\u0648\\u0642\\u062a \\u061f\"}','{\"en\":\"\\u0646\\u0639\\u0645 .. \\u0628\\u0627\\u0644\\u0636\\u063a\\u0637 \\u0639\\u0644\\u0649 \\u0632\\u0631 \\u0627\\u0644\\u063a\\u0627\\u0621 \\u0627\\u0644\\u0627\\u0634\\u062a\\u0631\\u0627\\u0643\"}','2022-04-10 16:31:13','2022-04-10 16:31:13');

--
-- Table structure for table `front_slider_updates`
--

CREATE TABLE `front_slider_updates` (
  `id` int unsigned NOT NULL AUTO_INCREMENT,
  `item_show` int unsigned DEFAULT NULL,
  `orderby` int DEFAULT '1',
  `sliderview` tinyint(1) NOT NULL,
  PRIMARY KEY (`id`)
) ENGINE=InnoDB DEFAULT CHARSET=utf8mb4 COLLATE=utf8mb4_unicode_ci;

--
-- Dumping data for table `front_slider_updates`
--


--
-- Table structure for table `genres`
--

CREATE TABLE `genres` (
  `id` int unsigned NOT NULL AUTO_INCREMENT,
  `name` varchar(100) CHARACTER SET utf8mb4 COLLATE utf8mb4_unicode_ci NOT NULL,
  `image` varchar(191) CHARACTER SET utf8mb4 COLLATE utf8mb4_unicode_ci DEFAULT NULL,
  `position` int NOT NULL,
  `created_at` timestamp NULL DEFAULT NULL,
  `updated_at` timestamp NULL DEFAULT NULL,
  PRIMARY KEY (`id`),
  UNIQUE KEY `name` (`name`)
) ENGINE=InnoDB AUTO_INCREMENT=11 DEFAULT CHARSET=utf8mb4 COLLATE=utf8mb4_unicode_ci;

--
-- Dumping data for table `genres`
--

INSERT INTO `genres` VALUES (10,'{\"ar\":\"courses\"}',NULL,1,'2022-08-22 17:15:25','2022-08-22 17:15:25');

--
-- Table structure for table `google_ads`
--

CREATE TABLE `google_ads` (
  `id` bigint unsigned NOT NULL AUTO_INCREMENT,
  `google_ad_client` varchar(191) CHARACTER SET utf8mb4 COLLATE utf8mb4_unicode_ci NOT NULL,
  `google_ad_slot` varchar(191) CHARACTER SET utf8mb4 COLLATE utf8mb4_unicode_ci NOT NULL,
  `google_ad_width` varchar(191) CHARACTER SET utf8mb4 COLLATE utf8mb4_unicode_ci NOT NULL,
  `google_ad_height` varchar(191) CHARACTER SET utf8mb4 COLLATE utf8mb4_unicode_ci NOT NULL,
  `google_ad_starttime` varchar(191) CHARACTER SET utf8mb4 COLLATE utf8mb4_unicode_ci NOT NULL,
  `google_ad_endtime` varchar(191) CHARACTER SET utf8mb4 COLLATE utf8mb4_unicode_ci NOT NULL,
  `created_at` timestamp NULL DEFAULT NULL,
  `updated_at` timestamp NULL DEFAULT NULL,
  PRIMARY KEY (`id`)
) ENGINE=InnoDB DEFAULT CHARSET=utf8mb4 COLLATE=utf8mb4_unicode_ci;

--
-- Dumping data for table `google_ads`
--


--
-- Table structure for table `home_blocks`
--

CREATE TABLE `home_blocks` (
  `id` int NOT NULL AUTO_INCREMENT,
  `movie_id` int DEFAULT NULL,
  `tv_series_id` int DEFAULT NULL,
  `is_active` int NOT NULL,
  `created_at` timestamp NULL DEFAULT NULL,
  `updated_at` timestamp NULL DEFAULT NULL,
  PRIMARY KEY (`id`)
) ENGINE=InnoDB DEFAULT CHARSET=utf8mb4 COLLATE=utf8mb4_unicode_ci;

--
-- Dumping data for table `home_blocks`
--


--
-- Table structure for table `home_sliders`
--

CREATE TABLE `home_sliders` (
  `id` int unsigned NOT NULL AUTO_INCREMENT,
  `movie_id` int unsigned DEFAULT NULL,
  `tv_series_id` int unsigned DEFAULT NULL,
  `slide_image` varchar(191) CHARACTER SET utf8mb4 COLLATE utf8mb4_unicode_ci DEFAULT NULL,
  `active` tinyint(1) NOT NULL DEFAULT '0',
  `position` int NOT NULL,
  `created_at` timestamp NULL DEFAULT NULL,
  `updated_at` timestamp NULL DEFAULT NULL,
  PRIMARY KEY (`id`),
  KEY `home_sliders_movie_id_foreign` (`movie_id`),
  KEY `home_sliders_tv_series_id_foreign` (`tv_series_id`)
) ENGINE=InnoDB AUTO_INCREMENT=10 DEFAULT CHARSET=utf8mb4 COLLATE=utf8mb4_unicode_ci;

--
-- Dumping data for table `home_sliders`
--

INSERT INTO `home_sliders` VALUES (4,26,NULL,'slide_1649502641WhatsApp Image 2022-03-28 at 1.23.54 PM.jpeg',1,3,'2022-04-09 16:40:42','2022-04-09 16:40:42'),(5,58,NULL,'slide_1649502664WhatsApp Image 2022-03-28 at 1.23.55 PM (1).jpeg',1,4,'2022-04-09 16:41:04','2022-04-09 16:41:04'),(6,64,NULL,'slide_1649502697WhatsApp Image 2022-03-28 at 1.23.55 PM.jpeg',1,5,'2022-04-09 16:41:37','2022-04-09 16:41:37'),(7,35,NULL,'slide_1649502719WhatsApp Image 2022-03-28 at 1.23.56 PM.jpeg',1,6,'2022-04-09 16:41:59','2022-04-09 16:41:59'),(8,13,NULL,'slide_1649502941WhatsApp Image 2022-03-28 at 1.23.52 PM.jpeg',1,5,'2022-04-09 16:45:41','2022-04-09 16:45:41'),(9,15,NULL,'slide_1649502985WhatsApp Image 2022-03-28 at 1.23.53 PM.jpeg',1,6,'2022-04-09 16:46:25','2022-04-09 16:46:25');

--
-- Table structure for table `ipns`
--

CREATE TABLE `ipns` (
  `id` bigint unsigned NOT NULL AUTO_INCREMENT,
  `ipn_version` varchar(10) CHARACTER SET utf8mb4 COLLATE utf8mb4_unicode_ci NOT NULL,
  `ipn_id` varchar(128) CHARACTER SET utf8mb4 COLLATE utf8mb4_unicode_ci NOT NULL,
  `ref_id` varchar(191) CHARACTER SET utf8mb4 COLLATE utf8mb4_unicode_ci DEFAULT NULL,
  `ipn_mode` varchar(32) CHARACTER SET utf8mb4 COLLATE utf8mb4_unicode_ci NOT NULL,
  `merchant` varchar(191) CHARACTER SET utf8mb4 COLLATE utf8mb4_unicode_ci NOT NULL,
  `ipn_type` varchar(32) CHARACTER SET utf8mb4 COLLATE utf8mb4_unicode_ci DEFAULT NULL,
  `address` varchar(128) CHARACTER SET utf8mb4 COLLATE utf8mb4_unicode_ci DEFAULT NULL,
  `txn_id` varchar(191) CHARACTER SET utf8mb4 COLLATE utf8mb4_unicode_ci DEFAULT NULL,
  `status` smallint DEFAULT NULL,
  `status_text` varchar(191) CHARACTER SET utf8mb4 COLLATE utf8mb4_unicode_ci DEFAULT NULL,
  `currency` varchar(191) CHARACTER SET utf8mb4 COLLATE utf8mb4_unicode_ci DEFAULT NULL,
  `currency1` varchar(191) CHARACTER SET utf8mb4 COLLATE utf8mb4_unicode_ci DEFAULT NULL,
  `currency2` varchar(191) CHARACTER SET utf8mb4 COLLATE utf8mb4_unicode_ci DEFAULT NULL,
  `confirms` tinyint unsigned DEFAULT NULL,
  `amount` varchar(191) CHARACTER SET utf8mb4 COLLATE utf8mb4_unicode_ci DEFAULT NULL,
  `amounti` varchar(191) CHARACTER SET utf8mb4 COLLATE utf8mb4_unicode_ci DEFAULT NULL,
  `amount1` varchar(191) CHARACTER SET utf8mb4 COLLATE utf8mb4_unicode_ci DEFAULT NULL,
  `amount2` varchar(191) CHARACTER SET utf8mb4 COLLATE utf8mb4_unicode_ci DEFAULT NULL,
  `fee` varchar(191) CHARACTER SET utf8mb4 COLLATE utf8mb4_unicode_ci DEFAULT NULL,
  `feei` varchar(191) CHARACTER SET utf8mb4 COLLATE utf8mb4_unicode_ci DEFAULT NULL,
  `dest_tag` varchar(191) CHARACTER SET utf8mb4 COLLATE utf8mb4_unicode_ci DEFAULT NULL,
  `buyer_name` varchar(191) CHARACTER SET utf8mb4 COLLATE utf8mb4_unicode_ci DEFAULT NULL,
  `item_name` varchar(191) CHARACTER SET utf8mb4 COLLATE utf8mb4_unicode_ci DEFAULT NULL,
  `item_number` varchar(191) CHARACTER SET utf8mb4 COLLATE utf8mb4_unicode_ci DEFAULT NULL,
  `invoice` varchar(191) CHARACTER SET utf8mb4 COLLATE utf8mb4_unicode_ci DEFAULT NULL,
  `custom` text CHARACTER SET utf8mb4 COLLATE utf8mb4_unicode_ci,
  `send_tx` varchar(191) CHARACTER SET utf8mb4 COLLATE utf8mb4_unicode_ci DEFAULT NULL,
  `received_amount` varchar(191) CHARACTER SET utf8mb4 COLLATE utf8mb4_unicode_ci DEFAULT NULL,
  `received_confirms` varchar(191) CHARACTER SET utf8mb4 COLLATE utf8mb4_unicode_ci DEFAULT NULL,
  `created_at` timestamp NULL DEFAULT NULL,
  `updated_at` timestamp NULL DEFAULT NULL,
  PRIMARY KEY (`id`),
  UNIQUE KEY `ipns_ipn_id_unique` (`ipn_id`),
  KEY `ipns_address_index` (`address`)
) ENGINE=InnoDB DEFAULT CHARSET=utf8mb4 COLLATE=utf8mb4_unicode_ci;

--
-- Dumping data for table `ipns`
--


--
-- Table structure for table `jobs`
--

CREATE TABLE `jobs` (
  `id` bigint unsigned NOT NULL AUTO_INCREMENT,
  `queue` varchar(191) CHARACTER SET utf8mb4 COLLATE utf8mb4_unicode_ci NOT NULL,
  `payload` text CHARACTER SET utf8mb4 COLLATE utf8mb4_unicode_ci NOT NULL,
  `attempts` tinyint(1) NOT NULL,
  `reserved_at` int unsigned DEFAULT NULL,
  `available_at` int unsigned NOT NULL,
  `created_at` datetime NOT NULL,
  PRIMARY KEY (`id`),
  KEY `jobs_queue_index` (`queue`)
) ENGINE=InnoDB DEFAULT CHARSET=utf8mb4 COLLATE=utf8mb4_unicode_ci;

--
-- Dumping data for table `jobs`
--


--
-- Table structure for table `labels`
--

CREATE TABLE `labels` (
  `id` bigint unsigned NOT NULL AUTO_INCREMENT,
  `name` text CHARACTER SET utf8mb4 COLLATE utf8mb4_unicode_ci NOT NULL,
  `created_at` timestamp NULL DEFAULT NULL,
  `updated_at` timestamp NULL DEFAULT NULL,
  PRIMARY KEY (`id`)
) ENGINE=InnoDB DEFAULT CHARSET=utf8mb4 COLLATE=utf8mb4_unicode_ci;

--
-- Dumping data for table `labels`
--


--
-- Table structure for table `landing_pages`
--

CREATE TABLE `landing_pages` (
  `id` int unsigned NOT NULL AUTO_INCREMENT,
  `image` varchar(191) CHARACTER SET utf8mb4 COLLATE utf8mb4_unicode_ci DEFAULT NULL,
  `heading` varchar(191) CHARACTER SET utf8mb4 COLLATE utf8mb4_unicode_ci DEFAULT NULL,
  `detail` text CHARACTER SET utf8mb4 COLLATE utf8mb4_unicode_ci,
  `button` tinyint(1) NOT NULL DEFAULT '1',
  `button_text` varchar(191) CHARACTER SET utf8mb4 COLLATE utf8mb4_unicode_ci DEFAULT NULL,
  `button_link` varchar(191) CHARACTER SET utf8mb4 COLLATE utf8mb4_unicode_ci DEFAULT NULL,
  `left` tinyint(1) NOT NULL DEFAULT '1',
  `position` int DEFAULT NULL,
  `created_at` timestamp NULL DEFAULT NULL,
  `updated_at` timestamp NULL DEFAULT NULL,
  PRIMARY KEY (`id`)
) ENGINE=InnoDB AUTO_INCREMENT=5 DEFAULT CHARSET=utf8mb4 COLLATE=utf8mb4_unicode_ci;

--
-- Dumping data for table `landing_pages`
--

INSERT INTO `landing_pages` VALUES (1,'landing_page_1604308741home_1.jpg','{\"en\":\"Welcome!  Join Next Hour\"}','{\"en\":\"Join Next Hour to watch the most recent motion pictures, elite TV appears and grant winning Next Hour membership at simply least cost.\"}',1,'{\"en\":\"Join Next Hour\"}','login',0,1,'2020-11-02 14:29:21','2020-11-02 14:49:01'),(2,'landing_page_1604308752home_2.jpg','{\"en\":\"Don\'t Miss TV Shows\"}','{\"en\":\"With your Next Hour membership, you approach select US and all TV shows, grant winning Next Hour Original Series and kids and children shows.\"}',1,'{\"en\":\"Register Now\"}','register',1,2,'2020-11-02 14:29:39','2020-11-02 14:49:12'),(3,'landing_page_1604308763home_3.jpg','{\"en\":\"Membership for Movies & TV shows\"}','{\"en\":\"Notwithstanding boundless gushing, your Next Hour membership incorporates elite Bollywood, Hollywood films, US and all TV shows, grant winning Next Hour Series and kids shows.\"}',1,'{\"en\":\"Login Now\"}','login',0,3,'2020-11-02 14:30:01','2020-11-02 14:49:23'),(4,'landing_page_1604308776home_4.jpg','{\"en\":\"Kids Special\"}','{\"en\":\"With simple to utilize parental controls and a committed children page, you can appreciate secure, advertisement free children and kids diversion. Children and kids can appreciate famous TV shows.\"}',1,'{\"en\":\"Get Now\"}','register',0,4,'2020-11-02 14:30:18','2020-11-02 14:49:36');

--
-- Table structure for table `languages`
--

CREATE TABLE `languages` (
  `id` int unsigned NOT NULL AUTO_INCREMENT,
  `local` varchar(191) CHARACTER SET utf8mb4 COLLATE utf8mb4_unicode_ci NOT NULL,
  `name` varchar(191) CHARACTER SET utf8mb4 COLLATE utf8mb4_unicode_ci NOT NULL,
  `def` tinyint(1) DEFAULT NULL,
  `created_at` timestamp NULL DEFAULT NULL,
  `updated_at` timestamp NULL DEFAULT NULL,
  `rtl` tinyint(1) NOT NULL DEFAULT '0',
  PRIMARY KEY (`id`)
) ENGINE=InnoDB AUTO_INCREMENT=3 DEFAULT CHARSET=utf8mb4 COLLATE=utf8mb4_unicode_ci;

--
-- Dumping data for table `languages`
--

INSERT INTO `languages` VALUES (1,'en','English',0,'2020-11-02 14:19:55','2022-04-09 19:05:28',1),(2,'ar','Arabic',1,'2022-03-31 15:54:50','2022-04-09 19:05:28',1);

--
-- Table structure for table `likes`
--

CREATE TABLE `likes` (
  `id` int NOT NULL AUTO_INCREMENT,
  `user_id` int NOT NULL,
  `blog_id` int NOT NULL,
  `added` varchar(11) CHARACTER SET utf8mb4 COLLATE utf8mb4_unicode_ci NOT NULL,
  `created_at` timestamp NULL DEFAULT NULL,
  `updated_at` timestamp NULL DEFAULT NULL,
  PRIMARY KEY (`id`)
) ENGINE=InnoDB DEFAULT CHARSET=utf8mb4 COLLATE=utf8mb4_unicode_ci;

--
-- Dumping data for table `likes`
--


--
-- Table structure for table `live_events`
--

CREATE TABLE `live_events` (
  `id` int NOT NULL AUTO_INCREMENT,
  `title` varchar(191) CHARACTER SET utf8mb4 COLLATE utf8mb4_unicode_ci NOT NULL,
  `slug` varchar(191) CHARACTER SET utf8mb4 COLLATE utf8mb4_unicode_ci NOT NULL,
  `description` text CHARACTER SET utf8mb4 COLLATE utf8mb4_unicode_ci NOT NULL,
  `type` varchar(191) CHARACTER SET utf8mb4 COLLATE utf8mb4_unicode_ci NOT NULL,
  `iframeurl` text CHARACTER SET utf8mb4 COLLATE utf8mb4_unicode_ci,
  `ready_url` text CHARACTER SET utf8mb4 COLLATE utf8mb4_unicode_ci,
  `start_time` datetime NOT NULL,
  `end_time` datetime NOT NULL,
  `status` tinyint(1) NOT NULL,
  `thumbnail` text CHARACTER SET utf8mb4 COLLATE utf8mb4_unicode_ci,
  `poster` text CHARACTER SET utf8mb4 COLLATE utf8mb4_unicode_ci,
  `genre_id` varchar(191) CHARACTER SET utf8mb4 COLLATE utf8mb4_unicode_ci DEFAULT NULL,
  `detail` longtext CHARACTER SET utf8mb4 COLLATE utf8mb4_unicode_ci,
  `organized_by` text CHARACTER SET utf8mb4 COLLATE utf8mb4_unicode_ci,
  `created_at` timestamp NULL DEFAULT NULL,
  `updated_at` timestamp NULL DEFAULT NULL,
  PRIMARY KEY (`id`)
) ENGINE=InnoDB DEFAULT CHARSET=utf8mb4 COLLATE=utf8mb4_unicode_ci;

--
-- Dumping data for table `live_events`
--


--
-- Table structure for table `log`
--

CREATE TABLE `log` (
  `id` int unsigned NOT NULL AUTO_INCREMENT,
  `type` varchar(32) CHARACTER SET utf8mb4 COLLATE utf8mb4_unicode_ci DEFAULT NULL,
  `log` text CHARACTER SET utf8mb4 COLLATE utf8mb4_unicode_ci NOT NULL,
  `created_at` timestamp NULL DEFAULT NULL,
  `updated_at` timestamp NULL DEFAULT NULL,
  PRIMARY KEY (`id`)
) ENGINE=InnoDB DEFAULT CHARSET=utf8mb4 COLLATE=utf8mb4_unicode_ci;

--
-- Dumping data for table `log`
--


--
-- Table structure for table `manual_payment_methods`
--

CREATE TABLE `manual_payment_methods` (
  `id` bigint unsigned NOT NULL AUTO_INCREMENT,
  `payment_name` varchar(191) CHARACTER SET utf8mb4 COLLATE utf8mb4_unicode_ci NOT NULL,
  `description` varchar(191) CHARACTER SET utf8mb4 COLLATE utf8mb4_unicode_ci NOT NULL,
  `thumbnail` varchar(191) CHARACTER SET utf8mb4 COLLATE utf8mb4_unicode_ci DEFAULT NULL,
  `status` int unsigned NOT NULL DEFAULT '0',
  `created_at` timestamp NULL DEFAULT NULL,
  `updated_at` timestamp NULL DEFAULT NULL,
  PRIMARY KEY (`id`),
  UNIQUE KEY `manual_payment_methods_payment_name_unique` (`payment_name`)
) ENGINE=InnoDB DEFAULT CHARSET=utf8mb4 COLLATE=utf8mb4_unicode_ci;

--
-- Dumping data for table `manual_payment_methods`
--


--
-- Table structure for table `manual_payments`
--

CREATE TABLE `manual_payments` (
  `id` bigint unsigned NOT NULL AUTO_INCREMENT,
  `user_id` int unsigned NOT NULL,
  `payment_id` varchar(191) CHARACTER SET utf8mb4 COLLATE utf8mb4_unicode_ci DEFAULT NULL,
  `user_name` varchar(191) CHARACTER SET utf8mb4 COLLATE utf8mb4_unicode_ci DEFAULT NULL,
  `package_id` int DEFAULT NULL,
  `price` double(8,2) NOT NULL,
  `status` tinyint(1) NOT NULL,
  `method` varchar(191) CHARACTER SET utf8mb4 COLLATE utf8mb4_unicode_ci NOT NULL,
  `file` varchar(191) CHARACTER SET utf8mb4 COLLATE utf8mb4_unicode_ci DEFAULT NULL,
  `subscription_from` datetime DEFAULT NULL,
  `subscription_to` datetime DEFAULT NULL,
  `created_at` timestamp NULL DEFAULT NULL,
  `updated_at` timestamp NULL DEFAULT NULL,
  PRIMARY KEY (`id`)
) ENGINE=InnoDB DEFAULT CHARSET=utf8mb4 COLLATE=utf8mb4_unicode_ci;

--
-- Dumping data for table `manual_payments`
--


--
-- Table structure for table `mass_withdrawals`
--

CREATE TABLE `mass_withdrawals` (
  `id` int unsigned NOT NULL AUTO_INCREMENT,
  `created_at` timestamp NULL DEFAULT NULL,
  `updated_at` timestamp NULL DEFAULT NULL,
  PRIMARY KEY (`id`)
) ENGINE=InnoDB DEFAULT CHARSET=utf8mb4 COLLATE=utf8mb4_unicode_ci;

--
-- Dumping data for table `mass_withdrawals`
--


--
-- Table structure for table `menu_genre_shows`
--

CREATE TABLE `menu_genre_shows` (
  `id` bigint unsigned NOT NULL AUTO_INCREMENT,
  `menu_id` int unsigned NOT NULL,
  `menu_section_id` int unsigned NOT NULL,
  `genre_id` int unsigned NOT NULL,
  PRIMARY KEY (`id`)
) ENGINE=InnoDB AUTO_INCREMENT=16 DEFAULT CHARSET=utf8mb4 COLLATE=utf8mb4_unicode_ci;

--
-- Dumping data for table `menu_genre_shows`
--

INSERT INTO `menu_genre_shows` VALUES (15,1,2,8);

--
-- Table structure for table `menu_sections`
--

CREATE TABLE `menu_sections` (
  `id` int unsigned NOT NULL AUTO_INCREMENT,
  `menu_id` int unsigned DEFAULT NULL,
  `section_id` int unsigned DEFAULT NULL,
  `item_limit` int unsigned DEFAULT NULL,
  `view` int unsigned NOT NULL DEFAULT '1',
  `order` int unsigned NOT NULL DEFAULT '1',
  PRIMARY KEY (`id`)
) ENGINE=InnoDB AUTO_INCREMENT=13 DEFAULT CHARSET=utf8mb4 COLLATE=utf8mb4_unicode_ci;

--
-- Dumping data for table `menu_sections`
--

INSERT INTO `menu_sections` VALUES (11,1,2,9,1,1),(12,1,7,NULL,1,1);

--
-- Table structure for table `menu_videos`
--

CREATE TABLE `menu_videos` (
  `id` int unsigned NOT NULL AUTO_INCREMENT,
  `menu_id` int unsigned NOT NULL,
  `movie_id` int unsigned DEFAULT NULL,
  `tv_series_id` int unsigned DEFAULT NULL,
  `live_event_id` int DEFAULT NULL,
  `audio_id` int DEFAULT NULL,
  `created_at` timestamp NULL DEFAULT NULL,
  `updated_at` timestamp NULL DEFAULT NULL,
  PRIMARY KEY (`id`),
  KEY `menu_videos_menu_id_foreign` (`menu_id`),
  KEY `menu_videos_movie_id_foreign` (`movie_id`),
  KEY `menu_videos_tv_series_id_foreign` (`tv_series_id`)
) ENGINE=InnoDB AUTO_INCREMENT=142 DEFAULT CHARSET=utf8mb4 COLLATE=utf8mb4_unicode_ci;

--
-- Dumping data for table `menu_videos`
--

INSERT INTO `menu_videos` VALUES (11,1,2,NULL,NULL,NULL,'2022-04-08 14:13:40','2022-04-08 14:13:40'),(13,1,3,NULL,NULL,NULL,'2022-04-08 14:15:58','2022-04-08 14:15:58'),(14,1,4,NULL,NULL,NULL,'2022-04-08 14:17:49','2022-04-08 14:17:49'),(15,1,5,NULL,NULL,NULL,'2022-04-08 14:19:58','2022-04-08 14:19:58'),(16,1,6,NULL,NULL,NULL,'2022-04-08 14:22:34','2022-04-08 14:22:34'),(17,1,7,NULL,NULL,NULL,'2022-04-08 14:25:25','2022-04-08 14:25:25'),(18,1,8,NULL,NULL,NULL,'2022-04-08 14:27:36','2022-04-08 14:27:36'),(19,1,9,NULL,NULL,NULL,'2022-04-08 14:29:47','2022-04-08 14:29:47'),(20,1,10,NULL,NULL,NULL,'2022-04-08 14:39:43','2022-04-08 14:39:43'),(21,1,11,NULL,NULL,NULL,'2022-04-08 14:45:28','2022-04-08 14:45:28'),(22,1,12,NULL,NULL,NULL,'2022-04-08 14:47:14','2022-04-08 14:47:14'),(23,1,13,NULL,NULL,NULL,'2022-04-08 14:49:03','2022-04-08 14:49:03'),(24,1,14,NULL,NULL,NULL,'2022-04-08 14:50:46','2022-04-08 14:50:46'),(25,1,15,NULL,NULL,NULL,'2022-04-08 14:53:26','2022-04-08 14:53:26'),(28,1,18,NULL,NULL,NULL,'2022-04-08 14:57:15','2022-04-08 14:57:15'),(29,1,19,NULL,NULL,NULL,'2022-04-08 14:58:01','2022-04-08 14:58:01'),(30,1,20,NULL,NULL,NULL,'2022-04-08 14:59:07','2022-04-08 14:59:07'),(31,1,21,NULL,NULL,NULL,'2022-04-08 14:59:56','2022-04-08 14:59:56'),(32,1,22,NULL,NULL,NULL,'2022-04-08 15:00:43','2022-04-08 15:00:43'),(34,1,24,NULL,NULL,NULL,'2022-04-08 15:05:11','2022-04-08 15:05:11'),(35,1,25,NULL,NULL,NULL,'2022-04-08 15:06:20','2022-04-08 15:06:20'),(36,1,26,NULL,NULL,NULL,'2022-04-08 15:07:13','2022-04-08 15:07:13'),(38,1,17,NULL,NULL,NULL,'2022-04-08 15:09:48','2022-04-08 15:09:48'),(39,1,28,NULL,NULL,NULL,'2022-04-08 15:10:38','2022-04-08 15:10:38'),(40,1,29,NULL,NULL,NULL,'2022-04-08 15:11:38','2022-04-08 15:11:38'),(41,1,30,NULL,NULL,NULL,'2022-04-08 15:14:23','2022-04-08 15:14:23'),(42,1,31,NULL,NULL,NULL,'2022-04-08 15:15:15','2022-04-08 15:15:15'),(43,1,32,NULL,NULL,NULL,'2022-04-08 15:16:07','2022-04-08 15:16:07'),(44,1,33,NULL,NULL,NULL,'2022-04-08 15:17:13','2022-04-08 15:17:13'),(45,1,34,NULL,NULL,NULL,'2022-04-08 15:18:41','2022-04-08 15:18:41'),(46,1,35,NULL,NULL,NULL,'2022-04-08 15:19:28','2022-04-08 15:19:28'),(47,1,36,NULL,NULL,NULL,'2022-04-08 15:20:56','2022-04-08 15:20:56'),(48,1,37,NULL,NULL,NULL,'2022-04-08 15:21:46','2022-04-08 15:21:46'),(49,1,38,NULL,NULL,NULL,'2022-04-08 15:22:57','2022-04-08 15:22:57'),(50,1,39,NULL,NULL,NULL,'2022-04-08 15:24:06','2022-04-08 15:24:06'),(51,1,40,NULL,NULL,NULL,'2022-04-08 15:25:10','2022-04-08 15:25:10'),(52,1,41,NULL,NULL,NULL,'2022-04-08 15:26:06','2022-04-08 15:26:06'),(53,1,42,NULL,NULL,NULL,'2022-04-08 15:27:04','2022-04-08 15:27:04'),(54,1,43,NULL,NULL,NULL,'2022-04-08 15:28:03','2022-04-08 15:28:03'),(55,1,44,NULL,NULL,NULL,'2022-04-08 15:29:37','2022-04-08 15:29:37'),(56,1,45,NULL,NULL,NULL,'2022-04-08 15:30:51','2022-04-08 15:30:51'),(57,1,46,NULL,NULL,NULL,'2022-04-08 15:31:41','2022-04-08 15:31:41'),(58,1,47,NULL,NULL,NULL,'2022-04-08 15:32:36','2022-04-08 15:32:36'),(59,1,48,NULL,NULL,NULL,'2022-04-08 15:33:30','2022-04-08 15:33:30'),(60,1,49,NULL,NULL,NULL,'2022-04-08 15:34:23','2022-04-08 15:34:23'),(61,1,50,NULL,NULL,NULL,'2022-04-08 15:35:46','2022-04-08 15:35:46'),(62,1,51,NULL,NULL,NULL,'2022-04-08 15:36:33','2022-04-08 15:36:33'),(63,1,52,NULL,NULL,NULL,'2022-04-08 15:38:07','2022-04-08 15:38:07'),(65,1,54,NULL,NULL,NULL,'2022-04-08 15:39:54','2022-04-08 15:39:54'),(66,1,55,NULL,NULL,NULL,'2022-04-08 15:42:06','2022-04-08 15:42:06'),(67,1,56,NULL,NULL,NULL,'2022-04-09 02:35:42','2022-04-09 02:35:42'),(68,1,57,NULL,NULL,NULL,'2022-04-09 02:36:38','2022-04-09 02:36:38'),(69,1,58,NULL,NULL,NULL,'2022-04-09 02:44:14','2022-04-09 02:44:14'),(70,1,59,NULL,NULL,NULL,'2022-04-09 02:47:17','2022-04-09 02:47:17'),(71,1,60,NULL,NULL,NULL,'2022-04-09 02:48:17','2022-04-09 02:48:17'),(72,1,61,NULL,NULL,NULL,'2022-04-09 02:49:58','2022-04-09 02:49:58'),(73,1,62,NULL,NULL,NULL,'2022-04-09 02:52:14','2022-04-09 02:52:14'),(74,1,63,NULL,NULL,NULL,'2022-04-09 02:53:24','2022-04-09 02:53:24'),(75,1,64,NULL,NULL,NULL,'2022-04-09 02:54:40','2022-04-09 02:54:40'),(76,1,65,NULL,NULL,NULL,'2022-04-09 02:55:30','2022-04-09 02:55:30'),(80,1,69,NULL,NULL,NULL,'2022-04-09 03:00:03','2022-04-09 03:00:03'),(81,1,70,NULL,NULL,NULL,'2022-04-09 03:01:00','2022-04-09 03:01:00'),(82,1,71,NULL,NULL,NULL,'2022-04-09 03:02:11','2022-04-09 03:02:11'),(83,1,72,NULL,NULL,NULL,'2022-04-09 03:04:21','2022-04-09 03:04:21'),(84,1,73,NULL,NULL,NULL,'2022-04-09 16:22:24','2022-04-09 16:22:24'),(85,1,74,NULL,NULL,NULL,'2022-04-09 16:23:23','2022-04-09 16:23:23'),(86,1,75,NULL,NULL,NULL,'2022-04-09 16:24:09','2022-04-09 16:24:09'),(87,1,76,NULL,NULL,NULL,'2022-04-09 16:24:46','2022-04-09 16:24:46'),(88,1,77,NULL,NULL,NULL,'2022-04-09 16:25:36','2022-04-09 16:25:36'),(89,1,78,NULL,NULL,NULL,'2022-04-09 16:26:20','2022-04-09 16:26:20'),(90,1,79,NULL,NULL,NULL,'2022-04-09 16:27:09','2022-04-09 16:27:09'),(91,1,80,NULL,NULL,NULL,'2022-04-09 16:27:57','2022-04-09 16:27:57'),(92,1,81,NULL,NULL,NULL,'2022-04-09 16:30:07','2022-04-09 16:30:07'),(93,1,82,NULL,NULL,NULL,'2022-04-10 15:10:44','2022-04-10 15:10:44'),(95,1,84,NULL,NULL,NULL,'2022-04-10 15:30:11','2022-04-10 15:30:11'),(96,1,85,NULL,NULL,NULL,'2022-04-10 15:32:37','2022-04-10 15:32:37'),(97,1,86,NULL,NULL,NULL,'2022-04-10 15:34:07','2022-04-10 15:34:07'),(98,1,87,NULL,NULL,NULL,'2022-04-10 15:36:22','2022-04-10 15:36:22'),(100,1,89,NULL,NULL,NULL,'2022-04-10 15:39:45','2022-04-10 15:39:45'),(101,1,90,NULL,NULL,NULL,'2022-04-10 15:41:16','2022-04-10 15:41:16'),(102,1,91,NULL,NULL,NULL,'2022-04-10 15:42:54','2022-04-10 15:42:54'),(103,1,92,NULL,NULL,NULL,'2022-04-10 15:44:21','2022-04-10 15:44:21'),(104,1,93,NULL,NULL,NULL,'2022-04-10 15:45:34','2022-04-10 15:45:34'),(105,1,94,NULL,NULL,NULL,'2022-04-10 15:51:51','2022-04-10 15:51:51'),(106,1,95,NULL,NULL,NULL,'2022-04-10 15:53:35','2022-04-10 15:53:35'),(108,1,96,NULL,NULL,NULL,'2022-04-10 15:56:37','2022-04-10 15:56:37'),(109,1,1,NULL,NULL,NULL,'2022-04-10 17:05:59','2022-04-10 17:05:59'),(110,1,83,NULL,NULL,NULL,'2022-04-10 17:07:05','2022-04-10 17:07:05'),(111,1,67,NULL,NULL,NULL,'2022-04-10 17:17:13','2022-04-10 17:17:13'),(112,1,68,NULL,NULL,NULL,'2022-04-10 17:20:24','2022-04-10 17:20:24'),(113,1,27,NULL,NULL,NULL,'2022-04-10 17:21:19','2022-04-10 17:21:19'),(114,1,16,NULL,NULL,NULL,'2022-04-10 17:21:52','2022-04-10 17:21:52'),(115,1,66,NULL,NULL,NULL,'2022-04-10 17:23:24','2022-04-10 17:23:24'),(116,1,53,NULL,NULL,NULL,'2022-04-10 18:38:22','2022-04-10 18:38:22'),(117,1,23,NULL,NULL,NULL,'2022-04-10 18:39:49','2022-04-10 18:39:49'),(118,1,88,NULL,NULL,NULL,'2022-06-02 18:14:31','2022-06-02 18:14:31'),(140,1,NULL,8,NULL,NULL,'2022-08-22 17:17:20','2022-08-22 17:17:20'),(141,1,NULL,9,NULL,NULL,'2022-08-22 17:48:25','2022-08-22 17:48:25');

--
-- Table structure for table `menus`
--

CREATE TABLE `menus` (
  `id` int unsigned NOT NULL AUTO_INCREMENT,
  `name` varchar(191) CHARACTER SET utf8mb4 COLLATE utf8mb4_unicode_ci NOT NULL,
  `slug` varchar(191) CHARACTER SET utf8mb4 COLLATE utf8mb4_unicode_ci DEFAULT NULL,
  `position` bigint DEFAULT NULL,
  `created_at` timestamp NULL DEFAULT NULL,
  `updated_at` timestamp NULL DEFAULT NULL,
  PRIMARY KEY (`id`)
) ENGINE=InnoDB AUTO_INCREMENT=3 DEFAULT CHARSET=utf8mb4 COLLATE=utf8mb4_unicode_ci;

--
-- Dumping data for table `menus`
--

INSERT INTO `menus` VALUES (1,'{\"en\":\"\\u0648\\u0635\\u0641\\u0627\\u062a\",\"ar\":\"\\u0648\\u0635\\u0641\\u0627\\u062a\"}','osfat',1,'2022-03-31 16:19:30','2022-04-10 18:37:24');

--
-- Table structure for table `migrations`
--

CREATE TABLE `migrations` (
  `id` int unsigned NOT NULL AUTO_INCREMENT,
  `migration` varchar(191) CHARACTER SET utf8mb4 COLLATE utf8mb4_unicode_ci NOT NULL,
  `batch` int NOT NULL,
  PRIMARY KEY (`id`)
) ENGINE=InnoDB AUTO_INCREMENT=106 DEFAULT CHARSET=utf8mb4 COLLATE=utf8mb4_unicode_ci;

--
-- Dumping data for table `migrations`
--

INSERT INTO `migrations` VALUES (1,'2016_06_01_000001_create_oauth_auth_codes_table',1),(2,'2016_06_01_000002_create_oauth_access_tokens_table',1),(3,'2016_06_01_000003_create_oauth_refresh_tokens_table',1),(4,'2016_06_01_000004_create_oauth_clients_table',1),(5,'2016_06_01_000005_create_oauth_personal_access_clients_table',1),(6,'2017_09_15_051156_setup_coinpayment_tables',1),(7,'2018_03_24_032432_create_callback_address_table',1),(8,'2018_05_07_123123_fix_transactions_table',1),(9,'2018_05_08_037214_cp_create_mass_withdrawal',1),(10,'2018_07_01_112608_add_column_dest_tag_to_transactions_table',1),(11,'2018_08_29_205156_create_translations_table',1),(12,'2019_05_03_000002_create_subscriptions_table',1),(13,'2019_05_03_000003_create_subscription_items_table',1),(14,'2020_06_14_180448_create_actors_table',1),(15,'2020_06_14_180448_create_ads_table',1),(16,'2020_06_14_180448_create_adsenses_table',1),(17,'2020_06_14_180448_create_audio_languages_table',1),(18,'2020_06_14_180448_create_auth_customizes_table',1),(19,'2020_06_14_180448_create_blog_menu_table',1),(20,'2020_06_14_180448_create_blogs_table',1),(21,'2020_06_14_180448_create_buttons_table',1),(22,'2020_06_14_180448_create_comments_table',1),(23,'2020_06_14_180448_create_configs_table',1),(24,'2020_06_14_180448_create_coupon_codes_table',1),(25,'2020_06_14_180448_create_cps_cpp_table',1),(26,'2020_06_14_180448_create_custom_pages_table',1),(27,'2020_06_14_180448_create_directors_table',1),(28,'2020_06_14_180448_create_donater_lists_table',1),(29,'2020_06_14_180448_create_episodes_table',1),(30,'2020_06_14_180448_create_faqs_table',1),(31,'2020_06_14_180448_create_front_slider_updates_table',1),(32,'2020_06_14_180448_create_genres_table',1),(33,'2020_06_14_180448_create_home_blocks_table',1),(34,'2020_06_14_180448_create_home_sliders_table',1),(35,'2020_06_14_180448_create_home_translations_table',1),(36,'2020_06_14_180448_create_jobs_table',1),(37,'2020_06_14_180448_create_landing_pages_table',1),(38,'2020_06_14_180448_create_languages_table',1),(39,'2020_06_14_180448_create_likes_table',1),(40,'2020_06_14_180448_create_live_events_table',1),(41,'2020_06_14_180448_create_menu_sections_table',1),(42,'2020_06_14_180448_create_menu_videos_table',1),(43,'2020_06_14_180448_create_menus_table',1),(44,'2020_06_14_180448_create_movie_comments_table',1),(45,'2020_06_14_180448_create_movie_series_table',1),(46,'2020_06_14_180448_create_movie_subcomments_table',1),(47,'2020_06_14_180448_create_movies_table',1),(48,'2020_06_14_180448_create_multiple_links_table',1),(49,'2020_06_14_180448_create_multiplescreens_table',1),(50,'2020_06_14_180448_create_notifications_table',1),(51,'2020_06_14_180448_create_package_menu_table',1),(52,'2020_06_14_180448_create_packages_table',1),(53,'2020_06_14_180448_create_password_resets_table',1),(54,'2020_06_14_180448_create_paypal_subscriptions_table',1),(55,'2020_06_14_180448_create_plans_table',1),(56,'2020_06_14_180448_create_player_settings_table',1),(57,'2020_06_14_180448_create_pricing_texts_table',1),(58,'2020_06_14_180448_create_seasons_table',1),(59,'2020_06_14_180448_create_seos_table',1),(60,'2020_06_14_180448_create_sessions_table',1),(61,'2020_06_14_180448_create_social_icons_table',1),(62,'2020_06_14_180448_create_subcomments_table',1),(63,'2020_06_14_180448_create_subtitles_table',1),(64,'2020_06_14_180448_create_tv_series_table',1),(65,'2020_06_14_180448_create_user_ratings_table',1),(66,'2020_06_14_180448_create_users_table',1),(67,'2020_06_14_180448_create_videolinks_table',1),(68,'2020_06_14_180448_create_views_table',1),(69,'2020_06_14_180448_create_watch_histories_table',1),(70,'2020_06_14_180448_create_wishlists_table',1),(71,'2020_06_14_180452_add_foreign_keys_to_episodes_table',1),(72,'2020_06_14_180452_add_foreign_keys_to_home_sliders_table',1),(73,'2020_06_22_122007_create_audio_table',1),(74,'2020_06_24_150735_create_manual_payments_table',1),(75,'2020_06_25_115048_create_app_configs_table',1),(76,'2020_06_25_132738_create_splash_screens_table',1),(77,'2020_06_25_180556_create_app_sliders_table',1),(78,'2020_06_29_102308_commingsoon_enabled_ip_to_buttons_table',1),(79,'2020_10_31_114942_add_column_to_player_settings_table',1),(80,'2020_11_02_113133_add_columns',1),(81,'2020_11_02_114440_create_reminder_mails_table',1),(82,'2020_11_07_135552_create_chat_setting_table',1),(83,'2021_06_05_112917_add_columns_in_users_table_custom',1),(84,'2021_06_05_130920_add_columns_existing',1),(85,'2020_11_06_114837_create_table',2),(86,'2020_11_06_115740_add_column_table',2),(87,'2020_12_03_153005_add_column_update_31_table',3),(88,'2020_12_24_121353_add_column_update_v3_2',4),(89,'2021_03_07_162535_create_coupon_applies_table',4),(90,'2021_03_22_112446_create_menu_genre_shows_table',5),(91,'2021_04_17_131827_create_google_ads_table',5),(92,'2021_05_03_144635_add_column_update_v3_3',5),(93,'2020_12_02_123844_create_manual_payment_methods_table',6),(94,'2021_06_13_182042_remove_column_update_v3_4',6),(95,'2021_06_13_185438_add_column_update_v3_4',6),(96,'2021_06_12_145328_create_package_features_table',7),(97,'2021_06_18_112730_add_column_update_v4_0',7),(98,'2021_07_03_084019_create_color_schemes_table',7),(99,'2021_07_20_094823_create_labels_table',7),(100,'2021_08_20_183347_remove_column_v4_0',7),(101,'2013_11_26_161501_create_currency_table',8),(102,'2021_08_30_180428_create_new_permission_tables',8),(103,'2021_08_30_180428_create_permission_tables',8),(104,'2021_09_04_110417_add_column_update_v_4_1',8),(105,'2021_09_17_182123_remove_column_v4_1',8);

--
-- Table structure for table `model_has_permissions`
--

CREATE TABLE `model_has_permissions` (
  `permission_id` bigint unsigned NOT NULL,
  `model_type` varchar(191) CHARACTER SET utf8mb4 COLLATE utf8mb4_unicode_ci NOT NULL,
  `model_id` bigint unsigned NOT NULL,
  PRIMARY KEY (`permission_id`,`model_id`,`model_type`),
  KEY `model_has_permissions_model_id_model_type_index` (`model_id`,`model_type`)
) ENGINE=InnoDB DEFAULT CHARSET=utf8mb4 COLLATE=utf8mb4_unicode_ci;

--
-- Dumping data for table `model_has_permissions`
--


--
-- Table structure for table `model_has_roles`
--

CREATE TABLE `model_has_roles` (
  `role_id` bigint unsigned NOT NULL,
  `model_type` varchar(191) CHARACTER SET utf8mb4 COLLATE utf8mb4_unicode_ci NOT NULL,
  `model_id` bigint unsigned NOT NULL,
  PRIMARY KEY (`role_id`,`model_id`,`model_type`),
  KEY `model_has_roles_model_id_model_type_index` (`model_id`,`model_type`)
) ENGINE=InnoDB DEFAULT CHARSET=utf8mb4 COLLATE=utf8mb4_unicode_ci;

--
-- Dumping data for table `model_has_roles`
--

INSERT INTO `model_has_roles` VALUES (1,'App\\User',1),(3,'App\\User',4),(4,'App\\User',4),(1,'App\\User',6),(3,'App\\User',7),(5,'App\\User',8),(5,'App\\User',9),(5,'App\\User',12),(5,'App\\User',16),(5,'App\\User',20),(5,'App\\User',22),(5,'App\\User',23),(5,'App\\User',25),(5,'App\\User',26),(5,'App\\User',27),(5,'App\\User',28),(5,'App\\User',29),(5,'App\\User',30),(5,'App\\User',31),(5,'App\\User',32),(5,'App\\User',33),(5,'App\\User',34),(5,'App\\User',35);

--
-- Table structure for table `movie_comments`
--

CREATE TABLE `movie_comments` (
  `id` int NOT NULL AUTO_INCREMENT,
  `name` varchar(200) CHARACTER SET utf8mb4 COLLATE utf8mb4_unicode_ci DEFAULT NULL,
  `user_id` int NOT NULL,
  `email` varchar(100) CHARACTER SET utf8mb4 COLLATE utf8mb4_unicode_ci DEFAULT NULL,
  `movie_id` int DEFAULT NULL,
  `tv_series_id` int DEFAULT NULL,
  `comment` text CHARACTER SET utf8mb4 COLLATE utf8mb4_unicode_ci,
  `created_at` timestamp NULL DEFAULT NULL,
  `updated_at` timestamp NULL DEFAULT NULL,
  `status` tinyint(1) NOT NULL DEFAULT '0',
  PRIMARY KEY (`id`)
) ENGINE=InnoDB DEFAULT CHARSET=utf8mb4 COLLATE=utf8mb4_unicode_ci;

--
-- Dumping data for table `movie_comments`
--


--
-- Table structure for table `movie_series`
--

CREATE TABLE `movie_series` (
  `id` int unsigned NOT NULL AUTO_INCREMENT,
  `movie_id` int unsigned NOT NULL,
  `series_movie_id` varchar(191) CHARACTER SET utf8mb4 COLLATE utf8mb4_unicode_ci NOT NULL,
  `created_at` timestamp NULL DEFAULT NULL,
  `updated_at` timestamp NULL DEFAULT NULL,
  PRIMARY KEY (`id`),
  KEY `movie_series_movie_id_foreign` (`movie_id`)
) ENGINE=InnoDB AUTO_INCREMENT=6 DEFAULT CHARSET=utf8mb4 COLLATE=utf8mb4_unicode_ci;

--
-- Dumping data for table `movie_series`
--


--
-- Table structure for table `movie_subcomments`
--

CREATE TABLE `movie_subcomments` (
  `id` int NOT NULL AUTO_INCREMENT,
  `user_id` int DEFAULT NULL,
  `comment_id` int DEFAULT NULL,
  `reply` varchar(200) CHARACTER SET utf8mb4 COLLATE utf8mb4_unicode_ci DEFAULT NULL,
  `created_at` timestamp NULL DEFAULT NULL,
  `updated_at` timestamp NULL DEFAULT NULL,
  `status` tinyint(1) NOT NULL DEFAULT '0',
  PRIMARY KEY (`id`)
) ENGINE=InnoDB DEFAULT CHARSET=utf8mb4 COLLATE=utf8mb4_unicode_ci;

--
-- Dumping data for table `movie_subcomments`
--


--
-- Table structure for table `multiple_links`
--

CREATE TABLE `multiple_links` (
  `id` int NOT NULL AUTO_INCREMENT,
  `movie_id` int DEFAULT NULL,
  `episode_id` int DEFAULT NULL,
  `download` tinyint(1) NOT NULL,
  `quality` varchar(191) CHARACTER SET utf8mb4 COLLATE utf8mb4_unicode_ci NOT NULL,
  `size` varchar(191) CHARACTER SET utf8mb4 COLLATE utf8mb4_unicode_ci NOT NULL,
  `language` varchar(191) CHARACTER SET utf8mb4 COLLATE utf8mb4_unicode_ci NOT NULL,
  `url` varchar(191) CHARACTER SET utf8mb4 COLLATE utf8mb4_unicode_ci NOT NULL,
  `clicks` int NOT NULL DEFAULT '0',
  `created_at` timestamp NULL DEFAULT NULL,
  `updated_at` timestamp NULL DEFAULT NULL,
  PRIMARY KEY (`id`)
) ENGINE=InnoDB DEFAULT CHARSET=utf8mb4 COLLATE=utf8mb4_unicode_ci;

--
-- Dumping data for table `multiple_links`
--


--
-- Table structure for table `multiplescreens`
--

CREATE TABLE `multiplescreens` (
  `id` int unsigned NOT NULL AUTO_INCREMENT,
  `screen1` varchar(50) CHARACTER SET utf8mb4 COLLATE utf8mb4_unicode_ci DEFAULT NULL,
  `screen2` varchar(50) CHARACTER SET utf8mb4 COLLATE utf8mb4_unicode_ci DEFAULT NULL,
  `screen3` varchar(50) CHARACTER SET utf8mb4 COLLATE utf8mb4_unicode_ci DEFAULT NULL,
  `screen4` varchar(50) CHARACTER SET utf8mb4 COLLATE utf8mb4_unicode_ci DEFAULT NULL,
  `user_id` int unsigned NOT NULL,
  `activescreen` varchar(191) CHARACTER SET utf8mb4 COLLATE utf8mb4_unicode_ci DEFAULT NULL,
  `screen_1_used` varchar(100) CHARACTER SET utf8mb4 COLLATE utf8mb4_unicode_ci NOT NULL DEFAULT 'NO',
  `screen_2_used` varchar(100) CHARACTER SET utf8mb4 COLLATE utf8mb4_unicode_ci NOT NULL DEFAULT 'NO',
  `screen_3_used` varchar(100) CHARACTER SET utf8mb4 COLLATE utf8mb4_unicode_ci NOT NULL DEFAULT 'NO',
  `screen_4_used` varchar(100) CHARACTER SET utf8mb4 COLLATE utf8mb4_unicode_ci NOT NULL DEFAULT 'NO',
  `device_mac_1` varchar(100) CHARACTER SET utf8mb4 COLLATE utf8mb4_unicode_ci DEFAULT NULL,
  `device_mac_2` varchar(100) CHARACTER SET utf8mb4 COLLATE utf8mb4_unicode_ci DEFAULT NULL,
  `device_mac_3` varchar(100) CHARACTER SET utf8mb4 COLLATE utf8mb4_unicode_ci DEFAULT NULL,
  `device_mac_4` varchar(100) CHARACTER SET utf8mb4 COLLATE utf8mb4_unicode_ci DEFAULT NULL,
  `download_1` int DEFAULT NULL,
  `download_2` int DEFAULT NULL,
  `download_3` int DEFAULT NULL,
  `download_4` int DEFAULT NULL,
  `pkg_id` int unsigned NOT NULL,
  `created_at` timestamp NULL DEFAULT NULL,
  `updated_at` timestamp NULL DEFAULT NULL,
  PRIMARY KEY (`id`)
) ENGINE=InnoDB DEFAULT CHARSET=utf8mb4 COLLATE=utf8mb4_unicode_ci;

--
-- Dumping data for table `multiplescreens`
--


--
-- Table structure for table `notifications`
--

CREATE TABLE `notifications` (
  `id` char(36) CHARACTER SET utf8mb4 COLLATE utf8mb4_unicode_ci NOT NULL,
  `type` varchar(191) CHARACTER SET utf8mb4 COLLATE utf8mb4_unicode_ci NOT NULL,
  `title` longtext CHARACTER SET utf8mb4 COLLATE utf8mb4_unicode_ci,
  `notifiable_type` varchar(191) CHARACTER SET utf8mb4 COLLATE utf8mb4_unicode_ci NOT NULL,
  `notifiable_id` bigint unsigned NOT NULL,
  `data` text CHARACTER SET utf8mb4 COLLATE utf8mb4_unicode_ci NOT NULL,
  `movie_id` int DEFAULT NULL,
  `tv_id` int DEFAULT NULL,
  `read_at` timestamp NULL DEFAULT NULL,
  `created_at` timestamp NULL DEFAULT NULL,
  `updated_at` timestamp NULL DEFAULT NULL,
  PRIMARY KEY (`id`),
  KEY `notifications_notifiable_type_notifiable_id_index` (`notifiable_type`,`notifiable_id`)
) ENGINE=InnoDB DEFAULT CHARSET=utf8mb4 COLLATE=utf8mb4_unicode_ci;

--
-- Dumping data for table `notifications`
--

INSERT INTO `notifications` VALUES ('216375d3-11fe-4086-be48-db13d2bea5e2','App\\Notifications\\MyNotification','وصل','App\\User',28,'{\"title\":\"\\u0648\\u0635\\u0644\",\"data\":\"car snorkel\",\"movie_id\":\"89\",\"tv_id\":null,\"notifiable_id\":[[\"28\"]]}',89,NULL,'2022-06-02 17:26:42','2022-06-02 17:26:05','2022-06-02 17:26:42'),('c7db879e-4d8c-4a8b-80bc-b9ef4f41b21b','App\\Notifications\\MyNotification','test','App\\User',28,'{\"title\":\"test\",\"data\":\"est\",\"movie_id\":\"92\",\"tv_id\":null,\"notifiable_id\":[[\"28\"]]}',92,NULL,'2022-06-02 17:25:46','2022-06-02 17:24:28','2022-06-02 17:25:46');

--
-- Table structure for table `oauth_auth_codes`
--

CREATE TABLE `oauth_auth_codes` (
  `id` varchar(100) CHARACTER SET utf8mb4 COLLATE utf8mb4_unicode_ci NOT NULL,
  `user_id` bigint unsigned NOT NULL,
  `client_id` bigint unsigned NOT NULL,
  `scopes` text CHARACTER SET utf8mb4 COLLATE utf8mb4_unicode_ci,
  `revoked` tinyint(1) NOT NULL,
  `expires_at` datetime DEFAULT NULL,
  PRIMARY KEY (`id`),
  KEY `oauth_auth_codes_user_id_index` (`user_id`)
) ENGINE=InnoDB DEFAULT CHARSET=utf8mb4 COLLATE=utf8mb4_unicode_ci;

--
-- Dumping data for table `oauth_auth_codes`
--


--
-- Table structure for table `oauth_personal_access_clients`
--

CREATE TABLE `oauth_personal_access_clients` (
  `id` bigint unsigned NOT NULL AUTO_INCREMENT,
  `client_id` bigint unsigned NOT NULL,
  `created_at` timestamp NULL DEFAULT NULL,
  `updated_at` timestamp NULL DEFAULT NULL,
  PRIMARY KEY (`id`)
) ENGINE=InnoDB AUTO_INCREMENT=2 DEFAULT CHARSET=utf8mb4 COLLATE=utf8mb4_unicode_ci;

--
-- Dumping data for table `oauth_personal_access_clients`
--

INSERT INTO `oauth_personal_access_clients` VALUES (1,1,'2019-12-09 09:59:27','2019-12-09 09:59:27');

--
-- Table structure for table `package_features`
--

CREATE TABLE `package_features` (
  `id` int unsigned NOT NULL AUTO_INCREMENT,
  `name` varchar(191) CHARACTER SET utf8mb4 COLLATE utf8mb4_unicode_ci NOT NULL,
  `created_at` timestamp NULL DEFAULT NULL,
  `updated_at` timestamp NULL DEFAULT NULL,
  PRIMARY KEY (`id`)
) ENGINE=InnoDB DEFAULT CHARSET=utf8mb4 COLLATE=utf8mb4_unicode_ci;

--
-- Dumping data for table `package_features`
--


--
-- Table structure for table `package_menu`
--

CREATE TABLE `package_menu` (
  `id` int unsigned NOT NULL AUTO_INCREMENT,
  `menu_id` int NOT NULL,
  `pkg_id` int NOT NULL,
  `package_id` varchar(200) CHARACTER SET utf8mb4 COLLATE utf8mb4_unicode_ci NOT NULL,
  `created_at` timestamp NULL DEFAULT NULL,
  `updated_at` timestamp NULL DEFAULT NULL,
  PRIMARY KEY (`id`)
) ENGINE=InnoDB DEFAULT CHARSET=utf8mb4 COLLATE=utf8mb4_unicode_ci;

--
-- Dumping data for table `package_menu`
--


--
-- Table structure for table `packages`
--

CREATE TABLE `packages` (
  `id` int unsigned NOT NULL AUTO_INCREMENT,
  `plan_id` varchar(191) CHARACTER SET utf8mb4 COLLATE utf8mb4_unicode_ci NOT NULL,
  `name` varchar(191) CHARACTER SET utf8mb4 COLLATE utf8mb4_unicode_ci NOT NULL,
  `currency` varchar(191) CHARACTER SET utf8mb4 COLLATE utf8mb4_unicode_ci NOT NULL,
  `currency_symbol` varchar(50) CHARACTER SET utf8mb4 COLLATE utf8mb4_unicode_ci NOT NULL,
  `amount` decimal(8,2) NOT NULL DEFAULT '0.00',
  `interval` varchar(191) CHARACTER SET utf8mb4 COLLATE utf8mb4_unicode_ci NOT NULL,
  `interval_count` int DEFAULT NULL,
  `trial_period_days` varchar(191) CHARACTER SET utf8mb4 COLLATE utf8mb4_unicode_ci DEFAULT NULL,
  `status` varchar(191) CHARACTER SET utf8mb4 COLLATE utf8mb4_unicode_ci NOT NULL DEFAULT 'active',
  `screens` int unsigned NOT NULL DEFAULT '1',
  `download` tinyint(1) NOT NULL DEFAULT '0',
  `downloadlimit` int DEFAULT NULL,
  `delete_status` int NOT NULL DEFAULT '1',
  `created_at` timestamp NULL DEFAULT NULL,
  `updated_at` timestamp NULL DEFAULT NULL,
  `free` tinyint(1) NOT NULL DEFAULT '0',
  `feature` longtext CHARACTER SET utf8mb4 COLLATE utf8mb4_unicode_ci,
  `ads_in_web` tinyint(1) NOT NULL DEFAULT '0',
  `ads_in_app` tinyint(1) NOT NULL DEFAULT '0',
  PRIMARY KEY (`id`)
) ENGINE=InnoDB DEFAULT CHARSET=utf8mb4 COLLATE=utf8mb4_unicode_ci;

--
-- Dumping data for table `packages`
--


--
-- Table structure for table `paypal_subscriptions`
--

CREATE TABLE `paypal_subscriptions` (
  `id` int unsigned NOT NULL AUTO_INCREMENT,
  `user_id` int unsigned NOT NULL,
  `payment_id` varchar(191) CHARACTER SET utf8mb4 COLLATE utf8mb4_unicode_ci DEFAULT NULL,
  `user_name` varchar(191) CHARACTER SET utf8mb4 COLLATE utf8mb4_unicode_ci DEFAULT NULL,
  `package_id` int DEFAULT NULL,
  `price` double(8,2) NOT NULL,
  `status` tinyint(1) NOT NULL,
  `method` varchar(191) CHARACTER SET utf8mb4 COLLATE utf8mb4_unicode_ci NOT NULL,
  `subscription_from` datetime DEFAULT NULL,
  `subscription_to` datetime DEFAULT NULL,
  `created_at` timestamp NULL DEFAULT NULL,
  `updated_at` timestamp NULL DEFAULT NULL,
  PRIMARY KEY (`id`)
) ENGINE=InnoDB DEFAULT CHARSET=utf8mb4 COLLATE=utf8mb4_unicode_ci;

--
-- Dumping data for table `paypal_subscriptions`
--


--
-- Table structure for table `permissions`
--

CREATE TABLE `permissions` (
  `id` bigint unsigned NOT NULL AUTO_INCREMENT,
  `name` varchar(191) CHARACTER SET utf8mb4 COLLATE utf8mb4_unicode_ci NOT NULL,
  `guard_name` varchar(191) CHARACTER SET utf8mb4 COLLATE utf8mb4_unicode_ci NOT NULL,
  `created_at` timestamp NULL DEFAULT NULL,
  `updated_at` timestamp NULL DEFAULT NULL,
  PRIMARY KEY (`id`),
  UNIQUE KEY `permissions_name_guard_name_unique` (`name`,`guard_name`)
) ENGINE=InnoDB AUTO_INCREMENT=131 DEFAULT CHARSET=utf8mb4 COLLATE=utf8mb4_unicode_ci;

--
-- Dumping data for table `permissions`
--

INSERT INTO `permissions` VALUES (1,'users.view','web','2021-09-01 12:50:34','2021-09-01 12:50:34'),(2,'users.create','web','2021-09-01 12:50:34','2021-09-01 12:50:34'),(3,'users.edit','web','2021-09-01 12:50:34','2021-09-01 12:50:34'),(4,'users.delete','web','2021-09-01 12:50:34','2021-09-01 12:50:34'),(5,'menu.view','web','2021-09-01 13:08:10','2021-09-01 13:08:10'),(6,'menu.create','web','2021-09-01 13:08:10','2021-09-01 13:08:10'),(7,'menu.edit','web','2021-09-01 13:08:10','2021-09-01 13:08:10'),(8,'menu.delete','web','2021-09-01 13:08:10','2021-09-01 13:08:10'),(9,'movies.view','web','2021-09-02 12:14:20','2021-09-02 12:14:20'),(10,'movies.create','web','2021-09-02 12:14:20','2021-09-02 12:14:20'),(11,'movies.edit','web','2021-09-02 12:14:20','2021-09-02 12:14:20'),(12,'movies.delete','web','2021-09-02 12:14:20','2021-09-02 12:14:20'),(13,'tvseries.view','web','2021-09-02 12:14:28','2021-09-02 12:14:28'),(14,'tvseries.create','web','2021-09-02 12:14:28','2021-09-02 12:14:28'),(15,'tvseries.edit','web','2021-09-02 12:14:28','2021-09-02 12:14:28'),(16,'tvseries.delete','web','2021-09-02 12:14:29','2021-09-02 12:14:29'),(17,'livetv.view','web','2021-09-02 12:14:37','2021-09-02 12:14:37'),(18,'livetv.create','web','2021-09-02 12:14:37','2021-09-02 12:14:37'),(19,'livetv.edit','web','2021-09-02 12:14:37','2021-09-02 12:14:37'),(20,'livetv.delete','web','2021-09-02 12:14:37','2021-09-02 12:14:37'),(21,'liveevent.view','web','2021-09-02 12:14:44','2021-09-02 12:14:44'),(22,'liveevent.create','web','2021-09-02 12:14:44','2021-09-02 12:14:44'),(23,'liveevent.edit','web','2021-09-02 12:14:44','2021-09-02 12:14:44'),(24,'liveevent.delete','web','2021-09-02 12:14:44','2021-09-02 12:14:44'),(25,'audio.view','web','2021-09-02 12:14:55','2021-09-02 12:14:55'),(26,'audio.create','web','2021-09-02 12:14:55','2021-09-02 12:14:55'),(27,'audio.edit','web','2021-09-02 12:14:55','2021-09-02 12:14:55'),(28,'audio.delete','web','2021-09-02 12:14:55','2021-09-02 12:14:55'),(29,'package.view','web','2021-09-02 12:17:22','2021-09-02 12:17:22'),(30,'package.create','web','2021-09-02 12:17:23','2021-09-02 12:17:23'),(31,'package.edit','web','2021-09-02 12:17:23','2021-09-02 12:17:23'),(32,'package.delete','web','2021-09-02 12:17:23','2021-09-02 12:17:23'),(33,'blog.view','web','2021-09-02 12:17:53','2021-09-02 12:17:53'),(34,'blog.create','web','2021-09-02 12:17:53','2021-09-02 12:17:53'),(35,'blog.edit','web','2021-09-02 12:17:53','2021-09-02 12:17:53'),(36,'blog.delete','web','2021-09-02 12:17:54','2021-09-02 12:17:54'),(37,'coupon.view','web','2021-09-02 12:19:58','2021-09-02 12:19:58'),(38,'coupon.create','web','2021-09-02 12:19:58','2021-09-02 12:19:58'),(39,'coupon.edit','web','2021-09-02 12:19:58','2021-09-02 12:19:58'),(40,'coupon.delete','web','2021-09-02 12:19:58','2021-09-02 12:19:58'),(41,'addon-manager.manage','web','2021-09-02 12:40:25','2021-09-02 12:40:25'),(42,'actor.view','web','2021-09-02 16:44:09','2021-09-02 16:44:09'),(43,'actor.create','web','2021-09-02 16:44:09','2021-09-02 16:44:09'),(44,'actor.edit','web','2021-09-02 16:44:10','2021-09-02 16:44:10'),(45,'actor.delete','web','2021-09-02 16:44:10','2021-09-02 16:44:10'),(46,'genre.view','web','2021-09-02 16:44:19','2021-09-02 16:44:19'),(47,'genre.create','web','2021-09-02 16:44:19','2021-09-02 16:44:19'),(48,'genre.edit','web','2021-09-02 16:44:19','2021-09-02 16:44:19'),(49,'genre.delete','web','2021-09-02 16:44:19','2021-09-02 16:44:19'),(50,'director.view','web','2021-09-02 16:44:48','2021-09-02 16:44:48'),(51,'director.create','web','2021-09-02 16:44:48','2021-09-02 16:44:48'),(52,'director.edit','web','2021-09-02 16:44:49','2021-09-02 16:44:49'),(53,'director.delete','web','2021-09-02 16:44:49','2021-09-02 16:44:49'),(54,'label.view','web','2021-09-02 16:45:23','2021-09-02 16:45:23'),(55,'label.create','web','2021-09-02 16:45:23','2021-09-02 16:45:23'),(56,'label.edit','web','2021-09-02 16:45:23','2021-09-02 16:45:23'),(57,'label.delete','web','2021-09-02 16:45:23','2021-09-02 16:45:23'),(58,'audiolanguage.view','web','2021-09-02 17:07:35','2021-09-02 17:07:35'),(59,'audiolanguage.create','web','2021-09-02 17:07:35','2021-09-02 17:07:35'),(60,'audiolanguage.edit','web','2021-09-02 17:07:35','2021-09-02 17:07:35'),(61,'audiolanguage.delete','web','2021-09-02 17:07:36','2021-09-02 17:07:36'),(62,'manual-payment.view','web','2021-09-02 17:49:38','2021-09-02 17:49:38'),(63,'manual-payment.create','web','2021-09-02 17:49:38','2021-09-02 17:49:38'),(64,'manual-payment.edit','web','2021-09-02 17:49:38','2021-09-02 17:49:38'),(65,'manual-payment.delete','web','2021-09-02 17:49:38','2021-09-02 17:49:38'),(66,'pages.view','web','2021-09-02 17:49:51','2021-09-02 17:49:51'),(67,'pages.create','web','2021-09-02 17:49:51','2021-09-02 17:49:51'),(68,'pages.edit','web','2021-09-02 17:49:52','2021-09-02 17:49:52'),(69,'pages.delete','web','2021-09-02 17:49:52','2021-09-02 17:49:52'),(70,'faq.view','web','2021-09-02 17:50:01','2021-09-02 17:50:01'),(71,'faq.create','web','2021-09-02 17:50:01','2021-09-02 17:50:01'),(72,'faq.edit','web','2021-09-02 17:50:01','2021-09-02 17:50:01'),(73,'faq.delete','web','2021-09-02 17:50:02','2021-09-02 17:50:02'),(74,'site-settings.language','web','2021-09-02 17:52:36','2021-09-02 17:52:36'),(75,'pushnotification.settings','web','2021-09-02 17:53:18','2021-09-02 17:53:18'),(76,'front-settings.sliders','web','2021-09-02 17:54:07','2021-09-02 17:54:07'),(77,'reports.viewtraker','web','2021-09-02 17:54:38','2021-09-02 17:54:38'),(78,'site-settings.genral-settings','web','2021-09-02 17:54:54','2021-09-02 17:54:54'),(79,'site-settings.mail-settings','web','2021-09-02 17:55:10','2021-09-02 17:55:10'),(80,'site-settings.social-login-settings','web','2021-09-02 17:55:48','2021-09-02 17:55:48'),(81,'site-settings.style-settings','web','2021-09-02 17:58:12','2021-09-02 17:58:12'),(82,'site-settings.seo','web','2021-09-02 17:58:31','2021-09-02 17:58:31'),(83,'comment-settings.comments','web','2021-09-04 14:33:08','2021-09-04 14:33:08'),(84,'help.db-backup','web','2021-09-04 14:33:42','2021-09-04 14:33:42'),(85,'producer-content.manage','web','2021-09-04 14:34:07','2021-09-04 14:34:07'),(86,'notification.manage','web','2021-09-04 14:34:33','2021-09-04 14:34:33'),(87,'front-settings.landing-page','web','2021-09-04 14:35:38','2021-09-04 14:35:38'),(88,'front-settings.auth-customization','web','2021-09-04 14:36:46','2021-09-04 14:36:46'),(89,'front-settings.short-promo','web','2021-09-04 14:37:17','2021-09-04 14:37:17'),(90,'site-settings.player-setting','web','2021-09-04 14:43:34','2021-09-04 14:43:34'),(91,'site-settings.pwa','web','2021-09-04 14:48:59','2021-09-04 14:48:59'),(92,'comment-settings.subcomments','web','2021-09-04 17:32:14','2021-09-04 17:32:14'),(93,'site-settings.color-option','web','2021-09-04 17:35:06','2021-09-04 17:35:06'),(94,'site-settings.adsense','web','2021-09-04 17:35:25','2021-09-04 17:35:25'),(95,'site-settings.chat-setting','web','2021-09-04 17:35:41','2021-09-04 17:35:41'),(96,'site-settings.api-settings','web','2021-09-04 17:36:05','2021-09-04 17:36:05'),(97,'site-settings.termsandcondition','web','2021-09-04 17:36:44','2021-09-04 17:36:44'),(98,'site-settings.privacy-policy','web','2021-09-04 17:37:07','2021-09-04 17:37:07'),(99,'site-settings.refund-policy','web','2021-09-04 17:37:51','2021-09-04 17:37:51'),(100,'site-settings.copyrights','web','2021-09-04 17:38:12','2021-09-04 17:38:12'),(101,'reports.user-subscription','web','2021-09-04 17:38:33','2021-09-04 17:38:33'),(102,'reports.device-history','web','2021-09-04 17:38:47','2021-09-04 17:38:47'),(103,'reports.revenue','web','2021-09-04 17:39:10','2021-09-04 17:39:10'),(104,'help.system-status','web','2021-09-04 17:40:52','2021-09-04 17:40:52'),(105,'help.remove-public','web','2021-09-04 17:41:10','2021-09-04 17:41:10'),(106,'help.clear-cache','web','2021-09-04 17:41:28','2021-09-04 17:41:28'),(107,'ads.view','web','2021-09-04 17:42:23','2021-09-04 17:42:23'),(108,'ads.create','web','2021-09-04 17:42:23','2021-09-04 17:42:23'),(109,'ads.edit','web','2021-09-04 17:42:24','2021-09-04 17:42:24'),(110,'ads.delete','web','2021-09-04 17:42:24','2021-09-04 17:42:24'),(111,'googleads.view','web','2021-09-04 17:42:34','2021-09-04 17:42:34'),(112,'googleads.create','web','2021-09-04 17:42:34','2021-09-04 17:42:34'),(113,'googleads.edit','web','2021-09-04 17:42:34','2021-09-04 17:42:34'),(114,'googleads.delete','web','2021-09-04 17:42:34','2021-09-04 17:42:34'),(115,'package-feature.view','web','2021-09-04 17:42:48','2021-09-04 17:42:48'),(116,'package-feature.create','web','2021-09-04 17:42:48','2021-09-04 17:42:48'),(117,'package-feature.edit','web','2021-09-04 17:42:48','2021-09-04 17:42:48'),(118,'package-feature.delete','web','2021-09-04 17:42:48','2021-09-04 17:42:48'),(119,'front-settings.social-icon','web','2021-09-06 10:44:57','2021-09-06 10:44:57'),(120,'site-settings.manualpayment','web','2021-09-06 11:01:27','2021-09-06 11:01:27'),(121,'reports.stripe-report','web','2021-09-06 12:28:20','2021-09-06 12:28:20'),(122,'help.import-demo','web','2021-09-22 11:56:05','2021-09-22 11:56:05'),(123,'site-settings.currency','web','2021-09-22 11:56:49','2021-09-22 11:56:49'),(124,'roles.view','web','2021-09-22 12:05:12','2021-09-22 12:05:12'),(125,'roles.create','web','2021-09-22 12:06:30','2021-09-22 12:06:30'),(126,'roles.edit','web','2021-09-22 12:06:30','2021-09-22 12:06:30'),(127,'roles.delete','web','2021-09-22 12:06:30','2021-09-22 12:06:30'),(128,'dashboard.states','web','2021-10-20 14:10:22','2021-10-20 14:10:22'),(129,'app-settings.setting','web','2021-10-21 12:03:43','2021-10-21 12:03:43'),(130,'app-settings.slider','web','2021-10-21 12:03:54','2021-10-21 12:03:54');

--
-- Table structure for table `player_settings`
--

CREATE TABLE `player_settings` (
  `id` int unsigned NOT NULL AUTO_INCREMENT,
  `logo` varchar(191) CHARACTER SET utf8mb4 COLLATE utf8mb4_unicode_ci DEFAULT NULL,
  `logo_enable` tinyint(1) DEFAULT NULL,
  `cpy_text` varchar(191) CHARACTER SET utf8mb4 COLLATE utf8mb4_unicode_ci DEFAULT NULL,
  `share_opt` tinyint(1) DEFAULT NULL,
  `auto_play` tinyint(1) DEFAULT NULL,
  `speed` tinyint(1) DEFAULT NULL,
  `thumbnail` tinyint(1) DEFAULT NULL,
  `info_window` tinyint(1) DEFAULT NULL,
  `skin` varchar(100) CHARACTER SET utf8mb4 COLLATE utf8mb4_unicode_ci DEFAULT NULL,
  `loop_video` tinyint(1) DEFAULT NULL,
  `is_resume` tinyint(1) DEFAULT '0',
  `player_google_analytics_id` varchar(199) CHARACTER SET utf8mb4 COLLATE utf8mb4_unicode_ci DEFAULT NULL,
  `subtitle_font_size` int DEFAULT NULL,
  `subtitle_color` varchar(191) CHARACTER SET utf8mb4 COLLATE utf8mb4_unicode_ci DEFAULT NULL,
  `chromecast` tinyint(1) DEFAULT NULL,
  `created_at` timestamp NULL DEFAULT NULL,
  `updated_at` timestamp NULL DEFAULT NULL,
  PRIMARY KEY (`id`)
) ENGINE=InnoDB AUTO_INCREMENT=2 DEFAULT CHARSET=utf8mb4 COLLATE=utf8mb4_unicode_ci;

--
-- Dumping data for table `player_settings`
--

INSERT INTO `player_settings` VALUES (1,'logo.png',1,'2022 Nxt Level',1,1,1,NULL,1,'minimal_skin_dark',1,1,NULL,20,'#48a3c6',1,NULL,'2022-03-31 16:29:51');

--
-- Table structure for table `pricing_texts`
--

CREATE TABLE `pricing_texts` (
  `id` int NOT NULL AUTO_INCREMENT,
  `package_id` int NOT NULL,
  `title1` text CHARACTER SET utf8mb4 COLLATE utf8mb4_unicode_ci,
  `title2` text CHARACTER SET utf8mb4 COLLATE utf8mb4_unicode_ci,
  `title3` text CHARACTER SET utf8mb4 COLLATE utf8mb4_unicode_ci,
  `title4` text CHARACTER SET utf8mb4 COLLATE utf8mb4_unicode_ci,
  `title5` text CHARACTER SET utf8mb4 COLLATE utf8mb4_unicode_ci,
  `title6` text CHARACTER SET utf8mb4 COLLATE utf8mb4_unicode_ci,
  `created_at` timestamp NULL DEFAULT NULL,
  `updated_at` timestamp NULL DEFAULT NULL,
  PRIMARY KEY (`id`)
) ENGINE=InnoDB DEFAULT CHARSET=utf8mb4 COLLATE=utf8mb4_unicode_ci;

--
-- Dumping data for table `pricing_texts`
--


--
-- Table structure for table `reminder_mails`
--

CREATE TABLE `reminder_mails` (
  `id` int unsigned NOT NULL AUTO_INCREMENT,
  `user_id` int unsigned NOT NULL,
  `subscription_id` int unsigned NOT NULL,
  `today` int DEFAULT NULL,
  `before_7day` int DEFAULT NULL,
  `after_7day` int DEFAULT NULL,
  PRIMARY KEY (`id`)
) ENGINE=InnoDB DEFAULT CHARSET=utf8mb4 COLLATE=utf8mb4_unicode_ci;

--
-- Dumping data for table `reminder_mails`
--


--
-- Table structure for table `role_has_permissions`
--

CREATE TABLE `role_has_permissions` (
  `permission_id` bigint unsigned NOT NULL,
  `role_id` bigint unsigned NOT NULL,
  PRIMARY KEY (`permission_id`,`role_id`)
) ENGINE=InnoDB DEFAULT CHARSET=utf8mb4 COLLATE=utf8mb4_unicode_ci;

--
-- Dumping data for table `role_has_permissions`
--

INSERT INTO `role_has_permissions` VALUES (1,1),(2,1),(3,1),(4,1),(5,1),(5,2),(6,1),(6,2),(7,1),(7,2),(8,1),(8,2),(9,1),(9,2),(10,1),(10,2),(11,1),(11,2),(12,1),(12,2),(13,1),(13,2),(14,1),(14,2),(15,1),(15,2),(16,1),(16,2),(17,1),(17,2),(18,1),(18,2),(19,1),(19,2),(20,1),(20,2),(21,1),(21,2),(22,1),(22,2),(23,1),(23,2),(24,1),(24,2),(25,1),(25,2),(26,1),(26,2),(27,1),(27,2),(28,1),(28,2),(29,1),(30,1),(31,1),(32,1),(33,1),(33,2),(34,1),(34,2),(35,1),(35,2),(36,1),(36,2),(37,1),(38,1),(39,1),(40,1),(41,1),(42,1),(42,2),(43,1),(43,2),(44,1),(44,2),(45,1),(45,2),(46,1),(46,2),(47,1),(47,2),(48,1),(48,2),(49,1),(49,2),(50,1),(50,2),(51,1),(51,2),(52,1),(52,2),(53,1),(53,2),(54,1),(54,2),(55,1),(55,2),(56,1),(56,2),(57,1),(57,2),(58,1),(58,2),(59,1),(59,2),(60,1),(60,2),(61,1),(61,2),(62,1),(63,1),(64,1),(65,1),(66,1),(67,1),(68,1),(69,1),(70,1),(70,2),(71,1),(71,2),(72,1),(72,2),(73,1),(73,2),(74,1),(75,1),(76,1),(77,1),(78,1),(79,1),(80,1),(81,1),(82,1),(83,1),(84,1),(85,1),(86,1),(87,1),(88,1),(89,1),(90,1),(91,1),(92,1),(93,1),(94,1),(95,1),(96,1),(97,1),(98,1),(99,1),(100,1),(101,1),(102,1),(103,1),(104,1),(105,1),(106,1),(107,1),(108,1),(109,1),(110,1),(111,1),(112,1),(113,1),(114,1),(115,1),(116,1),(117,1),(118,1),(119,1),(120,1),(121,1),(122,1),(123,1),(124,1),(125,1),(126,1),(127,1),(128,1),(129,1),(130,1);

--
-- Table structure for table `roles`
--

CREATE TABLE `roles` (
  `id` bigint unsigned NOT NULL AUTO_INCREMENT,
  `name` varchar(191) CHARACTER SET utf8mb4 COLLATE utf8mb4_unicode_ci NOT NULL,
  `guard_name` varchar(191) CHARACTER SET utf8mb4 COLLATE utf8mb4_unicode_ci NOT NULL,
  `created_at` timestamp NULL DEFAULT NULL,
  `updated_at` timestamp NULL DEFAULT NULL,
  PRIMARY KEY (`id`),
  UNIQUE KEY `roles_name_guard_name_unique` (`name`,`guard_name`)
) ENGINE=InnoDB AUTO_INCREMENT=6 DEFAULT CHARSET=utf8mb4 COLLATE=utf8mb4_unicode_ci;

--
-- Dumping data for table `roles`
--

INSERT INTO `roles` VALUES (1,'Super Admin','web','2021-09-01 12:54:28','2021-09-01 12:54:28'),(2,'Producer','web','2021-09-04 14:52:18','2021-09-04 14:52:18'),(3,'User','web',NULL,NULL),(4,'Subscriber','web','2022-03-31 17:59:43','2022-03-31 17:59:43'),(5,'TZARole','web','2022-04-28 14:20:09','2022-04-28 14:20:09');

--
-- Table structure for table `seos`
--

CREATE TABLE `seos` (
  `id` int unsigned NOT NULL AUTO_INCREMENT,
  `author` varchar(191) CHARACTER SET utf8mb4 COLLATE utf8mb4_unicode_ci DEFAULT NULL,
  `fb` text CHARACTER SET utf8mb4 COLLATE utf8mb4_unicode_ci,
  `google` text CHARACTER SET utf8mb4 COLLATE utf8mb4_unicode_ci,
  `metadata` text CHARACTER SET utf8mb4 COLLATE utf8mb4_unicode_ci,
  `description` text CHARACTER SET utf8mb4 COLLATE utf8mb4_unicode_ci NOT NULL,
  `keyword` text CHARACTER SET utf8mb4 COLLATE utf8mb4_unicode_ci NOT NULL,
  `created_at` timestamp NULL DEFAULT NULL,
  `updated_at` timestamp NULL DEFAULT NULL,
  PRIMARY KEY (`id`)
) ENGINE=InnoDB AUTO_INCREMENT=2 DEFAULT CHARSET=utf8mb4 COLLATE=utf8mb4_unicode_ci;

--
-- Dumping data for table `seos`
--

INSERT INTO `seos` VALUES (1,'{\"en\":\"Next Hour - Movie Tv Show & Video Subscription Portal Cms\"}',NULL,NULL,'{\"en\":\"this ts a next hour\"}','{\"en\":null}','{\"en\":null}',NULL,'2022-04-05 17:15:31');

--
-- Table structure for table `sessions`
--

CREATE TABLE `sessions` (
  `id` varchar(191) CHARACTER SET utf8mb4 COLLATE utf8mb4_unicode_ci NOT NULL,
  `user_id` int unsigned DEFAULT NULL,
  `ip_address` varchar(45) CHARACTER SET utf8mb4 COLLATE utf8mb4_unicode_ci DEFAULT NULL,
  `user_agent` text CHARACTER SET utf8mb4 COLLATE utf8mb4_unicode_ci,
  `payload` text CHARACTER SET utf8mb4 COLLATE utf8mb4_unicode_ci NOT NULL,
  `last_activity` int NOT NULL,
  UNIQUE KEY `sessions_id_unique` (`id`)
) ENGINE=InnoDB DEFAULT CHARSET=utf8mb4 COLLATE=utf8mb4_unicode_ci;

--
-- Dumping data for table `sessions`
--

INSERT INTO `sessions` VALUES ('1XBG3DayvrQCsroIIFnw0OxFbMV829JZ7joj6UwG',NULL,'66.249.66.71','Mozilla/5.0 (Linux; Android 6.0.1; Nexus 5X Build/MMB29P) AppleWebKit/537.36 (KHTML, like Gecko) Chrome/132.0.6834.83 Mobile Safari/537.36 (compatible; Googlebot/2.1; +http://www.google.com/bot.html)','YTo0OntzOjY6Il90b2tlbiI7czo0MDoiVkN1b3EzN0lLcHlaM0MwOTJoQ0ROSE9jMVZGaDJmVUxuV1FuU2dyYSI7czoxNjoiY2hhbmdlZF9sYW5ndWFnZSI7czoyOiJhciI7czo5OiJfcHJldmlvdXMiO2E6MTp7czozOiJ1cmwiO3M6NTc6Imh0dHA6Ly8xNjQuOTIuMTg0LjI0OjgwODUvbWFoYWFyYS9zZXJ2ZXIucGhwL3F1aWNrL3NlYXJjaCI7fXM6NjoiX2ZsYXNoIjthOjI6e3M6Mzoib2xkIjthOjA6e31zOjM6Im5ldyI7YTowOnt9fX0=',1737129981),('A0brpmgQ3h7YYBnYFXvpg4W2MZ3xH28TJMbOQe2K',NULL,'66.249.79.35','Mozilla/5.0 (Linux; Android 6.0.1; Nexus 5X Build/MMB29P) AppleWebKit/537.36 (KHTML, like Gecko) Chrome/131.0.6778.264 Mobile Safari/537.36 (compatible; Googlebot/2.1; +http://www.google.com/bot.html)','YTozOntzOjY6Il90b2tlbiI7czo0MDoiSjdjd0FIZThQNllGVU1MUkhsVFBSZ0NUak81UUdyb01LYnpBUE9XNCI7czo5OiJfcHJldmlvdXMiO2E6MTp7czozOiJ1cmwiO3M6OTM6Imh0dHA6Ly8xNjQuOTIuMTg0LjI0OjgwODUvbWFoYWFyYS9wdWJsaWMvc2hvdz9fdG9rZW49ekJMWkw2Q294Mno5TmJTU2pIUjBrNGZUdXJZbjhpMElKY0hVSWJ1YyI7fXM6NjoiX2ZsYXNoIjthOjI6e3M6Mzoib2xkIjthOjA6e31zOjM6Im5ldyI7YTowOnt9fX0=',1736961806),('DcJUymh7kqKbMWQXPF3E8EQKgCUXxkfmoTU3YwGp',NULL,'66.249.68.34','Mozilla/5.0 (Linux; Android 6.0.1; Nexus 5X Build/MMB29P) AppleWebKit/537.36 (KHTML, like Gecko) Chrome/132.0.6834.83 Mobile Safari/537.36 (compatible; Googlebot/2.1; +http://www.google.com/bot.html)','YTo0OntzOjY6Il90b2tlbiI7czo0MDoiNmhsQnljeEtSSVJOSHhGajRqSVVvR1BNUmFDWVdQc3NWSGgwNlRxNiI7czoxNjoiY2hhbmdlZF9sYW5ndWFnZSI7czoyOiJhciI7czo5OiJfcHJldmlvdXMiO2E6MTp7czozOiJ1cmwiO3M6NTI6Imh0dHA6Ly8xNjQuOTIuMTg0LjI0OjgwODUvbWFoYWFyYS9wdWJsaWMvZ3Vlc3Qvb3NmYXQiO31zOjY6Il9mbGFzaCI7YToyOntzOjM6Im9sZCI7YTowOnt9czozOiJuZXciO2E6MDp7fX19',1737003122),('FXphxNLaijSFJBiSoxQpTR7ia0Evc5CLgjkRgt39',NULL,'66.249.66.73','Mozilla/5.0 (Linux; Android 6.0.1; Nexus 5X Build/MMB29P) AppleWebKit/537.36 (KHTML, like Gecko) Chrome/132.0.6834.83 Mobile Safari/537.36 (compatible; Googlebot/2.1; +http://www.google.com/bot.html)','YTo0OntzOjY6Il90b2tlbiI7czo0MDoid0VZemdsMGVXNU1zaFc4N2pXQk12ekVkQ2NlSDZJRFcyTFpVcUZ1QSI7czoxNjoiY2hhbmdlZF9sYW5ndWFnZSI7czoyOiJhciI7czo5OiJfcHJldmlvdXMiO2E6MTp7czozOiJ1cmwiO3M6NTY6Imh0dHA6Ly8xNjQuOTIuMTg0LjI0OjgwODUvbWFoYWFyYS9zZXJ2ZXIucGhwL2d1ZXN0L29zZmF0Ijt9czo2OiJfZmxhc2giO2E6Mjp7czozOiJvbGQiO2E6MDp7fXM6MzoibmV3IjthOjA6e319fQ==',1737129961),('GgEEoRsIYNcOSmOkioyH0RINnmkLITCWaeh81Wnn',NULL,'103.70.166.9','Mozilla/5.0 (Windows NT 10.0; Win64; x64) AppleWebKit/537.36 (KHTML, like Gecko) Chrome/131.0.0.0 Safari/537.36','YTo0OntzOjY6Il90b2tlbiI7czo0MDoiRUZlcE90NUR2eTAxZzQwTEgzMkMyakZmMVhIMnVaWXdidWRZbWhoTiI7czoxNjoiY2hhbmdlZF9sYW5ndWFnZSI7czoyOiJhciI7czo5OiJfcHJldmlvdXMiO2E6MTp7czozOiJ1cmwiO3M6NTI6Imh0dHA6Ly8xNjQuOTIuMTg0LjI0OjgwODUvbWFoYWFyYS9wdWJsaWMvc3VkYW5pbG9naW4iO31zOjY6Il9mbGFzaCI7YToyOntzOjM6Im9sZCI7YTowOnt9czozOiJuZXciO2E6MDp7fX19',1737044274),('QJO081BBjIJUSzaKr6Bxx6q3mjOmejKcExacAFI0',NULL,'66.249.79.97','Mozilla/5.0 (Linux; Android 6.0.1; Nexus 5X Build/MMB29P) AppleWebKit/537.36 (KHTML, like Gecko) Chrome/131.0.6778.264 Mobile Safari/537.36 (compatible; Googlebot/2.1; +http://www.google.com/bot.html)','YTozOntzOjY6Il90b2tlbiI7czo0MDoiNWZLVTRHYkZHQWhJOWp3aGp4STFWalJqMUV1Y3ozQjVxamxpR2hpNyI7czo5OiJfcHJldmlvdXMiO2E6MTp7czozOiJ1cmwiO3M6OTc6Imh0dHA6Ly8xNjQuOTIuMTg0LjI0OjgwODUvbWFoYWFyYS9zZXJ2ZXIucGhwL3Nob3c/X3Rva2VuPU5XQnIyVUVIaDcyNnJBazVFVk5SWkEyWnQ2V2RRUVMxY0tEZG9WSU4iO31zOjY6Il9mbGFzaCI7YToyOntzOjM6Im9sZCI7YTowOnt9czozOiJuZXciO2E6MDp7fX19',1736961033),('T8yeHlFIfGWGSrBw4WkgLCVVS5iGIAGr2wJRuftR',NULL,'35.240.127.158','Mozilla/5.0 (Windows NT 10.0; rv:78.0) Gecko/20100101 Firefox/78.0','YTo0OntzOjY6Il90b2tlbiI7czo0MDoiM1g0ZnVCcDdtdGxYWWhKRUdodlBDa3VHaTVDUEVTY1JTVldMVFVRUSI7czoxNjoiY2hhbmdlZF9sYW5ndWFnZSI7czoyOiJhciI7czo5OiJfcHJldmlvdXMiO2E6MTp7czozOiJ1cmwiO3M6NDA6Imh0dHA6Ly8xNjQuOTIuMTg0LjI0OjgwODUvbWFoYWFyYS9wdWJsaWMiO31zOjY6Il9mbGFzaCI7YToyOntzOjM6Im9sZCI7YTowOnt9czozOiJuZXciO2E6MDp7fX19',1736953843),('uBpgr5AFs8bjb8YUNRBiDxPZvr0kCIsMhe7zSR2p',NULL,'66.249.66.71','Mozilla/5.0 (Linux; Android 6.0.1; Nexus 5X Build/MMB29P) AppleWebKit/537.36 (KHTML, like Gecko) Chrome/132.0.6834.83 Mobile Safari/537.36 (compatible; Googlebot/2.1; +http://www.google.com/bot.html)','YTozOntzOjY6Il90b2tlbiI7czo0MDoiclU3a0RmWXpnNmxRM0E5UkJaNlRaejlXdldNMlR3NndkMnRjYXFHaiI7czo5OiJfcHJldmlvdXMiO2E6MTp7czozOiJ1cmwiO3M6OTM6Imh0dHA6Ly8xNjQuOTIuMTg0LjI0OjgwODUvbWFoYWFyYS9wdWJsaWMvc2hvdz9fdG9rZW49ZnVhbmJXSENBVzdCTHZQNEhEa0pqRndNMHRoa2lZM2VuT0ZNakloRSI7fXM6NjoiX2ZsYXNoIjthOjI6e3M6Mzoib2xkIjthOjA6e31zOjM6Im5ldyI7YTowOnt9fX0=',1737274439),('ymdSHXKS1vkTjxXgfIL3oWw3qeXffgayxFN4JPnU',NULL,'66.249.66.73','Mozilla/5.0 (Linux; Android 6.0.1; Nexus 5X Build/MMB29P) AppleWebKit/537.36 (KHTML, like Gecko) Chrome/131.0.6778.264 Mobile Safari/537.36 (compatible; Googlebot/2.1; +http://www.google.com/bot.html)','YTo0OntzOjY6Il90b2tlbiI7czo0MDoiRjl3cVBRWVZZMzE2MVNtMElQWXJWRFhYOXhpMXpZUUdXVmkyR1RTaiI7czoxNjoiY2hhbmdlZF9sYW5ndWFnZSI7czoyOiJhciI7czo5OiJfcHJldmlvdXMiO2E6MTp7czozOiJ1cmwiO3M6OTk6Imh0dHA6Ly8xNjQuOTIuMTg0LjI0OjgwODUvbWFoYWFyYS9wdWJsaWMvc2hvdy9ndWVzdC9kZXRhaWwvbWhhci1hZGFyLWFsa2xrLW9hbHNkbWF0LWFsbmZzeS1zZWFzb24tMSI7fXM6NjoiX2ZsYXNoIjthOjI6e3M6Mzoib2xkIjthOjA6e31zOjM6Im5ldyI7YTowOnt9fX0=',1737054302);

--
-- Table structure for table `social_icons`
--

CREATE TABLE `social_icons` (
  `id` int NOT NULL AUTO_INCREMENT,
  `url1` varchar(191) CHARACTER SET utf8mb4 COLLATE utf8mb4_unicode_ci DEFAULT NULL,
  `url2` varchar(191) CHARACTER SET utf8mb4 COLLATE utf8mb4_unicode_ci DEFAULT NULL,
  `url3` varchar(191) CHARACTER SET utf8mb4 COLLATE utf8mb4_unicode_ci DEFAULT NULL,
  `created_at` timestamp NULL DEFAULT NULL,
  `updated_at` timestamp NULL DEFAULT NULL,
  PRIMARY KEY (`id`)
) ENGINE=InnoDB AUTO_INCREMENT=2 DEFAULT CHARSET=utf8mb4 COLLATE=utf8mb4_unicode_ci;

--
-- Dumping data for table `social_icons`
--

INSERT INTO `social_icons` VALUES (1,'#','#','#','2020-11-02 09:09:08','2020-11-02 09:10:18');

--
-- Table structure for table `splash_screens`
--

CREATE TABLE `splash_screens` (
  `id` int unsigned NOT NULL AUTO_INCREMENT,
  `image` varchar(191) CHARACTER SET utf8mb4 COLLATE utf8mb4_unicode_ci DEFAULT NULL,
  `logo_enable` tinyint(1) NOT NULL DEFAULT '1',
  `logo` varchar(191) CHARACTER SET utf8mb4 COLLATE utf8mb4_unicode_ci DEFAULT NULL,
  `created_at` timestamp NULL DEFAULT NULL,
  `updated_at` timestamp NULL DEFAULT NULL,
  PRIMARY KEY (`id`)
) ENGINE=InnoDB DEFAULT CHARSET=utf8mb4 COLLATE=utf8mb4_unicode_ci;

--
-- Dumping data for table `splash_screens`
--


--
-- Table structure for table `subcomments`
--

CREATE TABLE `subcomments` (
  `id` int NOT NULL AUTO_INCREMENT,
  `user_id` int NOT NULL,
  `blog_id` int NOT NULL,
  `comment_id` int NOT NULL,
  `reply` varchar(191) CHARACTER SET utf8mb4 COLLATE utf8mb4_unicode_ci NOT NULL,
  `created_at` timestamp NULL DEFAULT NULL,
  `updated_at` timestamp NULL DEFAULT NULL,
  PRIMARY KEY (`id`)
) ENGINE=InnoDB DEFAULT CHARSET=utf8mb4 COLLATE=utf8mb4_unicode_ci;

--
-- Dumping data for table `subcomments`
--


--
-- Table structure for table `subscription_items`
--

CREATE TABLE `subscription_items` (
  `id` bigint unsigned NOT NULL AUTO_INCREMENT,
  `subscription_id` bigint unsigned NOT NULL,
  `stripe_id` varchar(191) CHARACTER SET utf8mb4 COLLATE utf8mb4_unicode_ci NOT NULL,
  `stripe_plan` varchar(191) CHARACTER SET utf8mb4 COLLATE utf8mb4_unicode_ci NOT NULL,
  `quantity` int DEFAULT NULL,
  `created_at` timestamp NULL DEFAULT NULL,
  `updated_at` timestamp NULL DEFAULT NULL,
  PRIMARY KEY (`id`),
  UNIQUE KEY `subscription_items_subscription_id_stripe_plan_unique` (`subscription_id`,`stripe_plan`),
  KEY `subscription_items_stripe_id_index` (`stripe_id`)
) ENGINE=InnoDB DEFAULT CHARSET=utf8mb4 COLLATE=utf8mb4_unicode_ci;

--
-- Dumping data for table `subscription_items`
--


--
-- Table structure for table `subscriptions`
--

CREATE TABLE `subscriptions` (
  `id` bigint unsigned NOT NULL AUTO_INCREMENT,
  `user_id` bigint unsigned NOT NULL,
  `name` varchar(191) CHARACTER SET utf8mb4 COLLATE utf8mb4_unicode_ci NOT NULL,
  `stripe_id` varchar(191) CHARACTER SET utf8mb4 COLLATE utf8mb4_unicode_ci NOT NULL,
  `stripe_status` varchar(191) CHARACTER SET utf8mb4 COLLATE utf8mb4_unicode_ci NOT NULL,
  `stripe_plan` varchar(191) CHARACTER SET utf8mb4 COLLATE utf8mb4_unicode_ci DEFAULT NULL,
  `quantity` int DEFAULT NULL,
  `trial_ends_at` timestamp NULL DEFAULT NULL,
  `ends_at` timestamp NULL DEFAULT NULL,
  `subscription_from` timestamp NULL DEFAULT NULL,
  `subscription_to` timestamp NULL DEFAULT NULL,
  `amount` double DEFAULT NULL,
  `created_at` timestamp NULL DEFAULT NULL,
  `updated_at` timestamp NULL DEFAULT NULL,
  PRIMARY KEY (`id`)
) ENGINE=InnoDB DEFAULT CHARSET=utf8mb4 COLLATE=utf8mb4_unicode_ci;

--
-- Dumping data for table `subscriptions`
--


--
-- Table structure for table `subtitles`
--

CREATE TABLE `subtitles` (
  `id` int unsigned NOT NULL AUTO_INCREMENT,
  `sub_lang` varchar(100) CHARACTER SET utf8mb4 COLLATE utf8mb4_unicode_ci DEFAULT NULL,
  `sub_t` varchar(191) CHARACTER SET utf8mb4 COLLATE utf8mb4_unicode_ci DEFAULT NULL,
  `m_t_id` varchar(100) CHARACTER SET utf8mb4 COLLATE utf8mb4_unicode_ci DEFAULT NULL,
  `ep_id` int unsigned DEFAULT NULL,
  `created_at` timestamp NULL DEFAULT NULL,
  `updated_at` timestamp NULL DEFAULT NULL,
  PRIMARY KEY (`id`)
) ENGINE=InnoDB DEFAULT CHARSET=utf8mb4 COLLATE=utf8mb4_unicode_ci;

--
-- Dumping data for table `subtitles`
--


--
-- Table structure for table `transactions`
--

CREATE TABLE `transactions` (
  `id` bigint unsigned NOT NULL AUTO_INCREMENT,
  `amount1` varchar(191) CHARACTER SET utf8mb4 COLLATE utf8mb4_unicode_ci NOT NULL,
  `amount2` varchar(191) CHARACTER SET utf8mb4 COLLATE utf8mb4_unicode_ci NOT NULL,
  `currency1` varchar(10) CHARACTER SET utf8mb4 COLLATE utf8mb4_unicode_ci NOT NULL,
  `currency2` varchar(10) CHARACTER SET utf8mb4 COLLATE utf8mb4_unicode_ci NOT NULL,
  `fee` varchar(191) CHARACTER SET utf8mb4 COLLATE utf8mb4_unicode_ci DEFAULT NULL,
  `address` varchar(191) CHARACTER SET utf8mb4 COLLATE utf8mb4_unicode_ci DEFAULT NULL,
  `dest_tag` varchar(191) CHARACTER SET utf8mb4 COLLATE utf8mb4_unicode_ci DEFAULT NULL,
  `buyer_email` varchar(191) CHARACTER SET utf8mb4 COLLATE utf8mb4_unicode_ci DEFAULT NULL,
  `buyer_name` varchar(191) CHARACTER SET utf8mb4 COLLATE utf8mb4_unicode_ci DEFAULT NULL,
  `item_name` varchar(191) CHARACTER SET utf8mb4 COLLATE utf8mb4_unicode_ci DEFAULT NULL,
  `item_number` varchar(191) CHARACTER SET utf8mb4 COLLATE utf8mb4_unicode_ci DEFAULT NULL,
  `invoice` varchar(191) CHARACTER SET utf8mb4 COLLATE utf8mb4_unicode_ci DEFAULT NULL,
  `custom` text CHARACTER SET utf8mb4 COLLATE utf8mb4_unicode_ci,
  `ipn_url` varchar(191) CHARACTER SET utf8mb4 COLLATE utf8mb4_unicode_ci DEFAULT NULL,
  `txn_id` varchar(128) CHARACTER SET utf8mb4 COLLATE utf8mb4_unicode_ci NOT NULL,
  `confirms_needed` tinyint unsigned NOT NULL,
  `timeout` int unsigned NOT NULL,
  `status_url` varchar(191) CHARACTER SET utf8mb4 COLLATE utf8mb4_unicode_ci NOT NULL,
  `qrcode_url` varchar(191) CHARACTER SET utf8mb4 COLLATE utf8mb4_unicode_ci NOT NULL,
  `created_at` timestamp NULL DEFAULT NULL,
  `updated_at` timestamp NULL DEFAULT NULL,
  `status` smallint DEFAULT NULL,
  `status_text` varchar(191) CHARACTER SET utf8mb4 COLLATE utf8mb4_unicode_ci DEFAULT NULL,
  `received_confirms` varchar(191) CHARACTER SET utf8mb4 COLLATE utf8mb4_unicode_ci DEFAULT NULL,
  `received_amount` varchar(191) CHARACTER SET utf8mb4 COLLATE utf8mb4_unicode_ci DEFAULT NULL,
  PRIMARY KEY (`id`),
  UNIQUE KEY `transactions_txn_id_unique` (`txn_id`)
) ENGINE=InnoDB DEFAULT CHARSET=utf8mb4 COLLATE=utf8mb4_unicode_ci;

--
-- Dumping data for table `transactions`
--


--
-- Table structure for table `transfers`
--

CREATE TABLE `transfers` (
  `id` bigint unsigned NOT NULL AUTO_INCREMENT,
  `amount` varchar(191) CHARACTER SET utf8mb4 COLLATE utf8mb4_unicode_ci NOT NULL,
  `currency` varchar(10) CHARACTER SET utf8mb4 COLLATE utf8mb4_unicode_ci NOT NULL,
  `merchant` varchar(191) CHARACTER SET utf8mb4 COLLATE utf8mb4_unicode_ci DEFAULT NULL,
  `pbntag` varchar(191) CHARACTER SET utf8mb4 COLLATE utf8mb4_unicode_ci DEFAULT NULL,
  `auto_confirm` tinyint(1) NOT NULL DEFAULT '0',
  `ref_id` varchar(128) CHARACTER SET utf8mb4 COLLATE utf8mb4_unicode_ci NOT NULL,
  `status` smallint NOT NULL,
  `created_at` timestamp NULL DEFAULT NULL,
  `updated_at` timestamp NULL DEFAULT NULL,
  PRIMARY KEY (`id`),
  UNIQUE KEY `transfers_ref_id_unique` (`ref_id`),
  KEY `transfers_status_index` (`status`)
) ENGINE=InnoDB DEFAULT CHARSET=utf8mb4 COLLATE=utf8mb4_unicode_ci;

--
-- Dumping data for table `transfers`
--


--
-- Table structure for table `tv_series`
--

CREATE TABLE `tv_series` (
  `id` int unsigned NOT NULL AUTO_INCREMENT,
  `keyword` text CHARACTER SET utf8mb4 COLLATE utf8mb4_unicode_ci,
  `description` text CHARACTER SET utf8mb4 COLLATE utf8mb4_unicode_ci,
  `title` varchar(191) CHARACTER SET utf8mb4 COLLATE utf8mb4_unicode_ci NOT NULL,
  `tmdb_id` varchar(191) CHARACTER SET utf8mb4 COLLATE utf8mb4_unicode_ci DEFAULT NULL,
  `tmdb` char(191) CHARACTER SET utf8mb4 COLLATE utf8mb4_unicode_ci DEFAULT NULL,
  `fetch_by` varchar(100) CHARACTER SET utf8mb4 COLLATE utf8mb4_unicode_ci DEFAULT NULL,
  `thumbnail` varchar(191) CHARACTER SET utf8mb4 COLLATE utf8mb4_unicode_ci DEFAULT NULL,
  `poster` varchar(191) CHARACTER SET utf8mb4 COLLATE utf8mb4_unicode_ci DEFAULT NULL,
  `genre_id` varchar(191) CHARACTER SET utf8mb4 COLLATE utf8mb4_unicode_ci DEFAULT NULL,
  `detail` text CHARACTER SET utf8mb4 COLLATE utf8mb4_unicode_ci,
  `rating` double(8,2) DEFAULT NULL,
  `episode_runtime` double(8,2) DEFAULT NULL,
  `maturity_rating` varchar(191) CHARACTER SET utf8mb4 COLLATE utf8mb4_unicode_ci DEFAULT NULL,
  `featured` tinyint(1) NOT NULL DEFAULT '0',
  `type` char(191) CHARACTER SET utf8mb4 COLLATE utf8mb4_unicode_ci NOT NULL DEFAULT 'T',
  `status` int unsigned NOT NULL DEFAULT '1',
  `created_by` int unsigned NOT NULL,
  `created_at` timestamp NULL DEFAULT NULL,
  `updated_at` timestamp NULL DEFAULT NULL,
  `is_custom_label` tinyint(1) NOT NULL DEFAULT '0',
  `label_id` int DEFAULT NULL,
  `is_upcoming` tinyint(1) NOT NULL DEFAULT '0',
  `upcoming_date` int DEFAULT NULL,
  PRIMARY KEY (`id`)
) ENGINE=InnoDB AUTO_INCREMENT=10 DEFAULT CHARSET=utf8mb4 COLLATE=utf8mb4_unicode_ci;

--
-- Dumping data for table `tv_series`
--

INSERT INTO `tv_series` VALUES (8,'{\"ar\":null}','{\"ar\":null}','مهارة ادارة القلق والصدمات النفسية',NULL,'N',NULL,'thumb_1661168840ادارة القلق والصدمات.jpeg',NULL,'10','{\"ar\":null}',NULL,NULL,'all age',0,'T',1,1,'2022-08-22 17:17:20','2022-08-22 17:17:20',0,NULL,0,NULL),(9,'{\"ar\":null}','{\"ar\":null}','الاسعافات الاولية',NULL,'N',NULL,'thumb_1661170705الاسعافات الاولية.PNG',NULL,'10','{\"ar\":null}',NULL,NULL,'all age',0,'T',1,1,'2022-08-22 17:48:25','2022-08-22 17:48:25',0,NULL,0,NULL);

--
-- Table structure for table `user_ratings`
--

CREATE TABLE `user_ratings` (
  `id` int NOT NULL AUTO_INCREMENT,
  `user_id` int DEFAULT NULL,
  `tv_id` int DEFAULT NULL,
  `movie_id` int DEFAULT NULL,
  `rating` double DEFAULT NULL,
  `created_at` timestamp NULL DEFAULT NULL,
  `updated_at` timestamp NULL DEFAULT NULL,
  PRIMARY KEY (`id`)
) ENGINE=InnoDB AUTO_INCREMENT=3 DEFAULT CHARSET=utf8mb4 COLLATE=utf8mb4_unicode_ci;

--
-- Dumping data for table `user_ratings`
--

INSERT INTO `user_ratings` VALUES (2,1,NULL,81,NULL,'2022-04-09 17:58:20','2022-04-09 17:58:20');

--
-- Table structure for table `videolinks`
--

CREATE TABLE `videolinks` (
  `id` int unsigned NOT NULL AUTO_INCREMENT,
  `movie_id` int unsigned DEFAULT NULL,
  `episode_id` int unsigned DEFAULT NULL,
  `type` varchar(200) CHARACTER SET utf8mb4 COLLATE utf8mb4_unicode_ci DEFAULT NULL,
  `iframeurl` text CHARACTER SET utf8mb4 COLLATE utf8mb4_unicode_ci,
  `ready_url` varchar(191) CHARACTER SET utf8mb4 COLLATE utf8mb4_unicode_ci DEFAULT NULL,
  `url_360` varchar(191) CHARACTER SET utf8mb4 COLLATE utf8mb4_unicode_ci DEFAULT NULL,
  `url_480` varchar(191) CHARACTER SET utf8mb4 COLLATE utf8mb4_unicode_ci DEFAULT NULL,
  `url_720` varchar(191) CHARACTER SET utf8mb4 COLLATE utf8mb4_unicode_ci DEFAULT NULL,
  `url_1080` varchar(191) CHARACTER SET utf8mb4 COLLATE utf8mb4_unicode_ci DEFAULT NULL,
  `created_at` timestamp NULL DEFAULT NULL,
  `updated_at` timestamp NULL DEFAULT NULL,
  `upload_video` longtext CHARACTER SET utf8mb4 COLLATE utf8mb4_unicode_ci,
  PRIMARY KEY (`id`),
  KEY `videolinks_movie_id_foreign` (`movie_id`),
  KEY `videolinks_episode_id_foreign` (`episode_id`)
) ENGINE=InnoDB AUTO_INCREMENT=123 DEFAULT CHARSET=utf8mb4 COLLATE=utf8mb4_unicode_ci;

--
-- Dumping data for table `videolinks`
--

INSERT INTO `videolinks` VALUES (1,1,NULL,'iframeurl','https://player.vimeo.com/video/696962925?h=990fc018c6',NULL,NULL,NULL,NULL,NULL,'2022-03-31 16:52:04','2022-04-08 14:12:06',NULL),(2,2,NULL,'iframeurl','https://player.vimeo.com/video/696963925?h=af911ba259',NULL,NULL,NULL,NULL,NULL,'2022-03-31 16:53:00','2022-04-08 14:13:40',NULL),(3,3,NULL,'iframeurl','https://player.vimeo.com/video/696960613?h=1682b5b3cb',NULL,NULL,NULL,NULL,NULL,'2022-03-31 16:57:26','2022-04-08 14:15:58',NULL),(4,4,NULL,'iframeurl','https://player.vimeo.com/video/696958568?h=8b4322b392',NULL,NULL,NULL,NULL,NULL,'2022-03-31 17:01:17','2022-04-08 14:17:49',NULL),(5,5,NULL,'iframeurl','https://player.vimeo.com/video/696957782?h=911554ad78',NULL,NULL,NULL,NULL,NULL,'2022-03-31 17:02:23','2022-04-08 14:19:58',NULL),(6,6,NULL,'iframeurl','https://player.vimeo.com/video/696952702?h=c23e08d504',NULL,NULL,NULL,NULL,NULL,'2022-03-31 17:03:32','2022-04-08 14:22:34',NULL),(7,7,NULL,'iframeurl','https://player.vimeo.com/video/696950827?h=edf815572e',NULL,NULL,NULL,NULL,NULL,'2022-03-31 17:06:08','2022-04-08 14:25:25',NULL),(8,8,NULL,'iframeurl','https://player.vimeo.com/video/696949458?h=3097d082dc',NULL,NULL,NULL,NULL,NULL,'2022-03-31 17:07:56','2022-04-08 14:27:36',NULL),(9,9,NULL,'iframeurl','https://player.vimeo.com/video/696927654?h=a0ad4b5c0e',NULL,NULL,NULL,NULL,NULL,'2022-04-07 18:44:29','2022-04-08 14:29:47',NULL),(10,10,NULL,'iframeurl','https://player.vimeo.com/video/696948092?h=d81cb067dc',NULL,NULL,NULL,NULL,NULL,'2022-04-08 14:39:43','2022-04-08 14:39:43',NULL),(11,11,NULL,'iframeurl','https://player.vimeo.com/video/696945975?h=00c3feb72d',NULL,NULL,NULL,NULL,NULL,'2022-04-08 14:45:28','2022-04-08 14:45:28',NULL),(12,12,NULL,'iframeurl','https://player.vimeo.com/video/696940988?h=0f6c73d39b',NULL,NULL,NULL,NULL,NULL,'2022-04-08 14:47:14','2022-04-08 14:47:14',NULL),(13,13,NULL,'iframeurl','https://player.vimeo.com/video/696936957?h=2c193e0ee7',NULL,NULL,NULL,NULL,NULL,'2022-04-08 14:49:03','2022-04-08 14:49:03',NULL),(14,14,NULL,'iframeurl','https://player.vimeo.com/video/696930939?h=a7bb02d76a',NULL,NULL,NULL,NULL,NULL,'2022-04-08 14:50:46','2022-04-08 14:50:46',NULL),(15,15,NULL,'iframeurl','https://player.vimeo.com/video/690171943?h=8ade79c640',NULL,NULL,NULL,NULL,NULL,'2022-04-08 14:53:26','2022-04-08 14:53:26',NULL),(16,16,NULL,'iframeurl','https://player.vimeo.com/video/690173666?h=0ce0146ef6',NULL,NULL,NULL,NULL,NULL,'2022-04-08 14:55:03','2022-04-08 14:55:03',NULL),(17,17,NULL,'iframeurl','https://player.vimeo.com/video/690171245?h=a370bc62fe',NULL,NULL,NULL,NULL,NULL,'2022-04-08 14:56:15','2022-04-08 14:56:15',NULL),(18,18,NULL,'iframeurl','https://player.vimeo.com/video/690171383?h=660475cce1',NULL,NULL,NULL,NULL,NULL,'2022-04-08 14:57:15','2022-04-08 14:57:15',NULL),(19,19,NULL,'iframeurl','https://player.vimeo.com/video/690171539?h=18cde59c56',NULL,NULL,NULL,NULL,NULL,'2022-04-08 14:58:01','2022-04-08 14:58:01',NULL),(20,20,NULL,'iframeurl','https://player.vimeo.com/video/690171774?h=31685917a8',NULL,NULL,NULL,NULL,NULL,'2022-04-08 14:59:07','2022-04-08 14:59:07',NULL),(21,21,NULL,'iframeurl','https://player.vimeo.com/video/690172299?h=c634ac40a9',NULL,NULL,NULL,NULL,NULL,'2022-04-08 14:59:56','2022-04-08 14:59:56',NULL),(22,22,NULL,'iframeurl','https://player.vimeo.com/video/690172668?h=21712fffca',NULL,NULL,NULL,NULL,NULL,'2022-04-08 15:00:43','2022-04-08 15:00:43',NULL),(23,23,NULL,'iframeurl','https://player.vimeo.com/video/690172759?h=bb6a5ab812',NULL,NULL,NULL,NULL,NULL,'2022-04-08 15:02:49','2022-04-08 15:02:49',NULL),(24,24,NULL,'iframeurl','https://player.vimeo.com/video/690172886?h=8e57e0960c',NULL,NULL,NULL,NULL,NULL,'2022-04-08 15:05:11','2022-04-08 15:05:11',NULL),(25,25,NULL,'iframeurl','https://player.vimeo.com/video/690172974?h=acdcd008be',NULL,NULL,NULL,NULL,NULL,'2022-04-08 15:06:20','2022-04-08 15:06:20',NULL),(26,26,NULL,'iframeurl','https://player.vimeo.com/video/690173190?h=ef96f5a41d',NULL,NULL,NULL,NULL,NULL,'2022-04-08 15:07:13','2022-04-08 15:07:13',NULL),(27,27,NULL,'iframeurl','https://player.vimeo.com/video/690173336?h=db9521d710',NULL,NULL,NULL,NULL,NULL,'2022-04-08 15:09:03','2022-04-08 15:09:03',NULL),(28,28,NULL,'iframeurl','https://player.vimeo.com/video/690173574?h=5eef6e16c0',NULL,NULL,NULL,NULL,NULL,'2022-04-08 15:10:38','2022-04-08 15:10:38',NULL),(29,29,NULL,'iframeurl','https://player.vimeo.com/video/690173739?h=9765f1d582',NULL,NULL,NULL,NULL,NULL,'2022-04-08 15:11:38','2022-04-08 15:11:38',NULL),(30,30,NULL,'iframeurl','https://player.vimeo.com/video/690174122?h=f26d3cc35c',NULL,NULL,NULL,NULL,NULL,'2022-04-08 15:14:23','2022-04-08 15:14:23',NULL),(31,31,NULL,'iframeurl','https://player.vimeo.com/video/690174257?h=15e73ab076',NULL,NULL,NULL,NULL,NULL,'2022-04-08 15:15:15','2022-04-08 15:15:15',NULL),(32,32,NULL,'iframeurl','https://player.vimeo.com/video/690174403?h=11076befe5',NULL,NULL,NULL,NULL,NULL,'2022-04-08 15:16:07','2022-04-08 15:16:07',NULL),(33,33,NULL,'iframeurl','https://player.vimeo.com/video/690174462?h=78428faa94',NULL,NULL,NULL,NULL,NULL,'2022-04-08 15:17:13','2022-04-08 15:17:13',NULL),(34,34,NULL,'iframeurl','https://player.vimeo.com/video/690166218?h=1978721f05',NULL,NULL,NULL,NULL,NULL,'2022-04-08 15:18:41','2022-04-08 15:18:41',NULL),(35,35,NULL,'iframeurl','https://player.vimeo.com/video/690166538?h=6818b3d214',NULL,NULL,NULL,NULL,NULL,'2022-04-08 15:19:28','2022-04-08 15:19:28',NULL),(36,36,NULL,'iframeurl','https://player.vimeo.com/video/690166660?h=557d460f8d',NULL,NULL,NULL,NULL,NULL,'2022-04-08 15:20:56','2022-04-08 15:20:56',NULL),(37,37,NULL,'iframeurl','https://player.vimeo.com/video/690166765?h=3933d8e42f',NULL,NULL,NULL,NULL,NULL,'2022-04-08 15:21:46','2022-04-08 15:21:46',NULL),(38,38,NULL,'iframeurl','https://player.vimeo.com/video/690167073?h=598ac149f0',NULL,NULL,NULL,NULL,NULL,'2022-04-08 15:22:57','2022-04-08 15:22:57',NULL),(39,39,NULL,'iframeurl','https://player.vimeo.com/video/690167556?h=158b85beab',NULL,NULL,NULL,NULL,NULL,'2022-04-08 15:24:06','2022-04-08 15:24:06',NULL),(40,40,NULL,'iframeurl','https://player.vimeo.com/video/690167962?h=e057ddb09e',NULL,NULL,NULL,NULL,NULL,'2022-04-08 15:25:10','2022-04-08 15:25:10',NULL),(41,41,NULL,'iframeurl','https://player.vimeo.com/video/690168347?h=23721a852b',NULL,NULL,NULL,NULL,NULL,'2022-04-08 15:26:06','2022-04-08 15:26:06',NULL),(42,42,NULL,'iframeurl','https://player.vimeo.com/video/690168626?h=6d63642aa8',NULL,NULL,NULL,NULL,NULL,'2022-04-08 15:27:04','2022-04-08 15:27:04',NULL),(43,43,NULL,'iframeurl','https://player.vimeo.com/video/690168922?h=afd94fa038',NULL,NULL,NULL,NULL,NULL,'2022-04-08 15:28:03','2022-04-08 15:28:03',NULL),(44,44,NULL,'iframeurl','https://player.vimeo.com/video/690169899?h=e563e3cc5f',NULL,NULL,NULL,NULL,NULL,'2022-04-08 15:29:37','2022-04-08 15:29:37',NULL),(45,45,NULL,'iframeurl','https://player.vimeo.com/video/690175706?h=53abafe570',NULL,NULL,NULL,NULL,NULL,'2022-04-08 15:30:51','2022-04-08 15:30:51',NULL),(46,46,NULL,'iframeurl','https://player.vimeo.com/video/690175749?h=8efd9c17e5',NULL,NULL,NULL,NULL,NULL,'2022-04-08 15:31:41','2022-04-08 15:31:41',NULL),(47,47,NULL,'iframeurl','https://player.vimeo.com/video/690175824?h=dfcebade1a',NULL,NULL,NULL,NULL,NULL,'2022-04-08 15:32:36','2022-04-08 15:32:36',NULL),(48,48,NULL,'iframeurl','https://player.vimeo.com/video/690175875?h=8fddcca9ac',NULL,NULL,NULL,NULL,NULL,'2022-04-08 15:33:30','2022-04-08 15:33:30',NULL),(49,49,NULL,'iframeurl','https://player.vimeo.com/video/690175944?h=d762bb0d77',NULL,NULL,NULL,NULL,NULL,'2022-04-08 15:34:23','2022-04-08 15:34:23',NULL),(50,50,NULL,'iframeurl','https://player.vimeo.com/video/690200048?h=fc4ec634fd',NULL,NULL,NULL,NULL,NULL,'2022-04-08 15:35:46','2022-04-08 15:35:46',NULL),(51,51,NULL,'iframeurl','https://player.vimeo.com/video/690200495?h=7a0242377d',NULL,NULL,NULL,NULL,NULL,'2022-04-08 15:36:33','2022-04-08 15:36:33',NULL),(52,52,NULL,'iframeurl','https://player.vimeo.com/video/690405483?h=75f07a88f0',NULL,NULL,NULL,NULL,NULL,'2022-04-08 15:38:07','2022-04-08 15:38:07',NULL),(53,53,NULL,'iframeurl','https://player.vimeo.com/video/690405834?h=8528429c99',NULL,NULL,NULL,NULL,NULL,'2022-04-08 15:39:06','2022-04-08 15:39:06',NULL),(54,54,NULL,'iframeurl','https://player.vimeo.com/video/690405916?h=3addb3ff52',NULL,NULL,NULL,NULL,NULL,'2022-04-08 15:39:54','2022-04-08 15:39:54',NULL),(55,55,NULL,'iframeurl','https://player.vimeo.com/video/690406805?h=b43b3ab346',NULL,NULL,NULL,NULL,NULL,'2022-04-08 15:42:06','2022-04-08 15:42:06',NULL),(56,56,NULL,'iframeurl','https://player.vimeo.com/video/690190074?h=311318fb01',NULL,NULL,NULL,NULL,NULL,'2022-04-09 02:35:42','2022-04-09 02:35:42',NULL),(57,57,NULL,'iframeurl','https://player.vimeo.com/video/690190337?h=0665913ee2',NULL,NULL,NULL,NULL,NULL,'2022-04-09 02:36:38','2022-04-09 02:36:38',NULL),(58,58,NULL,'iframeurl','https://player.vimeo.com/video/690190477?h=6c96d61a48',NULL,NULL,NULL,NULL,NULL,'2022-04-09 02:44:14','2022-04-09 02:44:14',NULL),(59,59,NULL,'iframeurl','https://player.vimeo.com/video/690190674?h=0b86470cb9',NULL,NULL,NULL,NULL,NULL,'2022-04-09 02:47:17','2022-04-09 02:47:17',NULL),(60,60,NULL,'iframeurl','https://player.vimeo.com/video/690190987?h=1e3b22160c',NULL,NULL,NULL,NULL,NULL,'2022-04-09 02:48:17','2022-04-09 02:48:17',NULL),(61,61,NULL,'iframeurl','https://player.vimeo.com/video/690192144?h=be42ed161b',NULL,NULL,NULL,NULL,NULL,'2022-04-09 02:49:58','2022-04-09 02:49:58',NULL),(62,62,NULL,'iframeurl','https://player.vimeo.com/video/690192545?h=3025374135',NULL,NULL,NULL,NULL,NULL,'2022-04-09 02:52:14','2022-04-09 02:52:14',NULL),(63,63,NULL,'iframeurl','https://player.vimeo.com/video/690192734?h=147beb4e37',NULL,NULL,NULL,NULL,NULL,'2022-04-09 02:53:24','2022-04-09 02:53:24',NULL),(64,64,NULL,'iframeurl','https://player.vimeo.com/video/690193464?h=74ba4ec542',NULL,NULL,NULL,NULL,NULL,'2022-04-09 02:54:40','2022-04-09 02:54:40',NULL),(65,65,NULL,'iframeurl','https://player.vimeo.com/video/690195298?h=b7bdb5ece9',NULL,NULL,NULL,NULL,NULL,'2022-04-09 02:55:30','2022-04-09 02:55:30',NULL),(66,66,NULL,'iframeurl','https://player.vimeo.com/video/690195605?h=5fe349289b',NULL,NULL,NULL,NULL,NULL,'2022-04-09 02:56:40','2022-04-09 02:56:40',NULL),(67,67,NULL,'iframeurl','https://player.vimeo.com/video/690185630?h=e384cd5ef5',NULL,NULL,NULL,NULL,NULL,'2022-04-09 02:58:11','2022-04-09 02:58:11',NULL),(68,68,NULL,'iframeurl','https://player.vimeo.com/video/690186395?h=93d9b8044e',NULL,NULL,NULL,NULL,NULL,'2022-04-09 02:58:54','2022-04-09 02:58:54',NULL),(69,69,NULL,'iframeurl','https://player.vimeo.com/video/690182201?h=0e5b306958',NULL,NULL,NULL,NULL,NULL,'2022-04-09 03:00:03','2022-04-09 03:00:03',NULL),(70,70,NULL,'iframeurl','https://player.vimeo.com/video/690182894?h=31b6894909',NULL,NULL,NULL,NULL,NULL,'2022-04-09 03:01:00','2022-04-09 03:01:00',NULL),(71,71,NULL,'iframeurl','https://player.vimeo.com/video/690183001?h=dfbf21f9c0',NULL,NULL,NULL,NULL,NULL,'2022-04-09 03:02:11','2022-04-09 03:02:11',NULL),(72,72,NULL,'iframeurl','https://player.vimeo.com/video/690183437?h=9ca64c4c39',NULL,NULL,NULL,NULL,NULL,'2022-04-09 03:04:21','2022-04-09 03:04:21',NULL),(73,73,NULL,'iframeurl','https://player.vimeo.com/video/697324558?h=30273f4feb',NULL,NULL,NULL,NULL,NULL,'2022-04-09 16:22:24','2022-04-09 16:22:24',NULL),(74,74,NULL,'iframeurl','https://player.vimeo.com/video/697329311?h=5b2d0596d4',NULL,NULL,NULL,NULL,NULL,'2022-04-09 16:23:23','2022-04-09 16:23:23',NULL),(75,75,NULL,'iframeurl','https://player.vimeo.com/video/697334100?h=a171fb96f9',NULL,NULL,NULL,NULL,NULL,'2022-04-09 16:24:09','2022-04-09 16:24:09',NULL),(76,76,NULL,'iframeurl','https://player.vimeo.com/video/697399882?h=fd6cecf940',NULL,NULL,NULL,NULL,NULL,'2022-04-09 16:24:46','2022-04-09 16:24:46',NULL),(77,77,NULL,'iframeurl','https://player.vimeo.com/video/697427888?h=fc02a807d6',NULL,NULL,NULL,NULL,NULL,'2022-04-09 16:25:36','2022-04-09 16:25:36',NULL),(78,78,NULL,'iframeurl','https://player.vimeo.com/video/697451238?h=3ca5a790e8',NULL,NULL,NULL,NULL,NULL,'2022-04-09 16:26:20','2022-04-09 16:26:20',NULL),(79,79,NULL,'iframeurl','https://player.vimeo.com/video/697454095?h=5f1823da37',NULL,NULL,NULL,NULL,NULL,'2022-04-09 16:27:09','2022-04-09 16:27:09',NULL),(80,80,NULL,'iframeurl','https://player.vimeo.com/video/697461034?h=919e589b61',NULL,NULL,NULL,NULL,NULL,'2022-04-09 16:27:57','2022-04-09 16:27:57',NULL),(81,81,NULL,'iframeurl','https://player.vimeo.com/video/697478612?h=eefb7979c3',NULL,NULL,NULL,NULL,NULL,'2022-04-09 16:30:07','2022-04-09 16:30:07',NULL),(82,82,NULL,'iframeurl','https://player.vimeo.com/video/697846038?h=e024cd93ec',NULL,NULL,NULL,NULL,NULL,'2022-04-10 15:10:44','2022-04-10 15:10:44',NULL),(83,83,NULL,'iframeurl','https://player.vimeo.com/video/697852544?h=d4ec16d841',NULL,NULL,NULL,NULL,NULL,'2022-04-10 15:28:31','2022-04-10 15:28:31',NULL),(84,84,NULL,'iframeurl','https://player.vimeo.com/video/697851901?h=9cc790f966',NULL,NULL,NULL,NULL,NULL,'2022-04-10 15:30:11','2022-04-10 15:30:11',NULL),(85,85,NULL,'iframeurl','https://player.vimeo.com/video/697850268?h=7e1fde4586',NULL,NULL,NULL,NULL,NULL,'2022-04-10 15:32:37','2022-04-10 15:32:37',NULL),(86,86,NULL,'iframeurl','https://player.vimeo.com/video/697849099?h=9772c1a346',NULL,NULL,NULL,NULL,NULL,'2022-04-10 15:34:07','2022-04-10 15:34:07',NULL),(87,87,NULL,'iframeurl','https://player.vimeo.com/video/697712709?h=d2c011ec03',NULL,NULL,NULL,NULL,NULL,'2022-04-10 15:36:22','2022-04-10 15:36:22',NULL),(88,88,NULL,'iframeurl','https://player.vimeo.com/video/697708378?h=e9ac2482ed',NULL,NULL,NULL,NULL,NULL,'2022-04-10 15:38:20','2022-04-10 15:38:20',NULL),(89,89,NULL,'iframeurl','https://player.vimeo.com/video/697696079?h=91c948d320',NULL,NULL,NULL,NULL,NULL,'2022-04-10 15:39:45','2022-04-10 15:39:45',NULL),(90,90,NULL,'iframeurl','https://player.vimeo.com/video/697689552?h=3ffe858437',NULL,NULL,NULL,NULL,NULL,'2022-04-10 15:41:16','2022-04-10 15:41:16',NULL),(91,91,NULL,'iframeurl','https://player.vimeo.com/video/697684663?h=9dafc5d4ce',NULL,NULL,NULL,NULL,NULL,'2022-04-10 15:42:54','2022-04-10 15:42:54',NULL),(92,92,NULL,'iframeurl','https://player.vimeo.com/video/697682867?h=3ee81c8544',NULL,NULL,NULL,NULL,NULL,'2022-04-10 15:44:21','2022-04-10 15:44:21',NULL),(93,93,NULL,'iframeurl','https://player.vimeo.com/video/697678653?h=ea5dc97714',NULL,NULL,NULL,NULL,NULL,'2022-04-10 15:45:34','2022-04-10 15:45:34',NULL),(94,94,NULL,'iframeurl','https://player.vimeo.com/video/697671225?h=34fa3ac4f0',NULL,NULL,NULL,NULL,NULL,'2022-04-10 15:51:51','2022-04-10 15:51:51',NULL),(95,95,NULL,'iframeurl','https://player.vimeo.com/video/697666616?h=cdac9b33ac',NULL,NULL,NULL,NULL,NULL,'2022-04-10 15:53:35','2022-04-10 15:53:35',NULL),(96,96,NULL,'iframeurl','https://player.vimeo.com/video/697663975?h=0af431ed55',NULL,NULL,NULL,NULL,NULL,'2022-04-10 15:55:02','2022-04-10 15:55:02',NULL),(107,NULL,6,'multiquality',NULL,NULL,NULL,'http://mahaara.nxtserver.com/tvshow_upload/1657019591مهارات العمل الجماعي - مفهوم الفريق وأنواع فرق العمل-.mp4',NULL,NULL,'2022-07-05 15:43:11','2022-07-05 15:43:11',NULL),(108,NULL,7,'multiquality',NULL,NULL,NULL,'http://mahaara.nxtserver.com/tvshow_upload/1657019664مهارات العمل الجماعي - مملكة النحل-.mp4',NULL,NULL,'2022-07-05 15:44:24','2022-07-05 15:44:24',NULL),(114,NULL,13,'multiquality',NULL,NULL,'http://mahaara.nxtserver.com/tvshow_upload/1661169002إدارة القلق والصدمات النفسية - كيفيّة إدارة الضغط النفسي ومقترحات لمعالجة الضغوطات.mp4',NULL,NULL,NULL,'2022-08-22 17:20:02','2022-08-22 17:20:02',NULL),(115,NULL,14,'multiquality',NULL,NULL,'http://mahaara.nxtserver.com/tvshow_upload/1661169111إدارة القلق والصدمات النفسية - آثار الضغط النفسي على الصحّة والجسد.mp4',NULL,NULL,NULL,'2022-08-22 17:21:51','2022-08-22 17:21:51',NULL),(116,NULL,15,'multiquality',NULL,NULL,'http://mahaara.nxtserver.com/tvshow_upload/1661169548إدارة القلق والصدمات النفسية - تعريف الضغط النفسي ومستوى الضغوطات.mp4',NULL,NULL,NULL,'2022-08-22 17:22:59','2022-08-22 17:29:08',NULL),(117,NULL,16,'multiquality',NULL,NULL,'http://mahaara.nxtserver.com/tvshow_upload/1661170015إدارة القلق والصدمات النفسية - معنى العمل وتأثيره على قدرة التحمّل.mp4',NULL,NULL,NULL,'2022-08-22 17:36:55','2022-08-22 17:36:55',NULL),(118,NULL,17,'multiquality',NULL,NULL,'http://mahaara.nxtserver.com/tvshow_upload/1661170167إدارة القلق والصدمات النفسية - الاحتراق من العمل.mp4',NULL,NULL,NULL,'2022-08-22 17:39:27','2022-08-22 17:39:27',NULL),(119,NULL,18,'multiquality',NULL,NULL,'http://mahaara.nxtserver.com/tvshow_upload/1661170429إدارة القلق والصدمات النفسية - عامل الوقت وأنواع الصدمات.mp4',NULL,NULL,NULL,'2022-08-22 17:43:49','2022-08-22 17:43:49',NULL),(120,NULL,19,'multiquality',NULL,NULL,'http://mahaara.nxtserver.com/tvshow_upload/1661170568إدارة القلق والصدمات النفسية - نوبات القلق ونوبات الهلع.mp4',NULL,NULL,NULL,'2022-08-22 17:46:08','2022-08-22 17:46:08',NULL),(121,NULL,20,'multiquality',NULL,NULL,'http://mahaara.nxtserver.com/tvshow_upload/1661170919الإسعافات  الأولية - اسعاف الحروق-.mp4',NULL,NULL,NULL,'2022-08-22 17:51:59','2022-08-22 17:51:59',NULL),(122,NULL,21,'multiquality',NULL,NULL,'http://mahaara.nxtserver.com/tvshow_upload/1661171094الإسعافات  الأولية - السكتة الدماغية.mp4',NULL,NULL,NULL,'2022-08-22 17:54:55','2022-08-22 17:54:55',NULL);

--
-- Table structure for table `views`
--

CREATE TABLE `views` (
  `id` int unsigned NOT NULL AUTO_INCREMENT,
  `viewable_type` varchar(191) CHARACTER SET utf8mb4 COLLATE utf8mb4_unicode_ci NOT NULL,
  `viewable_id` bigint unsigned NOT NULL,
  `visitor` text CHARACTER SET utf8mb4 COLLATE utf8mb4_unicode_ci,
  `collection` varchar(191) CHARACTER SET utf8mb4 COLLATE utf8mb4_unicode_ci DEFAULT NULL,
  `viewed_at` timestamp NOT NULL DEFAULT CURRENT_TIMESTAMP,
  PRIMARY KEY (`id`),
  KEY `views_viewable_type_viewable_id_index` (`viewable_type`,`viewable_id`)
) ENGINE=InnoDB AUTO_INCREMENT=209 DEFAULT CHARSET=utf8mb4 COLLATE=utf8mb4_unicode_ci;

--
-- Dumping data for table `views`
--

INSERT INTO `views` VALUES (1,'App\\Movie',3,'7Pfg8rQuBSpYIA8gNQnkNDaOUBDpeANCCiG2GavuyCor8QKTI5Rl1i7LqZ73EVorwhu7yMdH0TdNhPG4',NULL,'2022-03-31 17:16:38'),(2,'App\\Movie',3,'7Pfg8rQuBSpYIA8gNQnkNDaOUBDpeANCCiG2GavuyCor8QKTI5Rl1i7LqZ73EVorwhu7yMdH0TdNhPG4',NULL,'2022-03-31 17:18:52'),(3,'App\\Movie',2,'7Pfg8rQuBSpYIA8gNQnkNDaOUBDpeANCCiG2GavuyCor8QKTI5Rl1i7LqZ73EVorwhu7yMdH0TdNhPG4',NULL,'2022-03-31 17:19:35'),(4,'App\\Movie',1,'7Pfg8rQuBSpYIA8gNQnkNDaOUBDpeANCCiG2GavuyCor8QKTI5Rl1i7LqZ73EVorwhu7yMdH0TdNhPG4',NULL,'2022-03-31 17:19:41'),(5,'App\\Movie',2,'7Pfg8rQuBSpYIA8gNQnkNDaOUBDpeANCCiG2GavuyCor8QKTI5Rl1i7LqZ73EVorwhu7yMdH0TdNhPG4',NULL,'2022-03-31 17:19:48'),(6,'App\\Movie',2,'7Pfg8rQuBSpYIA8gNQnkNDaOUBDpeANCCiG2GavuyCor8QKTI5Rl1i7LqZ73EVorwhu7yMdH0TdNhPG4',NULL,'2022-03-31 17:20:04'),(7,'App\\Movie',3,'V3dNkWqJWYDARDMSs6hjhGB4ObZGqfhHfAD2mTTvIcHHfpjISBZ8W3ESqpHP302f1hNsCKnHVhEE2ZDa',NULL,'2022-03-31 17:21:08'),(8,'App\\Movie',1,'sNX4W5mt1pobXEVLIvCAxdPc1pssxbqGiEtaMVfGt8v6AMPmm1cVkZLDoKula4vDtEjxPNwM9a0Op1UH',NULL,'2022-03-31 17:21:08'),(9,'App\\Movie',3,'V3dNkWqJWYDARDMSs6hjhGB4ObZGqfhHfAD2mTTvIcHHfpjISBZ8W3ESqpHP302f1hNsCKnHVhEE2ZDa',NULL,'2022-03-31 17:21:20'),(10,'App\\Movie',1,'sNX4W5mt1pobXEVLIvCAxdPc1pssxbqGiEtaMVfGt8v6AMPmm1cVkZLDoKula4vDtEjxPNwM9a0Op1UH',NULL,'2022-03-31 17:28:23'),(11,'App\\Movie',1,'sNX4W5mt1pobXEVLIvCAxdPc1pssxbqGiEtaMVfGt8v6AMPmm1cVkZLDoKula4vDtEjxPNwM9a0Op1UH',NULL,'2022-03-31 17:28:54'),(12,'App\\Movie',2,'qAQHo7zk2CeMBIuroJ5xQXqAr576xupAUjUdQTOuJMxZLb6Hyazg4bZrve53UYFRlaETx93wWPmNK5ae',NULL,'2022-03-31 17:30:53'),(13,'App\\Movie',2,'7Pfg8rQuBSpYIA8gNQnkNDaOUBDpeANCCiG2GavuyCor8QKTI5Rl1i7LqZ73EVorwhu7yMdH0TdNhPG4',NULL,'2022-03-31 17:31:17'),(14,'App\\Movie',1,'ZaZ0JJnUrYzxHr7Lr7hDU4BZVHRca8PoLnbkF1ihKzUg1UiK9qWm08Wew0m6PNgCBQR4lHlFcWdIq0zQ',NULL,'2022-03-31 17:31:53'),(15,'App\\Movie',2,'ZaZ0JJnUrYzxHr7Lr7hDU4BZVHRca8PoLnbkF1ihKzUg1UiK9qWm08Wew0m6PNgCBQR4lHlFcWdIq0zQ',NULL,'2022-03-31 17:32:07'),(16,'App\\Movie',3,'ZaZ0JJnUrYzxHr7Lr7hDU4BZVHRca8PoLnbkF1ihKzUg1UiK9qWm08Wew0m6PNgCBQR4lHlFcWdIq0zQ',NULL,'2022-03-31 17:32:22'),(17,'App\\Movie',1,'ZaZ0JJnUrYzxHr7Lr7hDU4BZVHRca8PoLnbkF1ihKzUg1UiK9qWm08Wew0m6PNgCBQR4lHlFcWdIq0zQ',NULL,'2022-03-31 17:43:27'),(18,'App\\Movie',3,'7Pfg8rQuBSpYIA8gNQnkNDaOUBDpeANCCiG2GavuyCor8QKTI5Rl1i7LqZ73EVorwhu7yMdH0TdNhPG4',NULL,'2022-03-31 17:47:49'),(19,'App\\Movie',8,'V3dNkWqJWYDARDMSs6hjhGB4ObZGqfhHfAD2mTTvIcHHfpjISBZ8W3ESqpHP302f1hNsCKnHVhEE2ZDa',NULL,'2022-03-31 18:13:51'),(20,'App\\Movie',7,'V3dNkWqJWYDARDMSs6hjhGB4ObZGqfhHfAD2mTTvIcHHfpjISBZ8W3ESqpHP302f1hNsCKnHVhEE2ZDa',NULL,'2022-03-31 18:13:57'),(21,'App\\Movie',7,'V3dNkWqJWYDARDMSs6hjhGB4ObZGqfhHfAD2mTTvIcHHfpjISBZ8W3ESqpHP302f1hNsCKnHVhEE2ZDa',NULL,'2022-03-31 18:13:59'),(22,'App\\Movie',3,'V3dNkWqJWYDARDMSs6hjhGB4ObZGqfhHfAD2mTTvIcHHfpjISBZ8W3ESqpHP302f1hNsCKnHVhEE2ZDa',NULL,'2022-03-31 18:14:39'),(23,'App\\Movie',3,'V3dNkWqJWYDARDMSs6hjhGB4ObZGqfhHfAD2mTTvIcHHfpjISBZ8W3ESqpHP302f1hNsCKnHVhEE2ZDa',NULL,'2022-03-31 18:19:21'),(24,'App\\Movie',3,'V3dNkWqJWYDARDMSs6hjhGB4ObZGqfhHfAD2mTTvIcHHfpjISBZ8W3ESqpHP302f1hNsCKnHVhEE2ZDa',NULL,'2022-03-31 18:19:30'),(25,'App\\Movie',2,'6CbcaqycsmQmO6WF3I8S9Vb6E2JsIS7ISovcvxQDuUPyeHOysVUR3CiaRMXesknCFxluD97wJ9Ms0nV4',NULL,'2022-03-31 18:19:52'),(26,'App\\Movie',3,'02Dd14PzRrZWvjVOIgniguOGXd6e5JV4SgPxuCHixDlgr03AOgqAh8JqJICBeBW9rQbr80k729vYtRRH',NULL,'2022-03-31 22:08:25'),(27,'App\\Movie',6,'zEZxKpAukJav0jNeCh3C10fADNU6zNwDHLjoNOmx1V0iUuWdtpofIsXfCPtx1yaWWqV4Dzd4yFPHKyx9',NULL,'2022-04-01 10:16:38'),(28,'App\\Movie',1,'zEZxKpAukJav0jNeCh3C10fADNU6zNwDHLjoNOmx1V0iUuWdtpofIsXfCPtx1yaWWqV4Dzd4yFPHKyx9',NULL,'2022-04-01 10:16:38'),(29,'App\\Movie',5,'NNEBy8kitIhg1fnACkKo7SIaIY2uzPpyMN5KBps3tx7QgqKqIx52isGalms88NBS1R3BvnHB7xPneWEg',NULL,'2022-04-01 10:16:38'),(30,'App\\Movie',2,'7Pfg8rQuBSpYIA8gNQnkNDaOUBDpeANCCiG2GavuyCor8QKTI5Rl1i7LqZ73EVorwhu7yMdH0TdNhPG4',NULL,'2022-04-02 03:09:51'),(31,'App\\Movie',2,'sNX4W5mt1pobXEVLIvCAxdPc1pssxbqGiEtaMVfGt8v6AMPmm1cVkZLDoKula4vDtEjxPNwM9a0Op1UH',NULL,'2022-04-03 14:38:08'),(32,'App\\Movie',2,'7Pfg8rQuBSpYIA8gNQnkNDaOUBDpeANCCiG2GavuyCor8QKTI5Rl1i7LqZ73EVorwhu7yMdH0TdNhPG4',NULL,'2022-04-03 14:55:46'),(33,'App\\Movie',3,'8PFUbWYn4C5wHoE1ltRWXe7ZZmKM9NKUOxNYPHk160aZ57gs6KmtHKsY9Y1W0PpfuTf2DJaY3bt559Va',NULL,'2022-04-05 22:17:16'),(34,'App\\Movie',2,'8PFUbWYn4C5wHoE1ltRWXe7ZZmKM9NKUOxNYPHk160aZ57gs6KmtHKsY9Y1W0PpfuTf2DJaY3bt559Va',NULL,'2022-04-05 22:17:28'),(35,'App\\Movie',2,'8PFUbWYn4C5wHoE1ltRWXe7ZZmKM9NKUOxNYPHk160aZ57gs6KmtHKsY9Y1W0PpfuTf2DJaY3bt559Va',NULL,'2022-04-05 22:17:30'),(36,'App\\Movie',1,'8PFUbWYn4C5wHoE1ltRWXe7ZZmKM9NKUOxNYPHk160aZ57gs6KmtHKsY9Y1W0PpfuTf2DJaY3bt559Va',NULL,'2022-04-05 22:17:35'),(37,'App\\Movie',5,'8PFUbWYn4C5wHoE1ltRWXe7ZZmKM9NKUOxNYPHk160aZ57gs6KmtHKsY9Y1W0PpfuTf2DJaY3bt559Va',NULL,'2022-04-05 22:17:40'),(38,'App\\Movie',7,'8PFUbWYn4C5wHoE1ltRWXe7ZZmKM9NKUOxNYPHk160aZ57gs6KmtHKsY9Y1W0PpfuTf2DJaY3bt559Va',NULL,'2022-04-05 22:17:44'),(39,'App\\Movie',3,'8PFUbWYn4C5wHoE1ltRWXe7ZZmKM9NKUOxNYPHk160aZ57gs6KmtHKsY9Y1W0PpfuTf2DJaY3bt559Va',NULL,'2022-04-05 22:17:54'),(40,'App\\Movie',3,'8PFUbWYn4C5wHoE1ltRWXe7ZZmKM9NKUOxNYPHk160aZ57gs6KmtHKsY9Y1W0PpfuTf2DJaY3bt559Va',NULL,'2022-04-07 14:18:28'),(41,'App\\Movie',1,'qAQHo7zk2CeMBIuroJ5xQXqAr576xupAUjUdQTOuJMxZLb6Hyazg4bZrve53UYFRlaETx93wWPmNK5ae',NULL,'2022-04-07 14:20:02'),(42,'App\\Movie',2,'qAQHo7zk2CeMBIuroJ5xQXqAr576xupAUjUdQTOuJMxZLb6Hyazg4bZrve53UYFRlaETx93wWPmNK5ae',NULL,'2022-04-07 14:20:10'),(43,'App\\Movie',2,'sNX4W5mt1pobXEVLIvCAxdPc1pssxbqGiEtaMVfGt8v6AMPmm1cVkZLDoKula4vDtEjxPNwM9a0Op1UH',NULL,'2022-04-07 16:00:11'),(44,'App\\Movie',2,'x6fQx8vq7YrDCejoSg74bvxPyFMHkq0tyI67pc8WPBObR8ml8wfp7h3a37NSOqqbQk5t7EUaxDEvy0bB',NULL,'2022-04-07 16:08:04'),(45,'App\\Movie',2,'x6fQx8vq7YrDCejoSg74bvxPyFMHkq0tyI67pc8WPBObR8ml8wfp7h3a37NSOqqbQk5t7EUaxDEvy0bB',NULL,'2022-04-07 16:10:18'),(46,'App\\Movie',5,'7Pfg8rQuBSpYIA8gNQnkNDaOUBDpeANCCiG2GavuyCor8QKTI5Rl1i7LqZ73EVorwhu7yMdH0TdNhPG4',NULL,'2022-04-07 16:36:49'),(47,'App\\Movie',5,'7Pfg8rQuBSpYIA8gNQnkNDaOUBDpeANCCiG2GavuyCor8QKTI5Rl1i7LqZ73EVorwhu7yMdH0TdNhPG4',NULL,'2022-04-07 16:36:50'),(48,'App\\Movie',2,'8PFUbWYn4C5wHoE1ltRWXe7ZZmKM9NKUOxNYPHk160aZ57gs6KmtHKsY9Y1W0PpfuTf2DJaY3bt559Va',NULL,'2022-04-07 17:10:02'),(49,'App\\Movie',8,'8PFUbWYn4C5wHoE1ltRWXe7ZZmKM9NKUOxNYPHk160aZ57gs6KmtHKsY9Y1W0PpfuTf2DJaY3bt559Va',NULL,'2022-04-07 17:10:41'),(50,'App\\Movie',9,'sNX4W5mt1pobXEVLIvCAxdPc1pssxbqGiEtaMVfGt8v6AMPmm1cVkZLDoKula4vDtEjxPNwM9a0Op1UH',NULL,'2022-04-07 18:44:44'),(51,'App\\Movie',9,'sNX4W5mt1pobXEVLIvCAxdPc1pssxbqGiEtaMVfGt8v6AMPmm1cVkZLDoKula4vDtEjxPNwM9a0Op1UH',NULL,'2022-04-07 18:47:43'),(52,'App\\Movie',8,'PtcWWfiGeNJzrsdVmVy7tKLpmWxQ0cMpjK0GzKOG3aBMBtNac91PJdPn7mtUPRTaFgyj5MqCesRRSdtf',NULL,'2022-04-07 20:32:16'),(53,'App\\Movie',34,'7Pfg8rQuBSpYIA8gNQnkNDaOUBDpeANCCiG2GavuyCor8QKTI5Rl1i7LqZ73EVorwhu7yMdH0TdNhPG4',NULL,'2022-04-09 03:19:23'),(54,'App\\Movie',4,'CmCukRz2fmVR4Cs9Pp8Zg5eJDEb6i0G1oqCLpkMF1vEegZBd14GSFuXv3h3kMNn5ZRrYv0sU1GmIvwlj',NULL,'2022-04-09 17:41:02'),(55,'App\\Movie',4,'CmCukRz2fmVR4Cs9Pp8Zg5eJDEb6i0G1oqCLpkMF1vEegZBd14GSFuXv3h3kMNn5ZRrYv0sU1GmIvwlj',NULL,'2022-04-09 17:43:17'),(56,'App\\Movie',81,'CmCukRz2fmVR4Cs9Pp8Zg5eJDEb6i0G1oqCLpkMF1vEegZBd14GSFuXv3h3kMNn5ZRrYv0sU1GmIvwlj',NULL,'2022-04-09 17:44:04'),(57,'App\\Movie',4,'CmCukRz2fmVR4Cs9Pp8Zg5eJDEb6i0G1oqCLpkMF1vEegZBd14GSFuXv3h3kMNn5ZRrYv0sU1GmIvwlj',NULL,'2022-04-09 17:54:22'),(58,'App\\Movie',81,'CmCukRz2fmVR4Cs9Pp8Zg5eJDEb6i0G1oqCLpkMF1vEegZBd14GSFuXv3h3kMNn5ZRrYv0sU1GmIvwlj',NULL,'2022-04-09 17:56:54'),(59,'App\\Movie',4,'6CbcaqycsmQmO6WF3I8S9Vb6E2JsIS7ISovcvxQDuUPyeHOysVUR3CiaRMXesknCFxluD97wJ9Ms0nV4',NULL,'2022-04-09 17:58:24'),(60,'App\\Movie',4,'6CbcaqycsmQmO6WF3I8S9Vb6E2JsIS7ISovcvxQDuUPyeHOysVUR3CiaRMXesknCFxluD97wJ9Ms0nV4',NULL,'2022-04-09 17:58:25'),(61,'App\\Movie',71,'CmCukRz2fmVR4Cs9Pp8Zg5eJDEb6i0G1oqCLpkMF1vEegZBd14GSFuXv3h3kMNn5ZRrYv0sU1GmIvwlj',NULL,'2022-04-09 17:58:39'),(62,'App\\Movie',4,'6CbcaqycsmQmO6WF3I8S9Vb6E2JsIS7ISovcvxQDuUPyeHOysVUR3CiaRMXesknCFxluD97wJ9Ms0nV4',NULL,'2022-04-09 18:00:05'),(63,'App\\Movie',1,'6CbcaqycsmQmO6WF3I8S9Vb6E2JsIS7ISovcvxQDuUPyeHOysVUR3CiaRMXesknCFxluD97wJ9Ms0nV4',NULL,'2022-04-09 18:00:18'),(64,'App\\Movie',72,'CmCukRz2fmVR4Cs9Pp8Zg5eJDEb6i0G1oqCLpkMF1vEegZBd14GSFuXv3h3kMNn5ZRrYv0sU1GmIvwlj',NULL,'2022-04-09 18:03:17'),(65,'App\\Movie',4,'CmCukRz2fmVR4Cs9Pp8Zg5eJDEb6i0G1oqCLpkMF1vEegZBd14GSFuXv3h3kMNn5ZRrYv0sU1GmIvwlj',NULL,'2022-04-09 18:05:19'),(66,'App\\Movie',3,'CmCukRz2fmVR4Cs9Pp8Zg5eJDEb6i0G1oqCLpkMF1vEegZBd14GSFuXv3h3kMNn5ZRrYv0sU1GmIvwlj',NULL,'2022-04-09 18:07:09'),(67,'App\\Movie',81,'CmCukRz2fmVR4Cs9Pp8Zg5eJDEb6i0G1oqCLpkMF1vEegZBd14GSFuXv3h3kMNn5ZRrYv0sU1GmIvwlj',NULL,'2022-04-09 18:07:26'),(68,'App\\Movie',6,'CmCukRz2fmVR4Cs9Pp8Zg5eJDEb6i0G1oqCLpkMF1vEegZBd14GSFuXv3h3kMNn5ZRrYv0sU1GmIvwlj',NULL,'2022-04-09 18:08:27'),(69,'App\\Movie',6,'CmCukRz2fmVR4Cs9Pp8Zg5eJDEb6i0G1oqCLpkMF1vEegZBd14GSFuXv3h3kMNn5ZRrYv0sU1GmIvwlj',NULL,'2022-04-09 18:08:56'),(70,'App\\Movie',4,'r304OMluMsatHH6STIhNtvdJCou0RY85V89ZuS8eGGYpqTKJausU42zduVNBvTmx5W3b8hJcp84j52D2',NULL,'2022-04-10 04:10:16'),(71,'App\\Movie',1,'r304OMluMsatHH6STIhNtvdJCou0RY85V89ZuS8eGGYpqTKJausU42zduVNBvTmx5W3b8hJcp84j52D2',NULL,'2022-04-10 04:10:35'),(72,'App\\Movie',1,'r304OMluMsatHH6STIhNtvdJCou0RY85V89ZuS8eGGYpqTKJausU42zduVNBvTmx5W3b8hJcp84j52D2',NULL,'2022-04-10 04:10:57'),(73,'App\\Movie',4,'YD597AOVMBjpB6Ka2iYKyR9g5J0NkT4Js2bP5bQgY2oQrR4c3TeaSDhYOcfNBvl5yqmxXHakN5N1NcKn',NULL,'2022-04-10 10:30:53'),(74,'App\\Movie',4,'Dl4DBDG2S457x3w7s9IYlIwEeeLeYbuFausTbdlyvozIMy9tWvflL0tLKoRKwtzDpAXOu5QrPedZPQRM',NULL,'2022-04-10 10:30:53'),(75,'App\\Movie',4,'DoJEv2ZCjioYV0UFoY5Nr3Dc1j0jnZWhOOgE9otCQ9hsv3w2GIeoPOyxXeJcfoaDb2S0OOhEzeFYZlW7',NULL,'2022-04-10 10:30:53'),(76,'App\\Movie',4,'8PFUbWYn4C5wHoE1ltRWXe7ZZmKM9NKUOxNYPHk160aZ57gs6KmtHKsY9Y1W0PpfuTf2DJaY3bt559Va',NULL,'2022-04-10 16:17:29'),(77,'App\\Movie',2,'7Pfg8rQuBSpYIA8gNQnkNDaOUBDpeANCCiG2GavuyCor8QKTI5Rl1i7LqZ73EVorwhu7yMdH0TdNhPG4',NULL,'2022-04-10 16:56:00'),(78,'App\\Movie',88,'cEXuQ0HdIQwaKsaIVJ3dHXSamCDtkWdOoKu32wGnAQ1qQyOnZadrUU0TNT72rubuknCSqbbNxBkfEHLF',NULL,'2022-04-10 17:45:10'),(79,'App\\Movie',72,'cEXuQ0HdIQwaKsaIVJ3dHXSamCDtkWdOoKu32wGnAQ1qQyOnZadrUU0TNT72rubuknCSqbbNxBkfEHLF',NULL,'2022-04-10 17:45:28'),(80,'App\\Movie',85,'gri7h0gWBrOmETCXvjgqFHrXeSWmHAaZEXbiI0HXRqMfvRr48OxnqJeAcsFuhfyzDKhQb3MfbSTyauGL',NULL,'2022-04-11 00:23:41'),(81,'App\\Movie',26,'5UTacr37m46LaHT1dwprwminbMyO8Pa8mAeDrosGcT0tfs84CL4ktC9RHHNsLvR8w3n2xO55nJ1vEGBY',NULL,'2022-04-14 17:23:41'),(82,'App\\Movie',35,'5UTacr37m46LaHT1dwprwminbMyO8Pa8mAeDrosGcT0tfs84CL4ktC9RHHNsLvR8w3n2xO55nJ1vEGBY',NULL,'2022-04-17 11:51:14'),(83,'App\\Movie',26,'6KeFuyB2HUS7Zv1kAitEeqRfbGAUOnaiHGb3jhE01JsYP7IDi317pu7Oflp4niWD3kW3rzZhSVMwykpt',NULL,'2022-04-17 13:33:23'),(84,'App\\Movie',26,'6KeFuyB2HUS7Zv1kAitEeqRfbGAUOnaiHGb3jhE01JsYP7IDi317pu7Oflp4niWD3kW3rzZhSVMwykpt',NULL,'2022-04-17 13:44:11'),(85,'App\\Movie',6,'5UTacr37m46LaHT1dwprwminbMyO8Pa8mAeDrosGcT0tfs84CL4ktC9RHHNsLvR8w3n2xO55nJ1vEGBY',NULL,'2022-04-18 10:49:09'),(86,'App\\Movie',6,'5UTacr37m46LaHT1dwprwminbMyO8Pa8mAeDrosGcT0tfs84CL4ktC9RHHNsLvR8w3n2xO55nJ1vEGBY',NULL,'2022-04-18 10:51:53'),(87,'App\\Movie',6,'5UTacr37m46LaHT1dwprwminbMyO8Pa8mAeDrosGcT0tfs84CL4ktC9RHHNsLvR8w3n2xO55nJ1vEGBY',NULL,'2022-04-18 10:55:07'),(88,'App\\Movie',6,'5UTacr37m46LaHT1dwprwminbMyO8Pa8mAeDrosGcT0tfs84CL4ktC9RHHNsLvR8w3n2xO55nJ1vEGBY',NULL,'2022-04-18 11:03:36'),(89,'App\\Movie',6,'r87WZtXeJzjNd4d93C52IsLSo3LGV87IVNNm2qw7d5YmeWh2hjSHVLfVrBS3BYUb4d6MXRA9PkDyzF2t',NULL,'2022-04-18 11:05:01'),(90,'App\\Movie',6,'r87WZtXeJzjNd4d93C52IsLSo3LGV87IVNNm2qw7d5YmeWh2hjSHVLfVrBS3BYUb4d6MXRA9PkDyzF2t',NULL,'2022-04-18 11:05:17'),(91,'App\\Movie',5,'r87WZtXeJzjNd4d93C52IsLSo3LGV87IVNNm2qw7d5YmeWh2hjSHVLfVrBS3BYUb4d6MXRA9PkDyzF2t',NULL,'2022-04-18 11:12:19'),(92,'App\\Movie',6,'r87WZtXeJzjNd4d93C52IsLSo3LGV87IVNNm2qw7d5YmeWh2hjSHVLfVrBS3BYUb4d6MXRA9PkDyzF2t',NULL,'2022-04-18 11:13:16'),(93,'App\\Movie',6,'r87WZtXeJzjNd4d93C52IsLSo3LGV87IVNNm2qw7d5YmeWh2hjSHVLfVrBS3BYUb4d6MXRA9PkDyzF2t',NULL,'2022-04-18 11:22:21'),(94,'App\\Movie',58,'r87WZtXeJzjNd4d93C52IsLSo3LGV87IVNNm2qw7d5YmeWh2hjSHVLfVrBS3BYUb4d6MXRA9PkDyzF2t',NULL,'2022-04-18 11:22:39'),(95,'App\\Movie',3,'5UTacr37m46LaHT1dwprwminbMyO8Pa8mAeDrosGcT0tfs84CL4ktC9RHHNsLvR8w3n2xO55nJ1vEGBY',NULL,'2022-04-18 12:26:54'),(96,'App\\Movie',26,'5UTacr37m46LaHT1dwprwminbMyO8Pa8mAeDrosGcT0tfs84CL4ktC9RHHNsLvR8w3n2xO55nJ1vEGBY',NULL,'2022-04-28 00:19:58'),(97,'App\\Movie',58,'gV75lDZAC2bd7KcM37eZFagSugmWGHIbEP2TPLgYqsAU0NP7rXWBQVsZNjx0Y2Zll6qDaFaZCqr5O7Ij',NULL,'2022-05-10 15:16:13'),(98,'App\\Movie',60,'aDDvASCctWZDbw0EHCSnLIBlrZuC1K065HNNNIWV6jjdN2ZaUuN9990dXRlsKd7tlRmL6SRpJ6krcrcc',NULL,'2022-05-11 12:48:00'),(99,'App\\Movie',5,'aDDvASCctWZDbw0EHCSnLIBlrZuC1K065HNNNIWV6jjdN2ZaUuN9990dXRlsKd7tlRmL6SRpJ6krcrcc',NULL,'2022-05-11 13:15:35'),(100,'App\\Movie',6,'aDDvASCctWZDbw0EHCSnLIBlrZuC1K065HNNNIWV6jjdN2ZaUuN9990dXRlsKd7tlRmL6SRpJ6krcrcc',NULL,'2022-05-11 13:16:40'),(101,'App\\Movie',26,'CjmWCVEVAHrgsDwU7t7Tytd9wcqug4CQdbGK4LH0EQ43FfegENfkmft4vCvUW2lloYW9Qi9cQv8PkykV',NULL,'2022-05-11 17:44:09'),(102,'App\\Movie',5,'eDtlvedof2mOTFFbx7sAGVTFulU6KbPZtjJR3456Nv4UcBaF27jzJvpB5ynQJMUS3Zk20JXYpkNjTDRY',NULL,'2022-05-11 17:44:46'),(103,'App\\Movie',6,'CjmWCVEVAHrgsDwU7t7Tytd9wcqug4CQdbGK4LH0EQ43FfegENfkmft4vCvUW2lloYW9Qi9cQv8PkykV',NULL,'2022-05-11 18:14:12'),(104,'App\\Movie',5,'ZaZ0JJnUrYzxHr7Lr7hDU4BZVHRca8PoLnbkF1ihKzUg1UiK9qWm08Wew0m6PNgCBQR4lHlFcWdIq0zQ',NULL,'2022-05-11 18:21:10'),(105,'App\\Movie',5,'ZaZ0JJnUrYzxHr7Lr7hDU4BZVHRca8PoLnbkF1ihKzUg1UiK9qWm08Wew0m6PNgCBQR4lHlFcWdIq0zQ',NULL,'2022-05-11 18:42:05'),(106,'App\\Movie',5,'ZaZ0JJnUrYzxHr7Lr7hDU4BZVHRca8PoLnbkF1ihKzUg1UiK9qWm08Wew0m6PNgCBQR4lHlFcWdIq0zQ',NULL,'2022-05-11 18:42:08'),(107,'App\\Movie',5,'ZaZ0JJnUrYzxHr7Lr7hDU4BZVHRca8PoLnbkF1ihKzUg1UiK9qWm08Wew0m6PNgCBQR4lHlFcWdIq0zQ',NULL,'2022-05-11 18:42:10'),(108,'App\\Movie',5,'aDDvASCctWZDbw0EHCSnLIBlrZuC1K065HNNNIWV6jjdN2ZaUuN9990dXRlsKd7tlRmL6SRpJ6krcrcc',NULL,'2022-05-11 22:19:02'),(109,'App\\Movie',5,'aDDvASCctWZDbw0EHCSnLIBlrZuC1K065HNNNIWV6jjdN2ZaUuN9990dXRlsKd7tlRmL6SRpJ6krcrcc',NULL,'2022-05-11 22:19:02'),(110,'App\\Movie',5,'aDDvASCctWZDbw0EHCSnLIBlrZuC1K065HNNNIWV6jjdN2ZaUuN9990dXRlsKd7tlRmL6SRpJ6krcrcc',NULL,'2022-05-11 22:19:03'),(111,'App\\Movie',26,'tDZJRFD1HqQ1Pt1KmGpviIOAkHbIxl8IlVEIhmiW4sVxRNVBJ0zu6nrsjd3itzjTjQnbXvkuIl2Bychv',NULL,'2022-05-12 13:03:39'),(112,'App\\Movie',20,'tDZJRFD1HqQ1Pt1KmGpviIOAkHbIxl8IlVEIhmiW4sVxRNVBJ0zu6nrsjd3itzjTjQnbXvkuIl2Bychv',NULL,'2022-05-12 13:07:03'),(113,'App\\Movie',81,'aDDvASCctWZDbw0EHCSnLIBlrZuC1K065HNNNIWV6jjdN2ZaUuN9990dXRlsKd7tlRmL6SRpJ6krcrcc',NULL,'2022-05-12 13:30:11'),(114,'App\\Movie',6,'aDDvASCctWZDbw0EHCSnLIBlrZuC1K065HNNNIWV6jjdN2ZaUuN9990dXRlsKd7tlRmL6SRpJ6krcrcc',NULL,'2022-05-12 14:52:00'),(115,'App\\Movie',26,'EFC3rIp0VvcXSigKFzFQiyFAJu8c6MNqfBz1lCoUZ9MebyA66Id3MpcqGDpMCeSp7FNNCcBxrTp4jYbw',NULL,'2022-05-15 14:18:31'),(116,'App\\Movie',6,'sNX4W5mt1pobXEVLIvCAxdPc1pssxbqGiEtaMVfGt8v6AMPmm1cVkZLDoKula4vDtEjxPNwM9a0Op1UH',NULL,'2022-05-15 14:25:58'),(117,'App\\Movie',5,'sNX4W5mt1pobXEVLIvCAxdPc1pssxbqGiEtaMVfGt8v6AMPmm1cVkZLDoKula4vDtEjxPNwM9a0Op1UH',NULL,'2022-05-15 16:12:17'),(118,'App\\Movie',6,'tDZJRFD1HqQ1Pt1KmGpviIOAkHbIxl8IlVEIhmiW4sVxRNVBJ0zu6nrsjd3itzjTjQnbXvkuIl2Bychv',NULL,'2022-05-15 16:30:21'),(119,'App\\Movie',5,'tDZJRFD1HqQ1Pt1KmGpviIOAkHbIxl8IlVEIhmiW4sVxRNVBJ0zu6nrsjd3itzjTjQnbXvkuIl2Bychv',NULL,'2022-05-15 16:30:59'),(120,'App\\Movie',30,'tDZJRFD1HqQ1Pt1KmGpviIOAkHbIxl8IlVEIhmiW4sVxRNVBJ0zu6nrsjd3itzjTjQnbXvkuIl2Bychv',NULL,'2022-05-15 16:41:06'),(121,'App\\Movie',85,'tDZJRFD1HqQ1Pt1KmGpviIOAkHbIxl8IlVEIhmiW4sVxRNVBJ0zu6nrsjd3itzjTjQnbXvkuIl2Bychv',NULL,'2022-05-15 16:52:05'),(122,'App\\Movie',85,'tDZJRFD1HqQ1Pt1KmGpviIOAkHbIxl8IlVEIhmiW4sVxRNVBJ0zu6nrsjd3itzjTjQnbXvkuIl2Bychv',NULL,'2022-05-15 16:53:59'),(123,'App\\Movie',9,'sNX4W5mt1pobXEVLIvCAxdPc1pssxbqGiEtaMVfGt8v6AMPmm1cVkZLDoKula4vDtEjxPNwM9a0Op1UH',NULL,'2022-05-15 16:55:09'),(124,'App\\Movie',18,'sNX4W5mt1pobXEVLIvCAxdPc1pssxbqGiEtaMVfGt8v6AMPmm1cVkZLDoKula4vDtEjxPNwM9a0Op1UH',NULL,'2022-05-15 16:57:24'),(125,'App\\Movie',18,'sNX4W5mt1pobXEVLIvCAxdPc1pssxbqGiEtaMVfGt8v6AMPmm1cVkZLDoKula4vDtEjxPNwM9a0Op1UH',NULL,'2022-05-15 16:58:03'),(126,'App\\Movie',1,'EFC3rIp0VvcXSigKFzFQiyFAJu8c6MNqfBz1lCoUZ9MebyA66Id3MpcqGDpMCeSp7FNNCcBxrTp4jYbw',NULL,'2022-05-15 16:58:38'),(127,'App\\Movie',23,'sNX4W5mt1pobXEVLIvCAxdPc1pssxbqGiEtaMVfGt8v6AMPmm1cVkZLDoKula4vDtEjxPNwM9a0Op1UH',NULL,'2022-05-15 17:03:39'),(128,'App\\Movie',23,'sNX4W5mt1pobXEVLIvCAxdPc1pssxbqGiEtaMVfGt8v6AMPmm1cVkZLDoKula4vDtEjxPNwM9a0Op1UH',NULL,'2022-05-15 17:03:58'),(129,'App\\Movie',23,'sNX4W5mt1pobXEVLIvCAxdPc1pssxbqGiEtaMVfGt8v6AMPmm1cVkZLDoKula4vDtEjxPNwM9a0Op1UH',NULL,'2022-05-15 17:06:44'),(130,'App\\Movie',23,'sNX4W5mt1pobXEVLIvCAxdPc1pssxbqGiEtaMVfGt8v6AMPmm1cVkZLDoKula4vDtEjxPNwM9a0Op1UH',NULL,'2022-05-15 17:24:12'),(131,'App\\Movie',6,'gmx20XNn1oi8bxdvvG40F0kjxxmvHbBhSrbA57XoAy68Q2LL3d1OyI15rWywRmGJRzXnYCAZ49eoflpz',NULL,'2022-05-15 17:24:22'),(132,'App\\Movie',1,'sNX4W5mt1pobXEVLIvCAxdPc1pssxbqGiEtaMVfGt8v6AMPmm1cVkZLDoKula4vDtEjxPNwM9a0Op1UH',NULL,'2022-05-15 17:24:39'),(133,'App\\Movie',6,'sNX4W5mt1pobXEVLIvCAxdPc1pssxbqGiEtaMVfGt8v6AMPmm1cVkZLDoKula4vDtEjxPNwM9a0Op1UH',NULL,'2022-05-15 17:24:54'),(134,'App\\Movie',26,'tDZJRFD1HqQ1Pt1KmGpviIOAkHbIxl8IlVEIhmiW4sVxRNVBJ0zu6nrsjd3itzjTjQnbXvkuIl2Bychv',NULL,'2022-05-15 17:53:51'),(135,'App\\Movie',4,'eDtlvedof2mOTFFbx7sAGVTFulU6KbPZtjJR3456Nv4UcBaF27jzJvpB5ynQJMUS3Zk20JXYpkNjTDRY',NULL,'2022-05-15 18:27:16'),(136,'App\\Movie',4,'HOB4O1Fzia9uCwFVHEPcCIoUgKltkeIFOytwveohNow6T0DOGXG1lyGJwaObXOgNtAyC28UfeW1twz1k',NULL,'2022-05-15 18:27:28'),(137,'App\\Movie',30,'eDtlvedof2mOTFFbx7sAGVTFulU6KbPZtjJR3456Nv4UcBaF27jzJvpB5ynQJMUS3Zk20JXYpkNjTDRY',NULL,'2022-05-15 18:30:11'),(138,'App\\Movie',1,'eDtlvedof2mOTFFbx7sAGVTFulU6KbPZtjJR3456Nv4UcBaF27jzJvpB5ynQJMUS3Zk20JXYpkNjTDRY',NULL,'2022-05-15 18:30:20'),(139,'App\\Movie',4,'eDtlvedof2mOTFFbx7sAGVTFulU6KbPZtjJR3456Nv4UcBaF27jzJvpB5ynQJMUS3Zk20JXYpkNjTDRY',NULL,'2022-05-15 18:30:45'),(140,'App\\Movie',54,'CjmWCVEVAHrgsDwU7t7Tytd9wcqug4CQdbGK4LH0EQ43FfegENfkmft4vCvUW2lloYW9Qi9cQv8PkykV',NULL,'2022-05-15 18:31:15'),(141,'App\\Movie',6,'CjmWCVEVAHrgsDwU7t7Tytd9wcqug4CQdbGK4LH0EQ43FfegENfkmft4vCvUW2lloYW9Qi9cQv8PkykV',NULL,'2022-05-15 18:41:24'),(142,'App\\Movie',4,'sNX4W5mt1pobXEVLIvCAxdPc1pssxbqGiEtaMVfGt8v6AMPmm1cVkZLDoKula4vDtEjxPNwM9a0Op1UH',NULL,'2022-05-16 12:44:48'),(143,'App\\Movie',6,'7Pfg8rQuBSpYIA8gNQnkNDaOUBDpeANCCiG2GavuyCor8QKTI5Rl1i7LqZ73EVorwhu7yMdH0TdNhPG4',NULL,'2022-05-16 14:41:20'),(144,'App\\Movie',6,'7Pfg8rQuBSpYIA8gNQnkNDaOUBDpeANCCiG2GavuyCor8QKTI5Rl1i7LqZ73EVorwhu7yMdH0TdNhPG4',NULL,'2022-05-16 14:41:58'),(145,'App\\Movie',6,'7Pfg8rQuBSpYIA8gNQnkNDaOUBDpeANCCiG2GavuyCor8QKTI5Rl1i7LqZ73EVorwhu7yMdH0TdNhPG4',NULL,'2022-05-16 14:42:47'),(146,'App\\Movie',85,'7Pfg8rQuBSpYIA8gNQnkNDaOUBDpeANCCiG2GavuyCor8QKTI5Rl1i7LqZ73EVorwhu7yMdH0TdNhPG4',NULL,'2022-05-16 14:43:07'),(147,'App\\Movie',3,'EFC3rIp0VvcXSigKFzFQiyFAJu8c6MNqfBz1lCoUZ9MebyA66Id3MpcqGDpMCeSp7FNNCcBxrTp4jYbw',NULL,'2022-05-16 14:43:22'),(148,'App\\Movie',5,'7Pfg8rQuBSpYIA8gNQnkNDaOUBDpeANCCiG2GavuyCor8QKTI5Rl1i7LqZ73EVorwhu7yMdH0TdNhPG4',NULL,'2022-05-16 14:48:32'),(200,'App\\Season',7,'EAH9X6XpuMw9CBUrF81WugKB6xiHL0k6UU1qF8Qyf4a9LPR6Snt1yCWEHHgZHvRV7WlHd2HQ8cUtfHik',NULL,'2022-08-22 17:36:26'),(201,'App\\Season',7,'EAH9X6XpuMw9CBUrF81WugKB6xiHL0k6UU1qF8Qyf4a9LPR6Snt1yCWEHHgZHvRV7WlHd2HQ8cUtfHik',NULL,'2022-08-22 17:37:16'),(202,'App\\Season',7,'EAH9X6XpuMw9CBUrF81WugKB6xiHL0k6UU1qF8Qyf4a9LPR6Snt1yCWEHHgZHvRV7WlHd2HQ8cUtfHik',NULL,'2022-08-22 17:46:15'),(203,'App\\Season',8,'YrlzraOKAmw8aIco01aHUNCHeg3qXdm4U8VJg8xcR41DhOeGTXl2eSFOLGd8Y8U4CPsAmPtZD3fCRyNU',NULL,'2024-12-30 06:34:06'),(204,'App\\Season',7,'o3fN9O9XGGwZgrA1aBP89ZSpHbsjOVLecxOF6izIx89liMcIm2IEfmOYdGusrDRiPJgFy9R8MfNW8z79',NULL,'2024-12-30 06:34:06'),(205,'App\\Season',7,'aWGWfhrZwwgxDOjCGbRaN1mJ9zYLT8IgfB4SLbIVDYb4kbFOd8Bsf4rJzRW5EeWlGOjApv0Kt7cQqoug',NULL,'2024-12-30 06:34:07'),(206,'App\\Season',8,'6WQyMuHlBr5dWdN9cji7GZCKf0z2gpc0cryqDPWF2NKVWRAPLVVOAlCrD1ekiCHLrOW2Qk7aIbG3yLvn',NULL,'2024-12-30 06:34:07'),(207,'App\\Season',7,'m9qTlxQjYMZj5btcvTotYEl2ZHG8Q5xPDJlRiwPw8rCdenkTz6DlcICfysS5w0qScOVdJlH5rAKVbiee',NULL,'2024-12-30 06:40:13'),(208,'App\\Season',8,'vxyxOLieye6P9MullsmUv4zA0Sk0c0H1TcElliLo3vbHuS3WpA0S5NPNuebGzFNZodUwu3A3ekGnHz5u',NULL,'2024-12-30 06:40:14');

--
-- Table structure for table `watch_histories`
--

CREATE TABLE `watch_histories` (
  `id` int NOT NULL AUTO_INCREMENT,
  `movie_id` int DEFAULT NULL,
  `tv_id` int DEFAULT NULL,
  `user_id` int DEFAULT NULL,
  `created_at` timestamp NULL DEFAULT NULL,
  `updated_at` timestamp NULL DEFAULT NULL,
  PRIMARY KEY (`id`)
) ENGINE=InnoDB AUTO_INCREMENT=15 DEFAULT CHARSET=utf8mb4 COLLATE=utf8mb4_unicode_ci;

--
-- Dumping data for table `watch_histories`
--

INSERT INTO `watch_histories` VALUES (1,7,NULL,1,'2022-06-28 17:17:15','2022-06-28 17:17:15'),(2,2,NULL,1,'2022-06-28 17:19:08','2022-06-28 17:19:08'),(3,10,NULL,1,'2022-06-29 11:40:24','2022-06-29 11:40:24'),(4,84,NULL,1,'2022-06-29 11:41:37','2022-06-29 11:41:37'),(5,51,NULL,1,'2022-07-03 15:09:46','2022-07-03 15:09:46'),(9,98,NULL,1,'2022-07-05 05:07:45','2022-07-05 05:07:45'),(14,NULL,8,1,'2022-08-22 17:36:49','2022-08-22 17:36:49');

--
-- Table structure for table `wishlists`
--

CREATE TABLE `wishlists` (
  `id` int unsigned NOT NULL AUTO_INCREMENT,
  `user_id` int unsigned NOT NULL,
  `movie_id` int DEFAULT NULL,
  `season_id` int DEFAULT NULL,
  `added` tinyint(1) NOT NULL DEFAULT '0',
  `created_at` timestamp NULL DEFAULT NULL,
  `updated_at` timestamp NULL DEFAULT NULL,
  PRIMARY KEY (`id`),
  KEY `wishlists_user_id_foreign` (`user_id`)
) ENGINE=InnoDB AUTO_INCREMENT=19 DEFAULT CHARSET=utf8mb4 COLLATE=utf8mb4_unicode_ci;

--
-- Dumping data for table `wishlists`
--

INSERT INTO `wishlists` VALUES (1,1,3,NULL,1,'2022-03-31 16:58:15','2022-03-31 16:58:15'),(2,4,1,NULL,1,'2022-03-31 18:06:58','2022-03-31 18:06:58'),(3,4,2,NULL,1,'2022-03-31 18:07:03','2022-03-31 18:07:03'),(4,4,3,NULL,0,'2022-03-31 18:19:22','2022-03-31 18:19:22'),(5,1,1,NULL,1,'2022-04-05 16:05:00','2022-04-05 16:05:00'),(6,1,2,NULL,1,'2022-04-05 16:05:15','2022-04-05 16:05:15'),(7,1,6,NULL,1,'2022-04-05 16:05:21','2022-04-05 16:05:21'),(8,1,5,NULL,1,'2022-04-05 16:05:24','2022-04-05 16:05:24'),(9,1,4,NULL,1,'2022-04-09 18:06:42','2022-04-09 18:06:42'),(10,1,81,NULL,1,'2022-04-09 18:07:30','2022-04-09 18:07:30'),(11,28,50,NULL,0,'2022-05-15 16:24:22','2022-05-15 16:24:22'),(12,28,2,NULL,0,'2022-05-15 16:29:56','2022-05-15 16:29:56'),(13,27,15,NULL,1,'2022-05-23 16:08:32','2022-05-23 16:08:32'),(14,27,16,NULL,0,'2022-05-23 16:08:35','2022-05-23 16:08:35'),(15,27,22,NULL,1,'2022-05-23 16:08:38','2022-05-23 16:08:38'),(16,27,4,NULL,1,'2022-05-23 16:08:44','2022-05-23 16:08:44'),(17,27,5,NULL,1,'2022-05-23 16:08:45','2022-05-23 16:08:45'),(18,28,4,NULL,0,'2022-06-05 17:48:16','2022-06-05 17:48:16');

--
-- Table structure for table `withdrawals`
--

CREATE TABLE `withdrawals` (
  `id` bigint unsigned NOT NULL AUTO_INCREMENT,
  `mass_withdrawal_id` int unsigned DEFAULT NULL,
  `amount` varchar(191) CHARACTER SET utf8mb4 COLLATE utf8mb4_unicode_ci NOT NULL,
  `amount2` varchar(191) CHARACTER SET utf8mb4 COLLATE utf8mb4_unicode_ci DEFAULT NULL,
  `amounti` varchar(191) CHARACTER SET utf8mb4 COLLATE utf8mb4_unicode_ci DEFAULT NULL,
  `currency` varchar(10) CHARACTER SET utf8mb4 COLLATE utf8mb4_unicode_ci NOT NULL,
  `currency2` varchar(10) CHARACTER SET utf8mb4 COLLATE utf8mb4_unicode_ci DEFAULT NULL,
  `address` varchar(191) CHARACTER SET utf8mb4 COLLATE utf8mb4_unicode_ci DEFAULT NULL,
  `pbntag` varchar(191) CHARACTER SET utf8mb4 COLLATE utf8mb4_unicode_ci DEFAULT NULL,
  `dest_tag` varchar(191) CHARACTER SET utf8mb4 COLLATE utf8mb4_unicode_ci DEFAULT NULL,
  `ipn_url` varchar(191) CHARACTER SET utf8mb4 COLLATE utf8mb4_unicode_ci DEFAULT NULL,
  `auto_confirm` tinyint(1) NOT NULL DEFAULT '0',
  `note` text CHARACTER SET utf8mb4 COLLATE utf8mb4_unicode_ci,
  `ref_id` varchar(128) CHARACTER SET utf8mb4 COLLATE utf8mb4_unicode_ci NOT NULL,
  `status` smallint NOT NULL,
  `status_text` varchar(191) CHARACTER SET utf8mb4 COLLATE utf8mb4_unicode_ci DEFAULT NULL,
  `created_at` timestamp NULL DEFAULT NULL,
  `updated_at` timestamp NULL DEFAULT NULL,
  `txn_id` varchar(128) CHARACTER SET utf8mb4 COLLATE utf8mb4_unicode_ci DEFAULT NULL,
  PRIMARY KEY (`id`),
  UNIQUE KEY `withdrawals_ref_id_unique` (`ref_id`),
  UNIQUE KEY `withdrawals_txn_id_unique` (`txn_id`),
  KEY `withdrawals_mass_withdrawal_id_index` (`mass_withdrawal_id`),
  CONSTRAINT `withdrawals_mass_withdrawal_id_foreign` FOREIGN KEY (`mass_withdrawal_id`) REFERENCES `mass_withdrawals` (`id`) ON UPDATE CASCADE
) ENGINE=InnoDB DEFAULT CHARSET=utf8mb4 COLLATE=utf8mb4_unicode_ci;

--
-- Dumping data for table `withdrawals`
--



