--
-- Host: localhost    Database: sokoun
-- ------------------------------------------------------


--
-- Table structure for table `__efmigrationshistory`
--

CREATE TABLE `__efmigrationshistory` (
  `MigrationId` varchar(150) NOT NULL,
  `ProductVersion` varchar(32) NOT NULL,
  PRIMARY KEY (`MigrationId`)
) ENGINE=InnoDB DEFAULT CHARSET=utf8mb4 COLLATE=utf8mb4_0900_ai_ci;

--
-- Dumping data for table `__efmigrationshistory`
--

INSERT INTO `__efmigrationshistory` VALUES ('20230404083812_initUser','7.0.4'),('20230410084008_adduser_gender_birth','7.0.4'),('20230704092207_edituserstatus','7.0.4'),('20230708124025_addTableAU','7.0.4'),('20230720151508_addcliptable','7.0.4'),('20230726112233_editEntities','7.0.4'),('20230726121041_activeColDel','7.0.4'),('20230806093118_addSchedule','7.0.4'),('20230914145327_init_DB','7.0.4'),('20231009105539_AddMessageTable','7.0.4'),('20231009131114_AddMessageCreatedAT','7.0.4'),('20231019093210_MedicalTestTables','7.0.4'),('20231023091242_editTables','7.0.4'),('20231023193500_scoretoweight','7.0.4'),('20231024145426_useransOldId','7.0.4'),('20231024145513_adduserans','7.0.4'),('20231024145912_removeUSERANSWER','7.0.4'),('20231024145958_addtableuserans','7.0.4'),('20231025071651_adddroptableuserans','7.0.4'),('20231025071737_adddtableuserans11','7.0.4'),('20231121141911_testdeletepram','7.0.4'),('20231127090237_deleteQuestion','7.0.4'),('20231206182146_addRates','7.0.4'),('20231206191950_addReviews','7.0.4'),('20240115092935_addbooksession','7.0.4'),('20240226123554_edituserInfo','7.0.4'),('20240227091047_edituserInfoextra','7.0.4'),('20240313110736_addprofilepic','7.0.4'),('20240318113755_unique_email','7.0.4'),('20240603120046_editsessionbook','7.0.4'),('20240919114338_editDoctorSchedule','7.0.4'),('20240919114611_unquieName','7.0.4'),('20241001125858_editbooksessionREMINDER','7.0.4'),('20241023124114_reprotDAte','7.0.4'),('20241111135353_addReportEntity','7.0.4');

--
-- Table structure for table `anonymoususers`
--

CREATE TABLE `anonymoususers` (
  `PhoneNumber` varchar(255) NOT NULL,
  `CreatedDate` datetime(6) NOT NULL,
  `Subscribed` tinyint(1) NOT NULL,
  `SubscribeDate` datetime(6) DEFAULT NULL,
  PRIMARY KEY (`PhoneNumber`)
) ENGINE=InnoDB DEFAULT CHARSET=utf8mb4 COLLATE=utf8mb4_0900_ai_ci;

--
-- Dumping data for table `anonymoususers`
--

INSERT INTO `anonymoususers` VALUES ('011122233544','2024-02-06 09:01:46.228652',1,NULL),('1111111111','2024-02-11 12:23:00.555163',1,NULL);

--
-- Table structure for table `aspnetroleclaims`
--

CREATE TABLE `aspnetroleclaims` (
  `Id` int NOT NULL AUTO_INCREMENT,
  `RoleId` varchar(255) NOT NULL,
  `ClaimType` longtext,
  `ClaimValue` longtext,
  PRIMARY KEY (`Id`),
  KEY `IX_AspNetRoleClaims_RoleId` (`RoleId`),
  CONSTRAINT `FK_AspNetRoleClaims_AspNetRoles_RoleId` FOREIGN KEY (`RoleId`) REFERENCES `aspnetroles` (`Id`) ON DELETE CASCADE
) ENGINE=InnoDB DEFAULT CHARSET=utf8mb4 COLLATE=utf8mb4_0900_ai_ci;

--
-- Dumping data for table `aspnetroleclaims`
--


--
-- Table structure for table `aspnetroles`
--

CREATE TABLE `aspnetroles` (
  `Id` varchar(255) NOT NULL,
  `Name` varchar(256) DEFAULT NULL,
  `NormalizedName` varchar(256) DEFAULT NULL,
  `ConcurrencyStamp` longtext,
  PRIMARY KEY (`Id`),
  UNIQUE KEY `RoleNameIndex` (`NormalizedName`)
) ENGINE=InnoDB DEFAULT CHARSET=utf8mb4 COLLATE=utf8mb4_0900_ai_ci;

--
-- Dumping data for table `aspnetroles`
--


--
-- Table structure for table `aspnetuserclaims`
--

CREATE TABLE `aspnetuserclaims` (
  `Id` int NOT NULL AUTO_INCREMENT,
  `UserId` varchar(255) NOT NULL,
  `ClaimType` longtext,
  `ClaimValue` longtext,
  PRIMARY KEY (`Id`),
  KEY `IX_AspNetUserClaims_UserId` (`UserId`),
  CONSTRAINT `FK_AspNetUserClaims_AspNetUsers_UserId` FOREIGN KEY (`UserId`) REFERENCES `aspnetusers` (`Id`) ON DELETE CASCADE
) ENGINE=InnoDB DEFAULT CHARSET=utf8mb4 COLLATE=utf8mb4_0900_ai_ci;

--
-- Dumping data for table `aspnetuserclaims`
--


--
-- Table structure for table `aspnetuserlogins`
--

CREATE TABLE `aspnetuserlogins` (
  `LoginProvider` varchar(255) NOT NULL,
  `ProviderKey` varchar(255) NOT NULL,
  `ProviderDisplayName` longtext,
  `UserId` varchar(255) NOT NULL,
  PRIMARY KEY (`LoginProvider`,`ProviderKey`),
  KEY `IX_AspNetUserLogins_UserId` (`UserId`),
  CONSTRAINT `FK_AspNetUserLogins_AspNetUsers_UserId` FOREIGN KEY (`UserId`) REFERENCES `aspnetusers` (`Id`) ON DELETE CASCADE
) ENGINE=InnoDB DEFAULT CHARSET=utf8mb4 COLLATE=utf8mb4_0900_ai_ci;

--
-- Dumping data for table `aspnetuserlogins`
--


--
-- Table structure for table `aspnetuserroles`
--

CREATE TABLE `aspnetuserroles` (
  `UserId` varchar(255) NOT NULL,
  `RoleId` varchar(255) NOT NULL,
  PRIMARY KEY (`UserId`,`RoleId`),
  KEY `IX_AspNetUserRoles_RoleId` (`RoleId`),
  CONSTRAINT `FK_AspNetUserRoles_AspNetRoles_RoleId` FOREIGN KEY (`RoleId`) REFERENCES `aspnetroles` (`Id`) ON DELETE CASCADE,
  CONSTRAINT `FK_AspNetUserRoles_AspNetUsers_UserId` FOREIGN KEY (`UserId`) REFERENCES `aspnetusers` (`Id`) ON DELETE CASCADE
) ENGINE=InnoDB DEFAULT CHARSET=utf8mb4 COLLATE=utf8mb4_0900_ai_ci;

--
-- Dumping data for table `aspnetuserroles`
--


--
-- Table structure for table `aspnetusertokens`
--

CREATE TABLE `aspnetusertokens` (
  `UserId` varchar(255) NOT NULL,
  `LoginProvider` varchar(255) NOT NULL,
  `Name` varchar(255) NOT NULL,
  `Value` longtext,
  PRIMARY KEY (`UserId`,`LoginProvider`,`Name`),
  CONSTRAINT `FK_AspNetUserTokens_AspNetUsers_UserId` FOREIGN KEY (`UserId`) REFERENCES `aspnetusers` (`Id`) ON DELETE CASCADE
) ENGINE=InnoDB DEFAULT CHARSET=utf8mb4 COLLATE=utf8mb4_0900_ai_ci;

--
-- Dumping data for table `aspnetusertokens`
--


--
-- Table structure for table `booksessions`
--

CREATE TABLE `booksessions` (
  `Id` int NOT NULL AUTO_INCREMENT,
  `BookDate` datetime(6) NOT NULL,
  `StartDateTime` datetime(6) NOT NULL,
  `PatientId` varchar(255) NOT NULL,
  `DoctorId` varchar(255) NOT NULL,
  `Status` int NOT NULL,
  `EndDateTime` datetime(6) NOT NULL,
  `DoctorCreateSessionAt` datetime(6) DEFAULT NULL,
  `PatientJoinSessionAt` datetime(6) DEFAULT NULL,
  `SessionName` longtext,
  `ReminderDayBefore` tinyint(1) NOT NULL DEFAULT '0',
  `ReminderHourBefore` tinyint(1) NOT NULL DEFAULT '0',
  PRIMARY KEY (`Id`),
  KEY `IX_BookSessions_DoctorId` (`DoctorId`),
  KEY `IX_BookSessions_PatientId` (`PatientId`),
  CONSTRAINT `FK_BookSessions_AspNetUsers_DoctorId` FOREIGN KEY (`DoctorId`) REFERENCES `aspnetusers` (`Id`) ON DELETE CASCADE,
  CONSTRAINT `FK_BookSessions_AspNetUsers_PatientId` FOREIGN KEY (`PatientId`) REFERENCES `aspnetusers` (`Id`) ON DELETE CASCADE
) ENGINE=InnoDB AUTO_INCREMENT=277 DEFAULT CHARSET=utf8mb4 COLLATE=utf8mb4_0900_ai_ci;

--
-- Dumping data for table `booksessions`
--

INSERT INTO `booksessions` VALUES (1,'2024-10-24 13:10:48.364331','2024-01-16 17:19:26.485000','97033173-fb7a-4b82-b39b-f60fa2ff0da9','8c93b005-9111-4819-a4a2-4f95947bcda9',1,'2024-01-16 18:19:26.485000',NULL,NULL,NULL,0,0),(43,'2024-02-22 09:55:29.743682','2024-03-07 09:00:00.000000','97033173-fb7a-4b82-b39b-f60fa2ff0da9','a4f3530f-1cf1-435b-8130-8dc19545c893',1,'2024-03-07 10:00:00.000000',NULL,NULL,NULL,0,0),(47,'2024-02-22 13:38:51.100371','2024-03-02 13:00:00.000000','e06e01b5-cc88-4251-abd0-783efa6b7bec','a4f3530f-1cf1-435b-8130-8dc19545c893',1,'2024-03-02 14:00:00.000000',NULL,NULL,NULL,0,0),(48,'2024-02-22 13:39:35.409821','2024-03-01 12:00:00.000000','e06e01b5-cc88-4251-abd0-783efa6b7bec','a4f3530f-1cf1-435b-8130-8dc19545c893',1,'2024-03-01 13:00:00.000000',NULL,NULL,NULL,0,0),(49,'2024-02-25 09:10:24.913048','2024-02-25 18:00:00.000000','350f212d-27ab-483a-a9c5-01b2c58fdb35','a4f3530f-1cf1-435b-8130-8dc19545c893',1,'2024-02-25 19:00:00.000000',NULL,NULL,NULL,0,0),(50,'2024-02-25 09:11:03.182889','2024-02-26 23:00:00.000000','350f212d-27ab-483a-a9c5-01b2c58fdb35','514cb96f-7e0d-428e-8759-85fdc9dd1627',1,'2024-02-27 00:00:00.000000',NULL,NULL,NULL,0,0),(51,'2024-02-28 17:59:25.212934','2024-03-04 13:00:00.000000','350f212d-27ab-483a-a9c5-01b2c58fdb35','514cb96f-7e0d-428e-8759-85fdc9dd1627',1,'2024-03-04 14:00:00.000000',NULL,NULL,NULL,0,0),(52,'2024-02-28 17:59:38.581703','2024-03-04 23:00:00.000000','350f212d-27ab-483a-a9c5-01b2c58fdb35','514cb96f-7e0d-428e-8759-85fdc9dd1627',1,'2024-03-05 00:00:00.000000',NULL,NULL,NULL,0,0),(53,'2024-02-28 17:59:46.597493','2024-03-02 19:00:00.000000','350f212d-27ab-483a-a9c5-01b2c58fdb35','514cb96f-7e0d-428e-8759-85fdc9dd1627',1,'2024-03-02 20:00:00.000000',NULL,NULL,NULL,0,0),(54,'2024-02-28 17:59:50.700467','2024-03-02 02:00:00.000000','350f212d-27ab-483a-a9c5-01b2c58fdb35','514cb96f-7e0d-428e-8759-85fdc9dd1627',1,'2024-03-02 03:00:00.000000',NULL,NULL,NULL,0,0),(55,'2024-02-28 17:59:54.499430','2024-03-02 08:00:00.000000','350f212d-27ab-483a-a9c5-01b2c58fdb35','514cb96f-7e0d-428e-8759-85fdc9dd1627',1,'2024-03-02 09:00:00.000000',NULL,NULL,NULL,0,0),(56,'2024-02-28 18:00:15.943674','2024-03-11 13:00:00.000000','350f212d-27ab-483a-a9c5-01b2c58fdb35','514cb96f-7e0d-428e-8759-85fdc9dd1627',1,'2024-03-11 14:00:00.000000',NULL,NULL,NULL,0,0),(57,'2024-02-28 18:00:20.289907','2024-03-11 23:00:00.000000','350f212d-27ab-483a-a9c5-01b2c58fdb35','514cb96f-7e0d-428e-8759-85fdc9dd1627',1,'2024-03-12 00:00:00.000000',NULL,NULL,NULL,0,0),(58,'2024-02-29 09:22:57.624144','2024-03-04 00:00:00.000000','350f212d-27ab-483a-a9c5-01b2c58fdb35','350f212d-27ab-483a-a9c5-01b2c58fdb35',1,'2024-03-04 01:00:00.000000',NULL,NULL,NULL,0,0),(59,'2024-02-29 09:26:55.224261','2024-03-03 01:00:00.000000','350f212d-27ab-483a-a9c5-01b2c58fdb35','350f212d-27ab-483a-a9c5-01b2c58fdb35',1,'2024-03-03 02:00:00.000000',NULL,NULL,NULL,0,0),(60,'2024-02-29 09:27:19.272628','2024-03-05 01:00:00.000000','350f212d-27ab-483a-a9c5-01b2c58fdb35','350f212d-27ab-483a-a9c5-01b2c58fdb35',1,'2024-03-05 02:00:00.000000',NULL,NULL,NULL,0,0),(61,'2024-03-04 10:09:12.313963','2024-03-05 01:00:00.000000','350f212d-27ab-483a-a9c5-01b2c58fdb35','07ad336a-5ce7-4624-a634-30ec107fb822',1,'2024-03-05 02:00:00.000000',NULL,NULL,NULL,0,0),(62,'2024-03-04 10:09:39.863572','2024-03-05 20:00:00.000000','350f212d-27ab-483a-a9c5-01b2c58fdb35','07ad336a-5ce7-4624-a634-30ec107fb822',1,'2024-03-05 21:00:00.000000',NULL,NULL,NULL,0,0),(63,'2024-03-04 10:38:16.448459','2024-03-05 21:00:00.000000','350f212d-27ab-483a-a9c5-01b2c58fdb35','07ad336a-5ce7-4624-a634-30ec107fb822',1,'2024-03-05 22:00:00.000000',NULL,NULL,NULL,0,0),(64,'2024-03-04 10:38:31.495060','2024-03-09 13:00:00.000000','350f212d-27ab-483a-a9c5-01b2c58fdb35','07ad336a-5ce7-4624-a634-30ec107fb822',1,'2024-03-09 14:00:00.000000',NULL,NULL,NULL,0,0),(65,'2024-03-04 10:49:36.247977','2024-03-09 14:00:00.000000','350f212d-27ab-483a-a9c5-01b2c58fdb35','07ad336a-5ce7-4624-a634-30ec107fb822',1,'2024-03-09 15:00:00.000000',NULL,NULL,NULL,0,0),(66,'2024-03-04 10:56:19.501412','2024-03-06 01:00:00.000000','e06e01b5-cc88-4251-abd0-783efa6b7bec','07ad336a-5ce7-4624-a634-30ec107fb822',1,'2024-03-06 02:00:00.000000',NULL,NULL,NULL,0,0),(69,'2024-03-07 11:21:33.227482','2024-03-12 01:00:00.000000','07ad336a-5ce7-4624-a634-30ec107fb822','350f212d-27ab-483a-a9c5-01b2c58fdb35',1,'2024-03-12 02:00:00.000000',NULL,NULL,NULL,0,0),(70,'2024-03-07 11:23:49.219379','2024-03-10 01:00:00.000000','07ad336a-5ce7-4624-a634-30ec107fb822','350f212d-27ab-483a-a9c5-01b2c58fdb35',1,'2024-03-10 02:00:00.000000',NULL,NULL,NULL,0,0),(71,'2024-03-07 11:32:42.275304','2024-03-08 12:00:00.000000','07ad336a-5ce7-4624-a634-30ec107fb822','a4f3530f-1cf1-435b-8130-8dc19545c893',1,'2024-03-08 13:00:00.000000',NULL,NULL,NULL,0,0),(72,'2024-03-07 11:37:56.094169','2024-03-08 09:00:00.000000','07ad336a-5ce7-4624-a634-30ec107fb822','514cb96f-7e0d-428e-8759-85fdc9dd1627',1,'2024-03-08 10:00:00.000000',NULL,NULL,NULL,0,0),(73,'2024-03-07 11:55:54.494563','2024-03-08 05:00:00.000000','07ad336a-5ce7-4624-a634-30ec107fb822','514cb96f-7e0d-428e-8759-85fdc9dd1627',1,'2024-03-08 06:00:00.000000',NULL,NULL,NULL,0,0),(74,'2024-03-07 11:56:17.056067','2024-03-09 02:00:00.000000','07ad336a-5ce7-4624-a634-30ec107fb822','514cb96f-7e0d-428e-8759-85fdc9dd1627',1,'2024-03-09 03:00:00.000000',NULL,NULL,NULL,0,0),(75,'2024-03-07 11:59:58.410872','2024-03-11 01:00:00.000000','07ad336a-5ce7-4624-a634-30ec107fb822','350f212d-27ab-483a-a9c5-01b2c58fdb35',1,'2024-03-11 02:00:00.000000',NULL,NULL,NULL,0,0),(78,'2024-03-07 12:45:40.883663','2024-03-08 14:00:00.000000','b20b8192-d77b-46d0-8e95-8eaf736c3ede','07ad336a-5ce7-4624-a634-30ec107fb822',1,'2024-03-08 15:00:00.000000',NULL,NULL,NULL,0,0),(79,'2024-03-09 09:48:13.249737','2024-03-11 03:00:00.000000','b20b8192-d77b-46d0-8e95-8eaf736c3ede','07ad336a-5ce7-4624-a634-30ec107fb822',1,'2024-03-11 04:00:00.000000',NULL,NULL,NULL,0,0),(80,'2024-03-09 09:48:41.247810','2024-03-11 01:00:00.000000','b20b8192-d77b-46d0-8e95-8eaf736c3ede','07ad336a-5ce7-4624-a634-30ec107fb822',1,'2024-03-11 02:00:00.000000',NULL,NULL,NULL,0,0),(86,'2024-03-18 12:44:28.638054','2024-03-19 17:00:00.000000','97033173-fb7a-4b82-b39b-f60fa2ff0da9','a4f3530f-1cf1-435b-8130-8dc19545c893',1,'2024-03-19 18:00:00.000000',NULL,NULL,NULL,0,0),(87,'2024-03-18 12:46:00.096227','2024-03-25 10:00:00.000000','97033173-fb7a-4b82-b39b-f60fa2ff0da9','a4f3530f-1cf1-435b-8130-8dc19545c893',1,'2024-03-25 11:00:00.000000',NULL,NULL,NULL,0,0),(88,'2024-03-19 04:56:30.801642','2024-03-19 20:00:00.000000','c03703ce-0783-452d-95ed-ee261ec31c1a','07ad336a-5ce7-4624-a634-30ec107fb822',1,'2024-03-19 21:00:00.000000',NULL,NULL,NULL,0,0),(89,'2024-03-19 05:10:36.903083','2024-03-22 00:00:00.000000','c03703ce-0783-452d-95ed-ee261ec31c1a','350f212d-27ab-483a-a9c5-01b2c58fdb35',1,'2024-03-22 01:00:00.000000',NULL,NULL,NULL,0,0),(90,'2024-03-20 17:45:30.343660','2024-03-22 06:00:00.000000','b20b8192-d77b-46d0-8e95-8eaf736c3ede','07ad336a-5ce7-4624-a634-30ec107fb822',1,'2024-03-22 07:00:00.000000',NULL,NULL,NULL,0,0),(91,'2024-03-25 15:04:00.125141','2024-03-28 01:00:00.000000','c03703ce-0783-452d-95ed-ee261ec31c1a','350f212d-27ab-483a-a9c5-01b2c58fdb35',1,'2024-03-28 02:00:00.000000',NULL,NULL,NULL,0,0),(92,'2024-03-25 15:15:31.904752','2024-03-26 20:00:00.000000','c03703ce-0783-452d-95ed-ee261ec31c1a','07ad336a-5ce7-4624-a634-30ec107fb822',1,'2024-03-26 21:00:00.000000',NULL,NULL,NULL,0,0),(93,'2024-03-27 09:44:54.379209','2024-03-29 01:00:00.000000','b20b8192-d77b-46d0-8e95-8eaf736c3ede','514cb96f-7e0d-428e-8759-85fdc9dd1627',1,'2024-03-29 02:00:00.000000',NULL,NULL,NULL,0,0),(94,'2024-03-27 17:16:11.673255','2024-04-02 21:00:00.000000','b20b8192-d77b-46d0-8e95-8eaf736c3ede','07ad336a-5ce7-4624-a634-30ec107fb822',1,'2024-04-02 22:00:00.000000',NULL,NULL,NULL,0,0),(95,'2024-04-01 12:14:46.241262','2024-04-02 01:00:00.000000','b20b8192-d77b-46d0-8e95-8eaf736c3ede','07ad336a-5ce7-4624-a634-30ec107fb822',1,'2024-04-02 02:00:00.000000',NULL,NULL,NULL,0,0),(96,'2024-04-01 12:21:07.044012','2024-04-04 17:00:00.000000','b20b8192-d77b-46d0-8e95-8eaf736c3ede','07ad336a-5ce7-4624-a634-30ec107fb822',1,'2024-04-04 18:00:00.000000',NULL,NULL,NULL,0,0),(97,'2024-04-01 12:30:53.408861','2024-04-08 00:00:00.000000','b20b8192-d77b-46d0-8e95-8eaf736c3ede','07ad336a-5ce7-4624-a634-30ec107fb822',1,'2024-04-08 01:00:00.000000',NULL,NULL,NULL,0,0),(98,'2024-04-01 12:31:41.842313','2024-04-08 01:00:00.000000','b20b8192-d77b-46d0-8e95-8eaf736c3ede','07ad336a-5ce7-4624-a634-30ec107fb822',1,'2024-04-08 02:00:00.000000',NULL,NULL,NULL,0,0),(99,'2024-04-01 12:47:54.073955','2024-04-05 06:00:00.000000','b20b8192-d77b-46d0-8e95-8eaf736c3ede','07ad336a-5ce7-4624-a634-30ec107fb822',1,'2024-04-05 07:00:00.000000',NULL,NULL,NULL,0,0),(100,'2024-04-01 12:51:17.085428','2024-04-08 10:00:00.000000','b20b8192-d77b-46d0-8e95-8eaf736c3ede','a4f3530f-1cf1-435b-8130-8dc19545c893',1,'2024-04-08 11:00:00.000000',NULL,NULL,NULL,0,0),(101,'2024-04-01 12:57:44.542385','2024-04-05 00:00:00.000000','b20b8192-d77b-46d0-8e95-8eaf736c3ede','350f212d-27ab-483a-a9c5-01b2c58fdb35',1,'2024-04-05 01:00:00.000000',NULL,NULL,NULL,0,0),(102,'2024-04-01 12:58:01.626743','2024-04-04 00:00:00.000000','b20b8192-d77b-46d0-8e95-8eaf736c3ede','350f212d-27ab-483a-a9c5-01b2c58fdb35',1,'2024-04-04 01:00:00.000000',NULL,NULL,NULL,0,0),(103,'2024-04-01 12:58:07.037292','2024-04-04 01:00:00.000000','b20b8192-d77b-46d0-8e95-8eaf736c3ede','350f212d-27ab-483a-a9c5-01b2c58fdb35',1,'2024-04-04 02:00:00.000000',NULL,NULL,NULL,0,0),(104,'2024-04-01 13:36:32.564033','2024-04-18 00:00:00.000000','b20b8192-d77b-46d0-8e95-8eaf736c3ede','350f212d-27ab-483a-a9c5-01b2c58fdb35',1,'2024-04-18 01:00:00.000000',NULL,NULL,NULL,0,0),(105,'2024-04-01 13:36:57.481064','2024-04-18 01:00:00.000000','b20b8192-d77b-46d0-8e95-8eaf736c3ede','350f212d-27ab-483a-a9c5-01b2c58fdb35',1,'2024-04-18 02:00:00.000000',NULL,NULL,NULL,0,0),(106,'2024-04-01 13:37:49.973644','2024-04-05 05:00:00.000000','b20b8192-d77b-46d0-8e95-8eaf736c3ede','514cb96f-7e0d-428e-8759-85fdc9dd1627',1,'2024-04-05 06:00:00.000000',NULL,NULL,NULL,0,0),(107,'2024-04-01 13:37:57.140704','2024-04-05 09:00:00.000000','b20b8192-d77b-46d0-8e95-8eaf736c3ede','514cb96f-7e0d-428e-8759-85fdc9dd1627',1,'2024-04-05 10:00:00.000000',NULL,NULL,NULL,0,0),(108,'2024-04-01 13:38:37.155331','2024-04-05 02:00:00.000000','b20b8192-d77b-46d0-8e95-8eaf736c3ede','514cb96f-7e0d-428e-8759-85fdc9dd1627',1,'2024-04-05 03:00:00.000000',NULL,NULL,NULL,0,0),(109,'2024-04-01 22:09:58.492412','2024-04-03 08:00:00.000000','a628dcfe-1525-4014-a4d4-0a1d9cd285c1','514cb96f-7e0d-428e-8759-85fdc9dd1627',1,'2024-04-03 09:00:00.000000',NULL,NULL,NULL,0,0),(111,'2024-04-07 10:31:26.224373','2024-04-12 09:00:00.000000','b20b8192-d77b-46d0-8e95-8eaf736c3ede','514cb96f-7e0d-428e-8759-85fdc9dd1627',1,'2024-04-12 10:00:00.000000',NULL,NULL,NULL,0,0),(112,'2024-04-08 12:21:52.853235','2024-04-09 20:00:00.000000','b20b8192-d77b-46d0-8e95-8eaf736c3ede','07ad336a-5ce7-4624-a634-30ec107fb822',1,'2024-04-09 21:00:00.000000',NULL,NULL,NULL,0,0),(113,'2024-04-08 12:22:10.411277','2024-04-09 21:00:00.000000','b20b8192-d77b-46d0-8e95-8eaf736c3ede','07ad336a-5ce7-4624-a634-30ec107fb822',1,'2024-04-09 22:00:00.000000',NULL,NULL,NULL,0,0),(115,'2024-04-09 15:09:25.398509','2024-04-11 01:00:00.000000','38b4a677-fd42-4461-9ab4-77dddc31d008','07ad336a-5ce7-4624-a634-30ec107fb822',1,'2024-04-11 02:00:00.000000',NULL,NULL,NULL,0,0),(116,'2024-04-09 15:12:26.148813','2024-04-11 00:00:00.000000','38b4a677-fd42-4461-9ab4-77dddc31d008','350f212d-27ab-483a-a9c5-01b2c58fdb35',1,'2024-04-11 01:00:00.000000',NULL,NULL,NULL,0,0),(117,'2024-04-18 11:16:14.429075','2024-05-23 01:00:00.000000','b20b8192-d77b-46d0-8e95-8eaf736c3ede','07ad336a-5ce7-4624-a634-30ec107fb822',1,'2024-05-23 02:00:00.000000',NULL,NULL,NULL,0,0),(118,'2024-04-22 10:25:21.698715','2024-04-25 00:00:00.000000','b20b8192-d77b-46d0-8e95-8eaf736c3ede','350f212d-27ab-483a-a9c5-01b2c58fdb35',1,'2024-04-25 01:00:00.000000',NULL,NULL,NULL,0,0),(119,'2024-04-22 10:25:34.935425','2024-04-25 01:00:00.000000','b20b8192-d77b-46d0-8e95-8eaf736c3ede','350f212d-27ab-483a-a9c5-01b2c58fdb35',1,'2024-04-25 02:00:00.000000',NULL,NULL,NULL,0,0),(120,'2024-04-22 11:28:36.364979','2024-04-23 20:00:00.000000','b20b8192-d77b-46d0-8e95-8eaf736c3ede','07ad336a-5ce7-4624-a634-30ec107fb822',1,'2024-04-23 21:00:00.000000',NULL,NULL,NULL,0,0),(121,'2024-04-22 11:51:41.573768','2024-04-26 01:00:00.000000','b20b8192-d77b-46d0-8e95-8eaf736c3ede','350f212d-27ab-483a-a9c5-01b2c58fdb35',1,'2024-04-26 02:00:00.000000',NULL,NULL,NULL,0,0),(122,'2024-04-28 10:38:47.736749','2024-05-02 05:00:00.000000','b20b8192-d77b-46d0-8e95-8eaf736c3ede','350f212d-27ab-483a-a9c5-01b2c58fdb35',1,'2024-05-02 06:00:00.000000',NULL,NULL,NULL,0,0),(123,'2024-04-28 10:39:11.917666','2024-05-02 00:00:00.000000','b20b8192-d77b-46d0-8e95-8eaf736c3ede','350f212d-27ab-483a-a9c5-01b2c58fdb35',1,'2024-05-02 01:00:00.000000',NULL,NULL,NULL,0,0),(124,'2024-04-28 10:40:11.824223','2024-05-02 01:00:00.000000','b20b8192-d77b-46d0-8e95-8eaf736c3ede','350f212d-27ab-483a-a9c5-01b2c58fdb35',1,'2024-05-02 02:00:00.000000',NULL,NULL,NULL,0,0),(125,'2024-05-12 08:37:46.551471','2024-05-14 20:00:00.000000','b20b8192-d77b-46d0-8e95-8eaf736c3ede','07ad336a-5ce7-4624-a634-30ec107fb822',1,'2024-05-14 21:00:00.000000',NULL,NULL,NULL,0,0),(126,'2024-06-05 11:22:28.135180','2024-06-06 09:00:00.000000','b20b8192-d77b-46d0-8e95-8eaf736c3ede','07ad336a-5ce7-4624-a634-30ec107fb822',1,'2024-06-06 10:00:00.000000',NULL,NULL,'0NA65',0,0),(127,'2024-06-05 11:23:20.121210','2024-06-06 11:00:00.000000','b20b8192-d77b-46d0-8e95-8eaf736c3ede','07ad336a-5ce7-4624-a634-30ec107fb822',1,'2024-06-06 12:00:00.000000',NULL,NULL,'H8TBB',0,0),(128,'2024-06-05 11:23:27.571243','2024-06-06 17:00:00.000000','b20b8192-d77b-46d0-8e95-8eaf736c3ede','07ad336a-5ce7-4624-a634-30ec107fb822',1,'2024-06-06 18:00:00.000000',NULL,NULL,'YIJL4',0,0),(130,'2024-06-13 08:08:50.684814','2024-06-13 11:00:00.000000','30150a12-f583-42d9-88a4-c8995ea4ced1','07ad336a-5ce7-4624-a634-30ec107fb822',1,'2024-06-13 12:00:00.000000',NULL,NULL,'XC3GG',0,0),(131,'2024-06-13 08:16:53.363344','2024-06-13 12:00:00.000000','30150a12-f583-42d9-88a4-c8995ea4ced1','07ad336a-5ce7-4624-a634-30ec107fb822',1,'2024-06-13 13:00:00.000000',NULL,NULL,'VJCAY',0,0),(132,'2024-06-13 08:18:25.806564','2024-06-14 12:00:00.000000','30150a12-f583-42d9-88a4-c8995ea4ced1','07ad336a-5ce7-4624-a634-30ec107fb822',1,'2024-06-14 13:00:00.000000',NULL,NULL,'SUXPL',0,0),(134,'2024-06-24 08:18:57.365786','2024-06-25 00:00:00.000000','b20b8192-d77b-46d0-8e95-8eaf736c3ede','350f212d-27ab-483a-a9c5-01b2c58fdb35',1,'2024-06-25 01:00:00.000000',NULL,'2024-06-24 08:19:35.491101','UIB1F',0,0),(137,'2024-06-27 11:36:00.094302','2024-07-02 09:00:00.000000','b20b8192-d77b-46d0-8e95-8eaf736c3ede','350f212d-27ab-483a-a9c5-01b2c58fdb35',1,'2024-07-02 10:00:00.000000','2024-06-27 14:10:05.129589','2024-06-30 09:42:02.134590','7C3V6',0,0),(138,'2024-06-27 17:56:36.881298','2024-07-06 13:00:00.000000','292f21d2-2469-44bd-85f5-7ba6b876ba14','07ad336a-5ce7-4624-a634-30ec107fb822',1,'2024-07-06 14:00:00.000000','2024-07-05 10:59:29.472877','2024-06-30 12:12:38.158169','CVA7V',0,0),(139,'2024-06-27 17:57:32.161243','2024-07-04 13:00:00.000000','292f21d2-2469-44bd-85f5-7ba6b876ba14','07ad336a-5ce7-4624-a634-30ec107fb822',1,'2024-07-04 14:00:00.000000','2024-06-30 11:43:40.004993','2024-06-30 12:00:57.583592','W37W8',0,0),(141,'2024-06-29 12:55:17.959432','2024-06-29 13:00:00.000000','c03703ce-0783-452d-95ed-ee261ec31c1a','07ad336a-5ce7-4624-a634-30ec107fb822',1,'2024-06-29 14:00:00.000000',NULL,'2024-06-29 12:56:55.284637','74MUE',0,0),(142,'2024-06-29 13:03:52.261508','2024-07-01 00:00:00.000000','c03703ce-0783-452d-95ed-ee261ec31c1a','07ad336a-5ce7-4624-a634-30ec107fb822',1,'2024-07-01 01:00:00.000000','2024-06-30 09:59:02.588672','2024-06-30 09:54:24.940725','USW4E',0,0),(144,'2024-06-30 09:09:56.018581','2024-07-01 01:00:00.000000','c03703ce-0783-452d-95ed-ee261ec31c1a','07ad336a-5ce7-4624-a634-30ec107fb822',1,'2024-07-01 02:00:00.000000','2024-06-30 11:36:12.365663','2024-06-30 09:22:13.921197','YT417',0,0),(145,'2024-06-30 10:21:45.611863','2024-07-05 00:00:00.000000','b20b8192-d77b-46d0-8e95-8eaf736c3ede','350f212d-27ab-483a-a9c5-01b2c58fdb35',1,'2024-07-05 01:00:00.000000','2024-07-04 15:51:43.953021','2024-07-04 15:51:12.016028','NZ9LR',0,0),(146,'2024-06-30 15:08:39.491706','2024-07-02 05:00:00.000000','a78d7aa4-745d-4c77-9e02-2d84d6730b52','07ad336a-5ce7-4624-a634-30ec107fb822',1,'2024-07-02 06:00:00.000000','2024-07-01 08:23:48.628917',NULL,'KETTJ',0,0),(147,'2024-06-30 15:09:08.210230','2024-07-04 05:00:00.000000','a78d7aa4-745d-4c77-9e02-2d84d6730b52','07ad336a-5ce7-4624-a634-30ec107fb822',1,'2024-07-04 06:00:00.000000','2024-07-01 08:25:05.813578',NULL,'QFXYQ',0,0),(148,'2024-06-30 15:09:17.504840','2024-07-04 14:00:00.000000','a78d7aa4-745d-4c77-9e02-2d84d6730b52','07ad336a-5ce7-4624-a634-30ec107fb822',1,'2024-07-04 15:00:00.000000',NULL,NULL,'ZOHA2',0,0),(149,'2024-06-30 15:09:33.726273','2024-07-05 08:00:00.000000','a78d7aa4-745d-4c77-9e02-2d84d6730b52','07ad336a-5ce7-4624-a634-30ec107fb822',1,'2024-07-05 09:00:00.000000',NULL,NULL,'35Q7A',0,0),(150,'2024-06-30 15:16:25.066353','2024-07-05 01:00:00.000000','a78d7aa4-745d-4c77-9e02-2d84d6730b52','07ad336a-5ce7-4624-a634-30ec107fb822',1,'2024-07-05 02:00:00.000000',NULL,NULL,'RJC9M',0,0),(151,'2024-06-30 15:16:41.846300','2024-07-04 07:00:00.000000','a78d7aa4-745d-4c77-9e02-2d84d6730b52','07ad336a-5ce7-4624-a634-30ec107fb822',1,'2024-07-04 08:00:00.000000',NULL,NULL,'DN3RK',0,0),(152,'2024-06-30 15:16:49.640888','2024-07-04 08:00:00.000000','a78d7aa4-745d-4c77-9e02-2d84d6730b52','07ad336a-5ce7-4624-a634-30ec107fb822',1,'2024-07-04 09:00:00.000000',NULL,NULL,'HPMI5',0,0),(153,'2024-06-30 15:17:33.108215','2024-07-09 04:00:00.000000','a78d7aa4-745d-4c77-9e02-2d84d6730b52','07ad336a-5ce7-4624-a634-30ec107fb822',1,'2024-07-09 05:00:00.000000',NULL,NULL,'IZJL5',0,0),(154,'2024-06-30 15:18:16.047094','2024-07-09 01:00:00.000000','a78d7aa4-745d-4c77-9e02-2d84d6730b52','07ad336a-5ce7-4624-a634-30ec107fb822',1,'2024-07-09 02:00:00.000000',NULL,NULL,'2HWA4',0,0),(155,'2024-06-30 15:19:48.008939','2024-07-09 23:00:00.000000','a78d7aa4-745d-4c77-9e02-2d84d6730b52','07ad336a-5ce7-4624-a634-30ec107fb822',1,'2024-07-10 00:00:00.000000',NULL,'2024-06-30 15:28:08.076510','IPJ8C',0,0),(156,'2024-06-30 15:29:18.485048','2024-07-12 00:00:00.000000','a78d7aa4-745d-4c77-9e02-2d84d6730b52','350f212d-27ab-483a-a9c5-01b2c58fdb35',1,'2024-07-12 01:00:00.000000',NULL,NULL,'VPE96',0,0),(157,'2024-06-30 19:25:39.020683','2024-07-01 02:00:00.000000','0d5f33c8-a89b-47fd-9b2a-c3df2ee5e4ec','07ad336a-5ce7-4624-a634-30ec107fb822',1,'2024-07-01 03:00:00.000000',NULL,NULL,'9N0A8',0,0),(158,'2024-07-02 08:54:41.898404','2024-07-09 20:00:00.000000','cc3db849-ebd0-416f-9e39-bc5cce742c9f','07ad336a-5ce7-4624-a634-30ec107fb822',1,'2024-07-09 21:00:00.000000',NULL,NULL,'10DB2',0,0),(159,'2024-07-08 09:52:46.297494','2024-07-09 00:00:00.000000','b20b8192-d77b-46d0-8e95-8eaf736c3ede','350f212d-27ab-483a-a9c5-01b2c58fdb35',2,'2024-07-09 01:00:00.000000',NULL,'2024-07-08 10:18:41.758178','7PE8F',0,0),(160,'2024-07-08 09:54:11.749790','2024-07-09 09:00:00.000000','b20b8192-d77b-46d0-8e95-8eaf736c3ede','350f212d-27ab-483a-a9c5-01b2c58fdb35',2,'2024-07-09 10:00:00.000000',NULL,NULL,'SXOCS',0,0),(161,'2024-07-08 09:55:34.821527','2024-07-11 08:00:00.000000','b20b8192-d77b-46d0-8e95-8eaf736c3ede','07ad336a-5ce7-4624-a634-30ec107fb822',2,'2024-07-11 09:00:00.000000',NULL,NULL,'O67MT',0,0),(162,'2024-07-08 10:34:27.938762','2024-07-09 09:00:00.000000','b20b8192-d77b-46d0-8e95-8eaf736c3ede','350f212d-27ab-483a-a9c5-01b2c58fdb35',1,'2024-07-09 10:00:00.000000',NULL,NULL,'2RFDR',0,0),(163,'2024-07-08 10:34:39.329309','2024-07-11 04:00:00.000000','b20b8192-d77b-46d0-8e95-8eaf736c3ede','350f212d-27ab-483a-a9c5-01b2c58fdb35',2,'2024-07-11 05:00:00.000000',NULL,NULL,'W4UP4',0,0),(164,'2024-07-08 10:34:43.102990','2024-07-11 01:00:00.000000','b20b8192-d77b-46d0-8e95-8eaf736c3ede','350f212d-27ab-483a-a9c5-01b2c58fdb35',2,'2024-07-11 02:00:00.000000',NULL,NULL,'U4CWT',0,0),(165,'2024-07-08 10:54:27.094799','2024-07-11 05:00:00.000000','b20b8192-d77b-46d0-8e95-8eaf736c3ede','350f212d-27ab-483a-a9c5-01b2c58fdb35',2,'2024-07-11 06:00:00.000000',NULL,NULL,'PHINY',0,0),(166,'2024-07-08 10:54:33.160388','2024-07-11 01:00:00.000000','b20b8192-d77b-46d0-8e95-8eaf736c3ede','350f212d-27ab-483a-a9c5-01b2c58fdb35',1,'2024-07-11 02:00:00.000000',NULL,NULL,'PX8CC',0,0),(167,'2024-07-08 15:23:08.287821','2024-07-09 00:00:00.000000','a628dcfe-1525-4014-a4d4-0a1d9cd285c1','350f212d-27ab-483a-a9c5-01b2c58fdb35',1,'2024-07-09 01:00:00.000000',NULL,NULL,'QFCWO',0,0),(168,'2024-07-08 15:23:21.619604','2024-07-11 05:00:00.000000','a628dcfe-1525-4014-a4d4-0a1d9cd285c1','350f212d-27ab-483a-a9c5-01b2c58fdb35',2,'2024-07-11 06:00:00.000000',NULL,NULL,'2E23G',0,0),(169,'2024-07-11 08:33:46.798431','2024-07-14 00:00:00.000000','292f21d2-2469-44bd-85f5-7ba6b876ba14','350f212d-27ab-483a-a9c5-01b2c58fdb35',2,'2024-07-14 01:00:00.000000','2024-07-11 08:42:59.600030','2024-07-11 08:43:35.688216','C4B9B',0,0),(170,'2024-07-16 09:27:00.819972','2024-07-18 00:00:00.000000','b20b8192-d77b-46d0-8e95-8eaf736c3ede','350f212d-27ab-483a-a9c5-01b2c58fdb35',1,'2024-07-18 01:00:00.000000','2024-07-17 18:10:52.905082','2024-07-17 16:45:14.329518','5F377',0,0),(171,'2024-07-16 09:27:36.688622','2024-07-18 01:00:00.000000','b20b8192-d77b-46d0-8e95-8eaf736c3ede','350f212d-27ab-483a-a9c5-01b2c58fdb35',1,'2024-07-18 02:00:00.000000','2024-07-17 18:23:03.024530','2024-07-16 09:56:04.176405','CYOAI',0,0),(172,'2024-07-16 10:04:33.886417','2024-07-18 05:00:00.000000','292f21d2-2469-44bd-85f5-7ba6b876ba14','350f212d-27ab-483a-a9c5-01b2c58fdb35',2,'2024-07-18 06:00:00.000000',NULL,NULL,'CTQA4',0,0),(173,'2024-07-16 10:11:52.845542','2024-07-18 04:00:00.000000','292f21d2-2469-44bd-85f5-7ba6b876ba14','350f212d-27ab-483a-a9c5-01b2c58fdb35',1,'2024-07-18 05:00:00.000000',NULL,NULL,'YBZ3A',0,0),(174,'2024-07-16 10:12:52.733806','2024-07-18 05:00:00.000000','292f21d2-2469-44bd-85f5-7ba6b876ba14','350f212d-27ab-483a-a9c5-01b2c58fdb35',1,'2024-07-18 06:00:00.000000','2024-07-17 18:23:09.818346',NULL,'9OY7Q',0,0),(175,'2024-07-16 11:41:20.955383','2024-07-21 00:00:00.000000','292f21d2-2469-44bd-85f5-7ba6b876ba14','350f212d-27ab-483a-a9c5-01b2c58fdb35',1,'2024-07-21 01:00:00.000000','2024-07-17 18:10:53.024845',NULL,'NM0LQ',0,0),(177,'2024-07-17 15:16:48.202106','2024-07-19 00:00:00.000000','72c6d73c-48f7-48f3-848c-c628b6e98dbf','350f212d-27ab-483a-a9c5-01b2c58fdb35',1,'2024-07-19 01:00:00.000000',NULL,'2024-07-17 15:54:10.847095','7E0QP',0,0),(178,'2024-07-17 15:17:16.153885','2024-07-23 00:00:00.000000','72c6d73c-48f7-48f3-848c-c628b6e98dbf','350f212d-27ab-483a-a9c5-01b2c58fdb35',1,'2024-07-23 01:00:00.000000',NULL,NULL,'2S1XV',0,0),(180,'2024-08-04 13:05:41.590239','2024-08-12 13:00:00.000000','ba57e079-0053-4d97-ba4c-fa3e0b78b553','350f212d-27ab-483a-a9c5-01b2c58fdb35',1,'2024-08-12 14:00:00.000000',NULL,'2024-08-04 13:06:15.348010','9W5EB',0,0),(181,'2024-08-05 19:57:13.837501','2024-08-16 01:00:00.000000','a78d7aa4-745d-4c77-9e02-2d84d6730b52','07ad336a-5ce7-4624-a634-30ec107fb822',1,'2024-08-16 02:00:00.000000',NULL,NULL,'3RPWA',0,0),(182,'2024-08-25 13:45:31.621674','2024-08-26 00:00:00.000000','b20b8192-d77b-46d0-8e95-8eaf736c3ede','514cb96f-7e0d-428e-8759-85fdc9dd1627',1,'2024-08-26 01:00:00.000000',NULL,'2024-08-25 13:45:57.416747','NJVP5',0,0),(183,'2024-09-01 13:36:02.716179','2024-09-02 13:00:00.000000','b20b8192-d77b-46d0-8e95-8eaf736c3ede','350f212d-27ab-483a-a9c5-01b2c58fdb35',1,'2024-09-02 14:00:00.000000',NULL,NULL,'S0MB1',0,0),(184,'2024-09-01 13:45:33.353674','2024-09-03 03:00:00.000000','b20b8192-d77b-46d0-8e95-8eaf736c3ede','350f212d-27ab-483a-a9c5-01b2c58fdb35',1,'2024-09-03 04:00:00.000000',NULL,NULL,'KGOMB',0,0),(185,'2024-09-01 13:45:49.498103','2024-09-03 09:00:00.000000','b20b8192-d77b-46d0-8e95-8eaf736c3ede','350f212d-27ab-483a-a9c5-01b2c58fdb35',1,'2024-09-03 10:00:00.000000',NULL,NULL,'ND44M',0,0),(186,'2024-09-01 13:51:47.440417','2024-09-03 00:00:00.000000','b20b8192-d77b-46d0-8e95-8eaf736c3ede','350f212d-27ab-483a-a9c5-01b2c58fdb35',1,'2024-09-03 01:00:00.000000',NULL,NULL,'PEMD7',0,0),(187,'2024-09-02 09:52:38.394547','2024-09-05 04:00:00.000000','6d65f0b7-372a-4f9d-9ac2-ffcf006b51bb','350f212d-27ab-483a-a9c5-01b2c58fdb35',1,'2024-09-05 05:00:00.000000',NULL,NULL,'XYVNE',0,0),(188,'2024-09-02 09:52:47.015848','2024-09-05 01:00:00.000000','6d65f0b7-372a-4f9d-9ac2-ffcf006b51bb','350f212d-27ab-483a-a9c5-01b2c58fdb35',1,'2024-09-05 02:00:00.000000',NULL,NULL,'F80BA',0,0),(189,'2024-09-09 10:55:15.085252','2024-09-14 08:00:00.000000','b20b8192-d77b-46d0-8e95-8eaf736c3ede','514cb96f-7e0d-428e-8759-85fdc9dd1627',1,'2024-09-14 09:00:00.000000','2024-09-09 11:03:01.088991','2024-09-09 11:11:52.720116','39WKQ',0,0),(190,'2024-09-09 14:38:10.178637','2024-09-10 17:00:00.000000','0d5f33c8-a89b-47fd-9b2a-c3df2ee5e4ec','514cb96f-7e0d-428e-8759-85fdc9dd1627',2,'2024-09-10 18:00:00.000000',NULL,NULL,'J4GAI',0,0),(191,'2024-09-09 14:41:26.025915','2024-09-09 23:00:00.000000','0d5f33c8-a89b-47fd-9b2a-c3df2ee5e4ec','514cb96f-7e0d-428e-8759-85fdc9dd1627',1,'2024-09-10 00:00:00.000000','2024-09-09 14:42:52.434640','2024-09-09 14:46:22.093082','QM8Q7',0,0),(192,'2024-09-15 11:23:01.532460','2024-09-15 15:00:00.000000','6d65f0b7-372a-4f9d-9ac2-ffcf006b51bb','514cb96f-7e0d-428e-8759-85fdc9dd1627',2,'2024-09-15 16:00:00.000000',NULL,NULL,'VJCUG',0,0),(193,'2024-09-15 11:37:00.403710','2024-09-15 15:00:00.000000','6d65f0b7-372a-4f9d-9ac2-ffcf006b51bb','de375644-3c24-4df6-8774-3c1ba046868f',2,'2024-09-15 16:00:00.000000',NULL,NULL,'WR7I4',0,0),(194,'2024-09-15 11:39:16.822568','2024-09-15 15:00:00.000000','6d65f0b7-372a-4f9d-9ac2-ffcf006b51bb','de375644-3c24-4df6-8774-3c1ba046868f',1,'2024-09-15 16:00:00.000000','2024-09-15 12:16:33.731730','2024-09-15 12:16:28.170065','3HLRW',0,0),(195,'2024-09-18 15:00:36.410290','2024-09-19 02:00:00.000000','b20b8192-d77b-46d0-8e95-8eaf736c3ede','07ad336a-5ce7-4624-a634-30ec107fb822',1,'2024-09-19 03:00:00.000000',NULL,NULL,'FXHRJ',0,0),(196,'2024-09-18 15:01:17.121926','2024-09-20 08:00:00.000000','b20b8192-d77b-46d0-8e95-8eaf736c3ede','07ad336a-5ce7-4624-a634-30ec107fb822',1,'2024-09-20 09:00:00.000000',NULL,NULL,'1OMYO',0,0),(197,'2024-09-18 15:01:23.067048','2024-09-20 06:00:00.000000','b20b8192-d77b-46d0-8e95-8eaf736c3ede','07ad336a-5ce7-4624-a634-30ec107fb822',1,'2024-09-20 07:00:00.000000',NULL,NULL,'3Q4TD',0,0),(198,'2024-09-18 15:01:32.707530','2024-09-24 23:00:00.000000','b20b8192-d77b-46d0-8e95-8eaf736c3ede','07ad336a-5ce7-4624-a634-30ec107fb822',1,'2024-09-25 00:00:00.000000',NULL,'2024-09-23 09:13:35.418870','KPI7N',0,0),(199,'2024-09-24 10:39:37.871226','2024-09-24 11:00:00.000000','69986c90-f5e5-4f78-89ed-a15560e22e10','350f212d-27ab-483a-a9c5-01b2c58fdb35',1,'2024-09-24 12:00:00.000000',NULL,NULL,'XKBP3',0,0),(200,'2024-09-24 13:44:14.665087','2024-09-24 17:00:00.000000','a0ab696d-4443-462d-852b-9de0501dc9de','de375644-3c24-4df6-8774-3c1ba046868f',1,'2024-09-24 18:00:00.000000',NULL,NULL,'7TQ7E',0,0),(201,'2024-09-25 11:27:19.923129','2024-10-01 11:00:00.000000','69986c90-f5e5-4f78-89ed-a15560e22e10','350f212d-27ab-483a-a9c5-01b2c58fdb35',1,'2024-10-01 12:00:00.000000',NULL,NULL,'VCGGN',0,0),(202,'2024-09-26 11:53:09.166322','2024-09-26 15:00:00.000000','69986c90-f5e5-4f78-89ed-a15560e22e10','350f212d-27ab-483a-a9c5-01b2c58fdb35',1,'2024-09-26 16:00:00.000000',NULL,'2024-09-26 14:53:40.120833','G46E6',0,0),(203,'2024-09-26 12:46:39.813060','2024-09-26 21:00:00.000000','b20b8192-d77b-46d0-8e95-8eaf736c3ede','07ad336a-5ce7-4624-a634-30ec107fb822',1,'2024-09-26 22:00:00.000000',NULL,NULL,'F4H4A',0,0),(204,'2024-09-26 13:42:36.996225','2024-09-26 17:00:00.000000','69986c90-f5e5-4f78-89ed-a15560e22e10','350f212d-27ab-483a-a9c5-01b2c58fdb35',1,'2024-09-26 18:00:00.000000','2024-09-26 16:59:22.322093','2024-09-26 16:58:54.614394','Q2E2O',0,0),(205,'2024-09-27 04:47:49.056916','2024-09-27 08:00:00.000000','69986c90-f5e5-4f78-89ed-a15560e22e10','350f212d-27ab-483a-a9c5-01b2c58fdb35',1,'2024-09-27 09:00:00.000000','2024-09-27 07:48:49.159168','2024-09-27 07:48:06.336817','K8IV9',0,0),(206,'2024-09-28 13:03:31.544792','2024-09-28 17:00:00.000000','a0ab696d-4443-462d-852b-9de0501dc9de','de375644-3c24-4df6-8774-3c1ba046868f',1,'2024-09-28 18:00:00.000000','2024-09-28 16:56:49.840181','2024-09-28 17:04:40.052246','8LQNQ',0,0),(207,'2024-09-28 13:18:43.317107','2024-09-29 00:00:00.000000','a78d7aa4-745d-4c77-9e02-2d84d6730b52','07ad336a-5ce7-4624-a634-30ec107fb822',1,'2024-09-29 01:00:00.000000',NULL,NULL,'FI07N',0,0),(208,'2024-09-28 14:16:56.614013','2024-10-02 12:00:00.000000','a78d7aa4-745d-4c77-9e02-2d84d6730b52','350f212d-27ab-483a-a9c5-01b2c58fdb35',1,'2024-10-02 13:00:00.000000',NULL,NULL,'YTHHF',0,0),(209,'2024-09-30 06:09:09.362776','2024-10-02 10:00:00.000000','b20b8192-d77b-46d0-8e95-8eaf736c3ede','07ad336a-5ce7-4624-a634-30ec107fb822',1,'2024-10-02 11:00:00.000000',NULL,NULL,'JUUJB',0,0),(210,'2024-09-30 06:09:18.981053','2024-10-03 21:00:00.000000','b20b8192-d77b-46d0-8e95-8eaf736c3ede','07ad336a-5ce7-4624-a634-30ec107fb822',1,'2024-10-03 22:00:00.000000',NULL,NULL,'Q51DN',0,0),(211,'2024-10-01 11:45:45.075551','2024-10-02 17:00:00.000000','69986c90-f5e5-4f78-89ed-a15560e22e10','de375644-3c24-4df6-8774-3c1ba046868f',2,'2024-10-02 18:00:00.000000',NULL,NULL,'WSEMV',0,0),(212,'2024-10-01 13:10:41.098794','2024-10-01 17:00:00.000000','69986c90-f5e5-4f78-89ed-a15560e22e10','de375644-3c24-4df6-8774-3c1ba046868f',1,'2024-10-01 18:00:00.000000',NULL,NULL,'0OMG4',0,0),(213,'2024-10-01 13:11:31.292981','2024-10-02 17:00:00.000000','69986c90-f5e5-4f78-89ed-a15560e22e10','de375644-3c24-4df6-8774-3c1ba046868f',1,'2024-10-02 18:00:00.000000',NULL,NULL,'PPQOP',0,0),(214,'2024-10-03 12:33:35.553552','2024-10-04 12:00:00.000000','69986c90-f5e5-4f78-89ed-a15560e22e10','350f212d-27ab-483a-a9c5-01b2c58fdb35',1,'2024-10-04 13:00:00.000000',NULL,NULL,'JN1PM',0,0),(215,'2024-10-03 12:38:01.890442','2024-10-04 09:00:00.000000','69986c90-f5e5-4f78-89ed-a15560e22e10','350f212d-27ab-483a-a9c5-01b2c58fdb35',1,'2024-10-04 10:00:00.000000',NULL,NULL,'WE0RR',0,0),(216,'2024-10-06 09:55:32.528376','2024-10-06 21:00:00.000000','69986c90-f5e5-4f78-89ed-a15560e22e10','de375644-3c24-4df6-8774-3c1ba046868f',1,'2024-10-06 22:00:00.000000',NULL,NULL,'4UAZS',1,0),(217,'2024-10-06 11:49:41.323057','2024-10-06 16:00:00.000000','69986c90-f5e5-4f78-89ed-a15560e22e10','350f212d-27ab-483a-a9c5-01b2c58fdb35',1,'2024-10-06 17:00:00.000000',NULL,NULL,'NT98O',0,0),(218,'2024-10-06 17:49:27.850942','2024-10-08 17:00:00.000000','69986c90-f5e5-4f78-89ed-a15560e22e10','de375644-3c24-4df6-8774-3c1ba046868f',1,'2024-10-08 18:00:00.000000',NULL,NULL,'CEZQ4',1,0),(219,'2024-10-06 17:49:34.145502','2024-10-09 17:00:00.000000','69986c90-f5e5-4f78-89ed-a15560e22e10','de375644-3c24-4df6-8774-3c1ba046868f',1,'2024-10-09 18:00:00.000000',NULL,NULL,'9XT43',1,0),(220,'2024-10-06 17:49:41.858935','2024-10-12 16:00:00.000000','69986c90-f5e5-4f78-89ed-a15560e22e10','de375644-3c24-4df6-8774-3c1ba046868f',1,'2024-10-12 17:00:00.000000',NULL,NULL,'HURUY',1,0),(221,'2024-10-06 17:50:45.786953','2024-10-12 17:00:00.000000','69986c90-f5e5-4f78-89ed-a15560e22e10','de375644-3c24-4df6-8774-3c1ba046868f',1,'2024-10-12 18:00:00.000000',NULL,NULL,'5UVM9',1,0),(222,'2024-10-07 07:33:15.820720','2024-10-07 13:00:00.000000','69986c90-f5e5-4f78-89ed-a15560e22e10','de375644-3c24-4df6-8774-3c1ba046868f',1,'2024-10-07 14:00:00.000000',NULL,NULL,'XEANP',1,0),(223,'2024-10-07 07:33:22.661668','2024-10-07 15:00:00.000000','69986c90-f5e5-4f78-89ed-a15560e22e10','de375644-3c24-4df6-8774-3c1ba046868f',1,'2024-10-07 16:00:00.000000',NULL,NULL,'JH6R0',1,0),(224,'2024-10-07 07:33:28.001992','2024-10-07 16:00:00.000000','69986c90-f5e5-4f78-89ed-a15560e22e10','de375644-3c24-4df6-8774-3c1ba046868f',1,'2024-10-07 17:00:00.000000',NULL,NULL,'WTYJB',1,0),(225,'2024-10-10 07:55:53.971765','2024-10-10 21:00:00.000000','b20b8192-d77b-46d0-8e95-8eaf736c3ede','07ad336a-5ce7-4624-a634-30ec107fb822',1,'2024-10-10 22:00:00.000000',NULL,NULL,'7B73H',1,0),(226,'2024-10-10 07:56:03.780877','2024-10-11 12:41:00.000000','b20b8192-d77b-46d0-8e95-8eaf736c3ede','07ad336a-5ce7-4624-a634-30ec107fb822',1,'2024-10-11 13:41:00.000000',NULL,NULL,'3DUJ4',1,0),(227,'2024-10-10 07:56:16.644314','2024-10-16 10:00:00.000000','b20b8192-d77b-46d0-8e95-8eaf736c3ede','07ad336a-5ce7-4624-a634-30ec107fb822',1,'2024-10-16 11:00:00.000000',NULL,NULL,'XISXO',1,0),(228,'2024-10-10 11:36:30.377338','2024-10-10 15:00:00.000000','0d5f33c8-a89b-47fd-9b2a-c3df2ee5e4ec','de375644-3c24-4df6-8774-3c1ba046868f',2,'2024-10-10 16:00:00.000000',NULL,NULL,'M5AZR',0,0),(229,'2024-10-10 11:41:15.237879','2024-10-10 15:00:00.000000','0d5f33c8-a89b-47fd-9b2a-c3df2ee5e4ec','de375644-3c24-4df6-8774-3c1ba046868f',1,'2024-10-10 16:00:00.000000','2024-10-10 15:05:03.845136','2024-10-10 15:06:00.686369','VUJ8M',1,0),(230,'2024-10-10 11:43:30.188946','2024-10-10 17:00:00.000000','0d5f33c8-a89b-47fd-9b2a-c3df2ee5e4ec','de375644-3c24-4df6-8774-3c1ba046868f',1,'2024-10-10 18:00:00.000000',NULL,NULL,'AAL2L',1,0),(231,'2024-10-10 11:45:58.446751','2024-10-10 18:00:00.000000','0d5f33c8-a89b-47fd-9b2a-c3df2ee5e4ec','de375644-3c24-4df6-8774-3c1ba046868f',1,'2024-10-10 19:00:00.000000',NULL,NULL,'76HK3',1,0),(232,'2024-10-10 11:47:38.674385','2024-10-12 14:00:00.000000','0d5f33c8-a89b-47fd-9b2a-c3df2ee5e4ec','de375644-3c24-4df6-8774-3c1ba046868f',1,'2024-10-12 15:00:00.000000',NULL,NULL,'LMU7G',1,0),(233,'2024-10-13 10:10:22.492732','2024-10-14 00:00:00.000000','c03703ce-0783-452d-95ed-ee261ec31c1a','07ad336a-5ce7-4624-a634-30ec107fb822',1,'2024-10-14 01:00:00.000000',NULL,NULL,'7NRR8',1,0),(234,'2024-10-13 10:19:13.748736','2024-10-13 14:00:00.000000','c03703ce-0783-452d-95ed-ee261ec31c1a','de375644-3c24-4df6-8774-3c1ba046868f',1,'2024-10-13 15:00:00.000000','2024-10-13 13:55:24.613376','2024-10-13 13:56:54.504041','JFLEC',1,0),(235,'2024-10-13 10:19:41.064707','2024-10-13 22:00:00.000000','c03703ce-0783-452d-95ed-ee261ec31c1a','de375644-3c24-4df6-8774-3c1ba046868f',1,'2024-10-13 23:00:00.000000',NULL,NULL,'P0LBV',1,0),(236,'2024-10-21 12:08:53.566324','2024-10-21 16:00:00.000000','69986c90-f5e5-4f78-89ed-a15560e22e10','350f212d-27ab-483a-a9c5-01b2c58fdb35',1,'2024-10-21 17:00:00.000000','2024-10-21 16:13:37.349668','2024-10-21 16:09:53.739080','5G2QN',1,1),(237,'2024-10-21 13:14:42.124964','2024-10-21 17:00:00.000000','69986c90-f5e5-4f78-89ed-a15560e22e10','350f212d-27ab-483a-a9c5-01b2c58fdb35',1,'2024-10-21 18:00:00.000000','2024-10-21 16:56:34.229841','2024-10-21 16:54:17.446394','ZVZER',1,1),(238,'2024-10-21 13:14:47.055138','2024-10-21 18:00:00.000000','69986c90-f5e5-4f78-89ed-a15560e22e10','350f212d-27ab-483a-a9c5-01b2c58fdb35',1,'2024-10-21 19:00:00.000000',NULL,NULL,'GX4XF',1,1),(239,'2024-10-22 08:53:09.035339','2024-10-25 09:00:00.000000','5d342045-4d26-4e59-bf3c-57e182090875','350f212d-27ab-483a-a9c5-01b2c58fdb35',1,'2024-10-25 10:00:00.000000',NULL,NULL,'0EV4U',1,1),(240,'2024-10-22 09:55:21.135184','2024-10-22 13:00:00.000000','b20b8192-d77b-46d0-8e95-8eaf736c3ede','350f212d-27ab-483a-a9c5-01b2c58fdb35',1,'2024-10-22 14:00:00.000000','2024-10-22 13:02:12.815347','2024-10-22 13:00:57.845103','8WKW5',1,1),(241,'2024-10-23 09:40:01.613981','2024-10-23 13:00:00.000000','b20b8192-d77b-46d0-8e95-8eaf736c3ede','350f212d-27ab-483a-a9c5-01b2c58fdb35',1,'2024-10-23 14:00:00.000000','2024-10-23 12:45:18.668702','2024-10-23 12:58:38.421134','KCQRR',1,1),(242,'2024-10-23 10:45:47.942859','2024-10-23 14:00:00.000000','0d5f33c8-a89b-47fd-9b2a-c3df2ee5e4ec','de375644-3c24-4df6-8774-3c1ba046868f',1,'2024-10-23 15:00:00.000000',NULL,NULL,'VRQ6B',1,1),(243,'2024-10-23 10:45:56.711184','2024-10-23 16:00:00.000000','0d5f33c8-a89b-47fd-9b2a-c3df2ee5e4ec','de375644-3c24-4df6-8774-3c1ba046868f',1,'2024-10-23 17:00:00.000000',NULL,NULL,'MDI44',1,1),(244,'2024-10-23 12:54:48.325553','2024-10-23 16:00:00.000000','69986c90-f5e5-4f78-89ed-a15560e22e10','350f212d-27ab-483a-a9c5-01b2c58fdb35',1,'2024-10-23 17:00:00.000000',NULL,NULL,'QZWBB',1,1),(245,'2024-10-23 13:58:32.127102','2024-10-23 17:00:00.000000','69986c90-f5e5-4f78-89ed-a15560e22e10','350f212d-27ab-483a-a9c5-01b2c58fdb35',1,'2024-10-23 18:00:00.000000','2024-10-23 17:12:49.337851','2024-10-23 17:04:49.425358','VLPNU',1,1),(246,'2024-10-23 15:12:12.990989','2024-10-23 18:00:00.000000','69986c90-f5e5-4f78-89ed-a15560e22e10','350f212d-27ab-483a-a9c5-01b2c58fdb35',1,'2024-10-23 19:00:00.000000','2024-10-23 18:11:19.622599',NULL,'TILWR',1,1),(247,'2024-10-23 15:58:21.909663','2024-10-23 19:00:00.000000','69986c90-f5e5-4f78-89ed-a15560e22e10','350f212d-27ab-483a-a9c5-01b2c58fdb35',1,'2024-10-23 20:00:00.000000','2024-10-23 18:56:44.646229',NULL,'1UCWG',1,1),(248,'2024-10-24 10:27:46.433693','2024-10-24 17:00:00.000000','0d5f33c8-a89b-47fd-9b2a-c3df2ee5e4ec','de375644-3c24-4df6-8774-3c1ba046868f',1,'2024-10-24 18:00:00.000000',NULL,NULL,'CZRPE',1,1),(249,'2024-10-28 14:48:28.581438','2024-10-28 18:00:00.000000','69986c90-f5e5-4f78-89ed-a15560e22e10','350f212d-27ab-483a-a9c5-01b2c58fdb35',1,'2024-10-28 19:00:00.000000','2024-10-28 17:52:02.536546',NULL,'G78U2',0,0),(250,'2024-10-28 15:32:33.138395','2024-10-29 14:00:00.000000','b20b8192-d77b-46d0-8e95-8eaf736c3ede','350f212d-27ab-483a-a9c5-01b2c58fdb35',1,'2024-10-29 15:00:00.000000',NULL,NULL,'XHG62',1,1),(251,'2024-10-29 12:29:15.014720','2024-10-30 12:00:00.000000','69986c90-f5e5-4f78-89ed-a15560e22e10','350f212d-27ab-483a-a9c5-01b2c58fdb35',1,'2024-10-30 13:00:00.000000',NULL,NULL,'RZJAZ',1,1),(252,'2024-11-04 09:45:53.748897','2024-11-04 14:00:00.000000','69986c90-f5e5-4f78-89ed-a15560e22e10','350f212d-27ab-483a-a9c5-01b2c58fdb35',1,'2024-11-04 15:00:00.000000',NULL,NULL,'IXQR8',1,1),(253,'2024-11-04 09:45:57.611226','2024-11-04 16:00:00.000000','69986c90-f5e5-4f78-89ed-a15560e22e10','350f212d-27ab-483a-a9c5-01b2c58fdb35',1,'2024-11-04 17:00:00.000000',NULL,NULL,'OABRP',1,1),(254,'2024-11-05 11:40:10.393578','2024-11-06 13:00:00.000000','69986c90-f5e5-4f78-89ed-a15560e22e10','350f212d-27ab-483a-a9c5-01b2c58fdb35',1,'2024-11-06 14:00:00.000000',NULL,NULL,'ACDOM',1,1),(255,'2024-11-11 11:27:11.616313','2024-11-11 16:00:00.000000','69986c90-f5e5-4f78-89ed-a15560e22e10','350f212d-27ab-483a-a9c5-01b2c58fdb35',1,'2024-11-11 17:00:00.000000',NULL,NULL,'5H7SK',1,1),(256,'2024-11-11 11:27:13.560904','2024-11-11 17:00:00.000000','69986c90-f5e5-4f78-89ed-a15560e22e10','350f212d-27ab-483a-a9c5-01b2c58fdb35',1,'2024-11-11 18:00:00.000000',NULL,NULL,'EI8OT',1,1),(257,'2024-11-11 16:44:44.341290','2024-11-12 00:00:00.000000','b20b8192-d77b-46d0-8e95-8eaf736c3ede','07ad336a-5ce7-4624-a634-30ec107fb822',1,'2024-11-12 01:00:00.000000',NULL,NULL,'SKD2L',1,1),(258,'2024-11-11 16:44:51.754310','2024-11-13 06:00:00.000000','b20b8192-d77b-46d0-8e95-8eaf736c3ede','07ad336a-5ce7-4624-a634-30ec107fb822',1,'2024-11-13 07:00:00.000000',NULL,NULL,'0V4Z2',1,1),(259,'2024-11-11 17:05:28.415584','2024-11-12 14:00:00.000000','b20b8192-d77b-46d0-8e95-8eaf736c3ede','350f212d-27ab-483a-a9c5-01b2c58fdb35',1,'2024-11-12 15:00:00.000000',NULL,NULL,'REJ9Y',1,1),(260,'2024-11-11 17:05:52.282777','2024-11-12 11:00:00.000000','b20b8192-d77b-46d0-8e95-8eaf736c3ede','350f212d-27ab-483a-a9c5-01b2c58fdb35',1,'2024-11-12 12:00:00.000000',NULL,NULL,'RYFYF',1,1),(261,'2024-11-11 17:06:00.085064','2024-11-15 09:00:00.000000','b20b8192-d77b-46d0-8e95-8eaf736c3ede','350f212d-27ab-483a-a9c5-01b2c58fdb35',1,'2024-11-15 10:00:00.000000',NULL,NULL,'9U9II',1,1),(262,'2024-11-14 08:51:37.403046','2024-11-14 17:00:00.000000','b20b8192-d77b-46d0-8e95-8eaf736c3ede','350f212d-27ab-483a-a9c5-01b2c58fdb35',1,'2024-11-14 18:00:00.000000',NULL,NULL,'SCGQ7',1,1),(263,'2024-11-14 09:14:32.058815','2024-11-14 13:00:00.000000','b20b8192-d77b-46d0-8e95-8eaf736c3ede','de375644-3c24-4df6-8774-3c1ba046868f',1,'2024-11-14 14:00:00.000000','2024-11-14 12:53:18.260192','2024-11-14 12:51:50.930122','OKAKA',1,1),(264,'2024-11-17 11:09:24.299833','2024-11-18 14:00:00.000000','b20b8192-d77b-46d0-8e95-8eaf736c3ede','350f212d-27ab-483a-a9c5-01b2c58fdb35',1,'2024-11-18 15:00:00.000000',NULL,NULL,'RA4PU',1,1),(265,'2024-11-17 11:09:30.696522','2024-11-18 16:00:00.000000','b20b8192-d77b-46d0-8e95-8eaf736c3ede','350f212d-27ab-483a-a9c5-01b2c58fdb35',1,'2024-11-18 17:00:00.000000',NULL,NULL,'0S2DB',1,1),(266,'2024-11-17 11:43:26.259026','2024-11-20 12:00:00.000000','69986c90-f5e5-4f78-89ed-a15560e22e10','350f212d-27ab-483a-a9c5-01b2c58fdb35',1,'2024-11-20 13:00:00.000000',NULL,NULL,'CO66Z',1,1),(267,'2024-11-19 06:47:44.807034','2024-11-19 11:00:00.000000','b20b8192-d77b-46d0-8e95-8eaf736c3ede','de375644-3c24-4df6-8774-3c1ba046868f',1,'2024-11-19 12:00:00.000000','2024-11-19 10:56:46.024754','2024-11-19 10:55:15.806728','6VI0O',1,1),(268,'2024-11-19 08:40:17.136571','2024-11-19 12:00:00.000000','b20b8192-d77b-46d0-8e95-8eaf736c3ede','de375644-3c24-4df6-8774-3c1ba046868f',1,'2024-11-19 13:00:00.000000','2024-11-19 11:51:41.708272','2024-11-19 11:50:16.993416','2APEM',1,1),(269,'2024-11-19 09:12:19.372319','2024-11-19 13:00:00.000000','69986c90-f5e5-4f78-89ed-a15560e22e10','350f212d-27ab-483a-a9c5-01b2c58fdb35',1,'2024-11-19 14:00:00.000000','2024-11-19 13:13:36.717977',NULL,'EQ6N8',1,1),(270,'2024-11-19 09:12:54.351135','2024-11-19 13:00:00.000000','69986c90-f5e5-4f78-89ed-a15560e22e10','de375644-3c24-4df6-8774-3c1ba046868f',1,'2024-11-19 14:00:00.000000',NULL,NULL,'7GSDG',1,1),(271,'2024-11-19 09:12:58.371332','2024-11-19 14:00:00.000000','69986c90-f5e5-4f78-89ed-a15560e22e10','de375644-3c24-4df6-8774-3c1ba046868f',1,'2024-11-19 15:00:00.000000',NULL,NULL,'0VFNT',1,1),(272,'2024-11-19 09:13:02.996158','2024-11-19 17:00:00.000000','69986c90-f5e5-4f78-89ed-a15560e22e10','de375644-3c24-4df6-8774-3c1ba046868f',1,'2024-11-19 18:00:00.000000',NULL,NULL,'I67MY',1,1),(273,'2024-11-19 10:23:21.819572','2024-11-19 14:00:00.000000','69986c90-f5e5-4f78-89ed-a15560e22e10','350f212d-27ab-483a-a9c5-01b2c58fdb35',1,'2024-11-19 15:00:00.000000','2024-11-19 14:05:54.069658',NULL,'QQJTR',1,1),(274,'2024-11-19 11:37:17.462279','2024-11-19 15:00:00.000000','b20b8192-d77b-46d0-8e95-8eaf736c3ede','de375644-3c24-4df6-8774-3c1ba046868f',1,'2024-11-19 16:00:00.000000','2024-11-19 14:50:42.751128','2024-11-19 14:51:03.455815','P0KT5',0,0),(275,'2024-12-15 10:25:19.306877','2024-12-17 13:00:00.000000','73610454-14a3-45d1-983e-7a9b1c8b0c50','350f212d-27ab-483a-a9c5-01b2c58fdb35',1,'2024-12-17 14:00:00.000000',NULL,NULL,'WZ093',1,1),(276,'2025-01-13 09:12:18.059062','2025-01-14 13:00:00.000000','b20b8192-d77b-46d0-8e95-8eaf736c3ede','350f212d-27ab-483a-a9c5-01b2c58fdb35',1,'2025-01-14 14:00:00.000000',NULL,NULL,'IM3KQ',1,1);

--
-- Table structure for table `cliprates`
--

CREATE TABLE `cliprates` (
  `Id` int NOT NULL AUTO_INCREMENT,
  `ClipCategory` int NOT NULL,
  `ClipId` int NOT NULL,
  `Rate` int NOT NULL,
  `CreatedDate` datetime(6) NOT NULL,
  PRIMARY KEY (`Id`),
  KEY `IX_ClipRates_ClipId` (`ClipId`),
  CONSTRAINT `FK_ClipRates_Clips_ClipId` FOREIGN KEY (`ClipId`) REFERENCES `clips` (`Id`) ON DELETE CASCADE
) ENGINE=InnoDB AUTO_INCREMENT=408 DEFAULT CHARSET=utf8mb4 COLLATE=utf8mb4_0900_ai_ci;

--
-- Dumping data for table `cliprates`
--

INSERT INTO `cliprates` VALUES (257,0,22,0,'2024-04-02 12:05:39.297138'),(258,0,23,0,'2024-04-02 12:05:59.715117'),(259,0,26,0,'2024-04-02 12:06:19.013837'),(260,0,22,0,'2024-04-02 12:10:40.788676'),(261,0,22,5,'2024-04-02 12:10:46.804579'),(262,0,24,0,'2024-04-02 12:17:44.454548'),(263,0,24,0,'2024-04-02 12:18:15.418428'),(264,0,24,0,'2024-04-02 12:18:42.351482'),(265,0,24,0,'2024-04-03 10:43:09.530655'),(266,0,26,0,'2024-04-03 10:43:23.051011'),(267,2,22,0,'2024-04-03 10:43:44.954700'),(268,2,22,5,'2024-04-03 10:43:46.956290'),(269,2,23,0,'2024-04-03 10:44:04.709345'),(270,2,23,5,'2024-04-03 10:44:12.625632'),(271,2,24,0,'2024-04-03 10:44:21.811039'),(272,2,24,0,'2024-04-03 10:44:33.111064'),(273,2,24,5,'2024-04-03 10:44:34.313469'),(274,2,25,0,'2024-04-03 10:44:47.878517'),(275,2,25,0,'2024-04-03 10:45:04.929828'),(276,2,25,5,'2024-04-03 10:45:07.176487'),(277,2,25,5,'2024-04-03 10:45:08.789973'),(278,0,23,0,'2024-04-03 10:45:26.415627'),(279,0,23,0,'2024-04-03 10:45:43.411377'),(280,0,23,0,'2024-04-03 10:45:57.112355'),(281,0,23,5,'2024-04-03 10:49:27.510786'),(282,0,24,0,'2024-04-03 10:49:53.572232'),(283,0,24,0,'2024-04-03 10:50:16.496120'),(284,0,24,4,'2024-04-03 10:50:39.853661'),(285,2,26,5,'2024-04-03 10:51:15.891298'),(286,0,26,0,'2024-04-03 11:03:19.520621'),(287,0,26,5,'2024-04-03 11:03:40.856120'),(288,1,22,0,'2024-04-08 13:07:06.869375'),(289,1,22,5,'2024-04-08 13:07:09.344551'),(290,1,22,5,'2024-04-08 13:07:14.906573'),(291,1,22,0,'2024-04-08 13:10:06.390725'),(292,1,22,5,'2024-04-08 13:10:08.606534'),(293,1,22,5,'2024-04-08 13:10:14.619382'),(294,1,23,0,'2024-04-16 17:41:40.429154'),(295,1,23,5,'2024-04-16 17:41:41.763043'),(296,1,23,0,'2024-04-16 17:44:17.984575'),(297,1,23,5,'2024-04-16 17:45:07.759641'),(298,1,23,5,'2024-04-16 17:46:13.322713'),(299,1,23,3,'2024-04-16 17:46:33.523127'),(300,1,23,0,'2024-04-16 17:47:22.832989'),(301,0,23,0,'2024-04-16 18:27:28.539523'),(302,0,23,5,'2024-04-16 18:27:34.339508'),(303,0,23,5,'2024-04-16 18:28:14.875724'),(304,1,22,0,'2024-05-12 08:29:00.972063'),(305,2,22,0,'2024-05-12 08:30:13.025417'),(306,2,22,5,'2024-05-12 08:30:15.225069'),(307,2,22,5,'2024-05-12 08:30:16.166013'),(308,2,22,5,'2024-05-12 08:30:22.006784'),(309,2,22,5,'2024-05-12 08:30:22.733796'),(310,2,22,5,'2024-05-12 08:30:22.885130'),(311,2,22,5,'2024-05-12 08:30:42.640866'),(312,2,22,5,'2024-05-12 08:30:43.846467'),(313,2,22,5,'2024-05-12 08:30:44.438090'),(314,2,22,5,'2024-05-12 08:30:44.617109'),(315,2,22,5,'2024-05-12 08:30:44.785974'),(316,2,22,5,'2024-05-12 08:30:45.180384'),(317,2,22,5,'2024-05-12 08:30:45.729594'),(318,2,59,5,'2024-05-12 08:31:13.670884'),(319,2,59,5,'2024-05-12 08:31:13.962674'),(320,2,59,5,'2024-05-12 08:31:14.522340'),(321,1,26,0,'2024-06-24 08:21:06.422445'),(322,2,23,0,'2024-06-24 08:22:21.411817'),(323,2,23,5,'2024-06-24 08:22:22.508324'),(324,2,23,5,'2024-06-24 08:22:26.316483'),(325,2,23,5,'2024-06-24 08:22:29.655753'),(326,2,23,5,'2024-06-24 08:22:35.615869'),(327,1,33,0,'2024-06-24 09:08:27.360792'),(328,1,33,5,'2024-06-24 09:08:32.335359'),(329,1,60,0,'2024-06-25 10:18:59.952127'),(330,1,60,0,'2024-06-25 10:19:06.833032'),(331,0,22,4,'2024-06-27 15:57:18.297769'),(332,0,23,5,'2024-06-27 15:57:43.751731'),(333,0,27,5,'2024-06-27 15:58:48.632533'),(334,2,27,5,'2024-06-27 16:05:41.194260'),(335,1,22,0,'2024-06-29 07:27:47.912560'),(336,1,22,4,'2024-06-29 07:27:48.108014'),(337,1,22,5,'2024-06-29 07:27:52.686907'),(338,1,58,0,'2024-06-29 07:28:08.787438'),(339,2,22,0,'2024-06-29 13:06:20.546586'),(340,2,22,5,'2024-06-29 13:06:22.687276'),(341,1,25,0,'2024-06-30 10:12:13.908927'),(342,1,25,4,'2024-06-30 10:12:13.940753'),(343,0,23,0,'2024-06-30 19:16:52.654959'),(344,1,23,0,'2024-07-02 08:50:59.919237'),(345,1,23,4,'2024-07-02 08:51:18.796038'),(346,1,23,4,'2024-07-02 08:51:34.626589'),(347,1,23,0,'2024-07-04 17:43:03.324881'),(348,0,22,0,'2024-07-04 17:44:31.521635'),(349,2,22,0,'2024-07-04 17:45:27.509359'),(350,2,22,5,'2024-07-04 17:45:30.443968'),(351,2,22,5,'2024-07-04 17:45:34.143432'),(352,2,23,0,'2024-07-04 18:01:28.732762'),(353,2,23,5,'2024-07-04 18:01:33.108600'),(354,0,22,0,'2024-07-10 19:19:54.062152'),(355,0,22,5,'2024-07-10 19:19:54.069995'),(356,0,22,5,'2024-07-10 19:19:55.919646'),(357,0,22,5,'2024-07-10 19:19:55.936999'),(358,0,22,5,'2024-07-10 19:19:55.936912'),(359,0,22,5,'2024-07-10 19:19:55.939843'),(360,0,22,5,'2024-07-10 19:19:55.942071'),(361,0,22,5,'2024-07-10 19:19:55.939550'),(362,0,22,5,'2024-07-10 19:20:09.551435'),(363,0,22,5,'2024-07-10 19:20:09.554966'),(364,0,24,0,'2024-07-10 19:21:10.856350'),(365,0,24,5,'2024-07-10 19:21:12.027259'),(366,0,26,0,'2024-07-16 09:35:11.723794'),(367,0,26,5,'2024-07-16 09:35:17.276952'),(368,0,22,5,'2024-07-16 09:41:31.900574'),(369,1,23,0,'2024-07-16 09:46:38.499167'),(370,1,23,5,'2024-07-16 09:46:46.227079'),(371,1,23,5,'2024-07-16 09:46:53.493882'),(372,1,23,0,'2024-07-16 09:47:22.120002'),(373,0,22,0,'2024-07-16 19:58:58.475343'),(374,0,22,5,'2024-07-16 19:59:00.112475'),(375,0,23,5,'2024-07-16 19:59:05.686751'),(376,0,24,5,'2024-07-16 19:59:17.934631'),(377,0,24,5,'2024-07-16 19:59:20.893414'),(378,0,25,5,'2024-07-16 19:59:36.243955'),(379,0,34,5,'2024-07-16 20:00:07.959468'),(380,0,23,0,'2024-07-30 14:41:47.034623'),(381,0,23,0,'2024-07-30 14:42:12.938998'),(382,0,23,5,'2024-07-30 14:42:32.136043'),(383,0,23,0,'2024-07-30 14:43:04.142895'),(384,0,23,0,'2024-07-30 14:43:18.862714'),(385,0,24,5,'2024-07-30 14:43:48.779805'),(386,0,24,0,'2024-07-30 14:44:05.948055'),(387,0,24,0,'2024-07-30 14:44:34.670342'),(388,0,24,4,'2024-07-30 14:45:12.190758'),(389,0,24,0,'2024-07-30 14:45:32.163544'),(390,0,24,0,'2024-07-30 14:45:51.852633'),(391,0,27,0,'2024-07-30 14:46:15.827409'),(392,0,27,1,'2024-07-30 14:46:30.857362'),(393,0,27,1,'2024-07-30 14:46:43.326783'),(394,0,27,2,'2024-07-30 14:46:52.879731'),(395,0,27,0,'2024-07-30 14:47:13.518373'),(396,0,27,4,'2024-07-30 14:47:24.670805'),(397,1,23,0,'2024-08-05 19:52:50.710553'),(398,0,24,0,'2024-08-11 08:49:00.559867'),(399,2,24,0,'2024-08-25 09:30:36.537415'),(400,0,24,5,'2024-09-01 14:19:52.999693'),(401,0,24,0,'2024-10-07 21:40:14.356626'),(402,0,24,5,'2024-10-07 21:40:15.024976'),(403,0,24,0,'2024-10-07 21:40:33.915008'),(404,0,28,5,'2025-01-14 09:55:19.503766'),(405,0,28,5,'2025-01-14 09:55:25.777997'),(406,0,29,5,'2025-01-14 09:55:32.473752'),(407,2,25,5,'2025-01-30 10:44:41.409099');

--
-- Table structure for table `clipreviews`
--

CREATE TABLE `clipreviews` (
  `Id` int NOT NULL AUTO_INCREMENT,
  `ClipCategory` int NOT NULL,
  `ClipId` int NOT NULL,
  `Review` longtext NOT NULL,
  `Approval` tinyint(1) NOT NULL,
  `CreatedDate` datetime(6) NOT NULL,
  PRIMARY KEY (`Id`)
) ENGINE=InnoDB AUTO_INCREMENT=67 DEFAULT CHARSET=utf8mb4 COLLATE=utf8mb4_0900_ai_ci;

--
-- Dumping data for table `clipreviews`
--

INSERT INTO `clipreviews` VALUES (1,0,22,'test',1,'2023-12-10 11:08:17.942055'),(2,0,0,'string',1,'2023-12-11 12:57:43.720436'),(3,1,23,'first review',1,'2023-12-11 13:00:42.184384'),(4,1,23,'first review',1,'2023-12-11 13:25:48.300525'),(5,1,23,'first review',1,'2023-12-11 13:26:53.264811'),(6,1,23,'first review',1,'2023-12-11 13:26:56.312813'),(7,0,22,'review 2',0,'2023-12-12 08:52:34.024015'),(8,0,22,'review 2',0,'2023-12-12 13:14:52.415442'),(9,0,22,'string',0,'2023-12-12 13:16:56.794437'),(10,0,22,'cccccccccccccccccccstring',0,'2023-12-12 13:19:46.500251'),(11,0,22,'cccccccccccccccccccstring',0,'2023-12-12 14:04:32.526915'),(12,0,22,'cccccc',0,'2023-12-12 14:08:57.923098'),(13,0,22,'this review from front end',0,'2023-12-12 14:09:24.746689'),(14,0,22,'second review from Front end',0,'2023-12-12 14:14:19.075410'),(15,0,22,'',0,'2023-12-12 14:14:52.956233'),(16,0,22,'',0,'2023-12-12 14:21:46.343849'),(17,0,23,'',0,'2023-12-12 14:34:35.772644'),(18,0,23,'',0,'2023-12-12 16:41:20.499087'),(19,0,23,'',0,'2023-12-12 16:55:56.429216'),(20,0,23,'test for validation',0,'2023-12-12 17:09:46.793406'),(21,1,25,'string',0,'2023-12-12 17:35:07.332968'),(22,1,25,'comment no 1    ',1,'2023-12-12 17:35:29.272891'),(23,1,25,'comment no 1    ',1,'2023-12-12 17:35:51.877999'),(24,0,23,'test 2 from front end',1,'2023-12-18 12:18:27.276676'),(25,0,31,'review for video id 31',1,'2023-12-18 12:25:33.598201'),(26,0,52,'xxxxxxxxxxxxx',0,'2023-12-19 13:24:39.902515'),(27,0,52,'ccccccccc',0,'2023-12-19 13:25:17.225541'),(28,0,31,'xxxxxxxxxxxxxx',0,'2023-12-19 13:41:12.215142'),(29,0,31,'vvvv',0,'2023-12-19 13:41:57.399927'),(30,0,31,'second review for video 31',1,'2023-12-19 13:46:40.735801'),(31,0,31,'third review for video 31',1,'2023-12-19 14:05:47.904696'),(32,0,23,'review for تاثير الحرب علي الحوامل',1,'2023-12-21 11:18:20.728344'),(33,0,32,'review 32',1,'2023-12-28 13:56:38.271022'),(34,0,23,'review for video id 23 --',1,'2023-12-31 09:37:32.574860'),(35,0,23,'new one',1,'2023-12-31 09:44:51.175945'),(36,0,23,'newer one',1,'2023-12-31 10:26:29.136671'),(37,0,23,'newest',1,'2023-12-31 10:26:35.926613'),(38,0,22,'test review for video 22',0,'2023-12-31 13:59:36.336422'),(39,0,23,'جيد',0,'2024-01-10 15:51:40.787901'),(40,0,29,'ccc',0,'2024-03-13 13:49:14.324375'),(41,0,29,'ء',0,'2024-03-13 13:50:55.592513'),(42,0,23,'testing',0,'2024-03-25 14:37:54.636938'),(43,0,24,'good',0,'2024-03-27 14:16:29.260110'),(44,0,24,'good',0,'2024-03-27 14:16:29.329471'),(45,0,22,'nxt-level',1,'2024-03-28 11:32:25.529283'),(46,0,23,'ccccccc',0,'2024-03-28 14:24:45.904210'),(47,0,24,'من اهم مشاكل االبتلاقينا كتير في موضوع الحروب بالنسبه للأمهات وفي الأمهات النساء الحوامل بشكل خاص إنها تؤثر بشكل رئيسي وسلبي',1,'2024-03-28 19:31:18.268012'),(48,0,24,'من اهم مشاكل االبتلاقينا كتير في موضوع الحروب بالنسبه للأمهات وفي الأمهات النساء الحوامل بشكل خاص إنها تؤثر بشكل رئيسي وسلبي',1,'2024-03-28 19:31:30.736916'),(49,0,23,'بالنسبة للاطفال .. ايوة مهم جدا جدا معظم الدراسات تؤكد أن عدم توفر واحد من الوالدين في هذه المرحله يولد أثر سلبي ونفسي على الأطفال ، ولكن الموضوع دا طبعا ما بنقدر نقول ليهو لأ لأنو الناس ما ظروفها وحدة لكن ممكن نتواصل مع أطفالنا لو بقينا في حتة بعيدة بمكالمة فيديو أو حتى مكالمة عادية و ',1,'2024-03-28 19:42:22.942118'),(50,0,22,'بالنسبة للاطفال .. ايوة مهم جدا جدا معظم الدراسات تؤكد أن عدم توفر واحد من الوالدين في هذه المرحله يولد أثر سلبي ونفسي على الأطفال ، ولكن الموضوع دا طبعا ما بنقدر نقول ليهو لأ لأنو الناس ما ظروفها وحدة لكن ممكن نتواصل مع أطفالنا لو بقينا في حتة بعيدة بمكالمة فيديو أو حتى مكالمة عادية و ',1,'2024-03-28 19:42:45.667486'),(51,0,38,'qwewrttty 2024',1,'2024-04-02 11:59:06.269025'),(52,0,38,'كلام عميق',1,'2024-04-02 12:25:02.720086'),(53,0,38,'تجربه كتابة تقيم',1,'2024-04-02 12:25:19.187905'),(54,0,38,'Dear Partner,\n \nBased on the security team\'s recommendation, we installed an SSL certificate for our server under the domain api.sudani.sd.\n \nPlease be notified to move from using the IP address 196.202.151.14 to a secure HTTPS connection: https://api.sudani.sd for your integrations.\n \nPlease note that during this transitional period, unsecured HTTP connections and secure HTTPS connections will remain operational. However, after a while we will turn off unsecured HTTP.\n',1,'2024-04-02 12:31:14.183524'),(55,0,23,'ممتاز',1,'2024-04-07 10:08:21.754618'),(56,0,23,'test',1,'2024-04-08 12:12:12.723037'),(57,0,23,'marwa salih mohamed',1,'2024-04-08 12:12:52.885636'),(58,0,22,'تعليق',0,'2024-04-18 11:08:38.771655'),(59,0,22,'لالبلىل',0,'2024-04-22 11:27:35.166387'),(60,0,58,'dr.ayman',1,'2024-06-30 10:13:10.930578'),(61,0,23,'test comment',1,'2024-06-30 12:38:51.769186'),(62,0,23,'رائع ',1,'2024-07-02 08:52:41.854638'),(63,0,23,'لالالالالالا',1,'2024-07-04 17:43:10.060749'),(64,0,23,'Good video',1,'2024-07-10 19:24:00.816778'),(65,0,25,'تعليق علي فيديو اهمية الرعاية بعد الحوادث ',1,'2025-01-12 13:26:00.674168'),(66,0,25,'بببب',1,'2025-01-12 13:26:14.783600');

--
-- Table structure for table `clips`
--

CREATE TABLE `clips` (
  `Id` int NOT NULL AUTO_INCREMENT,
  `Title` longtext NOT NULL,
  `Description` longtext NOT NULL,
  `Type` int NOT NULL,
  `Text` longtext NOT NULL,
  `VideoURL` longtext NOT NULL,
  `AudioURL` longtext NOT NULL,
  `IsDeleted` tinyint(1) NOT NULL,
  `CreatedDate` datetime(6) NOT NULL,
  `UpdateDate` datetime(6) DEFAULT NULL,
  `CoverURL` longtext NOT NULL,
  `AudioRate` double NOT NULL DEFAULT '0',
  `TextRate` double NOT NULL DEFAULT '0',
  `VideoRate` double NOT NULL DEFAULT '0',
  PRIMARY KEY (`Id`)
) ENGINE=InnoDB AUTO_INCREMENT=74 DEFAULT CHARSET=utf8mb4 COLLATE=utf8mb4_0900_ai_ci;

--
-- Dumping data for table `clips`
--

INSERT INTO `clips` VALUES (1,'TEST from API','this motaz adli siam testing API',0,'NO TEXT','NO VIDEO','uploads/audios/16-09-2023-11-57-Ansak_melody4arab.com.mp3',1,'2023-09-16 11:57:07.021067',NULL,'images/clip/12-05-2024-15-21-3awaafi.png',0,0,0),(2,'OCD','OCD',0,'<p><strong><u>OCD </u></strong></p>','https://player.vimeo.com/video/798094692?h=e65a41def2','uploads/audios/16-09-2023-12-40-Qalby_Saed_Melody4Arab.Com.mp3',1,'2023-09-16 12:40:53.762590',NULL,'images/clip/12-05-2024-15-21-3awaafi.png',0,0,0),(3,'OCD 2','OCD 2',0,'<p><strong class=\"ql-font-monospace\">OCD2<span class=\"ql-cursor\">﻿</span></strong></p>','https://player.vimeo.com/video/798094692?h=e65a41def2','uploads/audios/16-09-2023-12-43-Habbet_Delwaat_melody4arab.com_.mp3',1,'2023-09-16 12:43:32.583664',NULL,'images/clip/12-05-2024-15-21-3awaafi.png',0,0,0),(4,'OCD 3','OCD 3',0,'<h2><strong class=\"ql-font-serif\">OCD 3 OCD 3 OCD 3 OCD 3 </strong></h2>','https://player.vimeo.com/video/798094692?h=e65a41def2','uploads/audios/16-09-2023-13-23-A2oul_Ansak_melody4arab.com.mp3',1,'2023-09-16 13:23:26.698978',NULL,'images/clip/12-05-2024-15-21-3awaafi.png',0,0,0),(5,'OCD 4','OCD 4',0,'<p><strong>text version</strong> of<em class=\"ql-font-serif\"> OCD</em></p>','https://player.vimeo.com/video/798094692?h=e65a41def2','uploads/audios/16-09-2023-21-18-Tabeeb_Jarrah_melody4arab.com_.mp3',1,'2023-09-16 21:18:24.418652',NULL,'images/clip/12-05-2024-15-21-3awaafi.png',0,0,0),(6,'OCD4','OCD4',1,'<p>OCD 4 OCD 4</p>','https://player.vimeo.com/video/798094692?h=e65a41def2','uploads/audios/17-09-2023-08-47-7abeby_Ya_melody4arab.com_.mp3',1,'2023-09-04 13:32:34.660000','2023-09-17 08:47:16.286149','images/clip/12-05-2024-15-21-3awaafi.png',0,0,0),(7,'تعريف الفوبيا واعراض ظهور اضطراب الفوبيا','تعريف الفوبيا واعراض ظهور اضطراب الفوبيا',0,'<p>تعريف الفوبيا واعراض ظهور اضطراب الفوبيا</p>','https://player.vimeo.com/video/861237887?h=d5c9fbe176','uploads/audios/17-09-2023-10-07-تعريف الفوبيا واعراض ظهور اضطراب الفوبيا.mp3',1,'2023-09-17 10:07:27.688870',NULL,'images/clip/12-05-2024-15-21-3awaafi.png',0,0,0),(8,'تعريف الفوبيا واعراض ظهور اضطراب الفوبيا','تعريف الفوبيا واعراض ظهور اضطراب الفوبيا',0,'<p>تعريف الفوبيا واعراض ظهور اضطراب الفوبيا</p>','https://player.vimeo.com/video/861237887?h=d5c9fbe176','uploads/audios/17-09-2023-10-08-تعريف الفوبيا واعراض ظهور اضطراب الفوبيا.mp3',1,'2023-09-17 10:08:41.204439',NULL,'images/clip/12-05-2024-15-21-3awaafi.png',0,0,0),(9,'تعريف الفوبيا واعراض ظهور اضطراب الفوبيا','تعريف الفوبيا واعراض ظهور اضطراب الفوبيا',0,'<p>تعريف الفوبيا واعراض ظهور اضطراب الفوبيا</p>','https://player.vimeo.com/video/861237887?h=d5c9fbe176','uploads/audios/17-09-2023-10-08-تعريف الفوبيا واعراض ظهور اضطراب الفوبيا.mp3',1,'2023-09-17 10:08:48.389339',NULL,'images/clip/12-05-2024-15-21-3awaafi.png',0,0,0),(10,'تعريف الفوبيا واعراض ظهور اضطراب الفوبيا','تعريف الفوبيا واعراض ظهور اضطراب الفوبيا',0,'<p>تعريف الفوبيا واعراض ظهور اضطراب الفوبيا</p>','https://player.vimeo.com/video/861237887?h=d5c9fbe176','uploads/audios/17-09-2023-10-10-تعريف الفوبيا واعراض ظهور اضطراب الفوبيا.mp3',1,'2023-09-17 10:10:19.088800',NULL,'images/clip/12-05-2024-15-21-3awaafi.png',0,0,0),(11,'تعريف الفوبيا واعراض ظهور اضطراب الفوبيا','تعريف الفوبيا واعراض ظهور اضطراب الفوبيا',0,'<p>تعريف الفوبيا واعراض ظهور اضطراب الفوبيا</p>','https://player.vimeo.com/video/861237887?h=d5c9fbe176','uploads/audios/17-09-2023-10-10-تعريف الفوبيا واعراض ظهور اضطراب الفوبيا.mp3',1,'2023-09-17 10:10:40.957597',NULL,'images/clip/12-05-2024-15-21-3awaafi.png',0,0,0),(12,'تعريف الفوبيا واعراض ظهور اضطراب الفوبيا','تعريف الفوبيا واعراض ظهور اضطراب الفوبيا',0,'<p>تعريف الفوبيا واعراض ظهور اضطراب الفوبيا</p>','https://player.vimeo.com/video/861237887?h=d5c9fbe176','uploads/audios/17-09-2023-10-10-تعريف الفوبيا واعراض ظهور اضطراب الفوبيا.mp3',1,'2023-09-17 10:10:56.309458',NULL,'images/clip/12-05-2024-15-21-3awaafi.png',0,0,0),(13,'تعريف الفوبيا واعراض ظهور اضطراب الفوبيا','تعريف الفوبيا واعراض ظهور اضطراب الفوبيا',0,'<p>تعريف الفوبيا واعراض ظهور اضطراب الفوبيا</p>','https://player.vimeo.com/video/861237887?h=d5c9fbe176','uploads/audios/17-09-2023-10-11-تعريف الفوبيا واعراض ظهور اضطراب الفوبيا.mp3',1,'2023-09-17 10:11:06.134273',NULL,'images/clip/12-05-2024-15-21-3awaafi.png',0,0,0),(14,'تعريف الفوبيا واعراض ظهور اضطراب الفوبيا','تعريف الفوبيا واعراض ظهور اضطراب الفوبيا',0,'<p>تعريف الفوبيا واعراض ظهور اضطراب الفوبيا</p>','https://player.vimeo.com/video/861237887?h=d5c9fbe176','uploads/audios/17-09-2023-10-11-تعريف الفوبيا واعراض ظهور اضطراب الفوبيا.mp3',1,'2023-09-17 10:11:08.903560',NULL,'images/clip/12-05-2024-15-21-3awaafi.png',0,0,0),(15,'تعريف الفوبيا واعراض ظهور اضطراب الفوبيا','تعريف الفوبيا واعراض ظهور اضطراب الفوبيا',0,'<p>تعريف الفوبيا واعراض ظهور اضطراب الفوبيا</p>','https://player.vimeo.com/video/861237887?h=d5c9fbe176','uploads/audios/17-09-2023-10-11-تعريف الفوبيا واعراض ظهور اضطراب الفوبيا.mp3',1,'2023-09-17 10:11:21.414974',NULL,'images/clip/12-05-2024-15-21-3awaafi.png',0,0,0),(16,'تعريف الفوبيا واعراض ظهور اضطراب الفوبيا','تعريف الفوبيا واعراض ظهور اضطراب الفوبيا',0,'<p>تعريف الفوبيا واعراض ظهور اضطراب الفوبيا</p>','https://player.vimeo.com/video/861237887?h=d5c9fbe176','uploads/audios/17-09-2023-10-11-تعريف الفوبيا واعراض ظهور اضطراب الفوبيا.mp3',1,'2023-09-17 10:11:45.602108',NULL,'images/clip/12-05-2024-15-21-3awaafi.png',0,0,0),(17,'تعريف الفوبيا واعراض ظهور اضطراب الفوبيا','تعريف الفوبيا واعراض ظهور اضطراب الفوبيا',0,'<p>تعريف الفوبيا واعراض ظهور اضطراب الفوبيا</p>','https://player.vimeo.com/video/861237887?h=d5c9fbe176','uploads/audios/17-09-2023-10-11-تعريف الفوبيا واعراض ظهور اضطراب الفوبيا.mp3',1,'2023-09-17 10:11:45.614599',NULL,'images/clip/12-05-2024-15-21-3awaafi.png',0,0,0),(18,'تعريف الفوبيا واعراض ظهور اضطراب الفوبيا','تعريف الفوبيا واعراض ظهور اضطراب الفوبيا',0,'<p>الليلة حنتكلم عن وحدة من أهم الاضطرابات الدايما بتكون مصاحبة للحروب والكوارث الإنسانية وبتصيب المجتمعات وبتصيب الأجيال والمجتمع المحدد ،إللي هي الفوبيا ،</p><p>حنتكلم عن الفوبيا لأنو الفوبيا كثير من الناس بتلخبط بينها و بين المخاوف الطبيعية ويا إما بتعاملو مع الفوبيا كمخاوف طبيعية و بحدو من مشاكلها أو مثلا ما بتخيلو إنو ممكن المشاكل بتصيب الشخص العندو فوبيا أو بتعاملو مع الشخص العندو خوف طبيعي ك فوبيا وفي الحتة دي بنحسس الشخص إنو عندو اضطراب نفسي كبير ممكن يأثر عليه</p><p>طيب الفرق شنو بين الخوف الطبيعي و الفوبيا</p><p>الفرق إنو الخوف الطبيعي شعور إنساني طبيعي كل الناس بتعرفو وأي زول عندو مخاوفو من أشياء معينة لكن ما بتأثر على الشخص في أداء مهامو بشكل طبيعي ..</p><p>الفوبيا خوف طبيعي و نركز شديد على إنو غير طبيعي بمعنى إنو رده الفعل المصاحبة ليهو بتكون كبيرة جدا لذلك هو دايما بكون مصاحب لقلق بصورة كبيرة جدا جدا</p><p>ليه الحروب بتخلي اضطراب الفوبيا يزيد</p><p>لأنو مع الأصوات أو المشاكل البتحصل والبعيشها بتولد جواه خوف كبير جدا وبتخلي الخوف ينطبع في ذاكرتو بي إنو هو ممكن يتكرر في حال حصلت حاجات مصاحبة يمكن تكون ما تشكل خطر</p><p>يعني مثلا البسمع صوت عالي ف بترجم الصوت دا لصوت مدافع أو صوت قصف وممكن هو يكون عاش تجربة مريرة مع الحاجة دي ف بيحصل ليهو نفس الخوف الحصل ليهو في اللحظة الحصل فيها القصف أو المدافع فبتخليه يحس بنفس الشعور من الخوف الما طبيعي والقلق بصورة كبيرة</p><p>ليه نحنا بنتكلم عن الخوف وبنديه اهمية كبيرة</p><p>لأنو الفوبيا بتخليه عرضة اشكالات تانية كبيرة حنتكلم عنها في الحلقات الجاية&nbsp;</p><p><br></p>','https://player.vimeo.com/video/861237887?h=d5c9fbe176','uploads/audios/17-09-2023-10-40-تعريف الفوبيا واعراض ظهور اضطراب الفوبيا.mp3',1,'2023-09-17 10:40:47.972312',NULL,'images/clip/12-05-2024-15-21-3awaafi.png',0,0,0),(19,'طرق المتبعة في علاج الفوبيا والطرق الامثل للتعامل مع اضطراب الفوبيا','طرق المتبعة في علاج الفوبيا والطرق الامثل للتعامل مع اضطراب الفوبيا',0,'<p>حنتكلم عن أشهر اضطرابات الفوبيا المعروفة وكذلك أشهر اضطرابات الفوبيا البتكون مصاحبة للحروب و الكوارث الإنسانية ، أكيد كلنا مرت بينا وسمعنا عنها أشهر أنواع الفوبيا ممكن تكون الفوبيا من الأماكن المرتفعة أو الأماكن المفتوحة والفوبيا من الأماكن المغلقة والفوبيا من الحقن والفوبيا من الدم&nbsp;و في أنواع كتيرة من الفوبيا أشهرها الرهاب الإجتماعي لكن الدايما بتكون مصاحبة والأكثر إنتشارا وأشتهارا في الحروب و كوارث الإنسانية هي الفوبيا من الأصوات العالية والفوبيا من الزحام و فوبيا الرهاب الإجتماعي و ال٣ أنواع من الفوبيا دي نحن بنركز عليها جدا لأنو لو لاقدر الله ممكن الشخص المصاب ب واحد من أنواع الفوبيا دي تتطور معاه الحالة دي وتزيد الإشكاليات بصورة كبيرة</p><p>زي ما قلنا الفوبيا بصاحبها قلق عام واضطراب في النوم وخوف وأحلام وكوابيس وإنها بتاثر عليه بإنه بتخليه ما قادر يعيش حياته بصوره طبيعية&nbsp;</p><p>الفوبيا مرات لو ما انتبهنا ليها بتخلي الزول أكثر عرضة لإدمان الكحول أو المخدرات لأنه بحتاج لعامل محفز خارجي بيزيد ثقته بنفسه ويبعد عنه الشعور بالخوف فبيلجأ لكثير من الأحيان للمخدرات أو الكحول ودي بتسبب لينا مشاكل تانيه و كذلك لا قدر الله تصل لانفصام في الشخصيه أو تصل لاكتئاب عام و لو لاقدر الله ممكن الشخص يفكر في الإنتحار</p><p><br></p><p>طيب الأعراض حق الفوبيا شنو</p><p>&nbsp;دقات القلب بتزيد بسرعة كبيرة جدا&nbsp;</p><p>ردة الفعل بتكون غير طبيعية وكذلك يصاب بالتعرق وممكن بعد ما الموقف ينتهي ما يقدر ينوم لأيام طويلة</p><p>العلاج الحنستعملو في الفوبيا بيختلف من شخص لأخر لكن كلهم بشتركو في العلاج التدريجي أو التعرض التدريجي وكذلك جلسات العلاج النفسي وفي بعض الأحيان بنحتاج التدخل الدوائي في أنواع أو درجات معينة من الفوبيا&nbsp;</p><p>جميعا لازم أنتبه للأشخاص إللي عانوا في ظل الكوارث والحروب الإنسانيه وننتبه إذا عندهم نوع معين من الفوبيا</p><p>وزي ما قلنا الفوبيا خوف بصورهدة غير طبيعية مع تعرق مع خوف مع عدم قدرة على المشي ممكن دي كلها تكون أعراض بتظهر ليك إنو الزول عندو خوف أو فوبيا من حاجة معينة&nbsp;</p><p><br></p>','https://player.vimeo.com/video/861238076?h=c916e79e20','uploads/audios/17-09-2023-10-46-طرق المتبعة في علاج الفوبيا والطرق الامثل للتعامل مع اضطراب الفوبيا.mp3',1,'2023-09-17 10:46:06.347911',NULL,'images/clip/12-05-2024-15-21-3awaafi.png',0,0,0),(20,'الاثار النفسية المترتبة على الحروب والكوارث','الاثار النفسية المترتبة على الحروب والكوارث',0,'<p>حنتكلم عن الآثار النفسيه الناتجة عن الحروب و الكوارث الإنسانية البتصيب المجتمعات</p><p>أكيد للحروب والكوارث الإنسانية تأثير كبير على المجتمعات من الناحية العمرانية والسكانية والإقتصاد وكذلك بتصيب المجتمع في مشاكل نفسية كبيرة وممكن تأثر على الأجيال القادمة</p><p>الآثار النفسية للحروب والكوارث الإنسانية ممكن تكون كبيرة شديد وبتشكل خطر كبير لو ما تم تداركها و الإنتباه ليها والعمل على علاجها أو التخفيف من حدتها</p><p>طيب عندنا كتير من الأعراض البتصاحب الاضطرابات النفسية وحسب الإحصائيات الأخيرة إنو الزيادة في كل الدول أو المناطق البتصيبها الحروب و الكوارث الإنسانية الطبيعية بتزيد بنسبه أكتر من 9% وكذلك ممكن تصاحب مشاكل نفسية تصيب شخص من كل 14 شخص و دي نسبه كبيرة شديد ممكن تسبب خطر لكل مجتمع</p><p>أكتر الأمراض النفسية الشائعه البتصيب المجتمعات البتمر بي مشاكل الحروب والكوارث الإنسانية هي الإكتئاب ، اضطراب القلق العام ، وكذلك اضطراب الفوبيا بأنواعها المختلفة وكذلك اضطراب ما بعد الصدمة واضطرابات نفسية تانية وكذلك ممكن تأثر على امراض عقلية زي الإنفصام واضطراب ثنائي القطب</p><p>في الفيديوهات الجايه حنتكلم عن الدلالات المصاحبه و طبيعه الامراض و طرق الوقاية منها و كيف ممكن نحنا كمجتمعات أو شعوب أو أفراد نتدخل في إنو نحن نقلل منها وكيف نتعامل مع الشخص المصاب ونقلل كتير من المشكلات النفسية</p><p>شكرا جزيلا و نتلاقا في الفيديوهات الجاية&nbsp;</p><p><br></p>','https://player.vimeo.com/video/861229605?h=6789f7f3c8','uploads/audios/17-09-2023-10-48-الاثار النفسية المترتبة على الحروب والكوارث.mp3',1,'2023-09-17 10:48:36.908844',NULL,'images/clip/12-05-2024-15-21-3awaafi.png',0,0,0),(21,'الدلالات والاشارات النفسية المرتبطة بالحروب والكوارث','الدلالات والاشارات النفسية المرتبطة بالحروب والكوارث',0,'<p>حنواصل كلامنا عن الاثار النفسية الناتجة عن الحروب الكوارث وحنتكلم عن أشهر الاضطرابات النفسية المصاحبة في ظل الحروب والكوارث الدلالات المصاحبة الاضطرابات دي&nbsp;</p><p><br></p><p>زي ما ذكرنا إنه أشهر الاضطرابات بتحصل للمجتمعات في فتره الحروب هي الإكتئاب والقلق العام والفوبيا بأنواعها وكذلك عندنا اضطرابات عقلية زي الفصام واضطراب ثنائي القطب</p><p><br></p><p><br></p><p>طيب الدلالات اللي بتوضح لي انه الواحد بيكون مصاب بواحد من الاضطرابات دي شنو</p><p>الغالب بيتشاركوا في كثير من الأعراض مثلا بيخافوا من مكان معين والخوف يكون بطريقة كبيرة جدا كذلك عندك اضطرابات في النوم بيكون يا إما الشخص بينوم ساعات طويلة جدا أو بيكون عنده أرق عام أيضا مشكلة الأحلام والكوابيس المزعجة في النوم</p><p>وكذلك اضطراب الشهية واحد من الدلالات الكبيرة بتدل على مشكلة في التفكير عند الشخص المصاب وكذلك القلق العام والحزن الشديد من غير أسباب منطقية&nbsp;</p><p>في حال تجمعت الأعراض دي في شخص أو لاحظنا في شخص ما</p><p>أو فينا لابد أن نراجع الطبيب النفسي في أسرع وقت وكذلك لازم يكون الشخص تحت المراقبة العائلية أو الناس القريبين ولازم نخلي بالنا منه المشاكل دي و ما نتجاهلها زي ما دائما بنذكر إنه الوقاية إنو نبدا بالصورة سريعة وبصورة كبيرة و مبكرة قبل ما تزيد العوارض قبل ما تزيد المشاكل حقت الشخص وكل ما بدانا أسرع كل ما حققنا نتائج أكبر وأفضل ممكن نسعف بها الشخص أو نساعده</p><p>لازم في ظل الظروف إللي إحنا بنعيشها تكون الصحة النفسية جزء من حياتنا يومية لازم ننتبه من أكلنا ونومنا ونحن حاسين بشنو</p><p>وزي ما قلنا لو لاحظنا الحاجة دي في أي شخص لازم نبادر نمشي لمختصين عشان لو في مشكله نقدر نحلها بدري وما تتفاقم معانا ونصل لنتائج كبيرة&nbsp;</p><p>أتمنى ليكم كلكم السلامة وأتمنى أن إحنا نتعافى كلنا ويا رب نكون كلنا بخير</p>','https://player.vimeo.com/video/861229671?h=dbd624bbc8','uploads/audios/17-09-2023-10-55-الدلالات والاشارات النفسية المرتبطة بالحروب والكوارث.mp3',1,'2023-09-17 10:55:49.330335',NULL,'images/clip/12-05-2024-15-21-3awaafi.png',0,0,0),(22,'حقوق الأطفال','حقوق الأطفال',0,'<p>واحد من المشاكل بتاعت الحروب البتأثر علينا بالنسبة للأطفال إنو ممكن تأثر على جانب النمو بتاعهم وعلى الجانب النفسي وحتى الجانب العضوي عشان كدا واحد من أساسيات حقوق الإنسان وحقوق الأطفال إنو نحاول بقدر الإمكان نجنبهم مناطق النزاعات و نجنبهم الحروب ونجنبهم المخاطر وأي أشياء عسكرية أو بالشكل دا</p>','https://player.vimeo.com/video/866731360?h=0afe1a9c19','uploads/audios/21-09-2023-12-03-حقوق الأطفال.mp3',1,'2023-09-04 13:32:34.660000','2023-09-21 12:03:58.279097','images/clip/12-05-2024-15-21-3awaafi.png',3.5555555555555554,4,2.9),(23,'تآثير الحرب علي الحوامل','تآثير الحرب علي الحوامل',0,'<p>من اهم مشاكل االبتلاقينا كتير في موضوع الحروب بالنسبه للأمهات وفي الأمهات النساء الحوامل بشكل خاص إنها تؤثر بشكل&nbsp;رئيسي وسلبي في الصحة بتاعت الأم والصحة بتاعت الطفل والحاجة المهمه بالنسبه لينا إنو في ٣ عوامل بتتغير&nbsp;</p><p>العامل الأول إنو نسبة الولادة المبكرة قبل المواعيد تزيد بشكل ملحوظ ودي حاجة مفروض ننتبه ليها</p><p>الحاجة التانية برضو في الحروب إنو&nbsp;وزن المولود يكون أقل من المعدل الطبيعي</p><p>كمان في الحروب إحتمالية وفاة الأم تزيد قبل الولادة و ما بعد الولادة عشان كدا لازم ننتبه للأمهات في أوقات الحروب</p><p><br></p>','https://player.vimeo.com/video/1005807540?h=a118ece0f5','uploads/audios/07-08-2024-20-02-تآثير الحرب علي الحوامل.mp3',1,'2023-09-04 13:32:34.660000','2024-09-03 13:51:34.430933','images/clip/03-09-2024-13-51-تآثير الحرب علي الحوامل.png',0,0,0),(24,'أهمية وجود الوالدين للأطفال في ظروف الحروب','أهمية وجود الوالدين للأطفال في ظروف الحروب',0,'<p>هل وجود الوالدين في هذه المرحلة مهم ؟</p><p>بالنسبة للاطفال .. ايوة مهم جدا جدا معظم الدراسات تؤكد أن عدم توفر واحد من الوالدين في هذه المرحله يولد أثر سلبي ونفسي على الأطفال ، ولكن الموضوع دا طبعا ما بنقدر نقول ليهو لأ لأنو الناس ما ظروفها وحدة لكن ممكن نتواصل مع أطفالنا لو بقينا في حتة بعيدة بمكالمة فيديو أو حتى مكالمة عادية و نحاول بقدر الامكان نخليهم يحسو إننا جنبهم و نخليهم يتكلمو \" أها يا بابا إنت حاصل ليك شنو \" لإيصال الشعور بالقرب و الإلفة عبر المكالمات&nbsp;</p><p>ولكن إن توفرت طريقة أن يكون الوالدان موجودين في الفتره دي بالنسبة للطفل ، لازم</p>','https://player.vimeo.com/video/1005807466?h=bdc40fa452','uploads/audios/07-08-2024-23-05-أهمية وجود الوالدين للأطفال في ظروف الحروب.mp3',0,'2023-09-04 13:32:34.660000','2024-09-03 13:41:07.893951','images/clip/03-09-2024-13-41-أهمية وجود الوالدين للأطفال في ظروف الحروب.png',1.7272727272727273,0,0),(25,'أهمية الرعاية بعد الحوادث','أهمية الرعاية بعد الحوادث',0,'<p>بالنسبه لينا مهم لمن تحصل حاجه عسكريه إنو نحمي الطفل و لكن غير الجانب دا في حاجات لازم ننتبه ليها خصيصا بعد الحادث أو بعد التروما يعني مثلا إذا لقينا في طفل و الطفل دا كان طالع من الخرطوم ولقى ليهو قوة عسكرية في الطريق و الناس كانت متوتره و الحمد لله الناس طلعو منها ،&nbsp;الناس بتكون مركزة على إنو تفهم الطفل حصل شنو وكدا&nbsp;</p><p>طيب.. لكن بعد الموضوع دا هو أهم من إنو تطمن الطفل في المرحلة دي .. كيف؟ يعني أول حاجه نحنا لازم نخت في بالنا نقاط محدده إللي هي الآتي :</p><p>- التجربة النفسية للطفل تختلف من الناس الكبار و يعني الشايفو عادي يمكن أن يكون مرعب جدا جدا بالنسبه ليه</p><p>برضو المتغيرات بالنسبة لينا بعد الحادث يعني إذا كانت الخطورة لسة مستمرة بعد حصول الحادث ، يكون التأثير النفسي على الطفل كبير جدا جدا</p><p>برضو نفس القصة في الدعم الاجتماعي ، الدعم الاجتماعي مهم جدا يا جماعة إذا الجانب حق الدعم الاجتماعي حق الاسره قل الجانب بتاع الاضطرابات الممكن تحصل بكون بصورة أعلى&nbsp;</p><p>تاني من الحاجات المهمة برضو الديناميكية بتاعت الأسره يعني أن تكون الأسرة في حالة استقرار حتى لو بصورة نسبية يعني ما يكون في مشاكل بين الأبو والأم قدر الإمكان يعني لأنو قدر ما الحاجات دي بتحصل بتخلي الطفل بحس بعدم أمان ولو حصل عدم أمان بنبدا نخاف من الاضطرابات النفسية الممكن تحصل&nbsp;</p><p>وأهم حاجة تخلي الطفل يعبر وتخليه يتكلم&nbsp;ما تقوليه \" اسكت يا ولد \" عشان على الأقل تفهم الحاصل عليه شنو وطريقه تفكيرو شنو ، عشان لو عندو معلومه غلط تصححها</p>','https://player.vimeo.com/video/1005806993?h=afc99fae84','uploads/audios/07-08-2024-23-07-أهمية الرعاية بعد الحوادث.mp3',0,'2023-09-04 13:32:34.660000','2024-09-03 13:38:25.045784','images/clip/03-09-2024-13-38-أهمية الرعاية بعد الحوادث.png',0,3,0),(26,'الاعراض النفسية للأطفال في ظل الحروب ','الاعراض النفسية للأطفال في ظل الحروب',0,'<p>في نقطه مهمة جدا و أساسية في أوقات الحرب لمن نتعامل مع الأطفال و هي إنو أعراض الأطفال النفسية في أوقات الحروب تختلف عن اعراض البالغين الحاجة دي لازم نخليها في بالنا</p><p>طيب يا دكتور الأعراض دي ممكن تكون شنو ؟</p><p>١- إنو الطفل بيظهر اعتمادية أكبر عليك ويظهر أعراض خوف ويتدسى وكدا&nbsp;</p><p>٢- زيادة ملحوظة في مستوى الخوف ويقل اهتمامه بالبيئة المحيطة وكمان يقل اللعب حقو واندماجو واللعب حقو ويبقا انطوائي&nbsp;</p><p>٣- إنو يشتكي من آلام جسدية لكن لمن نفحص ما نلقى حاجة</p><p>الحاجة المهمة كمان إنو الطفل بيبدا يميل للعنف ف دي حاجة لازم ننتبه ليها</p>','https://player.vimeo.com/video/1005806101?h=d34eec4aef','uploads/audios/07-08-2024-23-08-الاعراض النفسية للأطفال في ظل الحروب.mp3',0,'2023-09-04 13:32:34.660000','2024-09-03 13:52:27.067129','images/clip/03-09-2024-13-52-الاعراض النفسية للأطفال في ظل الحروب .png',0,0,0),(27,'الاضطرابات النفسية الممكن تحصل للأطفال','الاضطرابات النفسية الممكن تحصل للأطفال ',0,'<p>الاضطرابات النفسية التي يمكن أن تحدث للأطفال زيها زي الكبار ، مماثلة لنظيراتها عند البالغين مثل ( اضطراب ما بعد الصدمة ، الاكتئاب ، اضطراب قلق ) و هي دي اكثر اضطرابات شيوعا عند الناس بما فيهم الاطفال.</p><p>لمن نجي للاطفال بنلقى إنو اضطراب ما بعد الصدمة يحدث في 33% من الأطفال&nbsp;</p><p>الإكتئاب 13% من الأطفال&nbsp;</p><p>و لمن نجي للقلق اضطراب القلق في 15%</p><p>خصوصا مع مرور الزمن احتمالية الإصابة بواحد من هذه الاضطرابات تزيد من سنة إلى ٥ سنين</p><p><br></p>','https://player.vimeo.com/video/1005805976?h=4a31a81bef','uploads/audios/07-08-2024-23-10-الاضطرابات النفسية الممكن تحصل للأطفال.mp3',0,'2023-09-04 13:32:34.660000','2024-09-03 13:53:26.238380','images/clip/03-09-2024-13-53-الاضطرابات النفسية الممكن تحصل للأطفال.png',0,0,0),(28,'اختلاف الاعراض النفسية للأطفال عن الكبار ','اختلاف الاعراض النفسية للأطفال عن الكبار ',0,'<p>في نقطة مهمه جدا وأساسية إنو&nbsp;يجب أن يكون التعامل مع الأطفال في هذه الظروف أول حاجة بحرص شديد لأن استقبالهم لهذه الظروف مختلف عن البالغين بمثال إنه أغلب ما نظن أنه طبيعي ( كمرور طائره حربية فوق المنزل ) يمكن أن يكون الموضوع طبيعي بالنسبه للشخص البالغ لكن بالنسبة للطفل الموضوع مرعب جدا ، ف نحنا ما نقيس بقياسنا للأمور دي لمن نتعامل مع طفل و نقول ليه \" لالا ياخ دي حاجة خفيفة و ليه إنت بتخاف و كدا \"&nbsp;</p><p>&nbsp;واخيرا من المهم انو نفهم إنو حتى تعبير الطفل عن مشاعرو بكون بطريقه مختلفه زي إنو يقول ليك إنو \"بطني واجعاني\" أو يبدا يلعب بصورة عنيفة ف نحن لازم ننتبه للنقطه دي&nbsp;</p>','https://player.vimeo.com/video/1005802370?h=0ed14289c8','uploads/audios/07-08-2024-23-11-اختلاف الاعراض النفسية للأطفال عن الكبار.mp3',0,'2023-09-04 13:32:34.660000','2024-09-03 13:43:53.391363','images/clip/03-09-2024-13-43-اختلاف الاعراض النفسية للأطفال عن الكبار .png',5,0,0),(29,'توصيات للتعامل مع الطفال فترة الحروب ','توصيات للتعامل مع الطفال فترة الحروب ',1,'<p>في ناس كتار بيسألوني&nbsp;الطريقة الأفضل للتعامل مع الأطفال في الظروف دي شنو ؟</p><p>طيب&nbsp;أول حاجة بالنسبه لينا إنو يكون في توازن بين الحقيقة البنقولها وبين عمر الطفل البيتلقى الحاجة دي</p><p>ف نحن ما ينفع إنو نكضب ولكن نقول الحاجة على حسب عمره&nbsp;</p><p>برضو من النقاط المهمة إنو نحاول نجنب الطفل الميديا الكتيرة يعني الصور بتاعت الموت و الضرب وكدا ، يعني شنو .. في الآخر في معلومات هو ما بحتاج ليها لكن برضو في حاجة مهمة جدا الناس تنتبه ليها إللي هو الجانب بتاع خطاب الكراهية .. ليه ؟ لأنو إنت بعد شويه الأطفال ديل ح يرجعو للمدارس و حيلقو سحنات مختلفه نحن سودانيين عنذنا اشكال و قبائل مختلفة ف للأسف الجانب بتاع خطاب الك٦راهيه دا حيولد جانب بتاع تنمر على واحد من القبائل و كدا ف دي حاجة الناس لازم تنتبه ليها وزي ما ممكن تحصل للناس ممكن تحصل ليك إنت أو ممكن تحصل لي ولدك&nbsp;</p><p>لأن الطفل سوف يتعامل مع زملائه في المدرسة ويجب أن لا يكون أي فكرة سلبية عن أي أحد في محيطه بناءاً على اللون أو القبيله وهذه النقطة يمكن أن تحصل للطفل أيضا&nbsp;</p><p><br></p><p>النقطه الثانية المهمة إنو لازم تستمع لي ولدك</p><p>&nbsp;\" طيب يا بابا إنت الحاصل عليك شنو ؟ \"&nbsp;</p><p>\"إنت في رأيك الحاصل شنو؟ \"&nbsp;</p><p>\"أحكي لي\"&nbsp;</p><p>\"أها .. و حيحصل شنو\"&nbsp;</p><p>حاول بقدر الإمكان استمع ليهم</p><p>&nbsp;ليه.. عشان نقدر نفهم طبيعة الأفكار العندهم وطبيعة المعلومات العندهم .. الحاجة دي لازم لازم تحصل و غير كدا بنعرف طبيعه المخاوف العندهم و نعرف كيف نتعامل معاهم و كيف نقدر نطمنهم</p><p><br></p><p>برضو لمن تتكلم معاهم حاول بقدر الإمكان تكون مراقب للانفعالات البتحصل يعني هل الطفل دا انفعل في النقطة الفلانية ، بكا في النقطة الفلانية .. ظهر عليهة قلق ؟ عشان نعرف النقاط المؤثره معاه</p><p>برضو من الحاجات المهمة والجميلة جدا إنو نشاركو في الأعمال الإنسانية يعني مثلا ماشي أساعد لي ناس متضررين ، ماشي أقول لي كلام اشجع بيهو ناس.. ليه ؟.. عشان ندي الاطفال جانب بتاع أمل وجانب بتاع أمان وإنو ياخي نحنا بنرعاكم ف دي حاجة جميلة جدا&nbsp;&nbsp;</p><p><br></p><p>النقطة الأخيرة ، الأطفال بياخدو احساسهم بالأمان والطمأنينة لمن يشوفو الناس الكبار حولهم ،فلو حسا إنك متوتر و قلق ، الطفل حيكون متوتر</p><p>عشان كدا نحن كناس كبار لازم ننتبه لهذه النقطة و نعبر عن قلقنا ومخاوفنا بطريقة يمكن للأطفال أن يفهموها</p>','https://player.vimeo.com/video/1005801937?h=f30ae9e61f','uploads/audios/07-08-2024-23-13-2023-08-23-توصيات للتعامل مع الطفال فترة الحروب .mp3',0,'2023-09-04 13:32:34.660000','2024-09-03 13:34:57.816859','images/clip/03-09-2024-13-34-توصيات للتعامل مع الطفال فترة الحروب .png',5,0,0),(30,'اضطراب مابعد الصدمة كمفهوم وأعراض ','اضطراب مابعد الصدمة كمفهوم وأعراض ',0,'<p>حنتكلم عن كمية الآثار النفسية النحن اتطرقنا ليها وتفاصيلها وكدا إذا إنت ما تمت التدخلات بالصورة الصاح و ما تم العلاج ممكن انت تكون عرضة لكتير من الأمراض</p><p>ممكن تكون عرضة لل depression ممكن تكون عرضة ل anxiety ، أي اضطرابات نفسية ثانوية مصاحبة للحرب يعني&nbsp;</p><p>في الفيديو ده هنتكلم عن اضطراب ما بعد الصدمة ، او trauma ، او ال PTSD إللي هو اضطراب مع الصدمة دائما يعني الحدث أو الاستجابة إللي بتحصل بعد الإنسان يمر بحدث صادم ، الحدث الصادم طبعاً هو بيختلف من شخص لشخص لكن بطبيعة الحدث الصادم الإحنا اتعرضنا ليهو في السودان هو الحرب ،واثر الحرب نتيجتو علينا كانت شنو</p><p>لأنو ممكن تكون في احداث تانية ممكن تسبب للزول صدمة زي انو يموت ليك زول عزيز ،او تتعرض لزلازل طبيعية او براكين او كوارث طبيعية بشكل عام</p><p>اضطراب ما بعد الصدمة كمفهوم ، لما تسمع كلمة صدمة بتحس انو الزول ده مصدوم زي كأنو ما متوقع الحاجة ما متخيلة ما كان خاتيها في حساباتو الحاجة دي حصلت فجأة من غير ما هو يكون مدركها من غير ما يكون خاتي خطة إنو كيف هيتعامل معاها</p><p>اضطراب ما بعد الصدمة كمفهوم هو دي دائما الأعراض المصاحبة بعد الحدث الصادم لأنو الناس استجابتها ما واحدة لكل المواقف ولا لكل التفاصيل&nbsp;</p><p>فهو كمفهوم يعني الحالة البكون داخل فيها الزول بعد فترة طويلة من الحدث الصادم</p><p>إللي هو في يعني وقت محدد من اسبوع لحدي شهر maximum كدا يعني إنو إنت بتم تشخيصك بالاضطراب المعين ده ، فيما عدا ذلك الفترة في البداية دي اعراض طبيعية جدا عشان تقدر اصلا تتكيف مع الواقع الفعلي إنت ممكن عادي تمر عليك نفس الأعراض إللي هسي نحن حنذكرها إللي هي بتاعت اعراض ما بعد الصدمة</p><p>ببقا موضوع خطير و لازم انت تتدخل عشان ما يتحول لاضطراب ، و تطلب المساعدة بدري لمن الموضوع يتم عليهو اكتر من شهر و still انت لحدي اسي نفس الاعراض هي مستمرة معاك ، تمام</p><p>طيب الأعراض الإنت مفروض يعني تكون جدا طبيعية في بداياتها اللي هو هنذكر على سبيل المثال أكثر الأعراض شيوعا ، إللي هو مثلاً العزلة ، عدم التفاعل الاجتماعي مع الناس ، الاضطرابات في الأكل أو النوم بزيادة أو نقصان</p><p>الشرود دائما ، عدم الانتباه ، العصبية من أتفه الأسباب ، الانفعال الما متوافق مع الفعل</p><p>كل التصرفات الزي دي وحتى التغيرات</p><p>يعني و الله ياخي فلان ده ما طبيعي لكن بعد ما بدأت الحرب هو بقا كدا</p><p>كل التغيرات النفسية الظاهرة الإنت لاحظتها او لاحظوها اقربائك دي كدا ممكن تكون أعراض لازم تطلب المساعدة فيها عشان تقدر تساعد نفسك من المشكلة المعينة دي</p><p><br></p>','https://player.vimeo.com/video/860897275?h=023f6e6cd1','uploads/audios/17-09-2023-11-31-اضطراب مابعد الصدمة كمفهوم وأعراض (2).mp3',1,'2023-09-17 11:31:46.837881',NULL,'images/clip/12-05-2024-15-21-3awaafi.png',0,0,0),(31,'أهمية الصحة النفسية ','أهمية الصحة النفسية  ',0,'<p>في فترة الحرب تحديداً الناس فقدت اغلب ما تملك ، يعني نجت بس بي روحها ، فإنت نجيت بروحك فروحك دي إللي هي نفسك لازم تكون عارف سلامتها و شكل المحافظة عليها حيكون كيف .</p><p>أول خطوة عشان انت تقدر تحافظ على سلامة نفسك&nbsp;</p><p>إللي هي تقدر تعرف اهمية الصحة النفسية شنو ، الفترة دي تحديداً ورتنا قدر شنو الصحة النفسية مهمة و قدر شنو انت اصلا ما حتقدر تعمل حاجة لو بالك مشغول مثلا بتفاصيل قديمة أو بتفاصيل ممكن تحصل لي قدام</p><p>الصحة النفسية أهميتها ما بتقل عن الصحة الجسدية ، و الحاجة دي بقت لينا واضحة في إنو إنت داك الأكل لكن عشان نفسياً عندك مشكلة ما قادر تاكل ما قادر تستمتع ما قادر تنوم ما قادر تشارك في الحديث من حولك</p><p>اهميتها بتكمن في انو انت عشان تقدر تبدأ من جديد لازم تراجع نفسك ، لازم تهتم بصحتك النفسية عشان تقدر تشتغل بصورة كويسة ، تقدر تنخرط في المجتمع بصورة كويسة ، تقدر تتفاعل مع الناس بصورة كويسة</p><p>العناصر الأساسية المحتاج ليها ، المقومات و الحاجة تحت الأساسية دي هي صحتك النفسية ، عشان كدا خليك مهتمي بيها جدا و أخد فترة الحرب دي رسالة تصالح مع نفسك ، اقعد عشان تقدر تفهمها بصورة الكويسة و تحبها و تتقبلها بكل عيوبها عشان لو ما اتقبلت المشكلة عمرك ما حتعرف المشكلة شنو</p><p>مع بعض عشان نحافظ على صحتنا النفسية لأنها هي أساس تطويرنا و اساس انتاجنا&nbsp;</p><p>و اهتماك صحتك النفسية بتكون ظاهرة في شكل التفاعل بتاعك ، شكل الحياة اليومية بتاعتك ،تعزيز صحتك الجسدية ، حتى ممكن يكون التفاعل الأسري الإنت موجود فيهو ، الملاحظات البقولوها الناس من حولك ، حتى ممكن انت إذا صحتك النفسية مهتمي بيها بصورة كويسة قادر تحافظ عليها عن طريق الحاجات النحن ذكرناها حتقدر تستمتع بجودة حياتك حتقدر تنتج بصورة كويسة ، فإنت إذا حاصل ليك خلل في أي واحد من الجوانب دي راجع المعالجة النفسية.</p>','https://player.vimeo.com/video/1005807299?h=e9dd59b74f','uploads/audios/07-08-2024-23-15-أهمية الصحة النفسية ✨.mp3',0,'2023-09-04 13:32:34.660000','2024-09-03 13:40:04.543166','images/clip/03-09-2024-13-40-أهمية الصحة النفسية .png',0,0,0),(32,'طرق المحافظه على الصحة النفسية  ','طرق المحافظه على الصحة النفسية ',0,'<p>شنو الطرق و الحاجات الأنا بقدر احافظ بيها على الصحة النفسية</p><p>بتتضمن لي أربعة جوانب ،</p><p>جوانب دينية ، جوانب شخصية ، جوانب اجتماعية و جوانب مهنية</p><p>كل واحدة في الجوانب دي فيها علامات معينة بمجرد ما تدرسها إنت وتلاحظها على نفسك حتتمتع بصحة نفسية</p><p>أول حاجة الجوانب الدينية&nbsp;</p><p>بجيني اليقين بربنا و رضاك عن الحاجات الإنت موجود فيها و النعم و استشعارك بيها و كل التفاصيل دي</p><p>بالإضافة لكدا بجيني في الجوانب الشخصية حبك لي نفسك و مسامحة نفسك على المشاكل على الاغلاط الانت بتقع فيها لأنو ماف إنسان كامل الحياة دي عشان إنت تتعلم فيها دروس و عبر يوم بعد يوم</p><p>تاني في الحاجات في الجوانب الشخصية إنك تسامح الآخرين لما يغلطو في حقك و يعتذرو ليك او يبادرو ليك بالحاجة دي</p><p>إنك تحب تتواصل مع الناس اللي هي دي في الجوانب الاجتماعية ، تتواصل مع الناس بدرجة بسيطة او بنسبة يعني في الحد الطبيعي بس يعني ما إنو إنت تكون اجتماعي لدرجة over أو مثلا ماف اصلا تفاعل مع الناس ، بالحد المتاح او بالحد المطلوب ، عشان تكون برضو محافظ على صحتك النفسية لأنو الإنسان كائن إجتماعي ما بقدر يعيش في مكان براهو أو من غير ما يتفاعل مع الناس</p><p>لازم برضو كمان تتخلص من أمراض النفس ، يعني مثلاً الحقد و الكراهة و إنك ما تتمنى الخير للناس ، الحاجات النفسية المؤذية دي لازم تتخلص منها عشان تتمتع بصحة نفسية كويسة ، لازم تكون عندك درجة من الهدوء و السكينة ، و الهدوء و السكينة ما إنك تكون مسكين و خلاص لأ ، الهدوء و السكينة انو تعرف الفعل المناسب للوقت المناسب</p><p>متين أكون كدا والآليات الإنت حتعملها شنو ، لازم كمان برضو يكون عندك درجة من السلام الداخلي ، لأنو الحاجات دي هي ذاتها متسلسلة مع بعض</p><p>كل جانب يعني إنت بتعملو عشان تحافظ على صحتك النفسية بعزز ليك جانب تاني</p><p>فكل الجوانب دي مع بعض هي بتتراكب و بتتشكل عشان إنت يا إنسان تكون سعيد بصحتك النفسية و قادر تتمتع بي صورة بيها كويسة</p><p><br></p>','https://player.vimeo.com/video/1005808327?h=0169133c08','uploads/audios/07-08-2024-23-17-طرق المحافظه على للصحة النفسية ✨.mp3',0,'2023-09-04 13:32:34.660000','2024-09-03 13:55:07.271679','images/clip/03-09-2024-13-55-طرق المحافظه على الصحة النفسية  .png',0,0,0),(33,'التعافي النفسي كتعريف وآثاره ','التعافي النفسي كتعريف وآثاره  ',0,'<p>التعافي النفسي و أثره شنو على الفرد و على المجتمع ، التعافي كمفهوم هي درجة بعيدة ، ما كل زول صدقني بيصلها ، لكن إذا إنت اشتغلت على جوانب معينة حنذكرها خلال الفيديو إنت حتصل لدرجة التعافي</p><p>التعافي حاجة نفسية إنو إنت فعلاً مريت بحدث صادم ، عشت كل التفاصيل المؤلمة ، كل الحاجات الفقدتها ، لكن لسه متمسك بالأمل إنو إنت عايز تكمل ، إنو إنت لسة الحياة منتظراك يعني الخير الإنت منتظرو يجيك حيجيك في الفترة دي</p><p>عمرك ما تنتظر ، يعني في ظل المشكلة عمرك ما حتعرف الحل والخير شنو من المشكلة لكن في المستقبل صدقني حتعرف الحاجة دي ، و التعافي درجة بعيدة ممكن تبداها مستقبلاً في تفاصيلك القدام</p><p>إنك تتعافى معناها إنك إنت اتقبلت بصورة كويسة ، عشت كل تفاصيل الألم اللازمة ، لكن تمسكت ببصيص الأمل إللي جواك و زدت من بصيص الأمل ده و قدرت تصل بيهو</p><p>حتتعافى لمن يكون حوالينك مجتمع داعم نفسياً ليك و مديك كدا نوع من ال support و من الطاقة الإيجابية عشان إنت تواصل في مسيرة حياتك</p><p>إنك تتعافى مش إنك معناها إنسان مثالي و ما شايف الحرب بتفاصيلها السيئة قدامك لأ</p><p>لكن معناها إنو إنت ما حتستسلم للظروف ، يعني إنت الليلة الحرب دروس ، الدروس الانت اتعلمتها منها مفروض كل حاجة انت عايز تعملها ما تأجلها ، لأنو تاجيلك للحاجات ما حتعرف انت في لحظة العين ممكن تتغير شنو و ممكن لسه الحاجة الحتكون ثابتة على وتيرتها شنو</p><p>فكونك تتعافى حيساعدك انت نفسياً في المقام الأول لأنو الانسان أصلا بطبعو عايز مكان يحس فيهو بالأمان يحس بالحب يحس بالانتماء يحس بي نعمة وجوده يحس بالتفاصيل الحلوة الجميلة دي ، فإنت إذا بديت تتعافى فعلياً حتستشعر الحاجات دي و حتحس بيها</p><p>لو إنت لسه ما حصل ليك الحاجات دي و ما حسيت بالانتماء ولا رجع بيك الشريط تاني لنفس التفاصيل دي لسة إنت محتاج تشتغل على نفسك و في الفيديوهات و الحلقات الفاتت الاتكلمنا عنها عشان تقدر تعرف إنت وين من الحدث الصادم ، لسة في البداية ولا لسة في&nbsp;الآثار ولا لسة في الطرق ولا لسة في صحتك النفسية... إنت وين</p><p>مهم تعرف إنت وين عشان تقدر تصل لدرجة التعافي</p><p>التعافي بخليك إنت تنتج لأنك اصلا كانسان عايز جوانب محددة في حياتك و الجوانب دي still إنت ماشي فيها بصورة كويسة... صورتك الكويسة الإنت ماشي فيها في نفسك ليها أثر في المجتمع لأنو المجتمع عبارة عن أنا وإنت وهي ، فالليلة اذا كل زول مننا هو قدر فعلاً يتعافى نفسياً صدقني المجتمع فعلاً حيكون متعافي نفسياً</p><p>هو الموضوع ما صعب بس محتاج إنك إنت تشتغل على نفسك و تركز في الكلام الإحنا قلناهو ... ما تعزل نفسك ، أبدا طور المهارات البسيطة ، وحتى خت خططك لمدى زمني قصير شديد لأنو ما معروف بكرة يحصل شنو .. فكر في الليلة</p><p><br></p>','https://player.vimeo.com/video/1005806346?h=30f9d1d70c','uploads/audios/07-08-2024-23-19-التعافي النفسي كتعريف وآثاره ✨.mp3',0,'2023-09-04 13:32:34.660000','2024-09-03 13:56:31.285694','images/clip/03-09-2024-13-56-التعافي النفسي كتعريف وآثاره .png',0,0,0),(34,'الاثار النفسية للحرب  ','الاثار النفسية للحرب  ',0,'<p>الآثار النفسية ، زي ما عرفنا إنو الحرب حاجة صادمة بتأثر في جميع من الجوانب و ممكن تعمل كمية من المشاكل ، في المقابل في كمية من الآثار النفسية السلبية اللي بتصدر عن طريق الحرب و بكون اثرها واضح غير طبعاً التشاؤم غير النظرة السوداوية غير التفكير المفرط غير إنو الإحساس باليأس غير الأحلام كلها بتكون اتهدت كدا&nbsp;</p><p>في تفاصيل تانية بتجي من يعني مثلاً الأحداث بتاعت النزوح و المخيمات المعسكرات المدارس إنك انت بتقعد في واقع هو ما واقعك فبالتالي التأثير النفسي هنا بيبقى إنو إنت ما قادر تتعود لأنو ده ما الوضع الإنت مثلا اتربيت عليهو ... بتحصل كمية من المشاكل ممكن تكون أسرية ، ممكن برضو تؤدي إلى طلاق أو كدا ، عشان كدا دائماً إحنا بعد ما نتكلم عن الآثار النفسية بنشوف طوالي كيف نحن نتعامل معاها عشان ما تسبب لينا مشاكل في المستقبل.</p><p>الآثار النفسية بتظهر لي طبعاً في اعراض فسيولوجية ، في أعراض جسدية بتظهر للواحد و هي الأعراض يعني عشان الواحد بكون رافض الواقع المؤلم إللي هو مفروض يكون عايشو بسبب الحرب .</p><p>إللي هي التغييرات إنو مثلاً البيئة دي ما بيئتي ، إنو أنا ما قادر اتكيف في البيئة دي ما قادر اتعود على الحاجات الجديدة ما كل حاجة حاسيها بتشبه الحاجات الأنا اتربيت عليها الحاجات الأنا اتعودت عليها .. بكون في يعني قلبة غير متوقعة ، إللي هي المفاجأة دي ، إنو أنا ما كنت متوقع إنو أنا في يوم من الأيام حاكون كدا .&nbsp;</p><p>كل الحاجات دي بتدور لي حول المشاعر بتتاثر بطريقة سلبية ، الأفكار بتكون دائما سلبية او سوداوية الانعزال التام ،عدم المشاركة في الأنشطة و الهوايات ، فقدان الأمل ، فقدان الشغف في الحياة دي كلها كمية من الآثار النفسية إللي هي بتأثر لي وبتكون نتيجة للحرب الجات .</p><p>حتى بكون فيها نوع من الإحباط ونوع من الصراع ، إنو أنا بلاش ياخي أبدا تاني من جديد و اعمل و اعمل و اسوي و تاني تجي حرب و تعمل .</p><p>دائماً بكون في مؤشر كدا خفي إنو حتجي تاني و الحرب حتعمل ، ده بكون شكل الآثار النفسية إللي حصلت بسبب الحرب .</p><p>طيب ... كل الآثار النفسية دي في فيديو تاني حنشرح كيف إحنا نتعامل معاها.</p><p>هسي عايزين في باقي الفيديو ده نشوف الدلالات بتاعتها مستقبلاً.</p><p>إذا أنا ما قدرت اعرف كيف اتعامل معاها و ما حليت المشاكل أو ال problems الاسي هي حصلت لي من الآثار دي مستقبلاً انا حاتضرر</p><p>مستقبلاً انا حاتضرر جسدياً ، نفسياً مهنياً ، حتى شخصياً</p><p>لأنو الليلة الأفكار ما هتكون بس هي overthink و سوداوية و كدا لا حتتطور الحاجات دي ، الآثار دي في المستقبل حتتطور ، ممكن تبقى ليك جزء من ال personality أو الشخصية بتاعتك و ممكن تبقى ليك اضطرابات مزمنة و ممكن تدخلك في اضطرابات تانية مع بعض</p><p>فعشان كدا دائماً إنت معرفتك بالتعامل بيها حيساعدك في انك تتخلص منها بصورة كويسة و تقدر تتعامل معاها.</p>','https://player.vimeo.com/video/1005805416?h=28dd6848ac','uploads/audios/07-08-2024-23-21-الاثار النفسية للحرب (2).mp3',0,'2023-09-04 13:32:34.660000','2024-09-03 13:58:01.497634','images/clip/03-09-2024-13-58-الاثار النفسية للحرب  .png',0,0,0),(35,'الطرق الأمثل للتعامل مع الآثار النفسية للحرب ','الطرق الأمثل للتعامل مع الآثار النفسية للحرب  ',0,'<p>الطرق الأمثل عشان نقدر نتعامل مع الآثار النفسية السببتها الحروب :</p><p>أهم الطرق عشان انت تقدر تتعامل بصورة كويسة مع الاثار النفسية الحصلت ليك انك تعيش الواقع الفعلي</p><p>دائما المشكلة البتواجه أغلبية الناس انهم بعملو - يعني بالمصطلح العامي كدا يعني - بعملو رايحين من التفاصيل القدامهم و بتلقى الواحد بعيش واقع بعيد من الواقع حقو ،</p><p>الوضع يعني بكون وضع بتاع حرب و آثار نفسية كتيرة زي ما ذكرناها في الفيديوهات الفاتت إنها هي حصلت ، لازم إنت تكون عارف أول حاجة تقبل الحاجة الحصلت ليك ، أول طريقة عشان تقدر تتعامل مع الآثار دي بصورة كويسة تتقبلها ، صدقني تقبلك للواقع بخليك عندك المرونة النفسية في إنك تتكيف و يحصل ليك نوع من ال adaptation لحاجات و بصورة كويسة، بمجرد ما تقدر تتقبل الواقع حتعيش المشاعر الحقيقية ، عمرك يعني ما ترفض مشاعرك او الحاجات البتكون جواك عاملة ليك صراع و الله ياخي إنت متضايق لكن تمثل فرحان دي الطريقة التانية البتخليك تقدر تتعامل مع الآثار بصورة كويسة ، لازم تتقبلها و الحاجة التانية لازم تعيش المشاعر الحقيقية و لازم كمان تعبر عن المشاعر دي بصورة كويسة لأنو التعبير عن المشاعر بقلل لي من الحدة بتاعتها و من الكمية بتاعتها</p><p>تتعامل مع المشاعر بحدية يعني&nbsp;بتعامل واقعي أكتر عشان تكتسب المرونة النفسية عشان تكتسب التفسير المنطقي للأحداث من حولك</p><p>في كمية من الطرق تاني ، على سبيل المثال أول حاجة حبك لي نفسك ، صدقني حبك لنفسك طريقة كويسة شديد عشان إنت تقدر تتعامل مع الآثار النفسية لأنو إنت اصلا الآثار بكون حصل نوع من لوم الذات حصل نوع من ال overthinking ، حصل كمية من التفاصيل إنت ممكن تكون فيها&nbsp;</p><p>فحبك لنفسك في اللحظة دي او في الفترة دي حيخليك تنظم نفسك بالتالي حتنظم حياتك و الجودة بتاعتها حتكون كويسة.</p><p>الحاجة التانية انك تتمسك بالأمل ، تمسكك بالأمل بيديك درجة من التفاؤل ، دي كلها طرق إنت اذا اتعاملت بيها بصورة كويسة ، نفسياً حتقدر تتعامل مع الآثار لأنو الآثار حاجات سلبية فلازم الطرق تكون حاجات إيجابية</p><p>الحاجة التانية يعني ايمانك بربنا انو دائماً مع العسر بيجي اليسر ، إنو دائماً في كل مشكلة في خير مدسوس جواها ما عليك إلا إنت تصبر و تكتشف في الرحلة الطويلة دي نفسك ، اخد الحرب فترة مصالحة مع نفسك ، حبها فيها</p><p>الحاجات الذكرناها دي حتساعدك إنك تتعامل مع الآثار النفسية الحصلت ليك لأنو الآثار النفسية حتكون سلبية و هي بتجي على نفسك وإنت كدا بتجي على الآثار النفسية و بتقدر تحولها لآثار ايجابية و تقدر تطلع من الأزمة دي بكل سهولة و بصحة نفسية عالية</p><p><br></p>','https://player.vimeo.com/video/1005806758?h=e2b9d8d194','uploads/audios/07-08-2024-23-23-الطرق الأمثل للتعامل مع الآثار النفسية للحرب ✨ (2).mp3',0,'2023-09-04 13:32:34.660000','2024-09-03 14:01:01.396579','images/clip/03-09-2024-14-01-الطرق الأمثل للتعامل مع الآثار النفسية للحرب .png',0,0,0),(36,'الإسعافات النفسية  ','الإسعافات النفسية  ',0,'<p>الإسعافات النفسية هي عبارة عن شنو ومنو البقدمها والطريقة البتتقدم بيها كيف والزمن المفروض تتقدم فيهو ؟</p><p>طيب ،</p><p>الإسعافات النفسية هي عبارة عن استجابة إنسانية للأفراد الاتعرضو لحدث صادم زي ما حاصل معانا في السودان</p><p>كل السودانيين اتعرضو لحرب فبالتالي هم محتاجين لإسعافات نفسية .</p><p>ليه بنحتاجها ؟</p><p>عشان دائما كل حدث بكون عندو عقبات في المستقبل ، و عشان دائما بجي التدخل عشان يمنع العقبات أو المشكلات أو الاضطرابات الحتصاحب الزول لي قدام او يعني تجي بنسبة بسيطة عشان كدا بتجي الاسعافات النفسية.</p><p>منو البقدم الاسعافات النفسية ؟</p><p>الأفضل طبعاً انها تجي عن طريق المختصين في المجال النفسي لكن ممكن إنها تتقدم بالدرجة القريبة ، يعني إنتو كأفراد أسرة ، انتو كأم و أب ، كصاحب ، كلكم بتقدر تقدمو الإسعافات النفسية. لأنها في الأول زي ما قلنا استجابة نفسية.</p><p>الآليات و شكل الطريقة الأنا بقدم بيها الإسعافات النفسية :</p><p>عندها عناصر أساسية لازم تتوفر فيهو عشان يقدر يكون ده إسعاف نفسي ، عشان تنقذ الواحد من مشكلة ممكن تحصل ليهو في المتسقبل أو النسبة بتاعتها تكون بسيطة.</p><p>طيب ،&nbsp;</p><p>أول حاجة لازم يكون فيها استماع جيد وانصات للزول الإنت حتتكلم معاهو ، لازم يكون فيها تقديم الاحتياجات الأساسية ، لازم يكون فيها نوع من الأمان ، نوع من الشعور بالانتماء، نوع من الحب في تقديم المشاعر وأهم حاجة الإنسانية ، يعني في كل الحاجات دي إنت بتقدمها بكل احترام و بكل سهولة و بكل بساطة عشان الطرف القدامك يقدر يفهمها بصورة كويسة .</p><p>تاني حاجة بتكون مبنية على تقدير المخاوف و تقدير التفاصيل المر بيها الزول ، لأنو نحن استجابتنا للأحداث الصادمة ما واحدة. عشان كدا راعي إنك الطرف البتقدم ليهو الحاجة دي لازم تكون فاهمو تماماً و فاهم كل مشاعرو و فاهم خوفو و قادر تقدر الحاجة دي عشان تقدر تقدمها ليهو بصورة كويسة</p><p><br></p><p>الزمن البنقدم فيهو الاسعافات النفسية:</p><p>طيب هي تقدم خلال فترة الأزمة أو بعد انتهاء الأزمة</p><p>لكن دائما لمن الحدث الصادم يطول الأفضل انها تكون في المنتصف أو في الوقت الزول مرت شهور طويلة و هو لسه موجود في الحدث الصادم عشان تقدر تنقذ الموقف من بدري .</p><p>طيب ، الآليات النحن هسي ذكرناها و طرق التقديم دي إذا إنت ما مختص و حابي إنك تقدم الإسعافات النفسية ممكن تقدمها لكن لازم تكون عندك الشروط المعينة النحن ذكرناها في الإسعافات النفسية عشان تقدر تقدم الحاجة بصورتها الصاح و بصورتها المطلوبة .</p><p>دائما الإسعافات النفسية لأنو في ناس بتقدر أنها تتكيف بصورة طبيعية جداً مع الوضع لكن بتلقى في المقابل في ناس من الصعوبة إنهم يحصل ليهم نوع من ال adaptation أو التكيف من جديد في الوضع ده فبتجي الاسعافات النفسية عشان تأهلهم</p><p><br></p>','https://player.vimeo.com/video/1005805666?h=156581a416','uploads/audios/07-08-2024-23-24-الإسعافات النفسية ✨.mp3',0,'2023-09-04 13:32:34.660000','2024-09-03 14:02:59.275895','images/clip/03-09-2024-14-02-الإسعافات النفسية  .png',0,0,0),(37,'تعريف الفوبيا واعراض ظهور اضطراب الفوبيا ','تعريف الفوبيا واعراض ظهور اضطراب الفوبيا ',0,'<p>من أهم الاضطرابات الدايما بتكون مصاحبة للحروب والكوارث الإنسانية وبتصيب المجتمعات وبتصيب الأجيال والمجتمع المحدد ،إللي هي الفوبيا ،</p><p>حنتكلم عن الفوبيا لأنو الفوبيا كثير من الناس بتلخبط بينها و بين المخاوف الطبيعية ويا إما بتعاملو مع الفوبيا كمخاوف طبيعية و بحدو من مشاكلها أو مثلا ما بتخيلو إنو ممكن المشاكل بتصيب الشخص العندو فوبيا أو بتعاملو مع الشخص العندو خوف طبيعي ك فوبيا وفي الحتة دي بنحسس الشخص إنو عندو اضطراب نفسي كبير ممكن يأثر عليه</p><p>طيب الفرق شنو بين الخوف الطبيعي و الفوبيا</p><p>الفرق إنو الخوف الطبيعي شعور إنساني طبيعي كل الناس بتعرفو وأي زول عندو مخاوفو من أشياء معينة لكن ما بتأثر على الشخص في أداء مهامو بشكل طبيعي ..</p><p>الفوبيا خوف طبيعي و نركز شديد على إنو غير طبيعي بمعنى إنو رده الفعل المصاحبة ليهو بتكون كبيرة جدا لذلك هو دايما بكون مصاحب لقلق بصورة كبيرة جدا جدا</p><p>ليه الحروب بتخلي اضطراب الفوبيا يزيد</p><p>لأنو مع الأصوات أو المشاكل البتحصل والبعيشها بتولد جواه خوف كبير جدا وبتخلي الخوف ينطبع في ذاكرتو بي إنو هو ممكن يتكرر في حال حصلت حاجات مصاحبة يمكن تكون ما تشكل خطر</p><p>يعني مثلا البسمع صوت عالي ف بترجم الصوت دا لصوت مدافع أو صوت قصف وممكن هو يكون عاش تجربة مريرة مع الحاجة دي ف بيحصل ليهو نفس الخوف الحصل ليهو في اللحظة الحصل فيها القصف أو المدافع فبتخليه يحس بنفس الشعور من الخوف الما طبيعي والقلق بصورة كبيرة</p><p>ليه نحنا بنتكلم عن الخوف وبنديه اهمية كبيرة</p><p>لأنو الفوبيا بتخليه عرضة اشكالات تانية كبيرة حنتكلم عنها في الحلقات الجاية&nbsp;</p><p><br></p>','https://player.vimeo.com/video/1005807617?h=266c601daf','uploads/audios/07-08-2024-23-26-تعريف الفوبيا واعراض ظهور اضطراب الفوبيا.mp3',0,'2023-09-04 13:32:34.660000','2024-09-03 14:04:31.605828','images/clip/03-09-2024-14-04-تعريف الفوبيا واعراض ظهور اضطراب الفوبيا .png',0,0,0),(38,'طرق المتبعة في علاج الفوبيا والطرق الامثل للتعامل مع اضطراب الفوبيا .','طرق المتبعة في علاج الفوبيا والطرق الامثل للتعامل مع اضطراب الفوبيا .',0,'<p>استكمالا للاتكلمنا عنو عن الفوبيا ف حنتكلم عن أشهر اضطرابات الفوبيا المعروفة وكذلك أشهر اضطرابات الفوبيا البتكون مصاحبة للحروب و الكوارث الإنسانية ، أكيد كلنا مرت بينا وسمعنا عنها أشهر أنواع الفوبيا ممكن تكون الفوبيا من الأماكن المرتفعة أو الأماكن المفتوحة والفوبيا من الأماكن المغلقة والفوبيا من الحقن والفوبيا من الدم&nbsp;و في أنواع كتيرة من الفوبيا أشهرها الرهاب الإجتماعي لكن الدايما بتكون مصاحبة والأكثر إنتشارا وأشتهارا في الحروب و كوارث الإنسانية هي الفوبيا من الأصوات العالية والفوبيا من الزحام و فوبيا الرهاب الإجتماعي و ال٣ أنواع من الفوبيا دي نحن بنركز عليها جدا لأنو لو لاقدر الله ممكن الشخص المصاب ب واحد من أنواع الفوبيا دي تتطور معاه الحالة دي وتزيد الإشكاليات بصورة كبيرة</p><p>زي ما قلنا الفوبيا بصاحبها قلق عام واضطراب في النوم وخوف وأحلام وكوابيس وإنها بتاثر عليه بإنه بتخليه ما قادر يعيش حياته بصوره طبيعية&nbsp;</p><p>الفوبيا مرات لو ما انتبهنا ليها بتخلي الزول أكثر عرضة لإدمان الكحول أو المخدرات لأنه بحتاج لعامل محفز خارجي بيزيد ثقته بنفسه ويبعد عنه الشعور بالخوف فبيلجأ لكثير من الأحيان للمخدرات أو الكحول ودي بتسبب لينا مشاكل تانيه و كذلك لا قدر الله تصل لانفصام في الشخصيه أو تصل لاكتئاب عام و لو لاقدر الله ممكن الشخص يفكر في الإنتحار</p><p><br></p><p>طيب الأعراض حق الفوبيا شنو</p><p>&nbsp;دقات القلب بتزيد بسرعة كبيرة جدا&nbsp;</p><p>ردة الفعل بتكون غير طبيعية وكذلك يصاب بالتعرق وممكن بعد ما الموقف ينتهي ما يقدر ينوم لأيام طويلة</p><p>العلاج الحنستعملو في الفوبيا بيختلف من شخص لأخر لكن كلهم بشتركو في العلاج التدريجي أو التعرض التدريجي وكذلك جلسات العلاج النفسي وفي بعض الأحيان بنحتاج التدخل الدوائي في أنواع أو درجات معينة من الفوبيا&nbsp;</p><p>جميعا لازم أنتبه للأشخاص إللي عانوا في ظل الكوارث والحروب الإنسانيه وننتبه إذا عندهم نوع معين من الفوبيا</p><p>وزي ما قلنا الفوبيا خوف بصورهدة غير طبيعية مع تعرق مع خوف مع عدم قدرة على المشي ممكن دي كلها تكون أعراض بتظهر ليك إنو الزول عندو خوف أو فوبيا من حاجة معينة</p>','https://player.vimeo.com/video/1005807949?h=5f39f551e8','uploads/audios/07-08-2024-23-28-طرق المتبعة في علاج الفوبيا والطرق الامثل للتعامل مع اضطراب الفوبيا.mp3',0,'2023-09-04 13:32:34.660000','2024-09-03 14:15:09.357242','images/clip/03-09-2024-14-15-طرق المتبعة في علاج الفوبيا والطرق الامثل للتعامل مع اضطراب الفوبيا ..png',0,0,0),(39,'الاثار النفسية المترتبة على الحروب والكوارث ','الاثار النفسية المترتبة على الحروب والكوارث ',0,'<p>حنتكلم عن الآثار النفسيه الناتجة عن الحروب و الكوارث الإنسانية البتصيب المجتمعات</p><p>أكيد للحروب والكوارث الإنسانية تأثير كبير على المجتمعات من الناحية العمرانية والسكانية والإقتصاد وكذلك بتصيب المجتمع في مشاكل نفسية كبيرة وممكن تأثر على الأجيال القادمة</p><p>الآثار النفسية للحروب والكوارث الإنسانية ممكن تكون كبيرة شديد وبتشكل خطر كبير لو ما تم تداركها و الإنتباه ليها والعمل على علاجها أو التخفيف من حدتها</p><p>طيب عندنا كتير من الأعراض البتصاحب الاضطرابات النفسية وحسب الإحصائيات الأخيرة إنو الزيادة في كل الدول أو المناطق البتصيبها الحروب و الكوارث الإنسانية الطبيعية بتزيد بنسبه أكتر من 9% وكذلك ممكن تصاحب مشاكل نفسية تصيب شخص من كل 14 شخص و دي نسبه كبيرة شديد ممكن تسبب خطر لكل مجتمع</p><p>أكتر الأمراض النفسية الشائعه البتصيب المجتمعات البتمر بي مشاكل الحروب والكوارث الإنسانية هي الإكتئاب ، اضطراب القلق العام ، وكذلك اضطراب الفوبيا بأنواعها المختلفة وكذلك اضطراب ما بعد الصدمة واضطرابات نفسية تانية وكذلك ممكن تأثر على امراض عقلية زي الإنفصام واضطراب ثنائي القطب</p><p>في الفيديوهات الجايه حنتكلم عن الدلالات المصاحبه و طبيعه الامراض و طرق الوقاية منها و كيف ممكن نحنا كمجتمعات أو شعوب أو أفراد نتدخل في إنو نحن نقلل منها وكيف نتعامل مع الشخص المصاب ونقلل كتير من المشكلات النفسية</p><p><br></p>','https://player.vimeo.com/video/1005805232?h=7927ae24d2','uploads/audios/07-08-2024-23-30-الاثار النفسية المترتبة على الحروب والكوارث.mp3',0,'2023-09-04 13:32:34.660000','2024-09-03 14:06:17.856274','images/clip/03-09-2024-14-06-الاثار النفسية المترتبة على الحروب والكوارث .png',0,0,0),(40,'الدلالات والاشارات النفسية المرتبطة بالحروب والكوارث ','الدلالات والاشارات النفسية المرتبطة بالحروب والكوارث ',0,'<p>زي ما ذكرنا إنه أشهر الاضطرابات بتحصل للمجتمعات في فتره الحروب هي الإكتئاب والقلق العام والفوبيا بأنواعها وكذلك عندنا اضطرابات عقلية زي الفصام واضطراب ثنائي القطب</p><p><br></p><p><br></p><p>طيب الدلالات اللي بتوضح لي انه الواحد بيكون مصاب بواحد من الاضطرابات دي شنو</p><p>الغالب بيتشاركوا في كثير من الأعراض مثلا بيخافوا من مكان معين والخوف يكون بطريقة كبيرة جدا كذلك عندك اضطرابات في النوم بيكون يا إما الشخص بينوم ساعات طويلة جدا أو بيكون عنده أرق عام أيضا مشكلة الأحلام والكوابيس المزعجة في النوم</p><p>وكذلك اضطراب الشهية واحد من الدلالات الكبيرة بتدل على مشكلة في التفكير عند الشخص المصاب وكذلك القلق العام والحزن الشديد من غير أسباب منطقية&nbsp;</p><p>في حال تجمعت الأعراض دي في شخص أو لاحظنا في شخص ما</p><p>أو فينا لابد أن نراجع الطبيب النفسي في أسرع وقت وكذلك لازم يكون الشخص تحت المراقبة العائلية أو الناس القريبين ولازم نخلي بالنا منه المشاكل دي و ما نتجاهلها زي ما دائما بنذكر إنه الوقاية إنو نبدا بالصورة سريعة وبصورة كبيرة و مبكرة قبل ما تزيد العوارض قبل ما تزيد المشاكل حقت الشخص وكل ما بدانا أسرع كل ما حققنا نتائج أكبر وأفضل ممكن نسعف بها الشخص أو نساعده</p><p>لازم في ظل الظروف إللي إحنا بنعيشها تكون الصحة النفسية جزء من حياتنا يومية لازم ننتبه من أكلنا ونومنا ونحن حاسين بشنو</p><p>وزي ما قلنا لو لاحظنا الحاجة دي في أي شخص لازم نبادر نمشي لمختصين عشان لو في مشكله نقدر نحلها بدري وما تتفاقم معانا ونصل لنتائج كبيرة&nbsp;</p><p>أتمنى ليكم كلكم السلامة وأتمنى أن إحنا نتعافى كلنا ويا رب نكون كلنا بخير</p>','https://player.vimeo.com/video/1005806596?h=320226d612','uploads/audios/07-08-2024-23-32-الدلالات والاشارات النفسية المرتبطة بالحروب والكوارث.mp3',0,'2023-09-04 13:32:34.660000','2024-09-03 14:07:20.326586','images/clip/03-09-2024-14-07-الدلالات والاشارات النفسية المرتبطة بالحروب والكوارث .png',0,0,0),(41,'Test','Test',0,'<p>Test</p>','https://player.vimeo.com/video/798094692?h=e65a41def2','uploads/audios/18-09-2023-07-53-Ajmal_Nissa_El_Dounia_melody4arab.com_.mp3',1,'2023-09-18 07:53:12.763818',NULL,'images/clip/12-05-2024-15-21-3awaafi.png',0,0,0),(42,'Test','x',0,'<p>dddddddddd</p>','https://player.vimeo.com/video/798094692?h=e65a41def2','uploads/audios/19-09-2023-13-51-7abeby_Ya_melody4arab.com_.mp3',1,'2023-09-19 13:51:40.612361',NULL,'images/clip/12-05-2024-15-21-3awaafi.png',0,0,0),(43,'Test For Update 2','New CLip 2',0,'<p>dddddddddddddd</p>','https://player.vimeo.com/video/798094692?h=e65a41def2','uploads/audios/19-09-2023-13-53-A2oul_Ansak_melody4arab.com.mp3',1,'2023-09-19 13:53:26.855562',NULL,'images/clip/12-05-2024-15-21-3awaafi.png',0,0,0),(44,'Test For Update2','New CLip22',0,'<p>xxxx</p>','https://player.vimeo.com/video/798094692?h=e65a41def2','uploads/audios/20-09-2023-18-19-Asmar_Ya_Asmrani_melody4arab.com.mp3',1,'2023-09-04 13:32:34.660000','2023-09-20 18:19:56.445640','images/clip/12-05-2024-15-21-3awaafi.png',0,0,0),(45,'Test For Update 2','New CLip 2',0,'<p>xxxxxxxxxxxx</p>','https://player.vimeo.com/video/798094692?h=e65a41def2','uploads/audios/20-09-2023-18-26-7abeby_Ya_melody4arab.com_.mp3',1,'2023-09-20 18:26:36.280365',NULL,'images/clip/12-05-2024-15-21-3awaafi.png',0,0,0),(46,'أعراض و تشخيص اضطراب ما بعد الصدمة','أعراض و تشخيص اضطراب ما بعد الصدمة',0,'<p class=\"ql-align-right\">ان شاء الله الليلة حأتكلم معاكم عن اضطراب ما بعد الصدمة ، الفيديو حيكون مقسوم على اتنين الجزء الأول حنتكلم عن الأعراض و طرق التشخيص لي اضطراب ما بعد الصدمة و الجزء التاني حنتكلم عن طرق العلاج و كيف الواحد يحاول يتشافى و يتعالج من الاضطراب دا. ان شاء الله يا رب ربنا يحفظ البلاد و العباد و يارب كل شخص يكون بيحضر الفيديو دا يكون في أمن و امان و تقدرو تستفيدو استفادة تامة من المعلومات اللي حنقولا حسي. طيب أول حاجة نتكلم عن ما هو اضطراب ما بعد الصدمة ؟ أو&nbsp;Post Traumatic Stress Disorderأو PTSD طبعا كلمة PTSD أكتر كلمة شائعة الناس بيتداولوها. اضطراب ما بعد الصدمة مرتبط ارتباط خاص بحدث صادم الحدث الصادم دا لازم يكون حاجة very intense&nbsp;&nbsp;او حاجة الوقع بتاعها يكون شديد جدا. نوع الحدث لازم يكون حدث صادم لمن نقول حدث صادم حاجة زي مثلا في ظروف الحرب اذا شخص سمع اصوات رصاص، شاف جريمة قدامو، تعرض لي تهديد لي نفسه ... تهديد مباشر، شاف منظر قتل أو ضرب قدامو دي هي المواقف اللي ممكن نقول عنها مواقف صادمة بتؤدي لي اضطراب ما بعد الصدمة أمثلة تانيةيعني&nbsp;غير أمثلة الحرب يعني اذا مثلا كنت مثلا في حادث سيارة و شفت قدامك شخص عزيز عليك اتوفى قدامك- لا قدر الله – دا يعتبر حدث. الكوارث الطبيعية زلازل حاجات زي كدا دي تعتبر احداث صادمة. فالحدث دا بيكون استثنائي فيهو تهديد مباشر ليك يا تهديد مباشر ليك أو لي شخص عزيز عليك حاجة انت شفتها&nbsp;direct&nbsp;قدامك. كل زول بيتعامل مع الصدمات دي بصورة مختلفة في ناس بتقدر تتخطاها بي سرعة و ناس بتحتاج وقت أكتر اللي حاجة طبيعية تماما. زي ما كلنا شخص بيتعامل مع الصدمة بي طريقة مختلفة بس في صفات نقدر نقول عليها مشتركة بين الناس اللي عندهم الاضطراب دا بتلقاهم بيعانو من حاجات معينة حنتكلم عنها حسي هي الحاجات&nbsp;في النهاية دي بقت شروط عشان تقدر تشخص الواحد بي&nbsp;PTSD . </p><p class=\"ql-align-right\">تشخيص ال PTSD :</p><p class=\"ql-align-right\">حنتكلم عن تلاتة حاجات، التلاتة حاجات دي لازم تكون موجودة كلها مع بعض عشان نشخص اضطراب ما بعد الصدمة.</p><p class=\"ql-align-right\">الحاجة الأولى: الحدث فعلا يكون حدث صادم زي حالة الحرب مثلا تكون شفت حاجة فعلا صادمة بالنسبة ليك فعلا حاجة أثرت فيك. </p><p class=\"ql-align-right\">هي تلاتة أعراض أول حاجة بيسموها Re experiencing&nbsp;يعني انت تعيد اختبار الحدث دا مرة أخرى كأنو حصل هسة&nbsp;بتحس كأنو انت حاليا قاعد جوا الموقف دا بيحصل زي فلاش باك ومرات بتكون من دون trigger من دون حاجة تحفزك عشان تتذكر الحدث دا لكن بتتذكرو بكامل تفاصيلو كأنك انت ...&nbsp;يعني مرات حتى في ناس بيلاقو صعوبة في انهم يفصلو بين الواقع و بين الذكرى اللي هم بيتذكروها في الفلاش باك دي دا اذا الواحد صاحي. الحاجة التانية اذا الواحد نايم ممكن تحصل ليهو زي كوابيس أو nightmares بيكون احساسها حقيقي جدا الواحد بيحس كأنو مافي حلم فدي أعراض اعادة المشهد. المحفز دا ممكن يكون حاجة واضحة زي مثلا تشوف في الأخبار عن البلد اللي فيها الحرب ضروري يكون شفت حاجة ذكرتك بس في لكن حال انو في حاجة ذكرتك الحاجة دي ممكن تكون أي شي ممكن تكون ريحة معينة ممكن تكون لون معين، شخص معين تشوفو طريق.</p><p class=\"ql-align-right\">العرض التاني هو avoidance لمن انت تتجنب اي حاجة عندها علاقة بي الحدث الصادم ممكن يكون تجنب داخلي زي انك تتجنب اي فكرة عندها علاقة بالحدث دا أو خارجي: تتجنب ناس معينين، طريق معين، بلد معين دا اسمو تجنب خارجي</p><p class=\"ql-align-right\">العرض التالت هو الاحساس بالخطر في حياتك اليومية حتى بعد زوال مسبب الخطر بتكون قاعد كأنك احتمال يجيك التهديد في اي لحظه ما قادر تكون مرتاح </p><p class=\"ql-align-right\">تدخل عليك عادات جديده زي انك مثلا تبقا تقفل الابواب زياده و بتخت طبل زياده و تبقا بتخاف على عائلتك و الناس الحولينك حتي إذا انت في مكان ما فيهو خطر بتبقا لو شخص هبشك و انت ما متوقع الحاجه دي بدل ما تزح منو بسيط فعلا تخاف و فعلا تتوتر الحاجه دي بتلاحظ ليها اكتر شي مع الاصوات يعني لو سمعت ليك صوت طوالي ممكن يحسسك انك في خطر هسا حتى لو انت في امان تام </p><p class=\"ql-align-right\">العرض الرابع و الاخير هو انو كل الاعراض الاتكلمنا عنها دي فعلا تكون عامله خلل في حياتك اليومية كان في الشغل او مع عائلتك او مع اصحابك بتلقا انو في برود في تعاملك مع اصحابك و ما حابي انك تطلع و تكون ما قادر تأدي شغلك كويس بسبب اعراض التوتر و اعراض الاكتئاب او اي سبب ان كان ليهو علاقه بالصدمه دي خلاك انت ما تأدي شغلك بطريقه طبيعيه </p><p class=\"ql-align-right\">في ناس بأدو شغلهم و حياتهم الاجتماعيه ظهاريا عاديين لكن مع نفسهم من جوا بكونو فعلا بعانو عشان يخبو كل المشاعر دي و يظهروا للناس بصوره طبيعيه</p><p class=\"ql-align-right\">في اعراض اضافيه ممكن تكون في او مافي زي اعراض القلق او الاكتئاب او الحزن ممكن ناس بسبب الptsd دا يتوجهو للمخدرات او تعاطي الكحول عشان يحاولو يخففو من حده الاعراض </p><p class=\"ql-align-right\">في ناس بكون عندهم افكار انتحاريه و بكون اول مشيه ليهم لطبيب نفسي بعد محاوله انتحار</p><p class=\"ql-align-right\">برضو ممكن من الاعراض النلاحظها ف الptsd انو الناس بكونو حاسين بالعار او الshame بعد الحدث دا </p><p class=\"ql-align-right\">بكونو حاسين انو كان ممكن يتصرفو تصرف غير في الموقف دا</p><p class=\"ql-align-right\">او ممكن كان يطلعو نفسهم او يساعدو الحولينهم في الموقف دا و يحسو بالعار او الحزن دي كلها حاجات ممكن نتوقع إنو نشوفها في&nbsp;الشخص العندو اضطراب ما بعد الصدمه</p><p class=\"ql-align-right\">الاعراض دي ممكن تظهر في اي وقت&nbsp;،اكتر وقت بتظهر فيه خلال&nbsp;٣ شهور من موعد الحدث او الصدمه </p><p class=\"ql-align-right\">لكن فعلا ممكن تكون في اي وقت في ناس بتجيهم بعد سنه او سنتين حتى لاحظو للاعراض او يمكن بدت خفيفه و ما لاحظو ليها الا لمن اشتدت عليهم </p><p class=\"ql-align-right\">دي هي الاعراض و طريقه تشخيص ما بعد الصدمه ، يمكن يكون في حاجه او حاجتين ما موجودين من الاعراض الاضافيه و دا ما بمنع انو الشخص يتشخص بالاضطراب دا&nbsp;لكن&nbsp;التلاته حاجات الذكرناها في بدايه الفيديو هي اهم شروط انو الزول يتشخص باضطراب ما بعد الصدمه</p><p class=\"ql-align-right\"><br></p><p class=\"ql-align-right\"><br></p><p class=\"ql-align-right\"><br></p><p><br></p>','https://player.vimeo.com/video/1005804366?h=57bf073f78','uploads/audios/07-08-2024-23-35-أعراض و تشخيص اضطراب ما بعد الصدمة.mp3',0,'2023-09-04 13:32:34.660000','2024-09-03 13:37:05.164214','images/clip/03-09-2024-13-37-أعراض و تشخيص اضطراب ما بعد الصدمة.png',0,0,0),(47,'طرق علاج اضطراب ما بعد الصدمة ','طرق علاج اضطراب ما بعد الصدمة ',0,'<p class=\"ql-align-right\">دا الفيديو التاني عن اضظراب ما بعد الصدمه و في الفيديو دا جنتكلم عن طريقه العلاج و طريقه التشافي و التعافي كيف تقدر تساعد نفسك و كيف تقدر تساعد الناس الحوليك</p><p class=\"ql-align-right\">من الاعراض الذكرناها دي جسيت انو ممكن يكون عندك مرض نفسي لازم تمشي ل طييب نفسي لازم تتكلم معاه و تشرح ليه كل الحصل معاك تشرح ليه كل الاعراض العندك عشان يوريك طريقه العلاج حتكون كيف لانو العلاج ممكن يكون بالكلام talk therapy مع معالج نفسي او بادويه او الاتنين مع بعض ف فيه تلاته خيارات</p><p class=\"ql-align-right\">في ناس كتيره بتفتكر انو هم اول ما يمشو لطبيب نفسي طوالي حيديهم ادويه و حتخدرهم عشان كدا حيحسو احسن لكن هم حيكونو ما طبيعيين و كدا لكن دا مفهوم غلط جدا الطبيب النفسي حيحولك على حسب حالتك اذا انت حالتك ما بتستدعي ادويه او إنت ما عاوز ادويه اصلا ممكن تبدا بالعلاج بالكلام حيوريك ياتو نوع من العلاج بنفع مع حالتك بالظبط و ما بيوصف ليك دواء الا تكون انت فعلا محتاجو</p><p class=\"ql-align-right\">الادويه بتاعت الطب النفسي الليله ما زي قبل 10-15 سنه حتى</p><p class=\"ql-align-right\">بتتغير و بتتطور دايما</p><p class=\"ql-align-right\">يمكن زمان قبل ١٠ او ٢٠ سنه الخيارات ما كانت كتيره</p><p class=\"ql-align-right\">اول حاجه حتتوقع انو تحصل ليك لمن تمشي للمعالج نفسي انو هو حيتاكد من التشخيص حقك و انو انت مرتاح في البيئه القاعدين فيها ان كنت بتراجعو اون لاين او على الواقع</p><p class=\"ql-align-right\">و من اول و اهم الحاجات المطلوبه عشان تبدا العلاج انو يكون وضعك حاليا امن ما تكون تحت تهديد مباشر.. لمن تكون تحت تهديد مباشر أو لسا في منطقه حرب و الضرب جنبك العلاج بكون صعب جدا لازم تكون في مكان اامن شويه و اهدا شويه</p><p class=\"ql-align-right\">تكون في درجه من الاسترخاء</p><p class=\"ql-align-right\">ح يتم شرح الاعراض و طرق العلاج و المده المتوقعه للعلاج (كم جلسه) بعد ما تخلص الجلسات شنو الحاجات الزول ممكن يتعالج منها و شنو الحاجات البتطول مع الواحد ما طوالي بتختفي يعني</p><p class=\"ql-align-right\">ممكن المعالج يتكلم مع الناس الحولينك اذا إنت حابي طبعا</p><p class=\"ql-align-right\">ممكن يتكلم مع الاهل و الاصحاب عشان يكونو فاهمين&nbsp;الحاجه الانت بتمر بيها دي اكتر يعني هم نفسهم بكونو مقلقين عليك عايزين شخص يفهمهم الحاجه الانت ماري بيها ف المعالج او الطبيب ممكن يعمل الخطوه دي</p><p class=\"ql-align-right\">اكتر نوع بنستخدمو في الصدمات هو العلاج المعرفي السلوكي بالتركيز على الصدمه turama focus CPT</p><p class=\"ql-align-right\">هو الgold standard وهو اكتر حاجه بستخدموها و اكتر حاجه عليها بحوث و بشوفو فعلا انو الناس بتتحسن عليها</p><p class=\"ql-align-right\">العلاج دا فيهو من 8 ل 12 جلسه على حسب الصدمه اذا في حاجه محتاجه شغل اكتر انت حتاخد جلسات اكتر </p><p class=\"ql-align-right\">في العلاج دا بنحاول نتكلم معاك عن طرق التكيف مع الاعراض الحسيه </p><p class=\"ql-align-right\">معالجه الذكريات </p><p class=\"ql-align-right\">معالجه المشاعر المصاحبه للصدمه</p><p class=\"ql-align-right\">تغيير المفاهيم المصاحبه للصدمه</p><p class=\"ql-align-right\">و تشتغل على الرجوع الى الروتين و حياتك العاديه و اليومية </p><p class=\"ql-align-right\">في الحاله دي المعالج بشتغل مع ذكرياتك للحدث دا يحاول يغير منظورك ليهم و يغير تصرفاتك بعد انت تتذكر الاحداث دي</p><p class=\"ql-align-right\"><br></p><p class=\"ql-align-right\">الطريقه التانيه إسمها</p><p class=\"ql-align-right\">&nbsp;Eye movement desensitization and reprocessing </p><p class=\"ql-align-right\">اختصارها EMDR</p><p class=\"ql-align-right\">الترجمه حقتها ابطال التحسس و اعاده المعالجه عن طريق حركة العين</p><p class=\"ql-align-right\">دي حاجه غريبه شويه لكن هي very effective&nbsp;و حاجه عملو عليها دراسات كتيره و نفعت ناس كتيره اتعرضو لصدمات قبل كدا</p><p class=\"ql-align-right\">المعالج في حاله دي بحاول يرجع معاك لمكان الحدث دا في الذاكره خلال الجلسات لمن تصل لمكان الحدث دا بالظبط في الذاكره بتعمل حركات معينه و المعالج بخليك تتابع اصبعو و في حركات معينه في العين زي كأنك بتعمل unlock للتلفون انت عايز تفتح الذكريات دي و تحاول انك تختها بترتيب معين و تغير طريقه تفكيرك فيها و طبعا هي حتكون سلبيه لكن تحاول تخليها ايجابيه اكتر و تحاول تربط الذكريات المؤلمه دي بذكريات تانيه التفكير فيها أسهل بالنسبه ليك ف حركه العين دي بتقلل من التفكير في الذكريات السلبيه.</p><p class=\"ql-align-right\">بالنسبه للأدوية عاده الطبيب حيشوف اكتر عارض إنت بتعاني منو&nbsp;مثلا اذا انت العارض الاساسي البتعاني منو هو النوم حيحاول معاك طبعا من غير ادويه في الأول انو يعدل الطريقه بتاعت النوم او الروتين حقك قبل النوم لكن اذا الحاجه دي ما نفعت ممكن يديك حاجات تساعدك </p><p class=\"ql-align-right\">اذا العارض الاساسي هو الحزن او اذا عندك تشخيص بتاع اكتئاب لازم الحاجه دي برضو تتعالج في الاول لانو الحاجه دي حتأثر في التطور بتاع ال PTSD برضو </p><p class=\"ql-align-right\">الخيار الاول بالنسبه للPTSD بنستخدم نوع من الادويه اسمو SSRI هي غالبا بستخدموها للاكتئاب و حتقلل المستوى بتاع التوتر و القلق عندك و بكدا بتحسن شويه من اعراض الPTSD </p><p class=\"ql-align-right\">في بعض الناس بكون الptsd عمل ليهم اعراض بتاعت ذهان دي حاجه لازم تاخد ليها ادويه الي هي الanti psychotics بمراقبه الطبيب في ناس كتير طبعا بتخاف من الادويه بتاعت المرض النفسي انها بتعمل ادمان بتسمع كتير الحاجه دي انو \"ما تدينا ادويه عشان ما نبقا مدمنين\" </p><p class=\"ql-align-right\">في ادويه معينه اخدها بانتظام لمده طويله ممكن يخلي الجسم يتعود عليها </p><p class=\"ql-align-right\">و زي ما جسمك اتعود عليها ممكن الطبيب يساعدك تطلع الدوا من جسمك و توقفو بطريقه معينه و لكن الادويه النحن بنتكلم عنها دي ادويه ما بتسبب ادمان </p><p class=\"ql-align-right\">زي ما قلت انو الطب النفسي اتطور جدا اذا بديت بدوا و ما نفع معاك دا ما معناه انو الطبيب بتاعك ما كويس و ما معناه انو الادويه النفسيه كلها ما كويسه المفهوم دا غلط جدا لانو النفع معاك ما نفس الحينفع مع صاحبك و ما نفس الحينفع مع اخوك كل الناس التجاوب بتاعها للدوا بختلف و الاعراض الجانبيه اكتر حاجه بشكو منها الناس في الادويه النفسيه ممكن واحد يجيه كل الاعراض الجانبيه و ممكن واحد ما يجيه ولا عارض</p><p class=\"ql-align-right\">ف اذا نوع معين وصفو ليك الدكتور ما نفع بكل بساطه حنشوف نوع تاني قريب ليه من نفس العائله ممكن نشوف عائله تانيه المهم انت ما توقف الدوا الوصفو ليك الدكتور فجأه عشان ما تجيك اعراض جانبيه زياده </p><p class=\"ql-align-right\">الناس بتفتكر نحنا بنقول ما توقفو فجأه عشان نحنا كدا ادمنا لكن هي الفكره انو ما انت أدمنتا لكن عشان ما تجيك اعراض جانبيه من وقوف الدوا فجأه بس حتوقفو شويه شويه و حنشوف نوع تاني من الأدوية اعراضو الجانبيه اخف بالنسبه ليك </p><p class=\"ql-align-right\"><br></p><p class=\"ql-align-right\">بالنسبه للحاجات الممكن نعملها من غير ما نمشي ل طبيب اذا ما متوفر عندنا الخيار دا في طرق بتاعت استرخاء و بتاعت تنفس&nbsp;بتقلل من التوتر و دايما الناس لمن تسمع طرق استرخاء و طرق تنفس بتفتكر انو دا كلام ساي لكن فعلا دي حاجه مجربه أنا شفتها في كثير من المرضى البتابعوني</p><p class=\"ql-align-right\">في النهايه عايزه اقول انو اضطراب ما بعد الصدمه واحد من&nbsp;الاضطرابات الصعبه على المريض</p><p class=\"ql-align-right\">التصالح مع الصدمه ممكن ياخد وقت بختلف من شخص للتاني</p><p class=\"ql-align-right\">ممكن ياخد وقت ممكن ياخد سنين بس المهم انو الواحد يكون مقتنع تماما انو مع الالتزام بالعلاج مع المعالج او الطبيب الاعراض دي هي بتدل انو جسمك و عقلك بحاولو يتصالحو مع الأحداث الحصلت دي</p><p class=\"ql-align-right\">ف لازم تدي نفسك فرصه ووقت كافي للتعافي حتى لو حياخد شهور او سنين لازم ما تضغط على نفسك انو \"انا لازم الليله مشيت للطبيب و بدا لي الدوا لازم الاسبوع الجاي أشوف فرق طوالي\" </p><p class=\"ql-align-right\">تاني حاجه الكلام يا جماعه الكلام اذا اتكلمت مع اهلك او اصحابك او اي شخص عزيز عليك الحاجه دي بتخفف احساس التوتر و القلق و الاكتئاب و الحزن و الحاجات الممكن تكون ماري بيها دي احتمال لو لقيت شخص بيمر بنفس الحاجات الماري بيها احساس انو انت ما براك البتعاني </p><p class=\"ql-align-right\">ممكن برضو تتجنب الوحده و تكون حولين الناس و الناس يحاولو يدعموك و يعملو ليك support&nbsp;الحاجه دي مفيده جدا بس احساس انو في ناس حولينك فاهمين الحاجه الانت ماري بيها حاجه مهمه شديد في التعافي </p><p class=\"ql-align-right\">النقطه الاخيره انو تحاول يكون عندك روتين معين ماشي عليه ما لازم حاجه يكون فيها طلعه و تلاقي ناس كتيره و حاجات ما مرتاح تعملها في المرحله دي ممكن تكون حاجات بسيطه جدا يعني جدول معين بسيط و انت قاعد في البيت تصحا في وقت معين </p><p class=\"ql-align-right\">وجباتك تكون مرتبه و وقت النوم مرتب اذا عندك شغل تعملو في وقت معين</p><p class=\"ql-align-right\">اتمنا انو يكون مفيد ليكم و اكون قدرت أساعد ولو بنسبه بسيطه بي انو انا اعرفكم على اضطراب ما بعد الصدمه و تكونو عرفتو تشخيصو و علاجو كيف اذا انت حاسي انو عندك الاعراض الاحنا اتكلمنا عنها دي تحاول تتواصل مع طبيب نفسي </p><p class=\"ql-align-right\">في اطباء كتار متتطوعين حاليا في السودان عشان يساعدو الناس بمرو في نفس حالتك الانت ماري بيها هسي</p><p class=\"ql-align-right\">فما تحس انو ما عندك طريقه للمساعده و ما عندك طريقه تتشافى او تتعالج في ظل الظروف دي </p><p class=\"ql-align-right\">و&nbsp;شكرا ليكم و ان شاء الله كلكم تكونو بخير&nbsp;</p><p><br></p>','https://player.vimeo.com/video/1005813699?h=ae143aecb4','uploads/audios/07-08-2024-23-41-طرق علاج اضطراب ما بعد الصدمة.mp3',0,'2023-09-04 13:32:34.660000','2024-09-03 14:10:11.477392','images/clip/03-09-2024-14-10-طرق علاج اضطراب ما بعد الصدمة .png',0,0,0),(48,'اضطراب ما بعد الصدمة ','اضطراب ما بعد الصدمة ',0,'<p class=\"ql-align-right\">في الحلقة دي حنتكلم عن الحدث الصادم أو اضطراب ما بعد الصدمة. اضطراب ما بعد الصدمة هو اضطراب بيحصل نتيجة لي حدث صادم أو تعرض الشخص لي حدث صادم زي ما حاصل هسة في السودان، الحرب حدث صادم طيب واحدة من الحاجات اللي ممكن تحصل لينا نفسيا هي اضطراب ما بعد الصدمة. اضطراب ما بعد الصدمة هو اضطراب نفسي فيهو أعراض وعلامات كتيرة لكن متين بنقول انو الحدث حدث صادم ذاتو عشان يجينا بعداك اضطراب ما بعد الصدمة لازم يكون في عاملين مهمات شديد انو الحدث يكون مهدد للحياة أو حياة زول من الحولي و الحرب حدث صادم و العامل التاني انو يحس الإنسان بالعجز انو ما قادر يساعد نفسه أو يساعد الاخر المعاه برضو دي بتكون موجودة في الحدث بتاع الحرب. بالتالي العاملين ديل بينتجو لينا أو بيؤدوا لي اضطراب ما بعد الصدمة. ما كل الناس طبعا بيصابو بي اضطراب ما بعد الصدمة على حسب رد الفعل، على حسب حدة الحدث للاخر، تجاربه الشخصية، تجاربه الماضية و تاريخه في الاحداث الصادمة فالبتالي ما كل الناس بيتعرضو لي الحاجة دي. أما الاعراض اللي ممكن تحصل لينا نتيجة لي الحدث الصادم اللي هي اعادة تجربة الحدث الصادم زي انو الحاجة دي ممكن تحصل تاني أو الحاجة دي بتوقعا تجي الإعادة بتاعة تجربة الحدث الصادم ممكن تجينا في شكل كوابيس أو أحلام مزعجة أو في شكل شريط بتاع ذكريات اللي هي فلاش باك كدا زي أنا قاعد واعي لكن الحدث كلو يجيني ماري زي شريط الفيديو أو الفيلم من خلال التجربة اللي أنا مريت بيها فالبتالي بتكون زي عايش الحدث تاني فدي واحدة من الأعراض. العرض التاني اللي التجنب، بتجنب أشوف الأفلام، الفيديوهات، شوارع، ناس، ممكن اتجنب حاجات كتيرة شديد عشان ما تذكرني بالحدث الصادم. بالتالي واحدة من الأعراض&nbsp;&nbsp;هي عرض التجنب بيكون موجود. العرض التالت ممكن يكون برضو اللي هي سرعة الاستيقاظ أو الاستثارة يعني الزول طوالي أقل حاجة بتخلي ... أقل حاجة تلقاه مثلا جسمه كش يعني تلقاه أقل حاجة مثلا بهيج، أغلبية الناس اللي اتعرضو لي اضطراب ما بعد الصدمة يقول زمان نفس الحدث دا لو جا أنا ما بهيج الهيجان دا لكن هسي بقيت لأقل الأسباب أنا باستثار. أقل صوت، يعني لو سمعت صوت كباية اتكسرت أنا ممكن اتخلع، لو قمت من النوم بقوم مفزوع، حتى النوم ممكن يكون في اضطرابات كبيرة شديد قد تحدث نتيجة لتعرضنا لي الحدث الصادم. الحاجة الاخيرة في الأعراض اللي هي تغيرات في المزاج و واحدة من الحاجات المهم ندركها هي المزاج و الادراك بتاعنا يعني الزول ممكن يكون ما متذكر الأحداث ما بيجمع يعني بيكون قاعد معاك يقوم يقول ليك انت بتقول في شنو ؟ ما قادر يستوعب الكلام حتى ممكن الكلام يعني ممكن يكون في تأخر في انو يقول الكلمة تأتأة أو يقولو بي بطء أو عشان يدرك انت قاصد شنو ممكن تشرح ليهو أكتر من مرة. الحاجة التانية المزاج بيكون يعني المزاج بيكون ما بقدر أفرح شديد ولا بقدر أزعل ولا بقدر أعبر يعني المزاج متقلب فبالتالي دي كلها يعني أعراض ظاهرة شديد لي اضطراب ما بعد الصدمة. في علاج نفسي بالارشاد أو اجلسات النفسية المتخصصة و برضو مرات في حالات بيكون في علاج دوائي بيؤخد من&nbsp;&nbsp;&nbsp;&nbsp;&nbsp;&nbsp;&nbsp;&nbsp;الطبيب المتخصص و بالتالي بيعتمد على حسب مثلا درجة الأعراض و حدتها لي الشخص </p><p class=\"ql-align-right\">شكرا جزيلا مع تمنياتنا ليكم بي صحة نفسية وعقلية وشكرا عوافي ربنا يسلم البلاد و العباد.</p><p><br></p>','https://player.vimeo.com/video/1005803270?h=0d9be9d86a','uploads/audios/07-08-2024-23-44-اضطراب ما بعد الصدمة.mp3',0,'2023-09-04 13:32:34.660000','2024-09-03 13:49:24.427657','images/clip/03-09-2024-13-49-اضطراب ما بعد الصدمة .png',0,0,0),(49,'اضطراب ما بعد الصدمة كمفهوم وأعراض  ','اضطراب ما بعد الصدمة كمفهوم وأعراض  ',0,'<p>اضطراب ما بعد الصدمة&nbsp;</p><p><br></p><p>في فيديو الليله عايزين نعرف بعد الآثار النفسية المرينا بيها شنو نوعية المشاكل أو Disorder الممكن تواجهنا و كيف ممكن نتعامل معاها</p><p><br></p><p>بعد كميه الأحداث الحصلت ح نتكلم عن اضطراب ما بعد الصدمة من ناحية تعريف من ناحية أعراض من ناحية كيفيه تعامل&nbsp;</p><p><br></p><p>اضطراب ما بعد الصدمة دا هو دايما الاستجابة الطبيعية البتحصل للواحد بعد الحدث الصادم البتعرض ليهو&nbsp;</p><p><br></p><p>طبعا الحدث الصادم بختلف من زول لي زول لكن في الوضع العام للسودان هي الحرب&nbsp;لأنو في مرات بتحصل تروما أو PTSD لكن من حدث مثلا جاي من حاجة طبيعية زي الكوارث الطبيعية زي الزلازل أو البراكين أو حاجات زي دي لكن في الحالة دي هي الحرب&nbsp;</p><p><br></p><p>الآثار النفسية إذا أنا ما قدرت اتعامل معاها بصورة كويسة أنا ح أكون عرضة للتوتر والقلق و لاكتئاب والوسواس القهري ومشاكل في الشخصية و ح أكون عرضة لأنو أنا الآثار البسيطة ح تبقى أكبر وتخش فيها أعراض تانية بسبب إنو ما حليتها من بدري&nbsp;</p><p><br></p><p>طيب اضطراب ما بعد الصدمه ك مفهوم الاستجابة البتحدث دي بتولد عندي نوع من المشاعر السلبيه زي الإنطوائية وحب العزلة وعدم التفاعل وعدم ممارسة الأنشطة واضطرابات في الأكل بزيادة أو نقصان اضطرابات في النوم دايما بجي فلاش باك بالحاجات الحصلت دي وذكريات مؤلمة على شكل كوابيس و بقوم من النوم مخلوعة و تفاصيل زي دي</p><p><br></p><p>في أعراض تانية بتختلف من زول لي زول الاعراض دي مهم إنها تاخد فتره زمنيه معينه يعني مثلا هي ممكن تكون طبيعيه في الشهر الأول ماكسمم كدا لأنو أصلا ردة الفعل الطبيعيه من الجسم إنو بفرز الهرمونات دي عشان يقدر يتكيف مع الواقع الجديد يعني إنت ممكن تكون عادي في الأول تكون مرت عليك نفس الأعراض بس ممكن تكون بي صورة خفيفة وأقل ما بنفس الحدة ليه ؟ دي جسمك ياداب بيتعود علي الحاجات الحصلت جديدة المناطق المسؤولة عن ادراكنا وعن تركيزنا الفي الفص الجبهي منطقه اللوزة والحصين ف الحاجة دي لمن الفترة تعدي الشهر إنت مفروض تطلب المساعدة كيف تقدر تتعامل مع كل الاعراض الحصلت عشان الموضوع ما يبقا ليك مشكلة لي قدام وتقدر ترجع من جديد&nbsp;</p><p><br></p><p>في الفيديو الجاي ح نتكلم عن الأعراض هي شنو وكيف أقدر أتعامل معاها</p>','https://player.vimeo.com/video/1005804101?h=53e27cca80','uploads/audios/07-08-2024-23-47-اضطراب مابعد الصدمة كمفهوم وأعراض (2).mp3',0,'2023-09-04 13:32:34.660000','2024-09-03 14:11:35.110082','images/clip/03-09-2024-14-11-اضطراب ما بعد الصدمة كمفهوم وأعراض  .png',0,0,0),(50,'كيفية التعامل مع اضطراب مابعد الصدمة ✨ الجزء الثاني','كيفية التعامل مع اضطراب مابعد الصدمة ✨ الجزء الثاني',0,'<p>&nbsp;كيف انا اتعامل مع اضطراب ما بعد الصدمة ..</p><p>عشان تقدر تتعامل دايما شوف المدة الزمنية المصاحبة للحدث او التغيير الانت حصل ليك شوف الفترة الزمنية التماها التغيير دا قدر شنو يعني ليك كم انت في لالحاله الما قادر تاكل ما قادر تتفاعل ما قادر تستمتع بحياتك ما قادر تشارك ما قادر تهتم بنفسك ولا بالتغاصيل الاساسية حقتك دائما في حالة تفكير مفرط دايما في قلق دايما في خوف من المستقبل خوف من الماضي تكرار من الاحداث الكوابيس البتمنعك تنوم كل الحاجات دي انت حددته الفترة الزمنية بتاعتها لقيتها تمت الشهر انت المفروض يعني تتعامل بالصورة الحيشرحها ليك المعالج او الطبيب النفسي عشان هو ح يقدر يحدد ويقيم الحاجة دي هل بس نتيجة للحرب ولا انت لا مثلا عندك ترسبات قديمة او عندك مشاكل والحرب مثلا زي صحت باقي العوامل مهم تعرف والمهم هنا تعرف انو اذا الفترة عندها علاقة بالحرب هنا في اليات معينة يمكن انت تساعدك عشان تقدر تتعامل بيها واول حاجه :</p><p> انو انت ما براك الحصلت ليك الحاجة الصادمة دي وانو استجابة الناس مختلفة للحاجه دي لكن في زول حصل ليهو الحدث ومواصل حياتو بطريقة كويسة وعادي وبدا شغلو وكدا والتاني لسه ما قادر ودخل في كومة بتاعت توتر وقلق لسه ما طلع منها وفي زول لسه متوتر و الحاجة الاكيدة انو انت ما براك الحاجة حتخفف عليك شوية وحتديك نوع من الدعم </p><p>الحاجة التانيه :</p><p>اختلاف الناس دا بورينا اختلاف طرق العلاج البتتناسب لانو يمكن في طريقة تنفع مع زول ومع زول تاني لا ما بتنفع او ما تشتغل على الجوانب حقتو فالمعالج بتقييمو هو حيوريك شنو الحاجه المناسبة معاك لكن انت المهم تعرف الحاجات دي </p><p>الحاجة الثالثة :</p><p>لازم تبدا انك تساعد نفسك بتمسسك انو انت طلعنه بروحك فلازم تحافظ عليها ووحده من الاساليب البتخليك تحافظ على روحك .. تسال نفسك حسي انا وين والمفروض يحصل شنو وحصل كدا ليه تركيزك يكون في المشكلة من اجل حل المشكلة وليس التركيز في المشكلة من اجل المشكلة </p><p> مثال التفكير الزايد ليه انا بفكر ف الحاجه دي وحاستفيد منها شنو&nbsp;</p>','https://player.vimeo.com/video/866744156?h=f8875b023c','uploads/audios/04-10-2023-09-44-كيفية التعامل مع اضطراب مابعد الصدمة ✨ الجزء الثاني.mp3',1,'2023-10-04 09:44:37.938666',NULL,'images/clip/12-05-2024-15-21-3awaafi.png',0,0,0),(51,'كيفية التعامل مع اضطراب مابعد الصدمة ✨ الجزء الثاني','كيفية التعامل مع اضطراب مابعد الصدمة ✨ الجزء الثاني',0,'<p>&nbsp;كيف انا اتعامل مع اضطراب ما بعد الصدمة ..</p><p>عشان تقدر تتعامل دايما شوف المدة الزمنية المصاحبة للحدث او التغيير الانت حصل ليك شوف الفترة الزمنية التماها التغيير دا قدر شنو يعني ليك كم انت في لالحاله الما قادر تاكل ما قادر تتفاعل ما قادر تستمتع بحياتك ما قادر تشارك ما قادر تهتم بنفسك ولا بالتغاصيل الاساسية حقتك دائما في حالة تفكير مفرط دايما في قلق دايما في خوف من المستقبل خوف من الماضي تكرار من الاحداث الكوابيس البتمنعك تنوم كل الحاجات دي انت حددته الفترة الزمنية بتاعتها لقيتها تمت الشهر انت المفروض يعني تتعامل بالصورة الحيشرحها ليك المعالج او الطبيب النفسي عشان هو ح يقدر يحدد ويقيم الحاجة دي هل بس نتيجة للحرب ولا انت لا مثلا عندك ترسبات قديمة او عندك مشاكل والحرب مثلا زي صحت باقي العوامل مهم تعرف والمهم هنا تعرف انو اذا الفترة عندها علاقة بالحرب هنا في اليات معينة يمكن انت تساعدك عشان تقدر تتعامل بيها واول حاجه :</p><p> انو انت ما براك الحصلت ليك الحاجة الصادمة دي وانو استجابة الناس مختلفة للحاجه دي لكن في زول حصل ليهو الحدث ومواصل حياتو بطريقة كويسة وعادي وبدا شغلو وكدا والتاني لسه ما قادر ودخل في كومة بتاعت توتر وقلق لسه ما طلع منها وفي زول لسه متوتر و الحاجة الاكيدة انو انت ما براك الحاجة حتخفف عليك شوية وحتديك نوع من الدعم </p><p>الحاجة التانيه :</p><p>اختلاف الناس دا بورينا اختلاف طرق العلاج البتتناسب لانو يمكن في طريقة تنفع مع زول ومع زول تاني لا ما بتنفع او ما تشتغل على الجوانب حقتو فالمعالج بتقييمو هو حيوريك شنو الحاجه المناسبة معاك لكن انت المهم تعرف الحاجات دي </p><p>الحاجة الثالثة :</p><p>لازم تبدا انك تساعد نفسك بتمسسك انو انت طلعنه بروحك فلازم تحافظ عليها ووحده من الاساليب البتخليك تحافظ على روحك .. تسال نفسك حسي انا وين والمفروض يحصل شنو وحصل كدا ليه تركيزك يكون في المشكلة من اجل حل المشكلة وليس التركيز في المشكلة من اجل المشكلة </p><p> مثال التفكير الزايد ليه انا بفكر ف الحاجه دي وحاستفيد منها شنو&nbsp;</p>','https://player.vimeo.com/video/866744156?h=f8875b023c','uploads/audios/04-10-2023-09-45-كيفية التعامل مع اضطراب مابعد الصدمة ✨ الجزء الثاني.mp3',1,'2023-10-04 09:45:00.484047',NULL,'images/clip/12-05-2024-15-21-3awaafi.png',0,0,0),(52,'كيفية التعامل مع اضطراب مابعد الصدمة ✨ الجزء الثاني ','كيفية التعامل مع اضطراب مابعد الصدمة ✨ الجزء الثاني',0,'<p>&nbsp;كيف انا اتعامل مع اضطراب ما بعد الصدمة ..</p><p>عشان تقدر تتعامل دايما شوف المدة الزمنية المصاحبة للحدث او التغيير الانت حصل ليك شوف الفترة الزمنية التماها التغيير دا قدر شنو يعني ليك كم انت في لالحاله الما قادر تاكل ما قادر تتفاعل ما قادر تستمتع بحياتك ما قادر تشارك ما قادر تهتم بنفسك ولا بالتغاصيل الاساسية حقتك دائما في حالة تفكير مفرط دايما في قلق دايما في خوف من المستقبل خوف من الماضي تكرار من الاحداث الكوابيس البتمنعك تنوم كل الحاجات دي انت حددته الفترة الزمنية بتاعتها لقيتها تمت الشهر انت المفروض يعني تتعامل بالصورة الحيشرحها ليك المعالج او الطبيب النفسي عشان هو ح يقدر يحدد ويقيم الحاجة دي هل بس نتيجة للحرب ولا انت لا مثلا عندك ترسبات قديمة او عندك مشاكل والحرب مثلا زي صحت باقي العوامل مهم تعرف والمهم هنا تعرف انو اذا الفترة عندها علاقة بالحرب هنا في اليات معينة يمكن انت تساعدك عشان تقدر تتعامل بيها واول حاجه :</p><p> انو انت ما براك الحصلت ليك الحاجة الصادمة دي وانو استجابة الناس مختلفة للحاجه دي لكن في زول حصل ليهو الحدث ومواصل حياتو بطريقة كويسة وعادي وبدا شغلو وكدا والتاني لسه ما قادر ودخل في كومة بتاعت توتر وقلق لسه ما طلع منها وفي زول لسه متوتر و الحاجة الاكيدة انو انت ما براك الحاجة حتخفف عليك شوية وحتديك نوع من الدعم </p><p>الحاجة التانيه :</p><p>اختلاف الناس دا بورينا اختلاف طرق العلاج البتتناسب لانو يمكن في طريقة تنفع مع زول ومع زول تاني لا ما بتنفع او ما تشتغل على الجوانب حقتو فالمعالج بتقييمو هو حيوريك شنو الحاجه المناسبة معاك لكن انت المهم تعرف الحاجات دي </p><p>الحاجة الثالثة :</p><p>لازم تبدا انك تساعد نفسك بتمسسك انو انت طلعنه بروحك فلازم تحافظ عليها ووحده من الاساليب البتخليك تحافظ على روحك .. تسال نفسك حسي انا وين والمفروض يحصل شنو وحصل كدا ليه تركيزك يكون في المشكلة من اجل حل المشكلة وليس التركيز في المشكلة من اجل المشكلة </p><p> مثال التفكير الزايد ليه انا بفكر ف الحاجه دي وحاستفيد منها شنو&nbsp;</p>','https://player.vimeo.com/video/1005814731?h=b8da6757d0','uploads/audios/07-08-2024-23-49-كيفية التعامل مع اضطراب مابعد الصدمة ✨ الجزء الثاني.mp3',0,'2023-09-04 13:32:34.660000','2024-09-03 14:12:46.300244','images/clip/03-09-2024-14-12-كيفية التعامل مع اضطراب مابعد الصدمة ✨ الجزء الثاني .png',0,0,0),(53,'كيفية التعامل مع اضطراب مابعد الصدمة ✨ الجزء الثاني','كيفية التعامل مع اضطراب مابعد الصدمة ✨ الجزء الثاني',0,'<p>&nbsp;كيف انا اتعامل مع اضطراب ما بعد الصدمة ..</p><p>عشان تقدر تتعامل دايما شوف المدة الزمنية المصاحبة للحدث او التغيير الانت حصل ليك شوف الفترة الزمنية التماها التغيير دا قدر شنو يعني ليك كم انت في لالحاله الما قادر تاكل ما قادر تتفاعل ما قادر تستمتع بحياتك ما قادر تشارك ما قادر تهتم بنفسك ولا بالتغاصيل الاساسية حقتك دائما في حالة تفكير مفرط دايما في قلق دايما في خوف من المستقبل خوف من الماضي تكرار من الاحداث الكوابيس البتمنعك تنوم كل الحاجات دي انت حددته الفترة الزمنية بتاعتها لقيتها تمت الشهر انت المفروض يعني تتعامل بالصورة الحيشرحها ليك المعالج او الطبيب النفسي عشان هو ح يقدر يحدد ويقيم الحاجة دي هل بس نتيجة للحرب ولا انت لا مثلا عندك ترسبات قديمة او عندك مشاكل والحرب مثلا زي صحت باقي العوامل مهم تعرف والمهم هنا تعرف انو اذا الفترة عندها علاقة بالحرب هنا في اليات معينة يمكن انت تساعدك عشان تقدر تتعامل بيها واول حاجه :</p><p> انو انت ما براك الحصلت ليك الحاجة الصادمة دي وانو استجابة الناس مختلفة للحاجه دي لكن في زول حصل ليهو الحدث ومواصل حياتو بطريقة كويسة وعادي وبدا شغلو وكدا والتاني لسه ما قادر ودخل في كومة بتاعت توتر وقلق لسه ما طلع منها وفي زول لسه متوتر و الحاجة الاكيدة انو انت ما براك الحاجة حتخفف عليك شوية وحتديك نوع من الدعم </p><p>الحاجة التانيه :</p><p>اختلاف الناس دا بورينا اختلاف طرق العلاج البتتناسب لانو يمكن في طريقة تنفع مع زول ومع زول تاني لا ما بتنفع او ما تشتغل على الجوانب حقتو فالمعالج بتقييمو هو حيوريك شنو الحاجه المناسبة معاك لكن انت المهم تعرف الحاجات دي </p><p>الحاجة الثالثة :</p><p>لازم تبدا انك تساعد نفسك بتمسسك انو انت طلعنه بروحك فلازم تحافظ عليها ووحده من الاساليب البتخليك تحافظ على روحك .. تسال نفسك حسي انا وين والمفروض يحصل شنو وحصل كدا ليه تركيزك يكون في المشكلة من اجل حل المشكلة وليس التركيز في المشكلة من اجل المشكلة </p><p> مثال التفكير الزايد ليه انا بفكر ف الحاجه دي وحاستفيد منها شنو&nbsp;</p>','https://player.vimeo.com/video/866744156?h=f8875b023c','uploads/audios/04-10-2023-09-45-كيفية التعامل مع اضطراب مابعد الصدمة ✨ الجزء الثاني.mp3',1,'2023-10-04 09:45:10.347039',NULL,'images/clip/12-05-2024-15-21-3awaafi.png',0,0,0),(54,'إضطراب مابعد الصدمة الجزء الاخير وطريقة العلاج  ','إضطراب مابعد الصدمة الجزء الاخير وطريقة العلاج  ',0,'<p>تفكيرك بالطريقة دي حيساعدك كتير انك انت تقدر تتعامل مع الحدث الصادم او اضطراب ما بعد الصدمة بصورة منطقية .. دي اسعافات ممكن تكون كدا اولية </p><p>تفسيرك للاحداث وللاعراض العندك ومراقبتك لافكارك وطريقة تعاملك بشكل عام دا حيساعد في العلاج كتير </p><p>نجي نشوف طرق العلاج الممكن نستخدمها لعلاج اضطراب ما بعد الصدمة .. طبعا العلاج بتقسم لقسمين في علاج نفسي وفي علاج دوائي والعلاج النفسي نفسه بتقسم الى نوعين في علاج فردي وفي علاج جماعي ودا للافراد الاتعرضو لنفس الحدث ولهم نفس الاعراض وفي بينهم نوع من القرابة بتنجح هنا العلاجات الجماعية عشان بستفيدو من خبرات بعض انو فلان دا ياخ الحاجه دي نجحت معاهو فاستخدمها زانت ممكن تستفيد منها العلاج الفردي او النفسي بشكل عام بياخد فترة بتاعت علاج من اسبوعين لستة اسابيع كحد اقصى بحصل فيها تقييم كامل للوضع وبحصل ليك فيها مناقشة لكل الافكار والتعديل للحاجات الممكن تكون مغلوطة شوية وتفسير لواقع واعادة تأهيل عشان تقدر تبني بصورتها الصاح وبالصورة المطلوبة </p><p>طرق العلاج معتمدة عليك انت علاج كلي وعلى المعالج والدعم الحيجيك من افراد المجتمع الموجود فيهو </p><p> وفي العلاج الدوائي ودا البناخد فيهو مضادات الاكتئاب زي ( الفولكستين &nbsp;) عشامن نسيطر على الاعراض الجانبية او الاعراض الجسدية الجات عن الحدث الصادم وهي الاثار التي حصلت بسبب المشكلة النفسية انو انا بسبب الحدث الصادم الاتعرضته ليهو في المنطقة الفلانية بقيت ما قادر انوم بقيت متوتر او معرق او نفسي متضايق يعني في اعراض فيسلوجية بقت واضحة دي هنا البدخل لي فيها العلاج الدوائي عشان يعمل لينا كنترول وتحكم للاعراض دي كلها مع بعض لانو الليله في الجهاز العصبي المركزي في نواقل عصبي معينة هي مهمتها اصلا ترتب اليات التفكير التركيز المدخلات وهي موجودة في الفص الامامي والجبهي لمنطقة اللوزة بمجرد الانسان اتعرض لصدمة بحصل خلل في المناطق دي وما بتكون شغالة بصورتها الصاح ونتيجة الاعراض بتظهر في الحته دي في الوقت اليدوب المخ ببدا يشتغل ويبدا يستوعب الحدث الصادم وهو فترة بعد ما تخلص في ناس بتقدر ترجع تتكيف بالصورة العادية وفي ناس الا يدخل العلاج عشان يبدا يساعدها لكن مهم تعرف انو لازم انت تمر بالفترات والمراحل دي عشان تقدر انك تطلع من الحرب بالنتائج الايجابية </p><p> ان شاء الله بالدعم وبطلب العلاج وعدم الخجل منه انت كدا حتكون ماشي صاح وماشي في رحلة علاج كالمة ونتمنى كل الناس تطلع بشفاء عاجل وبسلام وامان من الحرب&nbsp;</p>','https://player.vimeo.com/video/1005803702?h=2149cd3639','uploads/audios/07-08-2024-23-51-إضطراب مابعد الصدمة الجزء الاخير وطريقة العلاج ✨.mp3',0,'2023-09-04 13:32:34.660000','2024-09-03 13:42:50.488338','images/clip/03-09-2024-13-42-إضطراب مابعد الصدمة الجزء الاخير وطريقة العلاج  .png',0,0,0),(55,'xx','xxxxxx',0,'<p>xxxxxxxxxx</p>','xxxxxxxxxx','uploads/audios/19-10-2023-16-48-100-KB-MP3.mp3',1,'2023-10-19 16:48:50.296423',NULL,'images/clip/12-05-2024-15-21-3awaafi.png',0,0,0),(56,'xxx','xxxxxxxxxx',0,'<p>xxxxx</p>','xxx','uploads/audios/19-10-2023-16-52-100-KB-MP3.mp3',1,'2023-10-19 16:52:51.127266',NULL,'images/clip/12-05-2024-15-21-3awaafi.png',0,0,0),(57,'Test Test Test','TestTestTestTestTest',0,'<p>TestTestTestTestTest</p>','TestTestTest','uploads/audios/20-10-2023-20-18-100-KB-MP3.mp3',1,'2023-10-20 20:18:49.982080',NULL,'images/clip/12-05-2024-15-21-3awaafi.png',0,0,0),(58,'الاكتئاب ','الاكتئاب ',0,'<p>بسم الله الرحمن الرحيم و الصلاة و السلام على اشرف الأنبياء و المرسلين سيدنا محمد وعلى آله وصحبه و من سار على دربه الى يوم الدين&nbsp;</p><p>انا ايمن سيد اختصاصي نفسي سعيد اني اكون معاكم في منصه عوافي و الليله حنتكلم عن واحده من اشهر الاضطرابات النفسية واكثرها شيوعا وهو اضطراب الاكتئاب</p><p>الاضطراب دا معروف و كتير مننا بنسمعو في حياتنا اليوميه بشكل كتير و يمكن نسمع كتير من الناس بتقول \"انا حاسي ب إكتئاب\" او \"انا شاعر انو عندي اكتئاب\" او حتى نحن مرات بنقول \"الليله إنت مالك&nbsp;مكتئب كدا\"</p><p><br></p><p>الليله حنتكلم عنو بشكل علمي و حنعرف اسبابو و عواملو و اعراضو و طرق علاجو و كيف ممكن نتعامل مع الشخص العندو اكتئاب</p><p>مبدأيا الاكتئاب ممكن نعرفو بأنو حاله نفسيه بسيطر فيها الاحباط الشديد على الشخص و بخليهو على انو ينجز مهامو بشكل طبيعي و كذلك بكون في إحساس حق وحده و خمول بدرجة كبيره و عدم القدرة على ممارسه النشاطات اليوميه بشكل معتاد و انعزال من الناس و انعزال من المجتمع و انعزال من المناسبات العامه</p><p>من اهم اسبابو و خلينا نقول اول شي انو شائع جدا و بصيب جميع المراحل العمريه و اكتر فئه معرضه للإصابة بالاكتئاب هم الشباب و بأثر عليهم بشكل كبير في حياتهم اليوميه و من اسوأ الحاجات البساهم فيها انو رغبه الشخص انو ينهي حياتو و بتبقا هي دي المشكلة الكبيره بالنسبه ليهو و كمان بساهم في زياده الاضطرابات النفسية و ممكن لا قدر الله يدخل الشخص في اضطراب نفسي تاني العلاج فيه بكون اصعب و بأثر على حياتو بشكل كبير جدا</p><p><br></p><p>من اعراض الاكتئاب زي ما قلنا هي : إحباط كبير ،شعور دائم باليأس، الانعزال من الناس و المناسبات الاجتماعية ،اضطرابات في النوم ، النوم لساعات طويله جدا او ممكن يسبب مشكله في النوم و ارق و عدم قدره على النوم بشكل طبيعي ،و كمان من اعراضو اضطراب الشهية ف ممكن الشخص ياكل بصوره مفرطه او ممكن يسبب ليه عزوف عن الاكل و عدم الاكل لساعات طويله&nbsp;و كذلك الرغبه في انهاء الحياه و الشعور باليأس و التفكير في الانتحار</p><p><br></p><p><br></p><p>أسباب الاكتئاب كتيره و لكن الاسباب الحاصلة في السودان - رفع الله البلاء عن بلادنا الحبيبه - قد يكون ليها دور كبير في شعور الناس بالاكتئاب&nbsp;و قد تؤثر الاحداث الحاصله في السودان على الناس بصوره كبيره بسبب انو ممكن تسبب ليهم اكتئاب عام أو اكتئاب مزمن&nbsp;</p><p><br></p><p>كيف ممكن نتعامل مع الشخص العندو اكتئاب : اولا لازم نحاول نحتويهو و نحاول نسمع منو و نحاول انو نحنا نقدر ظروفو انو ما قادر يختلط بالناس و ما قادر يتكلم او ما عندو رغبه انو يختلط بالناس لازم نفهم شعورو و لازم ندعمو بطاقه إيجابية و نحاول نكون جنبو و حولينو و ما نيأس منو بسرعه و يكون عندنا صبر في التعامل معاهو</p><p>كذلك لابد اهم شي نستشير اصحاب الاختصاص الاخصائين النفسيين و المعالجين النفسيين يورونا كيف ممكن نتعامل بطريقه صحية مع الشخص العندو اضطراب الاكتئاب&nbsp;</p><p>و كذلك لابد نعرض الشخص دا&nbsp;على اصحاب الاختصاص من المعالجين و الاخصائين النفسيين&nbsp;</p><p>طرق العلاج النفسيه عند الاخصائي النفسي لاضطراب الاكتئاب ممكن تكون في المدرسة العلاجية السلوكيه و هي مدرسه تقوم على تغيير نمط الافكار التلقائي عند الشخص المصاب بالاكتئاب&nbsp;</p><p>وكذلك ايجاد الحلول البديله لما بعانيهو و فهم الاحاسيس و المشاعر و كذلك بناء خطه جديده التعافي و العودة الى الحياه</p><p>و كيف بقدر يواجه المشاكل البتلاقيه بصورة مختلفه عن الكان يواجهها ،و كيف ممكن ينظر الى الاشياء بصوره اكثر ايجابيه</p><p>الاكتئاب درجات و المعالج النفسي بيضع اي درجه فيها شخص&nbsp;</p><p>و درجه الخطوره على الشخص من اضطراب الاكتئاب و بيبدا يشتغل معاه على الحته دي&nbsp;</p><p>في الختام مهم جدا انو ندعم اي شخص بعاني من الاكتئاب و نقيف معاهم و ندعمهم نفسيا و نحاول نسمعهم بصوره كبيره و نفتح ليهم قلوبنا و نحاول ما نخليهم يستسلمو لحاله اليأس و الاحباط و اهم حاجه انو دايما نعرضهم لأصحاب الاختصاص و ما نستحي نمشي لجهه تساعدنا او اختصاصي نفسي يساعدنا حتى لو بالسؤال حتى لو المشورة حتى لو بأقل حاجه ممكن تساعد الشخص&nbsp;</p><p>كنت معاهم ايمن السيد و شكرا جزيلا</p><p><br></p>','https://player.vimeo.com/video/1005802431?h=39101f806c','uploads/audios/07-08-2024-23-54-اضطراب الاكتئاب.mp3',0,'2023-09-04 13:32:34.660000','2024-09-03 13:46:17.714440','images/clip/03-09-2024-13-46-الاكتئاب .png',0,0,0),(59,'القلق ','القلق ',0,'<p>بسم الله الرحمن الرحيم و الصلاة و السلام على اشرف الأنبياء و المرسلين سيدنا محمد وعلى آله وصحبه و من سار على دربه الى يوم الدين</p><p>انا ايمن سيد اختصاصي نفسي ،سعيد اني اكون معاكم في منصه عوافي ، الليله حنتكلم عن اشهر الاضطرابات النفسية وهو اضطرلب القلق العام، و بالضروره نتكلم عنو لانو الاحداث المصاحبه في السودان ممكن تأثر بصوره كبيره على الأفراد العايشين في السودان</p><p>بما شافوهو و عاشوهو و ممكن يتنشر بصوره كبيره جدا بين الناس</p><p><br></p><p>في البدايه بنقول ان شاء الله ربنا يرحم كل الاتوفو في السودان و يعافي كل المصابين و يرفع البلاء عن بلادنا الحبيبه و ان شاء الله نرجع امنين لي بلادنا و لي بيوتنا و يسود الامن و يسود الامان و ترجع ان شاء الله حياتنا أفضل من ما كانت ، ضروري جدا نتفائل و ضروري جدا نحس انو القادم أفضل بإذن الله</p><p><br></p><p>اضطراب القلق العام ممكن نعرفو بأنو هو اضطراب نفسي يسيطر فيه القلق بصوره كبيره جدا على الشخص و كذلك الخوف من المجهول</p><p>بسميه اضطراب القلق على الشخص المصاب في ثلاثه مستويات</p><p>المستوى الاول مستوى جسدي: من اعراضو زياده دقات القلب بصوره كبيره جدا جدا و اضطرابات في التنفس و ممكن تصاحب اضطرابات التنفس اضطرابات هضميه و مشاكل في النوم&nbsp;</p><p>إما المستوى التاني : فبأثر لي على الحاله المزاجيه او الحاله النفسيه للشخص و بتخليه دايما شاعر ب خوف من المجهول و ما قادر يفهم التصور ليه هو خايف و ليه دايما بتوقع الأسوأ انو يحصل ليه</p><p>برضو اضطراب القلق بأثر في المستوى الثالث على الجانب الاجتماعي : بخلي الشخص دايما منعزل و بخلي الشخص ما اجتماعي و ما قادر انو يمارس حياتو بشكل طبيعي و كذلك بأثر على افكارو و بتخلي افكارو دايما سوداويه و دايما بتوقع الاسوأ انو يحصل&nbsp;</p><p>ضروري انو نعرف التفاصيل دي لانو التفاصيل دي بتورينا اذا كان الشخص عندو اضطراب قلق عام و كيف حيأثر على حياتو&nbsp;</p><p>حيأثر على حياتو بأنو حينعزل عن الناس و تاني حاجه حيأثر على صحتو بأنو حيكون عندو مشاكل في التنفس و ممكن يعاني من صداع و يعاني من مشاكل هضميه او الام في العظام او مشاكل في النوم و حيكون دايما مصاحب ليه قلق غير مبرر و ضروري نفهم انو القلق شعور طبيعي ممكن الانسان يحس بيهو زي ما كلنا بنقلق طبيعي لمن يكون عندنا إمتحان او متوقعين حاجه تحصل دا شعور طبيعي جدا و مفهوم و صحي للانسان&nbsp;</p><p>ولكن لمن يكون القلق ما عندو مبرر و الخوف و القلق من اللاشئ بصورة كبيره جدا دا بأثر على صحتو النفسيه بصورة كبيره جدا و ممكن بكون عرضه بصور كبيرة للاكتئاب&nbsp;</p><p><br></p><p>يستخدم في علاج اضطراب القلق العام المدرسه العلاجيه السلوكيه و تغيير نمط الافكار التلقائيه و كذلك تستعمل تمارين التنفس و تمارين الاسترخاء و ضروري يواظب عليها الشخص مع اشراف شخص مختص يعلمو كيف انو يحافظ على تنفسو طبيعي و على دقات قلبو طبيعيه و يعلمو كيف يستخدم مهارات الاسترخاء الذهني و العضلي التنفسي و البدني و يعلمو كيف انو يفكر افكار إيجابية و كيف انو يغير الافكار السوداوية البتجيه و كيف انو يواجه القلق الما عندو مبرر البجيه</p><p>ضروري انو ندعم الناس ال عندهم اضطراب القلق و ضروري انو نقيف جنبهم و ضروري انو نحاول نطمنهم و ضروري نديهم طاقه ايجابيه و ما نخليهم يستسلمو للقلق و ما نخلي القلق يسيطر عليهم بصوره كبيره و نبعد عنهم الخوف الغير مبرر و نحاول نطمنهم و ندعمهم و نحتويهم دائما&nbsp;</p><p>ما ننسى أبدا انو نستشير اصحاب الاختصاص و نستشير الناس الفي المجال من الاطباء و المعالجين النفسيين يورونا كيف ممكن تتعامل ال عندهم قلق الممكن يكونو في بيتنا واحد من اهلنا او أصحابنا و ما ننسى انو نعرضو على معالج نفسي يساعدو في انو يتجاوز اضطراب القلق العام ان شاء الله يرجع بصحه و عافيه و من غير اي اضطراب و يقدر يمارس حياتو بطريقه طبيعيه و بدون ما يكون عرضه انو يصاب ب اي مرض نفسي تاني</p><p>كنت معاكم د. ايمن ، شكرا جزيلا</p><p><br></p>','https://player.vimeo.com/video/1005802777?h=3ec7eb3a49','uploads/audios/07-08-2024-23-57-اضطراب القلق.mp3',0,'2023-09-04 13:32:34.660000','2024-09-03 13:47:24.755511','images/clip/03-09-2024-13-47-القلق .png',0,0,0),(60,'القلق','القلق',0,'<p>بسم الله الرحمن الرحيم و الصلاة و السلام على اشرف الأنبياء و المرسلين سيدنا محمد وعلى آله وصحبه و من سار على دربه الى يوم الدين</p><p>انا ايمن سيد اختصاصي نفسي ،سعيد اني اكون معاكم في منصه عوافي ، الليله حنتكلم عن اشهر الاضطرابات النفسية وهو اضطرلب القلق العام، و بالضروره نتكلم عنو لانو الاحداث المصاحبه في السودان ممكن تأثر بصوره كبيره على الأفراد العايشين في السودان</p><p>بما شافوهو و عاشوهو و ممكن يتنشر بصوره كبيره جدا بين الناس</p><p><br></p><p>في البدايه بنقول ان شاء الله ربنا يرحم كل الاتوفو في السودان و يعافي كل المصابين و يرفع البلاء عن بلادنا الحبيبه و ان شاء الله نرجع امنين لي بلادنا و لي بيوتنا و يسود الامن و يسود الامان و ترجع ان شاء الله حياتنا أفضل من ما كانت ، ضروري جدا نتفائل و ضروري جدا نحس انو القادم أفضل بإذن الله</p><p><br></p><p>اضطراب القلق العام ممكن نعرفو بأنو هو اضطراب نفسي يسيطر فيه القلق بصوره كبيره جدا على الشخص و كذلك الخوف من المجهول</p><p>بسميه اضطراب القلق على الشخص المصاب في ثلاثه مستويات</p><p>المستوى الاول مستوى جسدي: من اعراضو زياده دقات القلب بصوره كبيره جدا جدا و اضطرابات في التنفس و ممكن تصاحب اضطرابات التنفس اضطرابات هضميه و مشاكل في النوم&nbsp;</p><p>إما المستوى التاني : فبأثر لي على الحاله المزاجيه او الحاله النفسيه للشخص و بتخليه دايما شاعر ب خوف من المجهول و ما قادر يفهم التصور ليه هو خايف و ليه دايما بتوقع الأسوأ انو يحصل ليه</p><p>برضو اضطراب القلق بأثر في المستوى الثالث على الجانب الاجتماعي : بخلي الشخص دايما منعزل و بخلي الشخص ما اجتماعي و ما قادر انو يمارس حياتو بشكل طبيعي و كذلك بأثر على افكارو و بتخلي افكارو دايما سوداويه و دايما بتوقع الاسوأ انو يحصل&nbsp;</p><p>ضروري انو نعرف التفاصيل دي لانو التفاصيل دي بتورينا اذا كان الشخص عندو اضطراب قلق عام و كيف حيأثر على حياتو&nbsp;</p><p>حيأثر على حياتو بأنو حينعزل عن الناس و تاني حاجه حيأثر على صحتو بأنو حيكون عندو مشاكل في التنفس و ممكن يعاني من صداع و يعاني من مشاكل هضميه او الام في العظام او مشاكل في النوم و حيكون دايما مصاحب ليه قلق غير مبرر و ضروري نفهم انو القلق شعور طبيعي ممكن الانسان يحس بيهو زي ما كلنا بنقلق طبيعي لمن يكون عندنا إمتحان او متوقعين حاجه تحصل دا شعور طبيعي جدا و مفهوم و صحي للانسان&nbsp;</p><p>ولكن لمن يكون القلق ما عندو مبرر و الخوف و القلق من اللاشئ بصورة كبيره جدا دا بأثر على صحتو النفسيه بصورة كبيره جدا و ممكن بكون عرضه بصور كبيرة للاكتئاب&nbsp;</p><p><br></p><p>يستخدم في علاج اضطراب القلق العام المدرسه العلاجيه السلوكيه و تغيير نمط الافكار التلقائيه و كذلك تستعمل تمارين التنفس و تمارين الاسترخاء و ضروري يواظب عليها الشخص مع اشراف شخص مختص يعلمو كيف انو يحافظ على تنفسو طبيعي و على دقات قلبو طبيعيه و يعلمو كيف يستخدم مهارات الاسترخاء الذهني و العضلي التنفسي و البدني و يعلمو كيف انو يفكر افكار إيجابية و كيف انو يغير الافكار السوداوية البتجيه و كيف انو يواجه القلق الما عندو مبرر البجيه</p><p>ضروري انو ندعم الناس ال عندهم اضطراب القلق و ضروري انو نقيف جنبهم و ضروري انو نحاول نطمنهم و ضروري نديهم طاقه ايجابيه و ما نخليهم يستسلمو للقلق و ما نخلي القلق يسيطر عليهم بصوره كبيره و نبعد عنهم الخوف الغير مبرر و نحاول نطمنهم و ندعمهم و نحتويهم دائما&nbsp;</p><p>ما ننسى أبدا انو نستشير اصحاب الاختصاص و نستشير الناس الفي المجال من الاطباء و المعالجين النفسيين يورونا كيف ممكن تتعامل ال عندهم قلق الممكن يكونو في بيتنا واحد من اهلنا او أصحابنا و ما ننسى انو نعرضو على معالج نفسي يساعدو في انو يتجاوز اضطراب القلق العام ان شاء الله يرجع بصحه و عافيه و من غير اي اضطراب و يقدر يمارس حياتو بطريقه طبيعيه و بدون ما يكون عرضه انو يصاب ب اي مرض نفسي تاني</p><p>كنت معاكم د. ايمن ، شكرا جزيلا</p><p><br></p>','https://player.vimeo.com/video/877061974?h=77c4966da2','uploads/audios/23-10-2023-10-25-اضطراب القلق.mp3',1,'2023-10-23 10:25:16.393329',NULL,'images/clip/12-05-2024-15-21-3awaafi.png',0,0,0),(61,'TESTING Audio','TESTING Audio',0,'<h2><span class=\"ql-font-monospace\">TESTING Audio</span></h2>','TESTING Audio','uploads/audios/31-10-2023-11-59-7abeby_Ya_melody4arab.com_.mp3',1,'2023-10-31 11:59:38.296373',NULL,'images/clip/12-05-2024-15-21-3awaafi.png',0,0,0),(62,'Testing Audio Upload','Testing Audio Upload',0,'<h2><span class=\"ql-font-monospace\">Testing Audio Upload</span></h2>','Testing Audio Upload','uploads/audios/31-10-2023-12-02-A2oul_Ansak_melody4arab.com.mp3',1,'2023-10-31 12:02:43.527014',NULL,'images/clip/12-05-2024-15-21-3awaafi.png',0,0,0),(63,'TESTING Audio','TESTING Audio',0,'<h1><span class=\"ql-font-monospace\">TESTING Audio<span class=\"ql-cursor\">﻿</span></span></h1>','x','uploads/audios/31-10-2023-12-29-7abeby_Ya_melody4arab.com_.mp3',1,'2023-10-31 12:29:27.610979',NULL,'images/clip/12-05-2024-15-21-3awaafi.png',0,0,0),(64,'test','ssssss',0,'<h1>sssssss</h1>','00000','audioclinic.nxtserver.com/uploads/30-11-2023-11-21-Ahl_El_Hawa_melody4arab.com (1).mp3',1,'2023-11-30 11:21:07.880171',NULL,'images/clip/12-05-2024-15-21-3awaafi.png',0,0,0),(65,'tttt','ssss',0,'sssss','ssssss','audioclinic.nxtserver.com/uploads/30-11-2023-11-23-Al_Qalb_Yaashak_melody4arab.com.mp3',1,'2023-11-30 11:23:08.999284',NULL,'images/clip/12-05-2024-15-21-3awaafi.png',0,0,0),(66,'ninjarun','ddd',0,'<h2>sssssss</h2>','vvvvvvv','audioclinic.nxtserver.com/uploads/30-11-2023-11-24-Hazehi_Laylaty_melody4arab.com.mp3',1,'2023-11-30 11:24:36.000095',NULL,'images/clip/12-05-2024-15-21-3awaafi.png',0,0,0),(67,'Test upload clip','QWERTY',0,'<h1>testing test for  </h1>','none','uploads/audios/12-05-2024-13-09-A2oul_Ansak_melody4arab.com.mp3',1,'2024-05-12 13:09:06.971943',NULL,'images/clip/12-05-2024-15-21-3awaafi.png',0,0,0),(68,'Test CLip','Test CLip',0,'<p>Test CLip</p>','https://player.vimeo.com/video/866731360?h=0afe1a9c19','uploads/audios/09-07-2024-11-55-3_Daqat_Ft_Yousra_Melody4Arab.Com.mp3',1,'2024-07-09 11:55:51.105053',NULL,'images/clip/09-07-2024-11-55-Test CLip.png',0,0,0),(69,'Test CLip','Test CLip',0,'<p>Test CLip</p>','https://player.vimeo.com/video/866731360?h=0afe1a9c19','uploads/audios/09-07-2024-11-55-3_Daqat_Ft_Yousra_Melody4Arab.Com.mp3',1,'2024-07-09 11:55:59.884796',NULL,'images/clip/09-07-2024-11-55-Test CLip.png',0,0,0),(70,'TEST ','QWERTY ',0,'TEXT TEST','12345567 ','uploads/audios/07-08-2024-17-27-Majrouh__melody4arab.com_.mp3',1,'2023-09-04 13:32:34.660000','2024-08-07 17:27:15.775206','images/clip/07-08-2024-17-27-TEST .png',0,0,0),(71,'Test upload clip','QWERTY',0,'<p>dfgdfdfgdfgdfgdfg</p>','none','uploads/audios/07-08-2024-17-24-Betlomouni_Leah_melody4arab.com.mp3',1,'2024-08-07 17:24:49.847563',NULL,'images/clip/07-08-2024-17-24-Test upload clip.png',0,0,0),(72,'حقوق الأطفال','حقوق الأطفال',0,'<p>واحد من المشاكل بتاعت الحروب البتأثر علينا بالنسبة للأطفال إنو ممكن تأثر على جانب النمو بتاعهم وعلى الجانب النفسي وحتى الجانب العضوي عشان كدا واحد من أساسيات حقوق الإنسان وحقوق الأطفال إنو نحاول بقدر الإمكان نجنبهم مناطق النزاعات و نجنبهم الحروب ونجنبهم المخاطر وأي أشياء عسكرية أو بالشكل دا</p>','https://player.vimeo.com/video/1005807835?h=5043aac1ec','uploads/audios/07-08-2024-19-58-حقوق الأطفال.mp3',0,'2023-09-04 13:32:34.660000','2024-09-03 14:15:48.723407','images/clip/03-09-2024-14-15-حقوق الأطفال.png',0,0,0),(73,'NEW CLIP ADDING TEST','NEW CLIP ADDING TEST',0,'<p>NEW CLIP ADDING TEST</p>','NEW CLIP ADDING TEST','uploads/audios/15-01-2025-10-54-3_Daqat_Ft_Yousra_Melody4Arab.Com.mp3',1,'2023-09-04 13:32:34.660000','2025-01-15 13:40:01.526863','images/clip/15-01-2025-13-40-NEW CLIP ADDING TEST.png',0,0,0);

--
-- Table structure for table `doctorrates`
--

CREATE TABLE `doctorrates` (
  `Id` int NOT NULL AUTO_INCREMENT,
  `DoctorId` varchar(255) NOT NULL,
  `Rate` int NOT NULL,
  `CreatedDate` datetime(6) NOT NULL,
  `UserId` varchar(255) NOT NULL,
  PRIMARY KEY (`Id`),
  KEY `IX_doctorRates_DoctorId` (`DoctorId`),
  KEY `IX_doctorRates_UserId` (`UserId`),
  CONSTRAINT `FK_doctorRates_AspNetUsers_DoctorId` FOREIGN KEY (`DoctorId`) REFERENCES `aspnetusers` (`Id`) ON DELETE CASCADE,
  CONSTRAINT `FK_doctorRates_AspNetUsers_UserId` FOREIGN KEY (`UserId`) REFERENCES `aspnetusers` (`Id`) ON DELETE CASCADE
) ENGINE=InnoDB AUTO_INCREMENT=32 DEFAULT CHARSET=utf8mb4 COLLATE=utf8mb4_0900_ai_ci;

--
-- Dumping data for table `doctorrates`
--

INSERT INTO `doctorrates` VALUES (1,'350f212d-27ab-483a-a9c5-01b2c58fdb35',5,'2024-02-29 12:50:11.920844','4c0ea76e-ff21-4ae3-bed1-96ee16dad38e'),(2,'350f212d-27ab-483a-a9c5-01b2c58fdb35',5,'2024-02-29 12:50:42.566112','4c0ea76e-ff21-4ae3-bed1-96ee16dad38e'),(3,'350f212d-27ab-483a-a9c5-01b2c58fdb35',5,'2024-02-29 12:51:18.121581','4c0ea76e-ff21-4ae3-bed1-96ee16dad38e'),(4,'350f212d-27ab-483a-a9c5-01b2c58fdb35',5,'2024-02-29 12:54:20.092652','4c0ea76e-ff21-4ae3-bed1-96ee16dad38e'),(5,'350f212d-27ab-483a-a9c5-01b2c58fdb35',5,'2024-03-04 09:46:19.410574','350f212d-27ab-483a-a9c5-01b2c58fdb35'),(6,'350f212d-27ab-483a-a9c5-01b2c58fdb35',5,'2024-03-04 09:46:30.102700','350f212d-27ab-483a-a9c5-01b2c58fdb35'),(7,'350f212d-27ab-483a-a9c5-01b2c58fdb35',5,'2024-03-04 11:02:28.853814','e06e01b5-cc88-4251-abd0-783efa6b7bec'),(8,'350f212d-27ab-483a-a9c5-01b2c58fdb35',5,'2024-03-04 11:05:31.376848','e06e01b5-cc88-4251-abd0-783efa6b7bec'),(9,'350f212d-27ab-483a-a9c5-01b2c58fdb35',5,'2024-03-04 11:06:19.702818','e06e01b5-cc88-4251-abd0-783efa6b7bec'),(13,'350f212d-27ab-483a-a9c5-01b2c58fdb35',5,'2024-03-07 11:25:11.479052','07ad336a-5ce7-4624-a634-30ec107fb822'),(17,'514cb96f-7e0d-428e-8759-85fdc9dd1627',5,'2024-03-13 12:56:16.142702','e06e01b5-cc88-4251-abd0-783efa6b7bec'),(18,'514cb96f-7e0d-428e-8759-85fdc9dd1627',5,'2024-03-13 12:59:36.144673','e06e01b5-cc88-4251-abd0-783efa6b7bec'),(19,'514cb96f-7e0d-428e-8759-85fdc9dd1627',5,'2024-03-13 12:59:48.784311','e06e01b5-cc88-4251-abd0-783efa6b7bec'),(20,'514cb96f-7e0d-428e-8759-85fdc9dd1627',5,'2024-03-15 10:30:19.870784','07ad336a-5ce7-4624-a634-30ec107fb822'),(21,'07ad336a-5ce7-4624-a634-30ec107fb822',5,'2024-03-15 10:39:20.355626','07ad336a-5ce7-4624-a634-30ec107fb822'),(23,'a4f3530f-1cf1-435b-8130-8dc19545c893',2,'2024-03-18 12:13:02.898641','97033173-fb7a-4b82-b39b-f60fa2ff0da9'),(24,'350f212d-27ab-483a-a9c5-01b2c58fdb35',1,'2024-03-28 15:39:52.701439','b20b8192-d77b-46d0-8e95-8eaf736c3ede'),(26,'07ad336a-5ce7-4624-a634-30ec107fb822',1,'2024-06-27 17:53:55.175416','292f21d2-2469-44bd-85f5-7ba6b876ba14'),(29,'350f212d-27ab-483a-a9c5-01b2c58fdb35',5,'2024-06-29 12:56:04.687155','c03703ce-0783-452d-95ed-ee261ec31c1a'),(30,'07ad336a-5ce7-4624-a634-30ec107fb822',5,'2024-07-04 18:47:42.901175','b20b8192-d77b-46d0-8e95-8eaf736c3ede'),(31,'07ad336a-5ce7-4624-a634-30ec107fb822',5,'2024-09-28 06:38:11.923326','b20b8192-d77b-46d0-8e95-8eaf736c3ede');

--
-- Table structure for table `doctorschedules`
--

CREATE TABLE `doctorschedules` (
  `Id` int NOT NULL AUTO_INCREMENT,
  `DoctorId` varchar(255) NOT NULL,
  `Day` int NOT NULL,
  `Month` int NOT NULL,
  `Year` int NOT NULL,
  `Hour` int NOT NULL,
  `Minute` int NOT NULL,
  `MinutesDuration` int NOT NULL,
  `WeekScheduleId` int DEFAULT NULL,
  `Start` datetime(6) DEFAULT NULL,
  `IsCanecled` tinyint(1) NOT NULL DEFAULT '0',
  `IsWeekSchedule` tinyint(1) NOT NULL DEFAULT '0',
  PRIMARY KEY (`Id`),
  KEY `IX_DoctorSchedules_WeekScheduleId` (`WeekScheduleId`),
  KEY `IX_DoctorSchedules_DoctorId` (`DoctorId`),
  CONSTRAINT `FK_DoctorSchedules_AspNetUsers_DoctorId` FOREIGN KEY (`DoctorId`) REFERENCES `aspnetusers` (`Id`) ON DELETE CASCADE,
  CONSTRAINT `FK_DoctorSchedules_WeekSchedules_WeekScheduleId` FOREIGN KEY (`WeekScheduleId`) REFERENCES `weekschedules` (`Id`)
) ENGINE=InnoDB AUTO_INCREMENT=256260 DEFAULT CHARSET=utf8mb4 COLLATE=utf8mb4_0900_ai_ci;

--
-- Dumping data for table `doctorschedules`
--

INSERT INTO `doctorschedules` VALUES (255650,'07ad336a-5ce7-4624-a634-30ec107fb822',17,3,2025,0,0,0,231,'2025-03-17 00:00:00.000000',0,1),(255651,'07ad336a-5ce7-4624-a634-30ec107fb822',18,3,2025,0,0,60,233,'2025-03-18 00:00:00.000000',0,1),(255652,'07ad336a-5ce7-4624-a634-30ec107fb822',19,3,2025,0,0,0,232,'2025-03-19 00:00:00.000000',0,1),(255653,'07ad336a-5ce7-4624-a634-30ec107fb822',19,3,2025,5,0,60,284,'2025-03-19 05:00:00.000000',0,1),(255654,'07ad336a-5ce7-4624-a634-30ec107fb822',19,3,2025,6,0,60,235,'2025-03-19 06:00:00.000000',0,1),(255655,'07ad336a-5ce7-4624-a634-30ec107fb822',19,3,2025,10,0,60,234,'2025-03-19 10:00:00.000000',0,1),(255656,'07ad336a-5ce7-4624-a634-30ec107fb822',20,3,2025,0,0,0,228,'2025-03-20 00:00:00.000000',0,1),(255657,'07ad336a-5ce7-4624-a634-30ec107fb822',20,3,2025,1,0,60,285,'2025-03-20 01:00:00.000000',0,1),(255658,'07ad336a-5ce7-4624-a634-30ec107fb822',20,3,2025,4,0,60,286,'2025-03-20 04:00:00.000000',0,1),(255659,'07ad336a-5ce7-4624-a634-30ec107fb822',20,3,2025,5,0,60,287,'2025-03-20 05:00:00.000000',0,1),(255660,'07ad336a-5ce7-4624-a634-30ec107fb822',20,3,2025,21,0,60,249,'2025-03-20 21:00:00.000000',0,1),(255661,'07ad336a-5ce7-4624-a634-30ec107fb822',21,3,2025,0,0,0,227,'2025-03-21 00:00:00.000000',0,1),(255662,'07ad336a-5ce7-4624-a634-30ec107fb822',21,3,2025,12,41,60,224,'2025-03-21 12:41:00.000000',0,1),(255663,'07ad336a-5ce7-4624-a634-30ec107fb822',22,3,2025,0,0,0,225,'2025-03-22 00:00:00.000000',0,1),(255664,'07ad336a-5ce7-4624-a634-30ec107fb822',22,3,2025,1,0,60,229,'2025-03-22 01:00:00.000000',0,1),(255665,'07ad336a-5ce7-4624-a634-30ec107fb822',24,3,2025,0,0,0,231,'2025-03-24 00:00:00.000000',0,1),(255666,'07ad336a-5ce7-4624-a634-30ec107fb822',25,3,2025,0,0,60,233,'2025-03-25 00:00:00.000000',0,1),(255667,'07ad336a-5ce7-4624-a634-30ec107fb822',26,3,2025,0,0,0,232,'2025-03-26 00:00:00.000000',0,1),(255668,'07ad336a-5ce7-4624-a634-30ec107fb822',26,3,2025,5,0,60,284,'2025-03-26 05:00:00.000000',0,1),(255669,'07ad336a-5ce7-4624-a634-30ec107fb822',26,3,2025,6,0,60,235,'2025-03-26 06:00:00.000000',0,1),(255670,'07ad336a-5ce7-4624-a634-30ec107fb822',26,3,2025,10,0,60,234,'2025-03-26 10:00:00.000000',0,1),(255671,'07ad336a-5ce7-4624-a634-30ec107fb822',27,3,2025,0,0,0,228,'2025-03-27 00:00:00.000000',0,1),(255672,'07ad336a-5ce7-4624-a634-30ec107fb822',27,3,2025,1,0,60,285,'2025-03-27 01:00:00.000000',0,1),(255673,'07ad336a-5ce7-4624-a634-30ec107fb822',27,3,2025,4,0,60,286,'2025-03-27 04:00:00.000000',0,1),(255674,'07ad336a-5ce7-4624-a634-30ec107fb822',27,3,2025,5,0,60,287,'2025-03-27 05:00:00.000000',0,1),(255675,'07ad336a-5ce7-4624-a634-30ec107fb822',27,3,2025,21,0,60,249,'2025-03-27 21:00:00.000000',0,1),(255676,'07ad336a-5ce7-4624-a634-30ec107fb822',28,3,2025,0,0,0,227,'2025-03-28 00:00:00.000000',0,1),(255677,'07ad336a-5ce7-4624-a634-30ec107fb822',28,3,2025,12,41,60,224,'2025-03-28 12:41:00.000000',0,1),(255678,'07ad336a-5ce7-4624-a634-30ec107fb822',29,3,2025,0,0,0,225,'2025-03-29 00:00:00.000000',0,1),(255679,'07ad336a-5ce7-4624-a634-30ec107fb822',29,3,2025,1,0,60,229,'2025-03-29 01:00:00.000000',0,1),(255680,'07ad336a-5ce7-4624-a634-30ec107fb822',31,3,2025,0,0,0,231,'2025-03-31 00:00:00.000000',0,1),(255681,'07ad336a-5ce7-4624-a634-30ec107fb822',1,4,2025,0,0,60,233,'2025-04-01 00:00:00.000000',0,1),(255682,'07ad336a-5ce7-4624-a634-30ec107fb822',2,4,2025,0,0,0,232,'2025-04-02 00:00:00.000000',0,1),(255683,'07ad336a-5ce7-4624-a634-30ec107fb822',2,4,2025,5,0,60,284,'2025-04-02 05:00:00.000000',0,1),(255684,'07ad336a-5ce7-4624-a634-30ec107fb822',2,4,2025,6,0,60,235,'2025-04-02 06:00:00.000000',0,1),(255685,'07ad336a-5ce7-4624-a634-30ec107fb822',2,4,2025,10,0,60,234,'2025-04-02 10:00:00.000000',0,1),(255686,'07ad336a-5ce7-4624-a634-30ec107fb822',3,4,2025,0,0,0,228,'2025-04-03 00:00:00.000000',0,1),(255687,'07ad336a-5ce7-4624-a634-30ec107fb822',3,4,2025,1,0,60,285,'2025-04-03 01:00:00.000000',0,1),(255688,'07ad336a-5ce7-4624-a634-30ec107fb822',3,4,2025,4,0,60,286,'2025-04-03 04:00:00.000000',0,1),(255689,'07ad336a-5ce7-4624-a634-30ec107fb822',3,4,2025,5,0,60,287,'2025-04-03 05:00:00.000000',0,1),(255690,'07ad336a-5ce7-4624-a634-30ec107fb822',3,4,2025,21,0,60,249,'2025-04-03 21:00:00.000000',0,1),(255691,'07ad336a-5ce7-4624-a634-30ec107fb822',4,4,2025,0,0,0,227,'2025-04-04 00:00:00.000000',0,1),(255692,'07ad336a-5ce7-4624-a634-30ec107fb822',4,4,2025,12,41,60,224,'2025-04-04 12:41:00.000000',0,1),(255693,'07ad336a-5ce7-4624-a634-30ec107fb822',5,4,2025,0,0,0,225,'2025-04-05 00:00:00.000000',0,1),(255694,'07ad336a-5ce7-4624-a634-30ec107fb822',5,4,2025,1,0,60,229,'2025-04-05 01:00:00.000000',0,1),(255695,'07ad336a-5ce7-4624-a634-30ec107fb822',7,4,2025,0,0,0,231,'2025-04-07 00:00:00.000000',0,1),(255696,'07ad336a-5ce7-4624-a634-30ec107fb822',8,4,2025,0,0,60,233,'2025-04-08 00:00:00.000000',0,1),(255697,'07ad336a-5ce7-4624-a634-30ec107fb822',9,4,2025,0,0,0,232,'2025-04-09 00:00:00.000000',0,1),(255698,'07ad336a-5ce7-4624-a634-30ec107fb822',9,4,2025,5,0,60,284,'2025-04-09 05:00:00.000000',0,1),(255699,'07ad336a-5ce7-4624-a634-30ec107fb822',9,4,2025,6,0,60,235,'2025-04-09 06:00:00.000000',0,1),(255700,'07ad336a-5ce7-4624-a634-30ec107fb822',9,4,2025,10,0,60,234,'2025-04-09 10:00:00.000000',0,1),(255701,'07ad336a-5ce7-4624-a634-30ec107fb822',10,4,2025,0,0,0,228,'2025-04-10 00:00:00.000000',0,1),(255702,'07ad336a-5ce7-4624-a634-30ec107fb822',10,4,2025,1,0,60,285,'2025-04-10 01:00:00.000000',0,1),(255703,'07ad336a-5ce7-4624-a634-30ec107fb822',10,4,2025,4,0,60,286,'2025-04-10 04:00:00.000000',0,1),(255704,'07ad336a-5ce7-4624-a634-30ec107fb822',10,4,2025,5,0,60,287,'2025-04-10 05:00:00.000000',0,1),(255705,'07ad336a-5ce7-4624-a634-30ec107fb822',10,4,2025,21,0,60,249,'2025-04-10 21:00:00.000000',0,1),(255706,'07ad336a-5ce7-4624-a634-30ec107fb822',11,4,2025,0,0,0,227,'2025-04-11 00:00:00.000000',0,1),(255707,'07ad336a-5ce7-4624-a634-30ec107fb822',11,4,2025,12,41,60,224,'2025-04-11 12:41:00.000000',0,1),(255708,'07ad336a-5ce7-4624-a634-30ec107fb822',12,4,2025,0,0,0,225,'2025-04-12 00:00:00.000000',0,1),(255709,'07ad336a-5ce7-4624-a634-30ec107fb822',12,4,2025,1,0,60,229,'2025-04-12 01:00:00.000000',0,1),(255710,'07ad336a-5ce7-4624-a634-30ec107fb822',14,4,2025,0,0,0,231,'2025-04-14 00:00:00.000000',0,1),(255711,'07ad336a-5ce7-4624-a634-30ec107fb822',15,4,2025,0,0,60,233,'2025-04-15 00:00:00.000000',0,1),(255712,'07ad336a-5ce7-4624-a634-30ec107fb822',16,4,2025,0,0,0,232,'2025-04-16 00:00:00.000000',0,1),(255713,'07ad336a-5ce7-4624-a634-30ec107fb822',16,4,2025,5,0,60,284,'2025-04-16 05:00:00.000000',0,1),(255714,'07ad336a-5ce7-4624-a634-30ec107fb822',16,4,2025,6,0,60,235,'2025-04-16 06:00:00.000000',0,1),(255715,'07ad336a-5ce7-4624-a634-30ec107fb822',16,4,2025,10,0,60,234,'2025-04-16 10:00:00.000000',0,1),(255716,'07ad336a-5ce7-4624-a634-30ec107fb822',17,4,2025,0,0,0,228,'2025-04-17 00:00:00.000000',0,1),(255717,'07ad336a-5ce7-4624-a634-30ec107fb822',17,4,2025,1,0,60,285,'2025-04-17 01:00:00.000000',0,1),(255718,'07ad336a-5ce7-4624-a634-30ec107fb822',17,4,2025,4,0,60,286,'2025-04-17 04:00:00.000000',0,1),(255719,'07ad336a-5ce7-4624-a634-30ec107fb822',17,4,2025,5,0,60,287,'2025-04-17 05:00:00.000000',0,1),(255720,'07ad336a-5ce7-4624-a634-30ec107fb822',17,4,2025,21,0,60,249,'2025-04-17 21:00:00.000000',0,1),(255721,'07ad336a-5ce7-4624-a634-30ec107fb822',18,4,2025,0,0,0,227,'2025-04-18 00:00:00.000000',0,1),(255722,'07ad336a-5ce7-4624-a634-30ec107fb822',18,4,2025,12,41,60,224,'2025-04-18 12:41:00.000000',0,1),(255723,'07ad336a-5ce7-4624-a634-30ec107fb822',19,4,2025,0,0,0,225,'2025-04-19 00:00:00.000000',0,1),(255724,'07ad336a-5ce7-4624-a634-30ec107fb822',19,4,2025,1,0,60,229,'2025-04-19 01:00:00.000000',0,1),(255725,'07ad336a-5ce7-4624-a634-30ec107fb822',21,4,2025,0,0,0,231,'2025-04-21 00:00:00.000000',0,1),(255726,'07ad336a-5ce7-4624-a634-30ec107fb822',22,4,2025,0,0,60,233,'2025-04-22 00:00:00.000000',0,1),(255727,'07ad336a-5ce7-4624-a634-30ec107fb822',23,4,2025,0,0,0,232,'2025-04-23 00:00:00.000000',0,1),(255728,'07ad336a-5ce7-4624-a634-30ec107fb822',23,4,2025,5,0,60,284,'2025-04-23 05:00:00.000000',0,1),(255729,'07ad336a-5ce7-4624-a634-30ec107fb822',23,4,2025,6,0,60,235,'2025-04-23 06:00:00.000000',0,1),(255730,'07ad336a-5ce7-4624-a634-30ec107fb822',23,4,2025,10,0,60,234,'2025-04-23 10:00:00.000000',0,1),(255731,'07ad336a-5ce7-4624-a634-30ec107fb822',24,4,2025,0,0,0,228,'2025-04-24 00:00:00.000000',0,1),(255732,'07ad336a-5ce7-4624-a634-30ec107fb822',24,4,2025,1,0,60,285,'2025-04-24 01:00:00.000000',0,1),(255733,'07ad336a-5ce7-4624-a634-30ec107fb822',24,4,2025,4,0,60,286,'2025-04-24 04:00:00.000000',0,1),(255734,'07ad336a-5ce7-4624-a634-30ec107fb822',24,4,2025,5,0,60,287,'2025-04-24 05:00:00.000000',0,1),(255735,'07ad336a-5ce7-4624-a634-30ec107fb822',24,4,2025,21,0,60,249,'2025-04-24 21:00:00.000000',0,1),(255736,'07ad336a-5ce7-4624-a634-30ec107fb822',25,4,2025,0,0,0,227,'2025-04-25 00:00:00.000000',0,1),(255737,'07ad336a-5ce7-4624-a634-30ec107fb822',25,4,2025,12,41,60,224,'2025-04-25 12:41:00.000000',0,1),(255738,'07ad336a-5ce7-4624-a634-30ec107fb822',26,4,2025,0,0,0,225,'2025-04-26 00:00:00.000000',0,1),(255739,'07ad336a-5ce7-4624-a634-30ec107fb822',26,4,2025,1,0,60,229,'2025-04-26 01:00:00.000000',0,1),(255740,'07ad336a-5ce7-4624-a634-30ec107fb822',28,4,2025,0,0,0,231,'2025-04-28 00:00:00.000000',0,1),(255741,'07ad336a-5ce7-4624-a634-30ec107fb822',29,4,2025,0,0,60,233,'2025-04-29 00:00:00.000000',0,1),(255742,'07ad336a-5ce7-4624-a634-30ec107fb822',30,4,2025,0,0,0,232,'2025-04-30 00:00:00.000000',0,1),(255743,'07ad336a-5ce7-4624-a634-30ec107fb822',30,4,2025,5,0,60,284,'2025-04-30 05:00:00.000000',0,1),(255744,'07ad336a-5ce7-4624-a634-30ec107fb822',30,4,2025,6,0,60,235,'2025-04-30 06:00:00.000000',0,1),(255745,'07ad336a-5ce7-4624-a634-30ec107fb822',30,4,2025,10,0,60,234,'2025-04-30 10:00:00.000000',0,1),(255746,'07ad336a-5ce7-4624-a634-30ec107fb822',1,5,2025,0,0,0,228,'2025-05-01 00:00:00.000000',0,1),(255747,'07ad336a-5ce7-4624-a634-30ec107fb822',1,5,2025,1,0,60,285,'2025-05-01 01:00:00.000000',0,1),(255748,'07ad336a-5ce7-4624-a634-30ec107fb822',1,5,2025,4,0,60,286,'2025-05-01 04:00:00.000000',0,1),(255749,'07ad336a-5ce7-4624-a634-30ec107fb822',1,5,2025,5,0,60,287,'2025-05-01 05:00:00.000000',0,1),(255750,'07ad336a-5ce7-4624-a634-30ec107fb822',1,5,2025,21,0,60,249,'2025-05-01 21:00:00.000000',0,1),(255751,'07ad336a-5ce7-4624-a634-30ec107fb822',2,5,2025,0,0,0,227,'2025-05-02 00:00:00.000000',0,1),(255752,'07ad336a-5ce7-4624-a634-30ec107fb822',2,5,2025,12,41,60,224,'2025-05-02 12:41:00.000000',0,1),(255753,'07ad336a-5ce7-4624-a634-30ec107fb822',3,5,2025,0,0,0,225,'2025-05-03 00:00:00.000000',0,1),(255754,'07ad336a-5ce7-4624-a634-30ec107fb822',3,5,2025,1,0,60,229,'2025-05-03 01:00:00.000000',0,1),(255755,'07ad336a-5ce7-4624-a634-30ec107fb822',5,5,2025,0,0,0,231,'2025-05-05 00:00:00.000000',0,1),(255756,'07ad336a-5ce7-4624-a634-30ec107fb822',6,5,2025,0,0,60,233,'2025-05-06 00:00:00.000000',0,1),(255757,'07ad336a-5ce7-4624-a634-30ec107fb822',7,5,2025,0,0,0,232,'2025-05-07 00:00:00.000000',0,1),(255758,'07ad336a-5ce7-4624-a634-30ec107fb822',7,5,2025,5,0,60,284,'2025-05-07 05:00:00.000000',0,1),(255759,'07ad336a-5ce7-4624-a634-30ec107fb822',7,5,2025,6,0,60,235,'2025-05-07 06:00:00.000000',0,1),(255760,'07ad336a-5ce7-4624-a634-30ec107fb822',7,5,2025,10,0,60,234,'2025-05-07 10:00:00.000000',0,1),(255761,'07ad336a-5ce7-4624-a634-30ec107fb822',8,5,2025,0,0,0,228,'2025-05-08 00:00:00.000000',0,1),(255762,'07ad336a-5ce7-4624-a634-30ec107fb822',8,5,2025,1,0,60,285,'2025-05-08 01:00:00.000000',0,1),(255763,'07ad336a-5ce7-4624-a634-30ec107fb822',8,5,2025,4,0,60,286,'2025-05-08 04:00:00.000000',0,1),(255764,'07ad336a-5ce7-4624-a634-30ec107fb822',8,5,2025,5,0,60,287,'2025-05-08 05:00:00.000000',0,1),(255765,'07ad336a-5ce7-4624-a634-30ec107fb822',8,5,2025,21,0,60,249,'2025-05-08 21:00:00.000000',0,1),(255766,'07ad336a-5ce7-4624-a634-30ec107fb822',9,5,2025,0,0,0,227,'2025-05-09 00:00:00.000000',0,1),(255767,'07ad336a-5ce7-4624-a634-30ec107fb822',9,5,2025,12,41,60,224,'2025-05-09 12:41:00.000000',0,1),(255768,'07ad336a-5ce7-4624-a634-30ec107fb822',10,5,2025,0,0,0,225,'2025-05-10 00:00:00.000000',0,1),(255769,'07ad336a-5ce7-4624-a634-30ec107fb822',10,5,2025,1,0,60,229,'2025-05-10 01:00:00.000000',0,1),(255770,'07ad336a-5ce7-4624-a634-30ec107fb822',12,5,2025,0,0,0,231,'2025-05-12 00:00:00.000000',0,1),(255771,'07ad336a-5ce7-4624-a634-30ec107fb822',13,5,2025,0,0,60,233,'2025-05-13 00:00:00.000000',0,1),(255772,'07ad336a-5ce7-4624-a634-30ec107fb822',14,5,2025,0,0,0,232,'2025-05-14 00:00:00.000000',0,1),(255773,'07ad336a-5ce7-4624-a634-30ec107fb822',14,5,2025,5,0,60,284,'2025-05-14 05:00:00.000000',0,1),(255774,'07ad336a-5ce7-4624-a634-30ec107fb822',14,5,2025,6,0,60,235,'2025-05-14 06:00:00.000000',0,1),(255775,'07ad336a-5ce7-4624-a634-30ec107fb822',14,5,2025,10,0,60,234,'2025-05-14 10:00:00.000000',0,1),(255776,'07ad336a-5ce7-4624-a634-30ec107fb822',15,5,2025,0,0,0,228,'2025-05-15 00:00:00.000000',0,1),(255777,'07ad336a-5ce7-4624-a634-30ec107fb822',15,5,2025,1,0,60,285,'2025-05-15 01:00:00.000000',0,1),(255778,'07ad336a-5ce7-4624-a634-30ec107fb822',15,5,2025,4,0,60,286,'2025-05-15 04:00:00.000000',0,1),(255779,'07ad336a-5ce7-4624-a634-30ec107fb822',15,5,2025,5,0,60,287,'2025-05-15 05:00:00.000000',0,1),(255780,'07ad336a-5ce7-4624-a634-30ec107fb822',15,5,2025,21,0,60,249,'2025-05-15 21:00:00.000000',0,1),(255781,'350f212d-27ab-483a-a9c5-01b2c58fdb35',17,3,2025,14,0,60,274,'2025-03-17 14:00:00.000000',0,1),(255782,'350f212d-27ab-483a-a9c5-01b2c58fdb35',17,3,2025,16,0,60,275,'2025-03-17 16:00:00.000000',0,1),(255783,'350f212d-27ab-483a-a9c5-01b2c58fdb35',18,3,2025,11,0,60,242,'2025-03-18 11:00:00.000000',0,1),(255784,'350f212d-27ab-483a-a9c5-01b2c58fdb35',18,3,2025,13,0,60,277,'2025-03-18 13:00:00.000000',0,1),(255785,'350f212d-27ab-483a-a9c5-01b2c58fdb35',18,3,2025,14,0,60,278,'2025-03-18 14:00:00.000000',0,1),(255786,'350f212d-27ab-483a-a9c5-01b2c58fdb35',19,3,2025,12,0,60,241,'2025-03-19 12:00:00.000000',0,1),(255787,'350f212d-27ab-483a-a9c5-01b2c58fdb35',19,3,2025,13,0,60,279,'2025-03-19 13:00:00.000000',0,1),(255788,'350f212d-27ab-483a-a9c5-01b2c58fdb35',19,3,2025,16,0,60,281,'2025-03-19 16:00:00.000000',0,1),(255789,'350f212d-27ab-483a-a9c5-01b2c58fdb35',19,3,2025,17,0,60,282,'2025-03-19 17:00:00.000000',0,1),(255790,'350f212d-27ab-483a-a9c5-01b2c58fdb35',20,3,2025,0,0,60,288,'2025-03-20 00:00:00.000000',0,1),(255791,'350f212d-27ab-483a-a9c5-01b2c58fdb35',20,3,2025,1,0,60,294,'2025-03-20 01:00:00.000000',0,1),(255792,'350f212d-27ab-483a-a9c5-01b2c58fdb35',20,3,2025,2,0,60,295,'2025-03-20 02:00:00.000000',0,1),(255793,'350f212d-27ab-483a-a9c5-01b2c58fdb35',20,3,2025,3,0,60,297,'2025-03-20 03:00:00.000000',0,1),(255794,'350f212d-27ab-483a-a9c5-01b2c58fdb35',20,3,2025,4,0,60,298,'2025-03-20 04:00:00.000000',0,1),(255795,'350f212d-27ab-483a-a9c5-01b2c58fdb35',20,3,2025,15,0,60,247,'2025-03-20 15:00:00.000000',0,1),(255796,'350f212d-27ab-483a-a9c5-01b2c58fdb35',20,3,2025,17,0,60,250,'2025-03-20 17:00:00.000000',0,1),(255797,'350f212d-27ab-483a-a9c5-01b2c58fdb35',20,3,2025,18,0,60,296,'2025-03-20 18:00:00.000000',0,1),(255798,'350f212d-27ab-483a-a9c5-01b2c58fdb35',21,3,2025,0,0,60,289,'2025-03-21 00:00:00.000000',0,1),(255799,'350f212d-27ab-483a-a9c5-01b2c58fdb35',21,3,2025,1,0,60,292,'2025-03-21 01:00:00.000000',0,1),(255800,'350f212d-27ab-483a-a9c5-01b2c58fdb35',21,3,2025,2,0,60,291,'2025-03-21 02:00:00.000000',0,1),(255801,'350f212d-27ab-483a-a9c5-01b2c58fdb35',21,3,2025,4,0,60,290,'2025-03-21 04:00:00.000000',0,1),(255802,'350f212d-27ab-483a-a9c5-01b2c58fdb35',21,3,2025,5,0,60,293,'2025-03-21 05:00:00.000000',0,1),(255803,'350f212d-27ab-483a-a9c5-01b2c58fdb35',21,3,2025,8,0,60,251,'2025-03-21 08:00:00.000000',0,1),(255804,'350f212d-27ab-483a-a9c5-01b2c58fdb35',21,3,2025,9,0,60,252,'2025-03-21 09:00:00.000000',0,1),(255805,'350f212d-27ab-483a-a9c5-01b2c58fdb35',23,3,2025,0,0,60,299,'2025-03-23 00:00:00.000000',0,1),(255806,'350f212d-27ab-483a-a9c5-01b2c58fdb35',23,3,2025,1,0,60,300,'2025-03-23 01:00:00.000000',0,1),(255807,'350f212d-27ab-483a-a9c5-01b2c58fdb35',24,3,2025,14,0,60,274,'2025-03-24 14:00:00.000000',0,1),(255808,'350f212d-27ab-483a-a9c5-01b2c58fdb35',24,3,2025,16,0,60,275,'2025-03-24 16:00:00.000000',0,1),(255809,'350f212d-27ab-483a-a9c5-01b2c58fdb35',25,3,2025,11,0,60,242,'2025-03-25 11:00:00.000000',0,1),(255810,'350f212d-27ab-483a-a9c5-01b2c58fdb35',25,3,2025,13,0,60,277,'2025-03-25 13:00:00.000000',0,1),(255811,'350f212d-27ab-483a-a9c5-01b2c58fdb35',25,3,2025,14,0,60,278,'2025-03-25 14:00:00.000000',0,1),(255812,'350f212d-27ab-483a-a9c5-01b2c58fdb35',26,3,2025,12,0,60,241,'2025-03-26 12:00:00.000000',0,1),(255813,'350f212d-27ab-483a-a9c5-01b2c58fdb35',26,3,2025,13,0,60,279,'2025-03-26 13:00:00.000000',0,1),(255814,'350f212d-27ab-483a-a9c5-01b2c58fdb35',26,3,2025,16,0,60,281,'2025-03-26 16:00:00.000000',0,1),(255815,'350f212d-27ab-483a-a9c5-01b2c58fdb35',26,3,2025,17,0,60,282,'2025-03-26 17:00:00.000000',0,1),(255816,'350f212d-27ab-483a-a9c5-01b2c58fdb35',27,3,2025,0,0,60,288,'2025-03-27 00:00:00.000000',0,1),(255817,'350f212d-27ab-483a-a9c5-01b2c58fdb35',27,3,2025,1,0,60,294,'2025-03-27 01:00:00.000000',0,1),(255818,'350f212d-27ab-483a-a9c5-01b2c58fdb35',27,3,2025,2,0,60,295,'2025-03-27 02:00:00.000000',0,1),(255819,'350f212d-27ab-483a-a9c5-01b2c58fdb35',27,3,2025,3,0,60,297,'2025-03-27 03:00:00.000000',0,1),(255820,'350f212d-27ab-483a-a9c5-01b2c58fdb35',27,3,2025,4,0,60,298,'2025-03-27 04:00:00.000000',0,1),(255821,'350f212d-27ab-483a-a9c5-01b2c58fdb35',27,3,2025,15,0,60,247,'2025-03-27 15:00:00.000000',0,1),(255822,'350f212d-27ab-483a-a9c5-01b2c58fdb35',27,3,2025,17,0,60,250,'2025-03-27 17:00:00.000000',0,1),(255823,'350f212d-27ab-483a-a9c5-01b2c58fdb35',27,3,2025,18,0,60,296,'2025-03-27 18:00:00.000000',0,1),(255824,'350f212d-27ab-483a-a9c5-01b2c58fdb35',28,3,2025,0,0,60,289,'2025-03-28 00:00:00.000000',0,1),(255825,'350f212d-27ab-483a-a9c5-01b2c58fdb35',28,3,2025,1,0,60,292,'2025-03-28 01:00:00.000000',0,1),(255826,'350f212d-27ab-483a-a9c5-01b2c58fdb35',28,3,2025,2,0,60,291,'2025-03-28 02:00:00.000000',0,1),(255827,'350f212d-27ab-483a-a9c5-01b2c58fdb35',28,3,2025,4,0,60,290,'2025-03-28 04:00:00.000000',0,1),(255828,'350f212d-27ab-483a-a9c5-01b2c58fdb35',28,3,2025,5,0,60,293,'2025-03-28 05:00:00.000000',0,1),(255829,'350f212d-27ab-483a-a9c5-01b2c58fdb35',28,3,2025,8,0,60,251,'2025-03-28 08:00:00.000000',0,1),(255830,'350f212d-27ab-483a-a9c5-01b2c58fdb35',28,3,2025,9,0,60,252,'2025-03-28 09:00:00.000000',0,1),(255831,'350f212d-27ab-483a-a9c5-01b2c58fdb35',30,3,2025,0,0,60,299,'2025-03-30 00:00:00.000000',0,1),(255832,'350f212d-27ab-483a-a9c5-01b2c58fdb35',30,3,2025,1,0,60,300,'2025-03-30 01:00:00.000000',0,1),(255833,'350f212d-27ab-483a-a9c5-01b2c58fdb35',31,3,2025,14,0,60,274,'2025-03-31 14:00:00.000000',0,1),(255834,'350f212d-27ab-483a-a9c5-01b2c58fdb35',31,3,2025,16,0,60,275,'2025-03-31 16:00:00.000000',0,1),(255835,'350f212d-27ab-483a-a9c5-01b2c58fdb35',1,4,2025,11,0,60,242,'2025-04-01 11:00:00.000000',0,1),(255836,'350f212d-27ab-483a-a9c5-01b2c58fdb35',1,4,2025,13,0,60,277,'2025-04-01 13:00:00.000000',0,1),(255837,'350f212d-27ab-483a-a9c5-01b2c58fdb35',1,4,2025,14,0,60,278,'2025-04-01 14:00:00.000000',0,1),(255838,'350f212d-27ab-483a-a9c5-01b2c58fdb35',2,4,2025,12,0,60,241,'2025-04-02 12:00:00.000000',0,1),(255839,'350f212d-27ab-483a-a9c5-01b2c58fdb35',2,4,2025,13,0,60,279,'2025-04-02 13:00:00.000000',0,1),(255840,'350f212d-27ab-483a-a9c5-01b2c58fdb35',2,4,2025,16,0,60,281,'2025-04-02 16:00:00.000000',0,1),(255841,'350f212d-27ab-483a-a9c5-01b2c58fdb35',2,4,2025,17,0,60,282,'2025-04-02 17:00:00.000000',0,1),(255842,'350f212d-27ab-483a-a9c5-01b2c58fdb35',3,4,2025,0,0,60,288,'2025-04-03 00:00:00.000000',0,1),(255843,'350f212d-27ab-483a-a9c5-01b2c58fdb35',3,4,2025,1,0,60,294,'2025-04-03 01:00:00.000000',0,1),(255844,'350f212d-27ab-483a-a9c5-01b2c58fdb35',3,4,2025,2,0,60,295,'2025-04-03 02:00:00.000000',0,1),(255845,'350f212d-27ab-483a-a9c5-01b2c58fdb35',3,4,2025,3,0,60,297,'2025-04-03 03:00:00.000000',0,1),(255846,'350f212d-27ab-483a-a9c5-01b2c58fdb35',3,4,2025,4,0,60,298,'2025-04-03 04:00:00.000000',0,1),(255847,'350f212d-27ab-483a-a9c5-01b2c58fdb35',3,4,2025,15,0,60,247,'2025-04-03 15:00:00.000000',0,1),(255848,'350f212d-27ab-483a-a9c5-01b2c58fdb35',3,4,2025,17,0,60,250,'2025-04-03 17:00:00.000000',0,1),(255849,'350f212d-27ab-483a-a9c5-01b2c58fdb35',3,4,2025,18,0,60,296,'2025-04-03 18:00:00.000000',0,1),(255850,'350f212d-27ab-483a-a9c5-01b2c58fdb35',4,4,2025,0,0,60,289,'2025-04-04 00:00:00.000000',0,1),(255851,'350f212d-27ab-483a-a9c5-01b2c58fdb35',4,4,2025,1,0,60,292,'2025-04-04 01:00:00.000000',0,1),(255852,'350f212d-27ab-483a-a9c5-01b2c58fdb35',4,4,2025,2,0,60,291,'2025-04-04 02:00:00.000000',0,1),(255853,'350f212d-27ab-483a-a9c5-01b2c58fdb35',4,4,2025,4,0,60,290,'2025-04-04 04:00:00.000000',0,1),(255854,'350f212d-27ab-483a-a9c5-01b2c58fdb35',4,4,2025,5,0,60,293,'2025-04-04 05:00:00.000000',0,1),(255855,'350f212d-27ab-483a-a9c5-01b2c58fdb35',4,4,2025,8,0,60,251,'2025-04-04 08:00:00.000000',0,1),(255856,'350f212d-27ab-483a-a9c5-01b2c58fdb35',4,4,2025,9,0,60,252,'2025-04-04 09:00:00.000000',0,1),(255857,'350f212d-27ab-483a-a9c5-01b2c58fdb35',6,4,2025,0,0,60,299,'2025-04-06 00:00:00.000000',0,1),(255858,'350f212d-27ab-483a-a9c5-01b2c58fdb35',6,4,2025,1,0,60,300,'2025-04-06 01:00:00.000000',0,1),(255859,'350f212d-27ab-483a-a9c5-01b2c58fdb35',7,4,2025,14,0,60,274,'2025-04-07 14:00:00.000000',0,1),(255860,'350f212d-27ab-483a-a9c5-01b2c58fdb35',7,4,2025,16,0,60,275,'2025-04-07 16:00:00.000000',0,1),(255861,'350f212d-27ab-483a-a9c5-01b2c58fdb35',8,4,2025,11,0,60,242,'2025-04-08 11:00:00.000000',0,1),(255862,'350f212d-27ab-483a-a9c5-01b2c58fdb35',8,4,2025,13,0,60,277,'2025-04-08 13:00:00.000000',0,1),(255863,'350f212d-27ab-483a-a9c5-01b2c58fdb35',8,4,2025,14,0,60,278,'2025-04-08 14:00:00.000000',0,1),(255864,'350f212d-27ab-483a-a9c5-01b2c58fdb35',9,4,2025,12,0,60,241,'2025-04-09 12:00:00.000000',0,1),(255865,'350f212d-27ab-483a-a9c5-01b2c58fdb35',9,4,2025,13,0,60,279,'2025-04-09 13:00:00.000000',0,1),(255866,'350f212d-27ab-483a-a9c5-01b2c58fdb35',9,4,2025,16,0,60,281,'2025-04-09 16:00:00.000000',0,1),(255867,'350f212d-27ab-483a-a9c5-01b2c58fdb35',9,4,2025,17,0,60,282,'2025-04-09 17:00:00.000000',0,1),(255868,'350f212d-27ab-483a-a9c5-01b2c58fdb35',10,4,2025,0,0,60,288,'2025-04-10 00:00:00.000000',0,1),(255869,'350f212d-27ab-483a-a9c5-01b2c58fdb35',10,4,2025,1,0,60,294,'2025-04-10 01:00:00.000000',0,1),(255870,'350f212d-27ab-483a-a9c5-01b2c58fdb35',10,4,2025,2,0,60,295,'2025-04-10 02:00:00.000000',0,1),(255871,'350f212d-27ab-483a-a9c5-01b2c58fdb35',10,4,2025,3,0,60,297,'2025-04-10 03:00:00.000000',0,1),(255872,'350f212d-27ab-483a-a9c5-01b2c58fdb35',10,4,2025,4,0,60,298,'2025-04-10 04:00:00.000000',0,1),(255873,'350f212d-27ab-483a-a9c5-01b2c58fdb35',10,4,2025,15,0,60,247,'2025-04-10 15:00:00.000000',0,1),(255874,'350f212d-27ab-483a-a9c5-01b2c58fdb35',10,4,2025,17,0,60,250,'2025-04-10 17:00:00.000000',0,1),(255875,'350f212d-27ab-483a-a9c5-01b2c58fdb35',10,4,2025,18,0,60,296,'2025-04-10 18:00:00.000000',0,1),(255876,'350f212d-27ab-483a-a9c5-01b2c58fdb35',11,4,2025,0,0,60,289,'2025-04-11 00:00:00.000000',0,1),(255877,'350f212d-27ab-483a-a9c5-01b2c58fdb35',11,4,2025,1,0,60,292,'2025-04-11 01:00:00.000000',0,1),(255878,'350f212d-27ab-483a-a9c5-01b2c58fdb35',11,4,2025,2,0,60,291,'2025-04-11 02:00:00.000000',0,1),(255879,'350f212d-27ab-483a-a9c5-01b2c58fdb35',11,4,2025,4,0,60,290,'2025-04-11 04:00:00.000000',0,1),(255880,'350f212d-27ab-483a-a9c5-01b2c58fdb35',11,4,2025,5,0,60,293,'2025-04-11 05:00:00.000000',0,1),(255881,'350f212d-27ab-483a-a9c5-01b2c58fdb35',11,4,2025,8,0,60,251,'2025-04-11 08:00:00.000000',0,1),(255882,'350f212d-27ab-483a-a9c5-01b2c58fdb35',11,4,2025,9,0,60,252,'2025-04-11 09:00:00.000000',0,1),(255883,'350f212d-27ab-483a-a9c5-01b2c58fdb35',13,4,2025,0,0,60,299,'2025-04-13 00:00:00.000000',0,1),(255884,'350f212d-27ab-483a-a9c5-01b2c58fdb35',13,4,2025,1,0,60,300,'2025-04-13 01:00:00.000000',0,1),(255885,'350f212d-27ab-483a-a9c5-01b2c58fdb35',14,4,2025,14,0,60,274,'2025-04-14 14:00:00.000000',0,1),(255886,'350f212d-27ab-483a-a9c5-01b2c58fdb35',14,4,2025,16,0,60,275,'2025-04-14 16:00:00.000000',0,1),(255887,'350f212d-27ab-483a-a9c5-01b2c58fdb35',15,4,2025,11,0,60,242,'2025-04-15 11:00:00.000000',0,1),(255888,'350f212d-27ab-483a-a9c5-01b2c58fdb35',15,4,2025,13,0,60,277,'2025-04-15 13:00:00.000000',0,1),(255889,'350f212d-27ab-483a-a9c5-01b2c58fdb35',15,4,2025,14,0,60,278,'2025-04-15 14:00:00.000000',0,1),(255890,'350f212d-27ab-483a-a9c5-01b2c58fdb35',16,4,2025,12,0,60,241,'2025-04-16 12:00:00.000000',0,1),(255891,'350f212d-27ab-483a-a9c5-01b2c58fdb35',16,4,2025,13,0,60,279,'2025-04-16 13:00:00.000000',0,1),(255892,'350f212d-27ab-483a-a9c5-01b2c58fdb35',16,4,2025,16,0,60,281,'2025-04-16 16:00:00.000000',0,1),(255893,'350f212d-27ab-483a-a9c5-01b2c58fdb35',16,4,2025,17,0,60,282,'2025-04-16 17:00:00.000000',0,1),(255894,'350f212d-27ab-483a-a9c5-01b2c58fdb35',17,4,2025,0,0,60,288,'2025-04-17 00:00:00.000000',0,1),(255895,'350f212d-27ab-483a-a9c5-01b2c58fdb35',17,4,2025,1,0,60,294,'2025-04-17 01:00:00.000000',0,1),(255896,'350f212d-27ab-483a-a9c5-01b2c58fdb35',17,4,2025,2,0,60,295,'2025-04-17 02:00:00.000000',0,1),(255897,'350f212d-27ab-483a-a9c5-01b2c58fdb35',17,4,2025,3,0,60,297,'2025-04-17 03:00:00.000000',0,1),(255898,'350f212d-27ab-483a-a9c5-01b2c58fdb35',17,4,2025,4,0,60,298,'2025-04-17 04:00:00.000000',0,1),(255899,'350f212d-27ab-483a-a9c5-01b2c58fdb35',17,4,2025,15,0,60,247,'2025-04-17 15:00:00.000000',0,1),(255900,'350f212d-27ab-483a-a9c5-01b2c58fdb35',17,4,2025,17,0,60,250,'2025-04-17 17:00:00.000000',0,1),(255901,'350f212d-27ab-483a-a9c5-01b2c58fdb35',17,4,2025,18,0,60,296,'2025-04-17 18:00:00.000000',0,1),(255902,'350f212d-27ab-483a-a9c5-01b2c58fdb35',18,4,2025,0,0,60,289,'2025-04-18 00:00:00.000000',0,1),(255903,'350f212d-27ab-483a-a9c5-01b2c58fdb35',18,4,2025,1,0,60,292,'2025-04-18 01:00:00.000000',0,1),(255904,'350f212d-27ab-483a-a9c5-01b2c58fdb35',18,4,2025,2,0,60,291,'2025-04-18 02:00:00.000000',0,1),(255905,'350f212d-27ab-483a-a9c5-01b2c58fdb35',18,4,2025,4,0,60,290,'2025-04-18 04:00:00.000000',0,1),(255906,'350f212d-27ab-483a-a9c5-01b2c58fdb35',18,4,2025,5,0,60,293,'2025-04-18 05:00:00.000000',0,1),(255907,'350f212d-27ab-483a-a9c5-01b2c58fdb35',18,4,2025,8,0,60,251,'2025-04-18 08:00:00.000000',0,1),(255908,'350f212d-27ab-483a-a9c5-01b2c58fdb35',18,4,2025,9,0,60,252,'2025-04-18 09:00:00.000000',0,1),(255909,'350f212d-27ab-483a-a9c5-01b2c58fdb35',20,4,2025,0,0,60,299,'2025-04-20 00:00:00.000000',0,1),(255910,'350f212d-27ab-483a-a9c5-01b2c58fdb35',20,4,2025,1,0,60,300,'2025-04-20 01:00:00.000000',0,1),(255911,'350f212d-27ab-483a-a9c5-01b2c58fdb35',21,4,2025,14,0,60,274,'2025-04-21 14:00:00.000000',0,1),(255912,'350f212d-27ab-483a-a9c5-01b2c58fdb35',21,4,2025,16,0,60,275,'2025-04-21 16:00:00.000000',0,1),(255913,'350f212d-27ab-483a-a9c5-01b2c58fdb35',22,4,2025,11,0,60,242,'2025-04-22 11:00:00.000000',0,1),(255914,'350f212d-27ab-483a-a9c5-01b2c58fdb35',22,4,2025,13,0,60,277,'2025-04-22 13:00:00.000000',0,1),(255915,'350f212d-27ab-483a-a9c5-01b2c58fdb35',22,4,2025,14,0,60,278,'2025-04-22 14:00:00.000000',0,1),(255916,'350f212d-27ab-483a-a9c5-01b2c58fdb35',23,4,2025,12,0,60,241,'2025-04-23 12:00:00.000000',0,1),(255917,'350f212d-27ab-483a-a9c5-01b2c58fdb35',23,4,2025,13,0,60,279,'2025-04-23 13:00:00.000000',0,1),(255918,'350f212d-27ab-483a-a9c5-01b2c58fdb35',23,4,2025,16,0,60,281,'2025-04-23 16:00:00.000000',0,1),(255919,'350f212d-27ab-483a-a9c5-01b2c58fdb35',23,4,2025,17,0,60,282,'2025-04-23 17:00:00.000000',0,1),(255920,'350f212d-27ab-483a-a9c5-01b2c58fdb35',24,4,2025,0,0,60,288,'2025-04-24 00:00:00.000000',0,1),(255921,'350f212d-27ab-483a-a9c5-01b2c58fdb35',24,4,2025,1,0,60,294,'2025-04-24 01:00:00.000000',0,1),(255922,'350f212d-27ab-483a-a9c5-01b2c58fdb35',24,4,2025,2,0,60,295,'2025-04-24 02:00:00.000000',0,1),(255923,'350f212d-27ab-483a-a9c5-01b2c58fdb35',24,4,2025,3,0,60,297,'2025-04-24 03:00:00.000000',0,1),(255924,'350f212d-27ab-483a-a9c5-01b2c58fdb35',24,4,2025,4,0,60,298,'2025-04-24 04:00:00.000000',0,1),(255925,'350f212d-27ab-483a-a9c5-01b2c58fdb35',24,4,2025,15,0,60,247,'2025-04-24 15:00:00.000000',0,1),(255926,'350f212d-27ab-483a-a9c5-01b2c58fdb35',24,4,2025,17,0,60,250,'2025-04-24 17:00:00.000000',0,1),(255927,'350f212d-27ab-483a-a9c5-01b2c58fdb35',24,4,2025,18,0,60,296,'2025-04-24 18:00:00.000000',0,1),(255928,'350f212d-27ab-483a-a9c5-01b2c58fdb35',25,4,2025,0,0,60,289,'2025-04-25 00:00:00.000000',0,1),(255929,'350f212d-27ab-483a-a9c5-01b2c58fdb35',25,4,2025,1,0,60,292,'2025-04-25 01:00:00.000000',0,1),(255930,'350f212d-27ab-483a-a9c5-01b2c58fdb35',25,4,2025,2,0,60,291,'2025-04-25 02:00:00.000000',0,1),(255931,'350f212d-27ab-483a-a9c5-01b2c58fdb35',25,4,2025,4,0,60,290,'2025-04-25 04:00:00.000000',0,1),(255932,'350f212d-27ab-483a-a9c5-01b2c58fdb35',25,4,2025,5,0,60,293,'2025-04-25 05:00:00.000000',0,1),(255933,'350f212d-27ab-483a-a9c5-01b2c58fdb35',25,4,2025,8,0,60,251,'2025-04-25 08:00:00.000000',0,1),(255934,'350f212d-27ab-483a-a9c5-01b2c58fdb35',25,4,2025,9,0,60,252,'2025-04-25 09:00:00.000000',0,1),(255935,'350f212d-27ab-483a-a9c5-01b2c58fdb35',27,4,2025,0,0,60,299,'2025-04-27 00:00:00.000000',0,1),(255936,'350f212d-27ab-483a-a9c5-01b2c58fdb35',27,4,2025,1,0,60,300,'2025-04-27 01:00:00.000000',0,1),(255937,'350f212d-27ab-483a-a9c5-01b2c58fdb35',28,4,2025,14,0,60,274,'2025-04-28 14:00:00.000000',0,1),(255938,'350f212d-27ab-483a-a9c5-01b2c58fdb35',28,4,2025,16,0,60,275,'2025-04-28 16:00:00.000000',0,1),(255939,'350f212d-27ab-483a-a9c5-01b2c58fdb35',29,4,2025,11,0,60,242,'2025-04-29 11:00:00.000000',0,1),(255940,'350f212d-27ab-483a-a9c5-01b2c58fdb35',29,4,2025,13,0,60,277,'2025-04-29 13:00:00.000000',0,1),(255941,'350f212d-27ab-483a-a9c5-01b2c58fdb35',29,4,2025,14,0,60,278,'2025-04-29 14:00:00.000000',0,1),(255942,'350f212d-27ab-483a-a9c5-01b2c58fdb35',30,4,2025,12,0,60,241,'2025-04-30 12:00:00.000000',0,1),(255943,'350f212d-27ab-483a-a9c5-01b2c58fdb35',30,4,2025,13,0,60,279,'2025-04-30 13:00:00.000000',0,1),(255944,'350f212d-27ab-483a-a9c5-01b2c58fdb35',30,4,2025,16,0,60,281,'2025-04-30 16:00:00.000000',0,1),(255945,'350f212d-27ab-483a-a9c5-01b2c58fdb35',30,4,2025,17,0,60,282,'2025-04-30 17:00:00.000000',0,1),(255946,'350f212d-27ab-483a-a9c5-01b2c58fdb35',1,5,2025,0,0,60,288,'2025-05-01 00:00:00.000000',0,1),(255947,'350f212d-27ab-483a-a9c5-01b2c58fdb35',1,5,2025,1,0,60,294,'2025-05-01 01:00:00.000000',0,1),(255948,'350f212d-27ab-483a-a9c5-01b2c58fdb35',1,5,2025,2,0,60,295,'2025-05-01 02:00:00.000000',0,1),(255949,'350f212d-27ab-483a-a9c5-01b2c58fdb35',1,5,2025,3,0,60,297,'2025-05-01 03:00:00.000000',0,1),(255950,'350f212d-27ab-483a-a9c5-01b2c58fdb35',1,5,2025,4,0,60,298,'2025-05-01 04:00:00.000000',0,1),(255951,'350f212d-27ab-483a-a9c5-01b2c58fdb35',1,5,2025,15,0,60,247,'2025-05-01 15:00:00.000000',0,1),(255952,'350f212d-27ab-483a-a9c5-01b2c58fdb35',1,5,2025,17,0,60,250,'2025-05-01 17:00:00.000000',0,1),(255953,'350f212d-27ab-483a-a9c5-01b2c58fdb35',1,5,2025,18,0,60,296,'2025-05-01 18:00:00.000000',0,1),(255954,'350f212d-27ab-483a-a9c5-01b2c58fdb35',2,5,2025,0,0,60,289,'2025-05-02 00:00:00.000000',0,1),(255955,'350f212d-27ab-483a-a9c5-01b2c58fdb35',2,5,2025,1,0,60,292,'2025-05-02 01:00:00.000000',0,1),(255956,'350f212d-27ab-483a-a9c5-01b2c58fdb35',2,5,2025,2,0,60,291,'2025-05-02 02:00:00.000000',0,1),(255957,'350f212d-27ab-483a-a9c5-01b2c58fdb35',2,5,2025,4,0,60,290,'2025-05-02 04:00:00.000000',0,1),(255958,'350f212d-27ab-483a-a9c5-01b2c58fdb35',2,5,2025,5,0,60,293,'2025-05-02 05:00:00.000000',0,1),(255959,'350f212d-27ab-483a-a9c5-01b2c58fdb35',2,5,2025,8,0,60,251,'2025-05-02 08:00:00.000000',0,1),(255960,'350f212d-27ab-483a-a9c5-01b2c58fdb35',2,5,2025,9,0,60,252,'2025-05-02 09:00:00.000000',0,1),(255961,'350f212d-27ab-483a-a9c5-01b2c58fdb35',4,5,2025,0,0,60,299,'2025-05-04 00:00:00.000000',0,1),(255962,'350f212d-27ab-483a-a9c5-01b2c58fdb35',4,5,2025,1,0,60,300,'2025-05-04 01:00:00.000000',0,1),(255963,'350f212d-27ab-483a-a9c5-01b2c58fdb35',5,5,2025,14,0,60,274,'2025-05-05 14:00:00.000000',0,1),(255964,'350f212d-27ab-483a-a9c5-01b2c58fdb35',5,5,2025,16,0,60,275,'2025-05-05 16:00:00.000000',0,1),(255965,'350f212d-27ab-483a-a9c5-01b2c58fdb35',6,5,2025,11,0,60,242,'2025-05-06 11:00:00.000000',0,1),(255966,'350f212d-27ab-483a-a9c5-01b2c58fdb35',6,5,2025,13,0,60,277,'2025-05-06 13:00:00.000000',0,1),(255967,'350f212d-27ab-483a-a9c5-01b2c58fdb35',6,5,2025,14,0,60,278,'2025-05-06 14:00:00.000000',0,1),(255968,'350f212d-27ab-483a-a9c5-01b2c58fdb35',7,5,2025,12,0,60,241,'2025-05-07 12:00:00.000000',0,1),(255969,'350f212d-27ab-483a-a9c5-01b2c58fdb35',7,5,2025,13,0,60,279,'2025-05-07 13:00:00.000000',0,1),(255970,'350f212d-27ab-483a-a9c5-01b2c58fdb35',7,5,2025,16,0,60,281,'2025-05-07 16:00:00.000000',0,1),(255971,'350f212d-27ab-483a-a9c5-01b2c58fdb35',7,5,2025,17,0,60,282,'2025-05-07 17:00:00.000000',0,1),(255972,'350f212d-27ab-483a-a9c5-01b2c58fdb35',8,5,2025,0,0,60,288,'2025-05-08 00:00:00.000000',0,1),(255973,'350f212d-27ab-483a-a9c5-01b2c58fdb35',8,5,2025,1,0,60,294,'2025-05-08 01:00:00.000000',0,1),(255974,'350f212d-27ab-483a-a9c5-01b2c58fdb35',8,5,2025,2,0,60,295,'2025-05-08 02:00:00.000000',0,1),(255975,'350f212d-27ab-483a-a9c5-01b2c58fdb35',8,5,2025,3,0,60,297,'2025-05-08 03:00:00.000000',0,1),(255976,'350f212d-27ab-483a-a9c5-01b2c58fdb35',8,5,2025,4,0,60,298,'2025-05-08 04:00:00.000000',0,1),(255977,'350f212d-27ab-483a-a9c5-01b2c58fdb35',8,5,2025,15,0,60,247,'2025-05-08 15:00:00.000000',0,1),(255978,'350f212d-27ab-483a-a9c5-01b2c58fdb35',8,5,2025,17,0,60,250,'2025-05-08 17:00:00.000000',0,1),(255979,'350f212d-27ab-483a-a9c5-01b2c58fdb35',8,5,2025,18,0,60,296,'2025-05-08 18:00:00.000000',0,1),(255980,'350f212d-27ab-483a-a9c5-01b2c58fdb35',9,5,2025,0,0,60,289,'2025-05-09 00:00:00.000000',0,1),(255981,'350f212d-27ab-483a-a9c5-01b2c58fdb35',9,5,2025,1,0,60,292,'2025-05-09 01:00:00.000000',0,1),(255982,'350f212d-27ab-483a-a9c5-01b2c58fdb35',9,5,2025,2,0,60,291,'2025-05-09 02:00:00.000000',0,1),(255983,'350f212d-27ab-483a-a9c5-01b2c58fdb35',9,5,2025,4,0,60,290,'2025-05-09 04:00:00.000000',0,1),(255984,'350f212d-27ab-483a-a9c5-01b2c58fdb35',9,5,2025,5,0,60,293,'2025-05-09 05:00:00.000000',0,1),(255985,'350f212d-27ab-483a-a9c5-01b2c58fdb35',9,5,2025,8,0,60,251,'2025-05-09 08:00:00.000000',0,1),(255986,'350f212d-27ab-483a-a9c5-01b2c58fdb35',9,5,2025,9,0,60,252,'2025-05-09 09:00:00.000000',0,1),(255987,'350f212d-27ab-483a-a9c5-01b2c58fdb35',11,5,2025,0,0,60,299,'2025-05-11 00:00:00.000000',0,1),(255988,'350f212d-27ab-483a-a9c5-01b2c58fdb35',11,5,2025,1,0,60,300,'2025-05-11 01:00:00.000000',0,1),(255989,'350f212d-27ab-483a-a9c5-01b2c58fdb35',12,5,2025,14,0,60,274,'2025-05-12 14:00:00.000000',0,1),(255990,'350f212d-27ab-483a-a9c5-01b2c58fdb35',12,5,2025,16,0,60,275,'2025-05-12 16:00:00.000000',0,1),(255991,'350f212d-27ab-483a-a9c5-01b2c58fdb35',13,5,2025,11,0,60,242,'2025-05-13 11:00:00.000000',0,1),(255992,'350f212d-27ab-483a-a9c5-01b2c58fdb35',13,5,2025,13,0,60,277,'2025-05-13 13:00:00.000000',0,1),(255993,'350f212d-27ab-483a-a9c5-01b2c58fdb35',13,5,2025,14,0,60,278,'2025-05-13 14:00:00.000000',0,1),(255994,'350f212d-27ab-483a-a9c5-01b2c58fdb35',14,5,2025,12,0,60,241,'2025-05-14 12:00:00.000000',0,1),(255995,'350f212d-27ab-483a-a9c5-01b2c58fdb35',14,5,2025,13,0,60,279,'2025-05-14 13:00:00.000000',0,1),(255996,'350f212d-27ab-483a-a9c5-01b2c58fdb35',14,5,2025,16,0,60,281,'2025-05-14 16:00:00.000000',0,1),(255997,'350f212d-27ab-483a-a9c5-01b2c58fdb35',14,5,2025,17,0,60,282,'2025-05-14 17:00:00.000000',0,1),(255998,'350f212d-27ab-483a-a9c5-01b2c58fdb35',15,5,2025,0,0,60,288,'2025-05-15 00:00:00.000000',0,1),(255999,'350f212d-27ab-483a-a9c5-01b2c58fdb35',15,5,2025,1,0,60,294,'2025-05-15 01:00:00.000000',0,1),(256000,'350f212d-27ab-483a-a9c5-01b2c58fdb35',15,5,2025,2,0,60,295,'2025-05-15 02:00:00.000000',0,1),(256001,'350f212d-27ab-483a-a9c5-01b2c58fdb35',15,5,2025,3,0,60,297,'2025-05-15 03:00:00.000000',0,1),(256002,'350f212d-27ab-483a-a9c5-01b2c58fdb35',15,5,2025,4,0,60,298,'2025-05-15 04:00:00.000000',0,1),(256003,'350f212d-27ab-483a-a9c5-01b2c58fdb35',15,5,2025,15,0,60,247,'2025-05-15 15:00:00.000000',0,1),(256004,'350f212d-27ab-483a-a9c5-01b2c58fdb35',15,5,2025,17,0,60,250,'2025-05-15 17:00:00.000000',0,1),(256005,'350f212d-27ab-483a-a9c5-01b2c58fdb35',15,5,2025,18,0,60,296,'2025-05-15 18:00:00.000000',0,1),(256006,'de375644-3c24-4df6-8774-3c1ba046868f',17,3,2025,10,0,60,261,'2025-03-17 10:00:00.000000',0,1),(256007,'de375644-3c24-4df6-8774-3c1ba046868f',17,3,2025,13,0,60,257,'2025-03-17 13:00:00.000000',0,1),(256008,'de375644-3c24-4df6-8774-3c1ba046868f',17,3,2025,15,0,60,258,'2025-03-17 15:00:00.000000',0,1),(256009,'de375644-3c24-4df6-8774-3c1ba046868f',17,3,2025,16,0,60,266,'2025-03-17 16:00:00.000000',0,1),(256010,'de375644-3c24-4df6-8774-3c1ba046868f',18,3,2025,11,0,60,303,'2025-03-18 11:00:00.000000',0,1),(256011,'de375644-3c24-4df6-8774-3c1ba046868f',18,3,2025,12,0,60,302,'2025-03-18 12:00:00.000000',0,1),(256012,'de375644-3c24-4df6-8774-3c1ba046868f',18,3,2025,13,0,60,301,'2025-03-18 13:00:00.000000',0,1),(256013,'de375644-3c24-4df6-8774-3c1ba046868f',18,3,2025,14,0,60,259,'2025-03-18 14:00:00.000000',0,1),(256014,'de375644-3c24-4df6-8774-3c1ba046868f',18,3,2025,15,0,60,304,'2025-03-18 15:00:00.000000',0,1),(256015,'de375644-3c24-4df6-8774-3c1ba046868f',18,3,2025,17,0,60,243,'2025-03-18 17:00:00.000000',0,1),(256016,'de375644-3c24-4df6-8774-3c1ba046868f',18,3,2025,18,0,60,260,'2025-03-18 18:00:00.000000',0,1),(256017,'de375644-3c24-4df6-8774-3c1ba046868f',18,3,2025,20,0,60,267,'2025-03-18 20:00:00.000000',0,1),(256018,'de375644-3c24-4df6-8774-3c1ba046868f',19,3,2025,9,0,60,262,'2025-03-19 09:00:00.000000',0,1),(256019,'de375644-3c24-4df6-8774-3c1ba046868f',19,3,2025,12,0,60,263,'2025-03-19 12:00:00.000000',0,1),(256020,'de375644-3c24-4df6-8774-3c1ba046868f',19,3,2025,14,0,60,264,'2025-03-19 14:00:00.000000',0,1),(256021,'de375644-3c24-4df6-8774-3c1ba046868f',19,3,2025,16,0,60,280,'2025-03-19 16:00:00.000000',0,1),(256022,'de375644-3c24-4df6-8774-3c1ba046868f',19,3,2025,17,0,60,244,'2025-03-19 17:00:00.000000',0,1),(256023,'de375644-3c24-4df6-8774-3c1ba046868f',20,3,2025,13,0,60,269,'2025-03-20 13:00:00.000000',0,1),(256024,'de375644-3c24-4df6-8774-3c1ba046868f',20,3,2025,14,0,60,270,'2025-03-20 14:00:00.000000',0,1),(256025,'de375644-3c24-4df6-8774-3c1ba046868f',20,3,2025,15,0,60,271,'2025-03-20 15:00:00.000000',0,1),(256026,'de375644-3c24-4df6-8774-3c1ba046868f',20,3,2025,17,0,60,272,'2025-03-20 17:00:00.000000',0,1),(256027,'de375644-3c24-4df6-8774-3c1ba046868f',20,3,2025,18,0,60,268,'2025-03-20 18:00:00.000000',0,1),(256028,'de375644-3c24-4df6-8774-3c1ba046868f',22,3,2025,14,0,60,265,'2025-03-22 14:00:00.000000',0,1),(256029,'de375644-3c24-4df6-8774-3c1ba046868f',22,3,2025,16,0,60,253,'2025-03-22 16:00:00.000000',0,1),(256030,'de375644-3c24-4df6-8774-3c1ba046868f',22,3,2025,17,0,60,254,'2025-03-22 17:00:00.000000',0,1),(256031,'de375644-3c24-4df6-8774-3c1ba046868f',23,3,2025,8,0,60,255,'2025-03-23 08:00:00.000000',0,1),(256032,'de375644-3c24-4df6-8774-3c1ba046868f',23,3,2025,14,0,60,273,'2025-03-23 14:00:00.000000',0,1),(256033,'de375644-3c24-4df6-8774-3c1ba046868f',23,3,2025,21,0,60,245,'2025-03-23 21:00:00.000000',0,1),(256034,'de375644-3c24-4df6-8774-3c1ba046868f',23,3,2025,22,0,60,256,'2025-03-23 22:00:00.000000',0,1),(256035,'de375644-3c24-4df6-8774-3c1ba046868f',24,3,2025,10,0,60,261,'2025-03-24 10:00:00.000000',0,1),(256036,'de375644-3c24-4df6-8774-3c1ba046868f',24,3,2025,13,0,60,257,'2025-03-24 13:00:00.000000',0,1),(256037,'de375644-3c24-4df6-8774-3c1ba046868f',24,3,2025,15,0,60,258,'2025-03-24 15:00:00.000000',0,1),(256038,'de375644-3c24-4df6-8774-3c1ba046868f',24,3,2025,16,0,60,266,'2025-03-24 16:00:00.000000',0,1),(256039,'de375644-3c24-4df6-8774-3c1ba046868f',25,3,2025,11,0,60,303,'2025-03-25 11:00:00.000000',0,1),(256040,'de375644-3c24-4df6-8774-3c1ba046868f',25,3,2025,12,0,60,302,'2025-03-25 12:00:00.000000',0,1),(256041,'de375644-3c24-4df6-8774-3c1ba046868f',25,3,2025,13,0,60,301,'2025-03-25 13:00:00.000000',0,1),(256042,'de375644-3c24-4df6-8774-3c1ba046868f',25,3,2025,14,0,60,259,'2025-03-25 14:00:00.000000',0,1),(256043,'de375644-3c24-4df6-8774-3c1ba046868f',25,3,2025,15,0,60,304,'2025-03-25 15:00:00.000000',0,1),(256044,'de375644-3c24-4df6-8774-3c1ba046868f',25,3,2025,17,0,60,243,'2025-03-25 17:00:00.000000',0,1),(256045,'de375644-3c24-4df6-8774-3c1ba046868f',25,3,2025,18,0,60,260,'2025-03-25 18:00:00.000000',0,1),(256046,'de375644-3c24-4df6-8774-3c1ba046868f',25,3,2025,20,0,60,267,'2025-03-25 20:00:00.000000',0,1),(256047,'de375644-3c24-4df6-8774-3c1ba046868f',26,3,2025,9,0,60,262,'2025-03-26 09:00:00.000000',0,1),(256048,'de375644-3c24-4df6-8774-3c1ba046868f',26,3,2025,12,0,60,263,'2025-03-26 12:00:00.000000',0,1),(256049,'de375644-3c24-4df6-8774-3c1ba046868f',26,3,2025,14,0,60,264,'2025-03-26 14:00:00.000000',0,1),(256050,'de375644-3c24-4df6-8774-3c1ba046868f',26,3,2025,16,0,60,280,'2025-03-26 16:00:00.000000',0,1),(256051,'de375644-3c24-4df6-8774-3c1ba046868f',26,3,2025,17,0,60,244,'2025-03-26 17:00:00.000000',0,1),(256052,'de375644-3c24-4df6-8774-3c1ba046868f',27,3,2025,13,0,60,269,'2025-03-27 13:00:00.000000',0,1),(256053,'de375644-3c24-4df6-8774-3c1ba046868f',27,3,2025,14,0,60,270,'2025-03-27 14:00:00.000000',0,1),(256054,'de375644-3c24-4df6-8774-3c1ba046868f',27,3,2025,15,0,60,271,'2025-03-27 15:00:00.000000',0,1),(256055,'de375644-3c24-4df6-8774-3c1ba046868f',27,3,2025,17,0,60,272,'2025-03-27 17:00:00.000000',0,1),(256056,'de375644-3c24-4df6-8774-3c1ba046868f',27,3,2025,18,0,60,268,'2025-03-27 18:00:00.000000',0,1),(256057,'de375644-3c24-4df6-8774-3c1ba046868f',29,3,2025,14,0,60,265,'2025-03-29 14:00:00.000000',0,1),(256058,'de375644-3c24-4df6-8774-3c1ba046868f',29,3,2025,16,0,60,253,'2025-03-29 16:00:00.000000',0,1),(256059,'de375644-3c24-4df6-8774-3c1ba046868f',29,3,2025,17,0,60,254,'2025-03-29 17:00:00.000000',0,1),(256060,'de375644-3c24-4df6-8774-3c1ba046868f',30,3,2025,8,0,60,255,'2025-03-30 08:00:00.000000',0,1),(256061,'de375644-3c24-4df6-8774-3c1ba046868f',30,3,2025,14,0,60,273,'2025-03-30 14:00:00.000000',0,1),(256062,'de375644-3c24-4df6-8774-3c1ba046868f',30,3,2025,21,0,60,245,'2025-03-30 21:00:00.000000',0,1),(256063,'de375644-3c24-4df6-8774-3c1ba046868f',30,3,2025,22,0,60,256,'2025-03-30 22:00:00.000000',0,1),(256064,'de375644-3c24-4df6-8774-3c1ba046868f',31,3,2025,10,0,60,261,'2025-03-31 10:00:00.000000',0,1),(256065,'de375644-3c24-4df6-8774-3c1ba046868f',31,3,2025,13,0,60,257,'2025-03-31 13:00:00.000000',0,1),(256066,'de375644-3c24-4df6-8774-3c1ba046868f',31,3,2025,15,0,60,258,'2025-03-31 15:00:00.000000',0,1),(256067,'de375644-3c24-4df6-8774-3c1ba046868f',31,3,2025,16,0,60,266,'2025-03-31 16:00:00.000000',0,1),(256068,'de375644-3c24-4df6-8774-3c1ba046868f',1,4,2025,11,0,60,303,'2025-04-01 11:00:00.000000',0,1),(256069,'de375644-3c24-4df6-8774-3c1ba046868f',1,4,2025,12,0,60,302,'2025-04-01 12:00:00.000000',0,1),(256070,'de375644-3c24-4df6-8774-3c1ba046868f',1,4,2025,13,0,60,301,'2025-04-01 13:00:00.000000',0,1),(256071,'de375644-3c24-4df6-8774-3c1ba046868f',1,4,2025,14,0,60,259,'2025-04-01 14:00:00.000000',0,1),(256072,'de375644-3c24-4df6-8774-3c1ba046868f',1,4,2025,15,0,60,304,'2025-04-01 15:00:00.000000',0,1),(256073,'de375644-3c24-4df6-8774-3c1ba046868f',1,4,2025,17,0,60,243,'2025-04-01 17:00:00.000000',0,1),(256074,'de375644-3c24-4df6-8774-3c1ba046868f',1,4,2025,18,0,60,260,'2025-04-01 18:00:00.000000',0,1),(256075,'de375644-3c24-4df6-8774-3c1ba046868f',1,4,2025,20,0,60,267,'2025-04-01 20:00:00.000000',0,1),(256076,'de375644-3c24-4df6-8774-3c1ba046868f',2,4,2025,9,0,60,262,'2025-04-02 09:00:00.000000',0,1),(256077,'de375644-3c24-4df6-8774-3c1ba046868f',2,4,2025,12,0,60,263,'2025-04-02 12:00:00.000000',0,1),(256078,'de375644-3c24-4df6-8774-3c1ba046868f',2,4,2025,14,0,60,264,'2025-04-02 14:00:00.000000',0,1),(256079,'de375644-3c24-4df6-8774-3c1ba046868f',2,4,2025,16,0,60,280,'2025-04-02 16:00:00.000000',0,1),(256080,'de375644-3c24-4df6-8774-3c1ba046868f',2,4,2025,17,0,60,244,'2025-04-02 17:00:00.000000',0,1),(256081,'de375644-3c24-4df6-8774-3c1ba046868f',3,4,2025,13,0,60,269,'2025-04-03 13:00:00.000000',0,1),(256082,'de375644-3c24-4df6-8774-3c1ba046868f',3,4,2025,14,0,60,270,'2025-04-03 14:00:00.000000',0,1),(256083,'de375644-3c24-4df6-8774-3c1ba046868f',3,4,2025,15,0,60,271,'2025-04-03 15:00:00.000000',0,1),(256084,'de375644-3c24-4df6-8774-3c1ba046868f',3,4,2025,17,0,60,272,'2025-04-03 17:00:00.000000',0,1),(256085,'de375644-3c24-4df6-8774-3c1ba046868f',3,4,2025,18,0,60,268,'2025-04-03 18:00:00.000000',0,1),(256086,'de375644-3c24-4df6-8774-3c1ba046868f',5,4,2025,14,0,60,265,'2025-04-05 14:00:00.000000',0,1),(256087,'de375644-3c24-4df6-8774-3c1ba046868f',5,4,2025,16,0,60,253,'2025-04-05 16:00:00.000000',0,1),(256088,'de375644-3c24-4df6-8774-3c1ba046868f',5,4,2025,17,0,60,254,'2025-04-05 17:00:00.000000',0,1),(256089,'de375644-3c24-4df6-8774-3c1ba046868f',6,4,2025,8,0,60,255,'2025-04-06 08:00:00.000000',0,1),(256090,'de375644-3c24-4df6-8774-3c1ba046868f',6,4,2025,14,0,60,273,'2025-04-06 14:00:00.000000',0,1),(256091,'de375644-3c24-4df6-8774-3c1ba046868f',6,4,2025,21,0,60,245,'2025-04-06 21:00:00.000000',0,1),(256092,'de375644-3c24-4df6-8774-3c1ba046868f',6,4,2025,22,0,60,256,'2025-04-06 22:00:00.000000',0,1),(256093,'de375644-3c24-4df6-8774-3c1ba046868f',7,4,2025,10,0,60,261,'2025-04-07 10:00:00.000000',0,1),(256094,'de375644-3c24-4df6-8774-3c1ba046868f',7,4,2025,13,0,60,257,'2025-04-07 13:00:00.000000',0,1),(256095,'de375644-3c24-4df6-8774-3c1ba046868f',7,4,2025,15,0,60,258,'2025-04-07 15:00:00.000000',0,1),(256096,'de375644-3c24-4df6-8774-3c1ba046868f',7,4,2025,16,0,60,266,'2025-04-07 16:00:00.000000',0,1),(256097,'de375644-3c24-4df6-8774-3c1ba046868f',8,4,2025,11,0,60,303,'2025-04-08 11:00:00.000000',0,1),(256098,'de375644-3c24-4df6-8774-3c1ba046868f',8,4,2025,12,0,60,302,'2025-04-08 12:00:00.000000',0,1),(256099,'de375644-3c24-4df6-8774-3c1ba046868f',8,4,2025,13,0,60,301,'2025-04-08 13:00:00.000000',0,1),(256100,'de375644-3c24-4df6-8774-3c1ba046868f',8,4,2025,14,0,60,259,'2025-04-08 14:00:00.000000',0,1),(256101,'de375644-3c24-4df6-8774-3c1ba046868f',8,4,2025,15,0,60,304,'2025-04-08 15:00:00.000000',0,1),(256102,'de375644-3c24-4df6-8774-3c1ba046868f',8,4,2025,17,0,60,243,'2025-04-08 17:00:00.000000',0,1),(256103,'de375644-3c24-4df6-8774-3c1ba046868f',8,4,2025,18,0,60,260,'2025-04-08 18:00:00.000000',0,1),(256104,'de375644-3c24-4df6-8774-3c1ba046868f',8,4,2025,20,0,60,267,'2025-04-08 20:00:00.000000',0,1),(256105,'de375644-3c24-4df6-8774-3c1ba046868f',9,4,2025,9,0,60,262,'2025-04-09 09:00:00.000000',0,1),(256106,'de375644-3c24-4df6-8774-3c1ba046868f',9,4,2025,12,0,60,263,'2025-04-09 12:00:00.000000',0,1),(256107,'de375644-3c24-4df6-8774-3c1ba046868f',9,4,2025,14,0,60,264,'2025-04-09 14:00:00.000000',0,1),(256108,'de375644-3c24-4df6-8774-3c1ba046868f',9,4,2025,16,0,60,280,'2025-04-09 16:00:00.000000',0,1),(256109,'de375644-3c24-4df6-8774-3c1ba046868f',9,4,2025,17,0,60,244,'2025-04-09 17:00:00.000000',0,1),(256110,'de375644-3c24-4df6-8774-3c1ba046868f',10,4,2025,13,0,60,269,'2025-04-10 13:00:00.000000',0,1),(256111,'de375644-3c24-4df6-8774-3c1ba046868f',10,4,2025,14,0,60,270,'2025-04-10 14:00:00.000000',0,1),(256112,'de375644-3c24-4df6-8774-3c1ba046868f',10,4,2025,15,0,60,271,'2025-04-10 15:00:00.000000',0,1),(256113,'de375644-3c24-4df6-8774-3c1ba046868f',10,4,2025,17,0,60,272,'2025-04-10 17:00:00.000000',0,1),(256114,'de375644-3c24-4df6-8774-3c1ba046868f',10,4,2025,18,0,60,268,'2025-04-10 18:00:00.000000',0,1),(256115,'de375644-3c24-4df6-8774-3c1ba046868f',12,4,2025,14,0,60,265,'2025-04-12 14:00:00.000000',0,1),(256116,'de375644-3c24-4df6-8774-3c1ba046868f',12,4,2025,16,0,60,253,'2025-04-12 16:00:00.000000',0,1),(256117,'de375644-3c24-4df6-8774-3c1ba046868f',12,4,2025,17,0,60,254,'2025-04-12 17:00:00.000000',0,1),(256118,'de375644-3c24-4df6-8774-3c1ba046868f',13,4,2025,8,0,60,255,'2025-04-13 08:00:00.000000',0,1),(256119,'de375644-3c24-4df6-8774-3c1ba046868f',13,4,2025,14,0,60,273,'2025-04-13 14:00:00.000000',0,1),(256120,'de375644-3c24-4df6-8774-3c1ba046868f',13,4,2025,21,0,60,245,'2025-04-13 21:00:00.000000',0,1),(256121,'de375644-3c24-4df6-8774-3c1ba046868f',13,4,2025,22,0,60,256,'2025-04-13 22:00:00.000000',0,1),(256122,'de375644-3c24-4df6-8774-3c1ba046868f',14,4,2025,10,0,60,261,'2025-04-14 10:00:00.000000',0,1),(256123,'de375644-3c24-4df6-8774-3c1ba046868f',14,4,2025,13,0,60,257,'2025-04-14 13:00:00.000000',0,1),(256124,'de375644-3c24-4df6-8774-3c1ba046868f',14,4,2025,15,0,60,258,'2025-04-14 15:00:00.000000',0,1),(256125,'de375644-3c24-4df6-8774-3c1ba046868f',14,4,2025,16,0,60,266,'2025-04-14 16:00:00.000000',0,1),(256126,'de375644-3c24-4df6-8774-3c1ba046868f',15,4,2025,11,0,60,303,'2025-04-15 11:00:00.000000',0,1),(256127,'de375644-3c24-4df6-8774-3c1ba046868f',15,4,2025,12,0,60,302,'2025-04-15 12:00:00.000000',0,1),(256128,'de375644-3c24-4df6-8774-3c1ba046868f',15,4,2025,13,0,60,301,'2025-04-15 13:00:00.000000',0,1),(256129,'de375644-3c24-4df6-8774-3c1ba046868f',15,4,2025,14,0,60,259,'2025-04-15 14:00:00.000000',0,1),(256130,'de375644-3c24-4df6-8774-3c1ba046868f',15,4,2025,15,0,60,304,'2025-04-15 15:00:00.000000',0,1),(256131,'de375644-3c24-4df6-8774-3c1ba046868f',15,4,2025,17,0,60,243,'2025-04-15 17:00:00.000000',0,1),(256132,'de375644-3c24-4df6-8774-3c1ba046868f',15,4,2025,18,0,60,260,'2025-04-15 18:00:00.000000',0,1),(256133,'de375644-3c24-4df6-8774-3c1ba046868f',15,4,2025,20,0,60,267,'2025-04-15 20:00:00.000000',0,1),(256134,'de375644-3c24-4df6-8774-3c1ba046868f',16,4,2025,9,0,60,262,'2025-04-16 09:00:00.000000',0,1),(256135,'de375644-3c24-4df6-8774-3c1ba046868f',16,4,2025,12,0,60,263,'2025-04-16 12:00:00.000000',0,1),(256136,'de375644-3c24-4df6-8774-3c1ba046868f',16,4,2025,14,0,60,264,'2025-04-16 14:00:00.000000',0,1),(256137,'de375644-3c24-4df6-8774-3c1ba046868f',16,4,2025,16,0,60,280,'2025-04-16 16:00:00.000000',0,1),(256138,'de375644-3c24-4df6-8774-3c1ba046868f',16,4,2025,17,0,60,244,'2025-04-16 17:00:00.000000',0,1),(256139,'de375644-3c24-4df6-8774-3c1ba046868f',17,4,2025,13,0,60,269,'2025-04-17 13:00:00.000000',0,1),(256140,'de375644-3c24-4df6-8774-3c1ba046868f',17,4,2025,14,0,60,270,'2025-04-17 14:00:00.000000',0,1),(256141,'de375644-3c24-4df6-8774-3c1ba046868f',17,4,2025,15,0,60,271,'2025-04-17 15:00:00.000000',0,1),(256142,'de375644-3c24-4df6-8774-3c1ba046868f',17,4,2025,17,0,60,272,'2025-04-17 17:00:00.000000',0,1),(256143,'de375644-3c24-4df6-8774-3c1ba046868f',17,4,2025,18,0,60,268,'2025-04-17 18:00:00.000000',0,1),(256144,'de375644-3c24-4df6-8774-3c1ba046868f',19,4,2025,14,0,60,265,'2025-04-19 14:00:00.000000',0,1),(256145,'de375644-3c24-4df6-8774-3c1ba046868f',19,4,2025,16,0,60,253,'2025-04-19 16:00:00.000000',0,1),(256146,'de375644-3c24-4df6-8774-3c1ba046868f',19,4,2025,17,0,60,254,'2025-04-19 17:00:00.000000',0,1),(256147,'de375644-3c24-4df6-8774-3c1ba046868f',20,4,2025,8,0,60,255,'2025-04-20 08:00:00.000000',0,1),(256148,'de375644-3c24-4df6-8774-3c1ba046868f',20,4,2025,14,0,60,273,'2025-04-20 14:00:00.000000',0,1),(256149,'de375644-3c24-4df6-8774-3c1ba046868f',20,4,2025,21,0,60,245,'2025-04-20 21:00:00.000000',0,1),(256150,'de375644-3c24-4df6-8774-3c1ba046868f',20,4,2025,22,0,60,256,'2025-04-20 22:00:00.000000',0,1),(256151,'de375644-3c24-4df6-8774-3c1ba046868f',21,4,2025,10,0,60,261,'2025-04-21 10:00:00.000000',0,1),(256152,'de375644-3c24-4df6-8774-3c1ba046868f',21,4,2025,13,0,60,257,'2025-04-21 13:00:00.000000',0,1),(256153,'de375644-3c24-4df6-8774-3c1ba046868f',21,4,2025,15,0,60,258,'2025-04-21 15:00:00.000000',0,1),(256154,'de375644-3c24-4df6-8774-3c1ba046868f',21,4,2025,16,0,60,266,'2025-04-21 16:00:00.000000',0,1),(256155,'de375644-3c24-4df6-8774-3c1ba046868f',22,4,2025,11,0,60,303,'2025-04-22 11:00:00.000000',0,1),(256156,'de375644-3c24-4df6-8774-3c1ba046868f',22,4,2025,12,0,60,302,'2025-04-22 12:00:00.000000',0,1),(256157,'de375644-3c24-4df6-8774-3c1ba046868f',22,4,2025,13,0,60,301,'2025-04-22 13:00:00.000000',0,1),(256158,'de375644-3c24-4df6-8774-3c1ba046868f',22,4,2025,14,0,60,259,'2025-04-22 14:00:00.000000',0,1),(256159,'de375644-3c24-4df6-8774-3c1ba046868f',22,4,2025,15,0,60,304,'2025-04-22 15:00:00.000000',0,1),(256160,'de375644-3c24-4df6-8774-3c1ba046868f',22,4,2025,17,0,60,243,'2025-04-22 17:00:00.000000',0,1),(256161,'de375644-3c24-4df6-8774-3c1ba046868f',22,4,2025,18,0,60,260,'2025-04-22 18:00:00.000000',0,1),(256162,'de375644-3c24-4df6-8774-3c1ba046868f',22,4,2025,20,0,60,267,'2025-04-22 20:00:00.000000',0,1),(256163,'de375644-3c24-4df6-8774-3c1ba046868f',23,4,2025,9,0,60,262,'2025-04-23 09:00:00.000000',0,1),(256164,'de375644-3c24-4df6-8774-3c1ba046868f',23,4,2025,12,0,60,263,'2025-04-23 12:00:00.000000',0,1),(256165,'de375644-3c24-4df6-8774-3c1ba046868f',23,4,2025,14,0,60,264,'2025-04-23 14:00:00.000000',0,1),(256166,'de375644-3c24-4df6-8774-3c1ba046868f',23,4,2025,16,0,60,280,'2025-04-23 16:00:00.000000',0,1),(256167,'de375644-3c24-4df6-8774-3c1ba046868f',23,4,2025,17,0,60,244,'2025-04-23 17:00:00.000000',0,1),(256168,'de375644-3c24-4df6-8774-3c1ba046868f',24,4,2025,13,0,60,269,'2025-04-24 13:00:00.000000',0,1),(256169,'de375644-3c24-4df6-8774-3c1ba046868f',24,4,2025,14,0,60,270,'2025-04-24 14:00:00.000000',0,1),(256170,'de375644-3c24-4df6-8774-3c1ba046868f',24,4,2025,15,0,60,271,'2025-04-24 15:00:00.000000',0,1),(256171,'de375644-3c24-4df6-8774-3c1ba046868f',24,4,2025,17,0,60,272,'2025-04-24 17:00:00.000000',0,1),(256172,'de375644-3c24-4df6-8774-3c1ba046868f',24,4,2025,18,0,60,268,'2025-04-24 18:00:00.000000',0,1),(256173,'de375644-3c24-4df6-8774-3c1ba046868f',26,4,2025,14,0,60,265,'2025-04-26 14:00:00.000000',0,1),(256174,'de375644-3c24-4df6-8774-3c1ba046868f',26,4,2025,16,0,60,253,'2025-04-26 16:00:00.000000',0,1),(256175,'de375644-3c24-4df6-8774-3c1ba046868f',26,4,2025,17,0,60,254,'2025-04-26 17:00:00.000000',0,1),(256176,'de375644-3c24-4df6-8774-3c1ba046868f',27,4,2025,8,0,60,255,'2025-04-27 08:00:00.000000',0,1),(256177,'de375644-3c24-4df6-8774-3c1ba046868f',27,4,2025,14,0,60,273,'2025-04-27 14:00:00.000000',0,1),(256178,'de375644-3c24-4df6-8774-3c1ba046868f',27,4,2025,21,0,60,245,'2025-04-27 21:00:00.000000',0,1),(256179,'de375644-3c24-4df6-8774-3c1ba046868f',27,4,2025,22,0,60,256,'2025-04-27 22:00:00.000000',0,1),(256180,'de375644-3c24-4df6-8774-3c1ba046868f',28,4,2025,10,0,60,261,'2025-04-28 10:00:00.000000',0,1),(256181,'de375644-3c24-4df6-8774-3c1ba046868f',28,4,2025,13,0,60,257,'2025-04-28 13:00:00.000000',0,1),(256182,'de375644-3c24-4df6-8774-3c1ba046868f',28,4,2025,15,0,60,258,'2025-04-28 15:00:00.000000',0,1),(256183,'de375644-3c24-4df6-8774-3c1ba046868f',28,4,2025,16,0,60,266,'2025-04-28 16:00:00.000000',0,1),(256184,'de375644-3c24-4df6-8774-3c1ba046868f',29,4,2025,11,0,60,303,'2025-04-29 11:00:00.000000',0,1),(256185,'de375644-3c24-4df6-8774-3c1ba046868f',29,4,2025,12,0,60,302,'2025-04-29 12:00:00.000000',0,1),(256186,'de375644-3c24-4df6-8774-3c1ba046868f',29,4,2025,13,0,60,301,'2025-04-29 13:00:00.000000',0,1),(256187,'de375644-3c24-4df6-8774-3c1ba046868f',29,4,2025,14,0,60,259,'2025-04-29 14:00:00.000000',0,1),(256188,'de375644-3c24-4df6-8774-3c1ba046868f',29,4,2025,15,0,60,304,'2025-04-29 15:00:00.000000',0,1),(256189,'de375644-3c24-4df6-8774-3c1ba046868f',29,4,2025,17,0,60,243,'2025-04-29 17:00:00.000000',0,1),(256190,'de375644-3c24-4df6-8774-3c1ba046868f',29,4,2025,18,0,60,260,'2025-04-29 18:00:00.000000',0,1),(256191,'de375644-3c24-4df6-8774-3c1ba046868f',29,4,2025,20,0,60,267,'2025-04-29 20:00:00.000000',0,1),(256192,'de375644-3c24-4df6-8774-3c1ba046868f',30,4,2025,9,0,60,262,'2025-04-30 09:00:00.000000',0,1),(256193,'de375644-3c24-4df6-8774-3c1ba046868f',30,4,2025,12,0,60,263,'2025-04-30 12:00:00.000000',0,1),(256194,'de375644-3c24-4df6-8774-3c1ba046868f',30,4,2025,14,0,60,264,'2025-04-30 14:00:00.000000',0,1),(256195,'de375644-3c24-4df6-8774-3c1ba046868f',30,4,2025,16,0,60,280,'2025-04-30 16:00:00.000000',0,1),(256196,'de375644-3c24-4df6-8774-3c1ba046868f',30,4,2025,17,0,60,244,'2025-04-30 17:00:00.000000',0,1),(256197,'de375644-3c24-4df6-8774-3c1ba046868f',1,5,2025,13,0,60,269,'2025-05-01 13:00:00.000000',0,1),(256198,'de375644-3c24-4df6-8774-3c1ba046868f',1,5,2025,14,0,60,270,'2025-05-01 14:00:00.000000',0,1),(256199,'de375644-3c24-4df6-8774-3c1ba046868f',1,5,2025,15,0,60,271,'2025-05-01 15:00:00.000000',0,1),(256200,'de375644-3c24-4df6-8774-3c1ba046868f',1,5,2025,17,0,60,272,'2025-05-01 17:00:00.000000',0,1),(256201,'de375644-3c24-4df6-8774-3c1ba046868f',1,5,2025,18,0,60,268,'2025-05-01 18:00:00.000000',0,1),(256202,'de375644-3c24-4df6-8774-3c1ba046868f',3,5,2025,14,0,60,265,'2025-05-03 14:00:00.000000',0,1),(256203,'de375644-3c24-4df6-8774-3c1ba046868f',3,5,2025,16,0,60,253,'2025-05-03 16:00:00.000000',0,1),(256204,'de375644-3c24-4df6-8774-3c1ba046868f',3,5,2025,17,0,60,254,'2025-05-03 17:00:00.000000',0,1),(256205,'de375644-3c24-4df6-8774-3c1ba046868f',4,5,2025,8,0,60,255,'2025-05-04 08:00:00.000000',0,1),(256206,'de375644-3c24-4df6-8774-3c1ba046868f',4,5,2025,14,0,60,273,'2025-05-04 14:00:00.000000',0,1),(256207,'de375644-3c24-4df6-8774-3c1ba046868f',4,5,2025,21,0,60,245,'2025-05-04 21:00:00.000000',0,1),(256208,'de375644-3c24-4df6-8774-3c1ba046868f',4,5,2025,22,0,60,256,'2025-05-04 22:00:00.000000',0,1),(256209,'de375644-3c24-4df6-8774-3c1ba046868f',5,5,2025,10,0,60,261,'2025-05-05 10:00:00.000000',0,1),(256210,'de375644-3c24-4df6-8774-3c1ba046868f',5,5,2025,13,0,60,257,'2025-05-05 13:00:00.000000',0,1),(256211,'de375644-3c24-4df6-8774-3c1ba046868f',5,5,2025,15,0,60,258,'2025-05-05 15:00:00.000000',0,1),(256212,'de375644-3c24-4df6-8774-3c1ba046868f',5,5,2025,16,0,60,266,'2025-05-05 16:00:00.000000',0,1),(256213,'de375644-3c24-4df6-8774-3c1ba046868f',6,5,2025,11,0,60,303,'2025-05-06 11:00:00.000000',0,1),(256214,'de375644-3c24-4df6-8774-3c1ba046868f',6,5,2025,12,0,60,302,'2025-05-06 12:00:00.000000',0,1),(256215,'de375644-3c24-4df6-8774-3c1ba046868f',6,5,2025,13,0,60,301,'2025-05-06 13:00:00.000000',0,1),(256216,'de375644-3c24-4df6-8774-3c1ba046868f',6,5,2025,14,0,60,259,'2025-05-06 14:00:00.000000',0,1),(256217,'de375644-3c24-4df6-8774-3c1ba046868f',6,5,2025,15,0,60,304,'2025-05-06 15:00:00.000000',0,1),(256218,'de375644-3c24-4df6-8774-3c1ba046868f',6,5,2025,17,0,60,243,'2025-05-06 17:00:00.000000',0,1),(256219,'de375644-3c24-4df6-8774-3c1ba046868f',6,5,2025,18,0,60,260,'2025-05-06 18:00:00.000000',0,1),(256220,'de375644-3c24-4df6-8774-3c1ba046868f',6,5,2025,20,0,60,267,'2025-05-06 20:00:00.000000',0,1),(256221,'de375644-3c24-4df6-8774-3c1ba046868f',7,5,2025,9,0,60,262,'2025-05-07 09:00:00.000000',0,1),(256222,'de375644-3c24-4df6-8774-3c1ba046868f',7,5,2025,12,0,60,263,'2025-05-07 12:00:00.000000',0,1),(256223,'de375644-3c24-4df6-8774-3c1ba046868f',7,5,2025,14,0,60,264,'2025-05-07 14:00:00.000000',0,1),(256224,'de375644-3c24-4df6-8774-3c1ba046868f',7,5,2025,16,0,60,280,'2025-05-07 16:00:00.000000',0,1),(256225,'de375644-3c24-4df6-8774-3c1ba046868f',7,5,2025,17,0,60,244,'2025-05-07 17:00:00.000000',0,1),(256226,'de375644-3c24-4df6-8774-3c1ba046868f',8,5,2025,13,0,60,269,'2025-05-08 13:00:00.000000',0,1),(256227,'de375644-3c24-4df6-8774-3c1ba046868f',8,5,2025,14,0,60,270,'2025-05-08 14:00:00.000000',0,1),(256228,'de375644-3c24-4df6-8774-3c1ba046868f',8,5,2025,15,0,60,271,'2025-05-08 15:00:00.000000',0,1),(256229,'de375644-3c24-4df6-8774-3c1ba046868f',8,5,2025,17,0,60,272,'2025-05-08 17:00:00.000000',0,1),(256230,'de375644-3c24-4df6-8774-3c1ba046868f',8,5,2025,18,0,60,268,'2025-05-08 18:00:00.000000',0,1),(256231,'de375644-3c24-4df6-8774-3c1ba046868f',10,5,2025,14,0,60,265,'2025-05-10 14:00:00.000000',0,1),(256232,'de375644-3c24-4df6-8774-3c1ba046868f',10,5,2025,16,0,60,253,'2025-05-10 16:00:00.000000',0,1),(256233,'de375644-3c24-4df6-8774-3c1ba046868f',10,5,2025,17,0,60,254,'2025-05-10 17:00:00.000000',0,1),(256234,'de375644-3c24-4df6-8774-3c1ba046868f',11,5,2025,8,0,60,255,'2025-05-11 08:00:00.000000',0,1),(256235,'de375644-3c24-4df6-8774-3c1ba046868f',11,5,2025,14,0,60,273,'2025-05-11 14:00:00.000000',0,1),(256236,'de375644-3c24-4df6-8774-3c1ba046868f',11,5,2025,21,0,60,245,'2025-05-11 21:00:00.000000',0,1),(256237,'de375644-3c24-4df6-8774-3c1ba046868f',11,5,2025,22,0,60,256,'2025-05-11 22:00:00.000000',0,1),(256238,'de375644-3c24-4df6-8774-3c1ba046868f',12,5,2025,10,0,60,261,'2025-05-12 10:00:00.000000',0,1),(256239,'de375644-3c24-4df6-8774-3c1ba046868f',12,5,2025,13,0,60,257,'2025-05-12 13:00:00.000000',0,1),(256240,'de375644-3c24-4df6-8774-3c1ba046868f',12,5,2025,15,0,60,258,'2025-05-12 15:00:00.000000',0,1),(256241,'de375644-3c24-4df6-8774-3c1ba046868f',12,5,2025,16,0,60,266,'2025-05-12 16:00:00.000000',0,1),(256242,'de375644-3c24-4df6-8774-3c1ba046868f',13,5,2025,11,0,60,303,'2025-05-13 11:00:00.000000',0,1),(256243,'de375644-3c24-4df6-8774-3c1ba046868f',13,5,2025,12,0,60,302,'2025-05-13 12:00:00.000000',0,1),(256244,'de375644-3c24-4df6-8774-3c1ba046868f',13,5,2025,13,0,60,301,'2025-05-13 13:00:00.000000',0,1),(256245,'de375644-3c24-4df6-8774-3c1ba046868f',13,5,2025,14,0,60,259,'2025-05-13 14:00:00.000000',0,1),(256246,'de375644-3c24-4df6-8774-3c1ba046868f',13,5,2025,15,0,60,304,'2025-05-13 15:00:00.000000',0,1),(256247,'de375644-3c24-4df6-8774-3c1ba046868f',13,5,2025,17,0,60,243,'2025-05-13 17:00:00.000000',0,1),(256248,'de375644-3c24-4df6-8774-3c1ba046868f',13,5,2025,18,0,60,260,'2025-05-13 18:00:00.000000',0,1),(256249,'de375644-3c24-4df6-8774-3c1ba046868f',13,5,2025,20,0,60,267,'2025-05-13 20:00:00.000000',0,1),(256250,'de375644-3c24-4df6-8774-3c1ba046868f',14,5,2025,9,0,60,262,'2025-05-14 09:00:00.000000',0,1),(256251,'de375644-3c24-4df6-8774-3c1ba046868f',14,5,2025,12,0,60,263,'2025-05-14 12:00:00.000000',0,1),(256252,'de375644-3c24-4df6-8774-3c1ba046868f',14,5,2025,14,0,60,264,'2025-05-14 14:00:00.000000',0,1),(256253,'de375644-3c24-4df6-8774-3c1ba046868f',14,5,2025,16,0,60,280,'2025-05-14 16:00:00.000000',0,1),(256254,'de375644-3c24-4df6-8774-3c1ba046868f',14,5,2025,17,0,60,244,'2025-05-14 17:00:00.000000',0,1),(256255,'de375644-3c24-4df6-8774-3c1ba046868f',15,5,2025,13,0,60,269,'2025-05-15 13:00:00.000000',0,1),(256256,'de375644-3c24-4df6-8774-3c1ba046868f',15,5,2025,14,0,60,270,'2025-05-15 14:00:00.000000',0,1),(256257,'de375644-3c24-4df6-8774-3c1ba046868f',15,5,2025,15,0,60,271,'2025-05-15 15:00:00.000000',0,1),(256258,'de375644-3c24-4df6-8774-3c1ba046868f',15,5,2025,17,0,60,272,'2025-05-15 17:00:00.000000',0,1),(256259,'de375644-3c24-4df6-8774-3c1ba046868f',15,5,2025,18,0,60,268,'2025-05-15 18:00:00.000000',0,1);

--
-- Table structure for table `medicaltests`
--

CREATE TABLE `medicaltests` (
  `Id` char(36) CHARACTER SET ascii COLLATE ascii_general_ci NOT NULL,
  `Name` longtext NOT NULL,
  `NameAR` longtext NOT NULL,
  `Description` longtext NOT NULL,
  `DescriptionAR` longtext NOT NULL,
  `Img` longtext NOT NULL,
  `CreatedDate` datetime(6) NOT NULL,
  `UpdateDate` datetime(6) NOT NULL,
  `IsDeleted` tinyint(1) NOT NULL DEFAULT '0',
  PRIMARY KEY (`Id`)
) ENGINE=InnoDB DEFAULT CHARSET=utf8mb4 COLLATE=utf8mb4_0900_ai_ci;

--
-- Dumping data for table `medicaltests`
--

INSERT INTO `medicaltests` VALUES ('08dbec23-202f-4bbe-8ca9-8acc3092bf55','string','stءring','string','string','string','2023-11-23 12:53:01.090849','2023-11-23 14:48:48.072130',1),('08dbec23-44a6-4a03-8c6d-1fc246ff2364','test','test','test','test','xx','2023-11-23 12:54:02.283129','2023-11-23 12:56:01.600340',1),('08dbec23-d337-4b20-81a9-39b245b06b4a','tt','tt','tt','tt','xx','2023-11-23 12:58:01.470954','2023-11-23 12:58:25.540073',1),('08dbec23-db7f-4b93-812a-702bd6d31971','merooOOOOO','mmmmm','mrroooo','ccccccccccc','xx','0001-01-01 00:00:00.000000','2023-11-23 14:48:53.011445',1),('08dbec25-3a8b-460f-8886-d8adab84426d','merrroo','merrroo','merrroo','merrroo','xx','2023-11-23 13:08:04.321393','2023-11-23 14:48:56.884341',1),('08dbec2b-647b-448e-894e-8fe3b3389c03','HAMILTON DEPRESSION RATING SCALE','مقياس هاملتون للإكتئاب ','Depression test','اختبار الاكتئاب ','xx','0001-01-01 00:00:00.000000','0001-01-01 00:00:00.000000',0),('08dbece9-d837-4646-8228-0c14b3cdd77a','Byk depression test','مقياس بيك للإكتئاب','Depression test','اختبار الإكتئاب','xx','2023-11-24 12:35:30.196247','0001-01-01 00:00:00.000000',0),('08dbf0ab-d92d-4532-8a75-19e530c644f5','TEST','TEST','TEST','TEST','xx','2023-11-29 07:21:47.662019','2023-11-29 07:31:58.673329',1),('08dbf0af-4de3-4204-8da7-16c89a48b72f','t','t','t','t','xx','2023-11-29 07:46:31.972486','2023-11-29 07:52:05.057726',1),('08dbf0c1-bb01-4355-899a-273e60bf7042','ttt','t','t','t','xx','2023-11-29 09:58:25.982886','2023-11-30 11:28:38.470053',1),('08dbf3dc-9d44-4fa8-8d48-12c8bad17140','xxx','xxxx','xxxx','xxxx','xx','2023-12-03 08:48:25.994645','2023-12-03 08:48:58.005109',1),('08dbf3dc-a9d5-4f11-8644-e95ca4c18366','vvvvvv','vvvvvvvv','vvvvvvvvv','vvvvvvvvvv','xx','2023-12-03 08:48:47.078131','2023-12-03 09:09:55.937031',1),('08dbf3dc-bd35-40d2-8a8e-9715842156e8','xxxxxxxxx','xxxxxxxxxx','xxxxxxxxxxxxxxx','xxxxxxxxxxxxx','xx','2023-12-03 08:49:19.578153','2023-12-03 11:03:24.221892',1),('08dbf3eb-95c2-475a-8637-fad6d2a84c81','z','z','z','z','xx','2023-12-03 10:35:35.846958','2023-12-03 10:46:22.759572',1),('08dbf3ed-2e0e-4434-8a3a-49da173801d7','xxxxxxxxxxxxxxxxxxx','xxxxxxxxx','xxxxxxxxxxxxx','xxxxxxxxxx','xx','2023-12-03 10:47:00.854128','2023-12-03 11:03:38.360905',1),('08dbf3ef-4a07-43d0-81bd-57e4df007788','test ','test ','test ','test ','xx','2023-12-03 11:02:06.777817','2023-12-03 11:17:19.232532',1),('08dbf3f0-da66-42ae-842e-e6620c060968','Medical Test ','Medical Test ','Medical Test ','Medical Test ','xx','2023-12-03 11:13:18.488587','2023-12-05 10:55:41.775295',1),('08dbf3fb-72f2-4b87-8adc-8d076fcf8bd4','xxx','xxx','xxx','xxxx','xx','2023-12-03 12:29:09.390693','2023-12-03 12:30:52.750715',1),('08dbf3fb-abd7-4846-8f1e-129c291e39cd','Miro ','مييرووز','test','test','xx','2023-12-03 12:30:44.842546','2023-12-05 10:55:36.144463',1);

--
-- Table structure for table `messages`
--

CREATE TABLE `messages` (
  `Id` int NOT NULL AUTO_INCREMENT,
  `Email` longtext NOT NULL,
  `Name` longtext,
  `Phone` longtext,
  `Address` longtext,
  `Gender` int DEFAULT NULL,
  `Title` longtext NOT NULL,
  `Body` longtext NOT NULL,
  `UserId` varchar(255) DEFAULT NULL,
  `CreatedAt` datetime(6) NOT NULL DEFAULT '0001-01-01 00:00:00.000000',
  PRIMARY KEY (`Id`),
  KEY `IX_Messages_UserId` (`UserId`),
  CONSTRAINT `FK_Messages_AspNetUsers_UserId` FOREIGN KEY (`UserId`) REFERENCES `aspnetusers` (`Id`)
) ENGINE=InnoDB AUTO_INCREMENT=63 DEFAULT CHARSET=utf8mb4 COLLATE=utf8mb4_0900_ai_ci;

--
-- Dumping data for table `messages`
--

INSERT INTO `messages` VALUES (1,'strinxxxg','strixxxxng','string','string',0,'string','string',NULL,'2023-11-26 09:30:37.559546'),(2,'miroosalih@gmail.com','Marwa Salih','+24999999999','Kh - Sudan',0,'Test Title','Test Message',NULL,'2023-11-26 10:07:11.927876'),(3,'moganomos@gmail.com','moha','','',0,'','Test',NULL,'2024-03-19 05:15:20.504308'),(4,'hareef9@hotmail.com','gimi','','',0,'','test 2',NULL,'2024-03-19 05:16:52.946469'),(5,'ahmed.k@nxt-level.co','Ahmed kamal','+201550290146','Cairo',0,'Test','Test',NULL,'2024-03-19 12:50:44.498916'),(6,'mohamed.a@nxt-level.co','moha','','',0,'','testing',NULL,'2024-03-25 14:33:58.521818'),(7,'ahmed.k@nxt-level.co','ahmed','+249916292771','cairo',0,'test','test',NULL,'2024-03-27 14:22:25.792824'),(8,'ahmed.k@nxt-level.co','ahmed','+249916292771','cairo',0,'test','test',NULL,'2024-03-27 14:22:39.623626'),(9,'patient@gmail.com','marwa yousif mohammed','0000000','x',0,'test','tesssssssssting',NULL,'2024-04-01 20:16:27.004849'),(10,'marwa222@gmail.com','marwaaa222','','@marwaaa222',0,'','marwaaa222',NULL,'2024-04-01 20:28:41.894565'),(11,'patient@gmail.com','test tani','test tani','test tani',0,'test tani','test tani',NULL,'2024-04-01 20:30:07.373588'),(12,'marwa.y.salih@gmail.com','test message no 4','test message no 4','test message no 4',0,'test message no 4','test message no 4',NULL,'2024-04-01 21:59:47.654501'),(13,'dsd@zsdsd.com','tttesdsfsdf','','df',0,'','xhgfghfhfdhgf',NULL,'2024-04-01 22:13:26.114924'),(14,'patient@gmail.com','احمد','','',0,'','test',NULL,'2024-04-07 10:34:22.444355'),(15,'patient@gmail.com','احمد','','',0,'','test',NULL,'2024-04-07 10:34:22.565858'),(16,'ola.o@nxt-level.co','ola','','',0,'','test test test test',NULL,'2024-04-08 12:33:21.223574'),(17,'ahmed.k@nxt-level.co','ola','','',0,'','test test test test',NULL,'2024-04-08 12:33:51.940808'),(18,'ahmed.k@nxt-level.co','ola','','',0,'','ahmed m.kamal',NULL,'2024-04-08 12:35:18.657769'),(19,'patient@gmail.com','xx','','',0,'','xx',NULL,'2024-05-12 08:16:59.113126'),(20,'patient@gmail.com','xx','','',0,'','xx',NULL,'2024-05-12 08:17:06.169509'),(21,'mybeautifultibyan@gmail.com','Tazy','0116185347','kassala',0,'Test','Test',NULL,'2024-06-27 17:33:09.440257'),(22,'mybeautifultibyan@gmail.com','Mohamed ALmuetaz','0116185347','kassala',0,'Test with api.3awaafi','Test with api.3awaafi',NULL,'2024-06-27 17:35:55.201480'),(23,'mybeautifultibyan@gmail.com','Mohamed ALmuetaz','0116185347','kassala',0,'Test with api.3awaafi','Test with api.3awaafi',NULL,'2024-06-27 17:36:03.201432'),(24,'motazsiam@gmail.com','معتز صيام','0900986589','الخرطوم',0,'تجربخ','تجربه',NULL,'2024-06-29 13:07:03.006923'),(25,'motazsiam@gmail.com','معتز صيام','0900986589','الخرطوم',0,'تجربخ','تجربه',NULL,'2024-06-29 13:07:17.890455'),(26,'patient@gmail.com','احمد ','01550290146','القاهرة',0,'test','test',NULL,'2024-06-30 10:09:01.954576'),(27,'patient@gmail.com','احمد ','01550290146','القاهرة',0,'test','test',NULL,'2024-06-30 10:09:10.235592'),(28,'patient@gmail.com','احمد ','01550290146','القاهرة',0,'test','test',NULL,'2024-06-30 10:09:10.416855'),(29,'patient@gmail.com','احمد ','01550290146','القاهرة',0,'test','test',NULL,'2024-06-30 10:09:11.565178'),(30,'patient@gmail.com','احمد ','01550290146','القاهرة',0,'test','test',NULL,'2024-06-30 10:09:14.237084'),(31,'patient@gmail.com','احمد ','01550290146','القاهرة',0,'test','test',NULL,'2024-06-30 10:09:15.005795'),(32,'patient@gmail.com','احمد ','01550290146','القاهرة',0,'test','test',NULL,'2024-06-30 10:09:15.388548'),(33,'patient@gmail.com','احمد ','01550290146','القاهرة',0,'test','test',NULL,'2024-06-30 10:09:15.645176'),(34,'patient@gmail.com','احمد ','01550290146','cairo',0,'test','test',NULL,'2024-06-30 10:09:36.721641'),(35,'mhmdta5111@gmail.com','mohamed','0127320659','test ',0,'test','testing',NULL,'2024-07-02 09:00:23.362783'),(36,'mhmdta5111@gmail.com','mohamed','0127320659','test ',0,'test','testing',NULL,'2024-07-02 09:00:27.724207'),(37,'mhmdta5111@gmail.com','mohamed','0127320659','test ',0,'test','testing',NULL,'2024-07-02 09:00:29.074873'),(38,'mhmdta5111@gmail.com','mohamed','0127320659','test ',0,'test','testing',NULL,'2024-07-02 09:00:29.142161'),(39,'mhmdta5111@gmail.com','mohamed','0127320659','test ',0,'test','testing',NULL,'2024-07-02 09:00:29.131694'),(40,'mhmdta5111@gmail.com','mohamed','0127320659','test ',0,'test','testing',NULL,'2024-07-02 09:00:30.274034'),(41,'mhmdta5111@gmail.com','mohamed','0127320659','test ',0,'test','testing',NULL,'2024-07-02 09:00:30.442985'),(42,'mhmdta5111@gmail.com','mohamed','0127320659','test ',0,'test','testing',NULL,'2024-07-02 09:00:30.850626'),(43,'mhmdta5111@gmail.com','mohamed','0127320659','test ',0,'test','testing',NULL,'2024-07-02 09:00:31.009664'),(44,'mhmdta5111@gmail.com','mohamed','0127320659','test ',0,'test','testing',NULL,'2024-07-02 09:00:30.665497'),(45,'mhmdta5111@gmail.com','mohamed','0127320659','test ',0,'test','testing',NULL,'2024-07-02 09:00:33.352188'),(46,'mhmdta5111@gmail.com','mohamed','0127320659','test ',0,'test','testing',NULL,'2024-07-02 09:00:33.276122'),(47,'mhmdta5111@gmail.com','mohamed','0127320659','test ',0,'test','testing',NULL,'2024-07-02 09:00:33.492728'),(48,'mhmdta5111@gmail.com','mohamed','0127320659','test ',0,'test','testing',NULL,'2024-07-02 09:00:33.822126'),(49,'mhmdta5111@gmail.com','mohamed','0127320659','test ',0,'test','testing',NULL,'2024-07-02 09:00:33.940072'),(50,'mhmdta5111@gmail.com','mohamed','0127320659','test ',0,'test','testing',NULL,'2024-07-02 09:00:33.637473'),(51,'mhmdta5111@gmail.com','mohamed','0127320659','test ',0,'test','testing',NULL,'2024-07-02 09:00:38.771813'),(52,'mhmdta5111@gmail.com','mohamed','0127320659','test ',0,'test','testing',NULL,'2024-07-02 09:00:38.812862'),(53,'mhmdta5111@gmail.com','mohamed','0127320659','test ',0,'test','testing',NULL,'2024-07-02 09:00:38.986562'),(54,'miroosalih@gmail.com','مروه يوسف ','00000000','testtt',0,'test ','test message ',NULL,'2024-07-04 15:47:10.257720'),(55,'motazsiam@gmail.com','معتز عدلي ','01558501782','مدينتي',0,'شغل جميل','تجربه شغل جميل\n',NULL,'2024-07-16 19:58:19.459464'),(56,'motazsiam@gmail.com','123','123','123',0,'123','123',NULL,'2024-07-30 13:26:36.995892'),(57,'motazsiam@gmail.com','motaz','0110012403','test',0,'test','qwerty',NULL,'2024-08-04 08:59:02.391197'),(58,'motazsiam@gmail.com','معتز','','',0,'','تجربه',NULL,'2024-08-04 09:21:20.778026'),(59,'merosalih@gmail.com','marwa yousif','01234567','uae',0,'testing ','testing',NULL,'2024-08-25 09:34:17.922172'),(60,'saboorayahya64@gmail.com','أم محمد','00923333484140','Karachi Pakistan Gulshan13B ',0,'مكروبة نفسيا وماديا أحتاج المساعدة ','أنا إمراءة متزوجة من خمسة وعشرون عام واعيش بالغربة بكراتشي وأنا يمنية عانيت طول هذه السنوات من زوجي نرجسي خبيث يؤذيني إلا إن أصبحت أشرب الادوية النفسية لايعطيني المال ولاشئ اعاني كثيرا خاصة ألأن طلقني صلاق رجعي وليس لي سكن ولامال ولاعمل حتى الاهل لايريدونني واذا ساعدوا فقط بالتحدث عبر النت مع طليقي أو في بعض الأحيان يرسلون لي مبلغ زهيد لايكفي ولدي اربعة أطفال اثنان مازالا صغار ',NULL,'2024-12-27 07:00:33.479081'),(61,'patient@gmail.com','مروه','12346','رررر',0,'test for ordering','test for ordering ',NULL,'2025-01-12 13:34:32.127049'),(62,'patient@gmail.com','مستخدم ','09090909','الخرطوم',0,'اختبار الترتيب ','\nتساعدك الاختبارات النفسية بالتشخيص المدئي لحالتك. حيث ستتمكن بمفردك بمعرفة ما إذا كنت بحاجة للاستعانة بطبيب نفسي أو الانضمام الي مجموعات الدعم النفسي عن طريق الاجابة علي بضعة اسئلة عن الأحاسيس والاعراض التي تراودك. ',NULL,'2025-01-14 09:16:56.518353');

--
-- Table structure for table `questionanswers`
--

CREATE TABLE `questionanswers` (
  `Id` int NOT NULL AUTO_INCREMENT,
  `QuestionId` int NOT NULL,
  `TestId` char(36) CHARACTER SET ascii COLLATE ascii_general_ci NOT NULL,
  `Answer` longtext NOT NULL,
  `AnswerAR` longtext NOT NULL,
  `Weight` int NOT NULL,
  `IsDeleted` tinyint(1) NOT NULL DEFAULT '0',
  PRIMARY KEY (`Id`),
  KEY `IX_QuestionAnswers_QuestionId` (`QuestionId`),
  KEY `IX_QuestionAnswers_TestId` (`TestId`),
  CONSTRAINT `FK_QuestionAnswers_MedicalTests_TestId` FOREIGN KEY (`TestId`) REFERENCES `medicaltests` (`Id`) ON DELETE CASCADE,
  CONSTRAINT `FK_QuestionAnswers_TestQuestions_QuestionId` FOREIGN KEY (`QuestionId`) REFERENCES `testquestions` (`Id`) ON DELETE CASCADE
) ENGINE=InnoDB AUTO_INCREMENT=240 DEFAULT CHARSET=utf8mb4 COLLATE=utf8mb4_0900_ai_ci;

--
-- Dumping data for table `questionanswers`
--

INSERT INTO `questionanswers` VALUES (1,1,'08dbec23-db7f-4b93-812a-702bd6d31971','azz','zzz',12,1),(2,2,'08dbec23-db7f-4b93-812a-702bd6d31971','sss','ssss',12,0),(3,1,'08dbec23-db7f-4b93-812a-702bd6d31971','azz','zzz',22222,1),(4,3,'08dbec23-db7f-4b93-812a-702bd6d31971','xxxxx','xxxxxxxxxxx',12,0),(5,1,'08dbec23-db7f-4b93-812a-702bd6d31971','azz','zzz',22222,1),(6,1,'08dbec23-db7f-4b93-812a-702bd6d31971','azz','zzz',22222,1),(7,1,'08dbec23-db7f-4b93-812a-702bd6d31971','azz','zzz',22222,1),(8,1,'08dbec23-db7f-4b93-812a-702bd6d31971','azz','zzz',22222,0),(9,4,'08dbec23-202f-4bbe-8ca9-8acc3092bf55','xx','xx',111,1),(10,4,'08dbec23-202f-4bbe-8ca9-8acc3092bf55','meroo','xx',200,0),(11,5,'08dbec25-3a8b-460f-8886-d8adab84426d','ans','anns',90,1),(12,5,'08dbec25-3a8b-460f-8886-d8adab84426d','ans','anns',90,1),(13,5,'08dbec25-3a8b-460f-8886-d8adab84426d','ans','anns',90,0),(14,6,'08dbec2b-647b-448e-894e-8fe3b3389c03','Absent','لا يوجد ',0,1),(15,6,'08dbec2b-647b-448e-894e-8fe3b3389c03','Sadness, etc.','حزن,الخ',1,1),(16,6,'08dbec2b-647b-448e-894e-8fe3b3389c03','Occasional weeping','بكاء بين الحين والاخر',2,1),(17,6,'08dbec2b-647b-448e-894e-8fe3b3389c03','Frequent weeping','البكاء بشكل متكرر',3,1),(18,6,'08dbec2b-647b-448e-894e-8fe3b3389c03','Extreme symptoms','اعراض حزن شديدة',4,1),(19,6,'08dbec2b-647b-448e-894e-8fe3b3389c03','Absent','لا يوجد ',0,1),(20,6,'08dbec2b-647b-448e-894e-8fe3b3389c03','Sadness, etc.','حزن,الخ',1,1),(21,6,'08dbec2b-647b-448e-894e-8fe3b3389c03','Occasional weeping','بكاء بين الحين والاخر',2,1),(22,6,'08dbec2b-647b-448e-894e-8fe3b3389c03','Frequent weeping','البكاء بشكل متكرر',3,1),(23,6,'08dbec2b-647b-448e-894e-8fe3b3389c03','Extreme symptoms','اعراض حزن شديدة',4,1),(24,6,'08dbec2b-647b-448e-894e-8fe3b3389c03','Absent','لا يوجد ',0,0),(25,6,'08dbec2b-647b-448e-894e-8fe3b3389c03','Sadness, etc.','حزن,الخ',1,0),(26,6,'08dbec2b-647b-448e-894e-8fe3b3389c03','Occasional weeping','بكاء بين الحين والاخر',2,0),(27,6,'08dbec2b-647b-448e-894e-8fe3b3389c03','Frequent weeping','البكاء بشكل متكرر',3,0),(28,6,'08dbec2b-647b-448e-894e-8fe3b3389c03','Extreme symptoms','اعراض حزن شديدة',4,0),(29,7,'08dbec2b-647b-448e-894e-8fe3b3389c03','Absent','لا يوجد',0,0),(30,7,'08dbec2b-647b-448e-894e-8fe3b3389c03','Self-reproach, feels he/she has let people down','لوم النفس ، والشعور بأنه خيب ظن اللآخرين فيه',1,0),(31,7,'08dbec2b-647b-448e-894e-8fe3b3389c03','Ideas of guilt','أفكار بشأن أنه مذنب ',2,0),(32,7,'08dbec2b-647b-448e-894e-8fe3b3389c03','Present illness is a punishment; delusions  of guilt','مرضه الحالي عقاب نزل به ',3,0),(33,7,'08dbec2b-647b-448e-894e-8fe3b3389c03','Hallucinations of guilt','هلاويس بشأن الإحساس بالذنب',4,0),(34,8,'08dbec2b-647b-448e-894e-8fe3b3389c03','Absent','لا يوجد',0,0),(35,8,'08dbec2b-647b-448e-894e-8fe3b3389c03','Feels life is not worth living','يشعر أن الحياة لا تستحق العيش',1,0),(36,8,'08dbec2b-647b-448e-894e-8fe3b3389c03','Wishes he/she were dead','تتمنى لو مات',2,0),(37,8,'08dbec2b-647b-448e-894e-8fe3b3389c03','Suicidal ideas or gestures','أفكار بشأن الانتحار',3,0),(38,8,'08dbec2b-647b-448e-894e-8fe3b3389c03','Attempts at suicide','محاولات الانتحار',4,0),(39,9,'08dbec2b-647b-448e-894e-8fe3b3389c03','Absent','لا يوجد',0,0),(40,9,'08dbec2b-647b-448e-894e-8fe3b3389c03','Occasional','احيانا',1,0),(41,9,'08dbec2b-647b-448e-894e-8fe3b3389c03','Frequent','متكرر',2,0),(42,10,'08dbec2b-647b-448e-894e-8fe3b3389c03','Absent','لا يوجد',0,0),(43,10,'08dbec2b-647b-448e-894e-8fe3b3389c03','Occasional','احيانا',1,0),(44,10,'08dbec2b-647b-448e-894e-8fe3b3389c03','Frequent','متكرر',2,0),(45,11,'08dbec2b-647b-448e-894e-8fe3b3389c03','Absent','لا يوجد',0,0),(46,11,'08dbec2b-647b-448e-894e-8fe3b3389c03','Occasional','احيانا',1,0),(47,11,'08dbec2b-647b-448e-894e-8fe3b3389c03','Frequent','متكرر',2,0),(48,12,'08dbec2b-647b-448e-894e-8fe3b3389c03','No difficulty','لا توجد صعوبة',0,0),(49,12,'08dbec2b-647b-448e-894e-8fe3b3389c03','Feelings of incapacity, listlessness, indecision and vacillation','مشاعر العجز ، الخمول ، التردد والتذبذب',1,0),(50,12,'08dbec2b-647b-448e-894e-8fe3b3389c03',' Loss of interest in hobbies, decreased social activities','فقدان الاهتمام بالهوايات ، انخفاض الأنشطة الاجتماعية',2,0),(51,12,'08dbec2b-647b-448e-894e-8fe3b3389c03','Productivity decreased','انخفاض الإنتاجية ',3,0),(52,12,'08dbec2b-647b-448e-894e-8fe3b3389c03','Unable to work. Stopped working because of present illness only. (Absence from work after treatment or recovery may rate a lower score)','غير قادر على العمل. توقف عن العمل بسبب المرض الحالي فقط. (قد يؤدي الغياب عن العمل بعد العلاج أو الشفاء درجة أقل).',4,0),(53,13,'08dbec2b-647b-448e-894e-8fe3b3389c03','No difficulty','لا توجد صعوبة',0,1),(54,13,'08dbec2b-647b-448e-894e-8fe3b3389c03','Feelings of incapacity, listlessness, indecision and vacillation','مشاعر العجز ، الخمول ، التردد والتذبذب',1,1),(55,13,'08dbec2b-647b-448e-894e-8fe3b3389c03',' Loss of interest in hobbies, decreased social activities','فقدان الاهتمام بالهوايات ، انخفاض الأنشطة الاجتماعية',2,1),(56,13,'08dbec2b-647b-448e-894e-8fe3b3389c03','Productivity decreased','انخفاض الإنتاجية ',3,1),(57,13,'08dbec2b-647b-448e-894e-8fe3b3389c03','Unable to work. Stopped working because of present illness only. (Absence from work after treatment or recovery may rate a lower score)','غير قادر على العمل. توقف عن العمل بسبب المرض الحالي فقط. (قد يؤدي الغياب عن العمل بعد العلاج أو الشفاء درجة أقل).',4,1),(58,14,'08dbec2b-647b-448e-894e-8fe3b3389c03','Absent','لايوجد',0,0),(59,14,'08dbec2b-647b-448e-894e-8fe3b3389c03','Slight retardation at interview','تأخير طفيف أثناء الحديث مع شخص اخر',1,0),(60,14,'08dbec2b-647b-448e-894e-8fe3b3389c03','Obvious retardation at interview','تأخير واضح أثناء الحديث مع شخص اخر',2,0),(61,14,'08dbec2b-647b-448e-894e-8fe3b3389c03','Interview difficult','صعوبات أثناء الحديث مع شخص اخر',3,0),(62,14,'08dbec2b-647b-448e-894e-8fe3b3389c03','Complete stupor','ذهول كامل أثناء الحديث ',4,0),(63,15,'08dbec2b-647b-448e-894e-8fe3b3389c03','Absent','لايوجد',0,1),(64,15,'08dbec2b-647b-448e-894e-8fe3b3389c03','Slight retardation at interview','تأخير طفيف أثناء الحديث مع شخص اخر',1,1),(65,15,'08dbec2b-647b-448e-894e-8fe3b3389c03','Obvious retardation at interview','تأخير واضح أثناء الحديث مع شخص اخر',2,1),(66,15,'08dbec2b-647b-448e-894e-8fe3b3389c03','Interview difficult','صعوبات أثناء الحديث مع شخص اخر',3,1),(67,15,'08dbec2b-647b-448e-894e-8fe3b3389c03','Complete stupor','ذهول كامل أثناء الحديث ',4,1),(68,16,'08dbec2b-647b-448e-894e-8fe3b3389c03','Absent','لا يوجد',0,0),(69,16,'08dbec2b-647b-448e-894e-8fe3b3389c03','Occasional','احيانا',1,0),(70,16,'08dbec2b-647b-448e-894e-8fe3b3389c03','Frequent','متكرر',2,0),(71,17,'08dbec2b-647b-448e-894e-8fe3b3389c03','No difficulty','لا توجد',0,0),(72,17,'08dbec2b-647b-448e-894e-8fe3b3389c03','Tension and irritability','التوتر والتهيج',1,0),(73,17,'08dbec2b-647b-448e-894e-8fe3b3389c03','Worrying about minor matters','القلق بشأن الأمور البسيطة',2,0),(74,17,'08dbec2b-647b-448e-894e-8fe3b3389c03','Apprehensive attitude','سلوك عصبي',3,0),(75,17,'08dbec2b-647b-448e-894e-8fe3b3389c03','Fears','المخاوف',4,0),(76,18,'08dbec2b-647b-448e-894e-8fe3b3389c03','Absent','لا يوجد',0,0),(77,18,'08dbec2b-647b-448e-894e-8fe3b3389c03','Mild','خفيف',1,0),(78,18,'08dbec2b-647b-448e-894e-8fe3b3389c03','Moderate','متوسط',2,0),(79,18,'08dbec2b-647b-448e-894e-8fe3b3389c03','Severe','شديد',3,0),(80,18,'08dbec2b-647b-448e-894e-8fe3b3389c03','Incapacitating','يسبب العجز',4,0),(81,19,'08dbec2b-647b-448e-894e-8fe3b3389c03','Absent','لا يوجد',0,0),(82,19,'08dbec2b-647b-448e-894e-8fe3b3389c03','Mild','خفيف',1,0),(83,19,'08dbec2b-647b-448e-894e-8fe3b3389c03','Severe','شديد',2,0),(84,20,'08dbec2b-647b-448e-894e-8fe3b3389c03','Absent','لا يوجد',0,0),(85,20,'08dbec2b-647b-448e-894e-8fe3b3389c03',' Mild','خفيف',1,0),(86,20,'08dbec2b-647b-448e-894e-8fe3b3389c03','Severe','شديد',2,0),(87,21,'08dbec2b-647b-448e-894e-8fe3b3389c03','Absent','لا يوجد',0,0),(88,21,'08dbec2b-647b-448e-894e-8fe3b3389c03',' Mild','خفيف',1,0),(89,21,'08dbec2b-647b-448e-894e-8fe3b3389c03','Severe','شديد',2,0),(90,22,'08dbec2b-647b-448e-894e-8fe3b3389c03','Absent','لا يوجد',0,0),(91,22,'08dbec2b-647b-448e-894e-8fe3b3389c03','Mild','خفيف',1,0),(92,22,'08dbec2b-647b-448e-894e-8fe3b3389c03','Severe','متوسط',2,0),(93,23,'08dbec2b-647b-448e-894e-8fe3b3389c03','Not present','لا يوجد ',0,0),(94,23,'08dbec2b-647b-448e-894e-8fe3b3389c03','Self-absorption (bodily)','انهماك ذاتي',1,0),(95,23,'08dbec2b-647b-448e-894e-8fe3b3389c03','Preoccupation with health','انشغال بالأفكارالمتعلقة بالصحة',2,0),(96,23,'08dbec2b-647b-448e-894e-8fe3b3389c03',' Querulous attitude','سلوك معاتب أو نكدي',3,0),(97,23,'08dbec2b-647b-448e-894e-8fe3b3389c03','Hypochondriacal delusions','أوهام المرض ',4,0),(98,24,'08dbec2b-647b-448e-894e-8fe3b3389c03','No weight loss','لا يوجد فقدان للوزن',0,0),(99,24,'08dbec2b-647b-448e-894e-8fe3b3389c03','Slight','طفيف',1,0),(100,24,'08dbec2b-647b-448e-894e-8fe3b3389c03','Obvious or severe','واضح أو شديد',2,0),(101,25,'08dbec2b-647b-448e-894e-8fe3b3389c03','No loss','لا خسارة',0,0),(102,25,'08dbec2b-647b-448e-894e-8fe3b3389c03','Partial or doubtfull loss','خسارة جزئية',1,0),(103,25,'08dbec2b-647b-448e-894e-8fe3b3389c03','Loss of insight','فقدان الفطنة',2,0),(104,26,'08dbec2b-647b-448e-894e-8fe3b3389c03','No variation','لا يوجد اختلاف',0,0),(105,26,'08dbec2b-647b-448e-894e-8fe3b3389c03','Mild variation; AM ( ) PM ( )','اختلاف خفيف ؛ صباحا () مساء ()',1,0),(106,26,'08dbec2b-647b-448e-894e-8fe3b3389c03','Severe variation; AM ( ) PM ( )','اختلاف شديد ؛ صباحا () مساء ()',2,0),(107,27,'08dbec2b-647b-448e-894e-8fe3b3389c03','No variation','لا يوجد اختلاف',0,1),(108,27,'08dbec2b-647b-448e-894e-8fe3b3389c03','Mild variation; AM ( ) PM ( )','اختلاف خفيف ؛ صباحا () مساء ()',1,1),(109,27,'08dbec2b-647b-448e-894e-8fe3b3389c03','Severe variation; AM ( ) PM ( )','اختلاف شديد ؛ صباحا () مساء ()',2,1),(110,28,'08dbec2b-647b-448e-894e-8fe3b3389c03','Absent','لا يوجد',0,0),(111,28,'08dbec2b-647b-448e-894e-8fe3b3389c03','Mild','بسيط',1,0),(112,28,'08dbec2b-647b-448e-894e-8fe3b3389c03','Moderate','متوسط',2,0),(113,28,'08dbec2b-647b-448e-894e-8fe3b3389c03','Severe','شديد',3,0),(114,28,'08dbec2b-647b-448e-894e-8fe3b3389c03','Incapacitating','يسبب العجز',4,0),(115,29,'08dbec2b-647b-448e-894e-8fe3b3389c03','None','لا شيء',0,0),(116,29,'08dbec2b-647b-448e-894e-8fe3b3389c03','Suspicious','مشبوه',1,0),(117,29,'08dbec2b-647b-448e-894e-8fe3b3389c03','Ideas of reference','افكار مرجعية',2,0),(118,29,'08dbec2b-647b-448e-894e-8fe3b3389c03','Delusions of reference and persecution','أوهام مرجعية واضطهاد',3,0),(119,29,'08dbec2b-647b-448e-894e-8fe3b3389c03',' Hallucinations, persecutory','هلوسة ، اضطهاد',4,0),(120,30,'08dbec2b-647b-448e-894e-8fe3b3389c03','None','لا شيء',0,0),(121,30,'08dbec2b-647b-448e-894e-8fe3b3389c03','Suspicious','مشبوه',1,0),(122,30,'08dbec2b-647b-448e-894e-8fe3b3389c03','Ideas of reference','افكار مرجعية',2,0),(123,30,'08dbec2b-647b-448e-894e-8fe3b3389c03','Delusions of reference and persecution','أوهام مرجعية واضطهاد',3,0),(124,30,'08dbec2b-647b-448e-894e-8fe3b3389c03',' Hallucinations, persecutory','هلوسة ، اضطهاد',4,0),(125,31,'08dbec2b-647b-448e-894e-8fe3b3389c03','Absen','لا يوجد',0,0),(126,31,'08dbec2b-647b-448e-894e-8fe3b3389c03',' Mild','خفيف',1,0),(127,31,'08dbec2b-647b-448e-894e-8fe3b3389c03',' Severe','شديد',2,0),(128,32,'08dbece9-d837-4646-8228-0c14b3cdd77a','Don’t feel sad','لا اشعر بالحزن',0,0),(129,32,'08dbece9-d837-4646-8228-0c14b3cdd77a','I feel sad','اشعر بالحزن',1,0),(130,32,'08dbece9-d837-4646-8228-0c14b3cdd77a','I’m sad all the time, and I can’t get over it','اشعر بالحزن طوال الوقت ولا استطيع ان اتخلص منه',2,0),(131,32,'08dbece9-d837-4646-8228-0c14b3cdd77a','I’m so sad that I can’t stand it','حزين بدرجة لا استطيع تحملها',3,0),(132,33,'08dbece9-d837-4646-8228-0c14b3cdd77a','I’m not pessimistic about the future','لست متشائما بالنسبة للمستقبل ',0,0),(133,33,'08dbece9-d837-4646-8228-0c14b3cdd77a','I feel pessimistic about the future','اشعر بتشائم بالنسبة للمستقبل ',1,0),(134,33,'08dbece9-d837-4646-8228-0c14b3cdd77a','I feel like there is nothing that draws me to the future','اشعر بانه ليس هنالك شيء يشدني للمستقبل',2,0),(135,33,'08dbece9-d837-4646-8228-0c14b3cdd77a','I feel that the future is unbearable and that things will not get better','اشعر ان المستقبل لا امل فيه وان الامور لن تتحسن',3,0),(136,34,'08dbece9-d837-4646-8228-0c14b3cdd77a','I don’t feel like a failure','لا اشعر بأني فاشل',0,0),(137,34,'08dbece9-d837-4646-8228-0c14b3cdd77a','I feel like I failed more than usual','اشعر انني فشلت اكثر من المعتاد',1,0),(138,34,'08dbece9-d837-4646-8228-0c14b3cdd77a','When I look at my past years, I only see a fiasco','عندما انظر الى ما مضى من سنوات عمري فأنا لا ارى الا الفشل الذريع',2,0),(139,34,'08dbece9-d837-4646-8228-0c14b3cdd77a','I feel like a total failure','اشعر بانني شخص فاشل تماما',3,0),(140,35,'08dbece9-d837-4646-8228-0c14b3cdd77a','Enjoy the aspects of life as I used to','استمتع بدرجة كافيةبجوانب الحياة كما اعتدت من قبل',0,0),(141,35,'08dbece9-d837-4646-8228-0c14b3cdd77a','I don’t enjoy the aspect of life as I used to','لا استمتع بجوانب الحياة على النحو الذي تعودت عليه',1,0),(142,35,'08dbece9-d837-4646-8228-0c14b3cdd77a','I don’t have real fun in anything in life','لم اعد احصل على استمتاع حقيقيفي اي شيئ في الحياة',2,0),(143,35,'08dbece9-d837-4646-8228-0c14b3cdd77a','I never enjoy anything in life','لا استمتع اطلاقا بأي شيء في الحياة',3,0),(144,36,'08dbece9-d837-4646-8228-0c14b3cdd77a','I don’t feel guilty','لا اشعر بالذنب',0,0),(145,36,'08dbece9-d837-4646-8228-0c14b3cdd77a','I don’t feel like I’m guilty','اشعر بأني قد اكون مذنبا ',1,0),(146,36,'08dbece9-d837-4646-8228-0c14b3cdd77a','I feel deeply guilty most of the time','اشعر بشعور عميق بالذنب في اغلب الاوقات',2,0),(147,36,'08dbece9-d837-4646-8228-0c14b3cdd77a','I feel generally guilty','اشعر بالذنب بصفة عامة',3,0),(148,37,'08dbece9-d837-4646-8228-0c14b3cdd77a','I don’t feel like I’m getting a punishment','لا اشعر بأني اتلقى عقابا',0,0),(149,37,'08dbece9-d837-4646-8228-0c14b3cdd77a','I feel that I may be punished','اشعر باني فد اتعرض للعقاب',1,0),(150,37,'08dbece9-d837-4646-8228-0c14b3cdd77a','I expect to be punished','اتوقع ان اعاقب',2,0),(151,37,'08dbece9-d837-4646-8228-0c14b3cdd77a','I feel like I’m receiving a punishment','اشعر بأني اتلقى عقابا',3,0),(152,38,'08dbece9-d837-4646-8228-0c14b3cdd77a','I don’t feel dissatisfied with myself','لا اشعر بعدم الرضا عن نفسي',0,0),(153,38,'08dbece9-d837-4646-8228-0c14b3cdd77a','I’m not satisfied with myself','انا غير راضي عن نفسي',1,0),(154,38,'08dbece9-d837-4646-8228-0c14b3cdd77a','I’m angry with myself','انا ممتعض من نفسي',2,0),(155,38,'08dbece9-d837-4646-8228-0c14b3cdd77a','I hate myself','اكره نفسي',4,0),(156,39,'08dbece9-d837-4646-8228-0c14b3cdd77a','I don’t feel I’m worse than others','لا اشعر باني اسوء من الاخرين',0,0),(157,39,'08dbece9-d837-4646-8228-0c14b3cdd77a','I criticize myself for my weaknesses and my mistakes','انقد نفسي بسبب ضعفي واخطائي',1,0),(158,39,'08dbece9-d837-4646-8228-0c14b3cdd77a','I blame myself most of the time for my mistakes','الوم نفسي معظم الوقت على اخطائي',2,0),(159,39,'08dbece9-d837-4646-8228-0c14b3cdd77a','I blame myself for everything bad that happens','الوم نفسي على كل شيء يحدث',3,0),(160,40,'08dbece9-d837-4646-8228-0c14b3cdd77a','I feel bad about life','اشعر بضيق من الحياة',0,0),(161,40,'08dbece9-d837-4646-8228-0c14b3cdd77a','I have no desire to live','ليس لي رغبة في الحياة',1,0),(162,40,'08dbece9-d837-4646-8228-0c14b3cdd77a','I hate life','اصبحت اكره الحياة',2,0),(163,40,'08dbece9-d837-4646-8228-0c14b3cdd77a','I wish I could die if I found an opportunity','اتمنى الموت اذا وجدت فرصة لذلك',3,0),(164,41,'08dbece9-d837-4646-8228-0c14b3cdd77a','I don’t cry more than usual','لا ابكي اكثر من المعتاد',0,0),(165,41,'08dbece9-d837-4646-8228-0c14b3cdd77a','I’m currently crying more than before','ابكي الان اكثر من ذي قبل',1,0),(166,41,'08dbece9-d837-4646-8228-0c14b3cdd77a','I’m crying all the time','ابكي طوال الوقت',2,0),(167,41,'08dbece9-d837-4646-8228-0c14b3cdd77a','I was able to cry in the past, but now I can’t cry, even if I have a desire','لقد كنت قادرا على البكاء فيما مضى لكنني الان لااستطيع البكاء حتى لو كانتلي رغبة في ذلك',3,0),(168,42,'08dbece9-d837-4646-8228-0c14b3cdd77a','I’m not more nervous than before','لست متوتر اكثر من ذي قبل',0,0),(169,42,'08dbece9-d837-4646-8228-0c14b3cdd77a','I get annoyed or nervous more quickly than before','اتضايق او اتوتر بسرعة اكثر من ذي قبل',1,0),(170,42,'08dbece9-d837-4646-8228-0c14b3cdd77a','I feel nervous all the time','اشعر بالتوتر كل وقت',2,0),(171,42,'08dbece9-d837-4646-8228-0c14b3cdd77a','I never get nervous about the things that used to make me nervous','لا اتوتر ابدا من الاشياء التي كانت توترني فيما مضى ',3,0),(172,43,'08dbece9-d837-4646-8228-0c14b3cdd77a','I didn’t lose caring for other people','لم افقد الاهتمام بالناس الاخرين',0,0),(173,43,'08dbece9-d837-4646-8228-0c14b3cdd77a','I’m less caring about others than I used to be','اني اقل اهتماما بالاخرين مما كنت عليه من ذي قبل ',1,0),(174,43,'08dbece9-d837-4646-8228-0c14b3cdd77a','I lost most of my attention on other people','لقد فقدت معظم اهتمامي بالناس الاخرين',2,0),(175,43,'08dbece9-d837-4646-8228-0c14b3cdd77a','I lost all my attention on other people','لقد فقدت كل اهتمامي بالناس الاخرين',3,0),(176,44,'08dbece9-d837-4646-8228-0c14b3cdd77a','I make decisions on the same level I used to','اتخذت قرارات بنفس المستوى الذي اعتدت عليه',0,0),(177,44,'08dbece9-d837-4646-8228-0c14b3cdd77a','I’ve stopped making decisions more than ever before','لقد توقفت عن اتخاذ القرارات بصورة اكبر من ما مضى',1,0),(178,44,'08dbece9-d837-4646-8228-0c14b3cdd77a','I find it more difficult to make decisions than I used to','اجد صعوبة اكبر في اتخاذ القرارات عما كنت اقوم به',2,0),(179,44,'08dbece9-d837-4646-8228-0c14b3cdd77a','I can’t make decisions anymore','لم اعد استطيع اخذ القرارات على الاطلاق',3,0),(180,45,'08dbece9-d837-4646-8228-0c14b3cdd77a','I make decisions on the same level I used to','اتخذت قرارات بنفس المستوى الذي اعتدت عليه',0,1),(181,45,'08dbece9-d837-4646-8228-0c14b3cdd77a','I’ve stopped making decisions more than ever before','لقد توقفت عن اتخاذ القرارات بصورة اكبر من ما مضى',1,1),(182,45,'08dbece9-d837-4646-8228-0c14b3cdd77a','I find it more difficult to make decisions than I used to','اجد صعوبة اكبر في اتخاذ القرارات عما كنت اقوم به',2,1),(183,45,'08dbece9-d837-4646-8228-0c14b3cdd77a','I can’t make decisions anymore','لم اعد استطيع اخذ القرارات على الاطلاق',3,1),(184,46,'08dbece9-d837-4646-8228-0c14b3cdd77a','I don’t feel worse than I used to be','لا اشعر اني ابدو في حالة اسوء مما كنت عليه ',0,0),(185,46,'08dbece9-d837-4646-8228-0c14b3cdd77a','I’m worried about looking older and less lively','يقلقني ان ابدو اكبر سنا واقل حيوية',1,0),(186,46,'08dbece9-d837-4646-8228-0c14b3cdd77a','I feel that there are permanent changes in my appearance that make me look less lively','اشعر ان هالك تغيرات مستديمة في مظهري تجعلني ابدو اقل حيوية',2,0),(187,46,'08dbece9-d837-4646-8228-0c14b3cdd77a','I think I look ugly','اعتقد اني ابدو قبيحا ',3,0),(188,47,'08dbece9-d837-4646-8228-0c14b3cdd77a','I can do my job as I used to','استطيع ان اقوم بعملي كما تعودت',0,0),(189,47,'08dbece9-d837-4646-8228-0c14b3cdd77a','I need a lot of effort to start doing something','احتاج الى جهد كبير لكي ابدا بعمل شيء ما ',1,0),(190,47,'08dbece9-d837-4646-8228-0c14b3cdd77a','I have to press myself too hard to do anything','ان علي ان اضغط على نفسي بشدة لعمل اي شيء ',2,0),(191,47,'08dbece9-d837-4646-8228-0c14b3cdd77a','I can’t do anything at all','لا استطيع ان اقوم بعمل اي شيء على الاطلاق',3,0),(192,48,'08dbece9-d837-4646-8228-0c14b3cdd77a','I can sleep as usual','استطيع ان انام كالمعتاد',0,0),(193,48,'08dbece9-d837-4646-8228-0c14b3cdd77a','I don’t sleep as usual','انا انام كالمعتاد',1,0),(194,48,'08dbece9-d837-4646-8228-0c14b3cdd77a','I get up an hour or two before my time and I find it difficult to fall asleep again','استيقظ قبل موعدي بساعة او ساعتينواجد صعوبة في النوم مرة اخرى',2,0),(195,48,'08dbece9-d837-4646-8228-0c14b3cdd77a','I get up a few hours before my usual time and I can’t go back to sleep again','استيقظ قبل بضعة ساعات من موعدي المعتاد ولا استطيع العودة للنوم مرة اخرى ',3,0),(196,49,'08dbece9-d837-4646-8228-0c14b3cdd77a','I don’t feel tired more than usual','لا اشعر بتعب اكثر من المعتاد',0,0),(197,49,'08dbece9-d837-4646-8228-0c14b3cdd77a','I get tired quickly','اتعب بسرعة عن المعتاد ',1,0),(198,49,'08dbece9-d837-4646-8228-0c14b3cdd77a','I get tired of doing anything','اتعب من القيام بأي جهد في عمل اي شيء ',2,0),(199,49,'08dbece9-d837-4646-8228-0c14b3cdd77a','I’m so tired that I can’t do any work','اني اتعب لدرجة انني لا استطيع القيام باي عمل ',3,0),(200,50,'08dbece9-d837-4646-8228-0c14b3cdd77a','my appetite for food is no less than usual','ان شهيتي للطعام ليست اقل من المعتاد',0,0),(201,50,'08dbece9-d837-4646-8228-0c14b3cdd77a','my appetite for food is as good as usual','ان شهيتي للطعام ليست جيدة كالمعتاد',1,0),(202,50,'08dbece9-d837-4646-8228-0c14b3cdd77a','my appetite for food is much worse now','ان شهيتي للطعام اسوء كثيرا الان',2,0),(203,50,'08dbece9-d837-4646-8228-0c14b3cdd77a','I don’t have any appetite at all, right now','ليس لدي شهية على الاطلاق في الوقت الحاضر ',3,0),(204,51,'08dbece9-d837-4646-8228-0c14b3cdd77a','I haven’t lost weight lately','لم ينقص وزني في الاونة الاخيرة',0,0),(205,51,'08dbece9-d837-4646-8228-0c14b3cdd77a','I lost more than a kilogram of weight','فقدت اكثر من كيلوجرامات من وزني ',1,0),(206,51,'08dbece9-d837-4646-8228-0c14b3cdd77a','I lost four kilograms of weight','فقدت اربعه كيلوجرامات من وزني ',2,0),(207,51,'08dbece9-d837-4646-8228-0c14b3cdd77a','I lost six kilograms of weight','فقدت سته كيلوجرامات من وزني ',3,0),(208,52,'08dbece9-d837-4646-8228-0c14b3cdd77a','I’m not busy with my health more than before','لست مشغولا على صحتي اكثر من السابق',0,0),(209,52,'08dbece9-d837-4646-8228-0c14b3cdd77a','I’m very busy with some physical problems such as aches, stomach disorders and constipation','اني مشغول جدا ببعض المشكلات البدنية مثل الاوجاع واضطرابات المعدة والامساك',1,0),(210,52,'08dbece9-d837-4646-8228-0c14b3cdd77a','I’m very busy with some daily problems and it’s hard to think about anything else','اني مشغول جدا ببعض المشكلات اليومية ومن الصعب ان افكر بأي شيء اخر ',2,0),(211,52,'08dbece9-d837-4646-8228-0c14b3cdd77a','I’m so busy with some physical problems that I can’t think of anything else','اني مشغول ببعض المكلات البدنية بحيث لا يمكنني التفكير باي شيء اخر ',3,0),(212,53,'08dbece9-d837-4646-8228-0c14b3cdd77a','I haven’t noticed any recent changes in my sexual interest','لم الاحظ اي تغيرات حديثة في اهتمامي الجنسي ',0,0),(213,53,'08dbece9-d837-4646-8228-0c14b3cdd77a','I’m less interested in sex than usual','انني اقل اهتماما بالجنس من المعتاد',1,0),(214,53,'08dbece9-d837-4646-8228-0c14b3cdd77a','I’m now less interested in sex','لقد قل الان اهتمامي بالجنس كثيرا ',2,0),(215,53,'08dbece9-d837-4646-8228-0c14b3cdd77a','I lost totally my interest in sex','لقد فقدت اهتمامي بالجنس تماما ',3,0),(216,54,'08dbf0ab-d92d-4532-8a75-19e530c644f5','Ans','Ans',10,0),(217,55,'08dbf0af-4de3-4204-8da7-16c89a48b72f','a','a',11,1),(218,56,'08dbf0c1-bb01-4355-899a-273e60bf7042','ff','ff',11,1),(219,57,'08dbf0c1-bb01-4355-899a-273e60bf7042','ssss','aaaa',3,0),(220,57,'08dbf0c1-bb01-4355-899a-273e60bf7042','ssss','dddd',4,0),(221,58,'08dbf3eb-95c2-475a-8637-fad6d2a84c81','ans','ans',1,1),(222,59,'08dbf3eb-95c2-475a-8637-fad6d2a84c81','ans','ans',1,1),(223,60,'08dbf3eb-95c2-475a-8637-fad6d2a84c81','ans','ans',1,0),(224,61,'08dbf3eb-95c2-475a-8637-fad6d2a84c81','q','q',11,0),(225,62,'08dbf3eb-95c2-475a-8637-fad6d2a84c81','x','x',1,0),(226,63,'08dbf3eb-95c2-475a-8637-fad6d2a84c81','ssss','sssss',12,1),(227,64,'08dbf3eb-95c2-475a-8637-fad6d2a84c81','tt','tt',12,0),(228,65,'08dbf3dc-bd35-40d2-8a8e-9715842156e8','x','x',12,0),(229,66,'08dbf3dc-bd35-40d2-8a8e-9715842156e8','ss','ss',1,0),(230,67,'08dbf3dc-bd35-40d2-8a8e-9715842156e8','cc','cc',12,0),(231,68,'08dbf3ef-4a07-43d0-81bd-57e4df007788','test ','test ',1,1),(232,68,'08dbf3ef-4a07-43d0-81bd-57e4df007788','test ','test ',2,1),(233,68,'08dbf3ef-4a07-43d0-81bd-57e4df007788','test ','test ',3,1),(234,69,'08dbf3ef-4a07-43d0-81bd-57e4df007788','ans1','ans1',1,0),(235,69,'08dbf3ef-4a07-43d0-81bd-57e4df007788','ans2','ans2',2,0),(236,69,'08dbf3ef-4a07-43d0-81bd-57e4df007788','ans3','ans3',3,0),(237,70,'08dbf3ef-4a07-43d0-81bd-57e4df007788','ans','ans',1,1),(238,71,'08dbf3f0-da66-42ae-842e-e6620c060968','Medical Test ','Medical Test ',1,0),(239,71,'08dbf3f0-da66-42ae-842e-e6620c060968','Medical Test ','Medical Test ',2,0);

--
-- Table structure for table `testquestions`
--

CREATE TABLE `testquestions` (
  `Id` int NOT NULL AUTO_INCREMENT,
  `Question` longtext NOT NULL,
  `QuestionAR` longtext NOT NULL,
  `TestId` char(36) CHARACTER SET ascii COLLATE ascii_general_ci NOT NULL,
  `CreatedDate` datetime(6) NOT NULL,
  `UpdateDate` datetime(6) NOT NULL,
  `IsDeleted` tinyint(1) NOT NULL DEFAULT '0',
  PRIMARY KEY (`Id`),
  KEY `IX_TestQuestions_TestId` (`TestId`),
  CONSTRAINT `FK_TestQuestions_MedicalTests_TestId` FOREIGN KEY (`TestId`) REFERENCES `medicaltests` (`Id`) ON DELETE CASCADE
) ENGINE=InnoDB AUTO_INCREMENT=72 DEFAULT CHARSET=utf8mb4 COLLATE=utf8mb4_0900_ai_ci;

--
-- Dumping data for table `testquestions`
--

INSERT INTO `testquestions` VALUES (1,'Q1','q1','08dbec23-db7f-4b93-812a-702bd6d31971','0001-01-01 00:00:00.000000','0001-01-01 00:00:00.000000',0),(2,'vvv','vvvv','08dbec23-db7f-4b93-812a-702bd6d31971','2023-11-23 13:05:50.591791','0001-01-01 00:00:00.000000',0),(3,'xxxxxxxxxx','xxxxxxxxxxxxxxx','08dbec23-db7f-4b93-812a-702bd6d31971','2023-11-23 13:08:29.542604','0001-01-01 00:00:00.000000',0),(4,'xx','xx','08dbec23-202f-4bbe-8ca9-8acc3092bf55','0001-01-01 00:00:00.000000','0001-01-01 00:00:00.000000',0),(5,'test','test','08dbec25-3a8b-460f-8886-d8adab84426d','0001-01-01 00:00:00.000000','0001-01-01 00:00:00.000000',0),(6,'DEPRESSED MOOD','المزاج الإكتئابي','08dbec2b-647b-448e-894e-8fe3b3389c03','0001-01-01 00:00:00.000000','0001-01-01 00:00:00.000000',0),(7,'FEELINGS OF GUILT','الشعور بالذنب ','08dbec2b-647b-448e-894e-8fe3b3389c03','2023-11-23 14:05:08.833093','0001-01-01 00:00:00.000000',0),(8,'SUICIDE','الانتحار','08dbec2b-647b-448e-894e-8fe3b3389c03','2023-11-23 14:08:02.294464','0001-01-01 00:00:00.000000',0),(9,'INSOMNIA - Initial','الأرق - في بداية الليل ( صعوبة النوم)','08dbec2b-647b-448e-894e-8fe3b3389c03','2023-11-23 14:10:29.841611','0001-01-01 00:00:00.000000',0),(10,'INSOMNIA - Middle (Complains of being restless and disturbed during the night. Waking during the night.)','الأرق - في منتصف الليل  (يشكو من القلق والانزعاج أثناء الليل. الاستيقاظ أثناء الليل.)','08dbec2b-647b-448e-894e-8fe3b3389c03','2023-11-23 14:13:13.022286','0001-01-01 00:00:00.000000',0),(11,'INSOMNIA - Delayed (Waking in early hours of the morning and  unable to fall asleep again)','الأرق –  ساعة متأخرة من الليل','08dbec2b-647b-448e-894e-8fe3b3389c03','2023-11-23 14:14:52.237694','0001-01-01 00:00:00.000000',0),(12,'WORK AND INTERESTS','العمل والاهتمامات','08dbec2b-647b-448e-894e-8fe3b3389c03','2023-11-23 14:17:33.674689','0001-01-01 00:00:00.000000',0),(13,'WORK AND INTERESTS','العمل والاهتمامات','08dbec2b-647b-448e-894e-8fe3b3389c03','2023-11-23 14:17:33.711701','0001-01-01 00:00:00.000000',1),(14,'RETARDATION (Slowness of thought, speech, and activity;  apathy; stupor.)','التأخير (بطء في الفكر والكلام والنشاط ؛ اللامبالاة ؛ الذهول.)','08dbec2b-647b-448e-894e-8fe3b3389c03','2023-11-23 14:20:23.137253','0001-01-01 00:00:00.000000',0),(15,'RETARDATION (Slowness of thought, speech, and activity;  apathy; stupor.)','التأخير (بطء في الفكر والكلام والنشاط ؛ اللامبالاة ؛ الذهول.)','08dbec2b-647b-448e-894e-8fe3b3389c03','2023-11-23 14:20:23.233134','0001-01-01 00:00:00.000000',1),(16,'AGITATION','الإنفعال (الضجر المرتبط بالقلق)','08dbec2b-647b-448e-894e-8fe3b3389c03','2023-11-23 14:22:03.245498','0001-01-01 00:00:00.000000',0),(17,'ANXIETY - PSYCHIC','القلق - تأثيره على الحالة النفسية','08dbec2b-647b-448e-894e-8fe3b3389c03','2023-11-23 14:25:00.416170','0001-01-01 00:00:00.000000',0),(18,'ANXIETY - SOMATIC Gastrointestinal, indigestion Cardiovascular, palpitation, Headaches Respiratory, Genito-urinary, etc.','القلق - تأثيره على الجهاز الهضمي الجسدي ،  وعسر الهضم القلبي الوعائي ، والخفقان ،  والصداع التنفسي ، والأعضاء التناسلية البولية ، إلخ','08dbec2b-647b-448e-894e-8fe3b3389c03','2023-11-23 14:27:55.915964','0001-01-01 00:00:00.000000',0),(19,'SOMATIC SYMPTOMS -  GASTROINTESTINAL (Loss of appetite , heavy feeling in abdomen; constipation)','الأعراض الجسدية – الجهاز الهضمي  (فقدان الشهية ، الشعور الثقيل في البطن ؛ الإمساك)','08dbec2b-647b-448e-894e-8fe3b3389c03','2023-11-23 14:29:18.263423','0001-01-01 00:00:00.000000',0),(20,'SOMATIC SYMPTOMS - GENERAL (Heaviness in limbs, back or head; diffuse backache; loss of energy and fatiguability)','13-	الأعراض الجسدية – عامة  (ثقل في الأطراف أو الظهر أو الرأس ؛ آلام في الظهر ؛ فقدان الطاقة والإرهاق)','08dbec2b-647b-448e-894e-8fe3b3389c03','2023-11-23 14:30:53.506510','0001-01-01 00:00:00.000000',0),(21,'SOMATIC SYMPTOMS - GENERAL (Heaviness in limbs, back or head; diffuse backache; loss of energy and fatiguability)','13-	الأعراض الجسدية – عامة  (ثقل في الأطراف أو الظهر أو الرأس ؛ آلام في الظهر ؛ فقدان الطاقة والإرهاق)','08dbec2b-647b-448e-894e-8fe3b3389c03','2023-11-23 14:30:53.552413','0001-01-01 00:00:00.000000',0),(22,'GENITAL SYMPTOMS (Loss of libido, menstrual disturbances)','أعراض الأعضاء التناسلية  (فقدان الرغبة الجنسية ، اضطرابات الدورة الشهرية)','08dbec2b-647b-448e-894e-8fe3b3389c03','2023-11-23 14:32:24.321629','0001-01-01 00:00:00.000000',0),(23,'HYPOCHONDRIASIS','الوسواس المرضي ','08dbec2b-647b-448e-894e-8fe3b3389c03','2023-11-23 14:34:52.873762','0001-01-01 00:00:00.000000',0),(24,'WEIGHT LOSS','فقدان الوزن','08dbec2b-647b-448e-894e-8fe3b3389c03','2023-11-23 14:36:26.025154','0001-01-01 00:00:00.000000',0),(25,'INSIGHT (Insight must be interpreted in terms of patient’s understanding and backgrou',' الفطنة (يجب تفسير الفطنة من حيث فهم المريض وخلفيته.)','08dbec2b-647b-448e-894e-8fe3b3389c03','2023-11-23 14:38:11.897818','0001-01-01 00:00:00.000000',0),(26,'DIURNAL VARIATION (Symptoms worse in morning or evening. Note which it is. ) ','التباين النهاري  (لاحظ للأعراض: هل أسوأ في الصباح أو في المساء)','08dbec2b-647b-448e-894e-8fe3b3389c03','2023-11-23 14:40:32.212443','0001-01-01 00:00:00.000000',0),(27,'DIURNAL VARIATION (Symptoms worse in morning or evening. Note which it is. ) ','التباين النهاري  (لاحظ للأعراض: هل أسوأ في الصباح أو في المساء)','08dbec2b-647b-448e-894e-8fe3b3389c03','2023-11-23 14:40:32.229452','0001-01-01 00:00:00.000000',1),(28,'DEPERSONALIZATION AND  DEREALIZATION (feelings of unreality, nihilistic ideas)',' تبدد الشخصية وتجاهلها  (مشاعر غير واقعية ، أفكار عدمية)','08dbec2b-647b-448e-894e-8fe3b3389c03','2023-11-23 14:43:08.357543','0001-01-01 00:00:00.000000',0),(29,'PARANOID SYMPTOMS (Not with a depressive quality)','أعراض بجنون العظمة  (ليس بجودة اكتئابية)','08dbec2b-647b-448e-894e-8fe3b3389c03','2023-11-23 14:45:30.232298','0001-01-01 00:00:00.000000',0),(30,'PARANOID SYMPTOMS (Not with a depressive quality)','أعراض بجنون العظمة  (ليس بجودة اكتئابية)','08dbec2b-647b-448e-894e-8fe3b3389c03','2023-11-23 14:45:30.280093','0001-01-01 00:00:00.000000',0),(31,'OBSESSIONAL SYMPTOMS (Obsessive thoughts and compulsions against which the patient struggles)','أعراض الوسواس (الأفكار الوسواسية والإكراهات التي يكافح المريض ضدها)','08dbec2b-647b-448e-894e-8fe3b3389c03','2023-11-23 14:46:50.252811','0001-01-01 00:00:00.000000',0),(32,'SAD','الحزن','08dbece9-d837-4646-8228-0c14b3cdd77a','2023-11-24 12:41:24.197474','0001-01-01 00:00:00.000000',0),(33,'Pessimism','التشائم','08dbece9-d837-4646-8228-0c14b3cdd77a','2023-11-24 12:49:39.206121','0001-01-01 00:00:00.000000',0),(34,' Failure','الفشل','08dbece9-d837-4646-8228-0c14b3cdd77a','2023-11-24 12:52:57.178833','0001-01-01 00:00:00.000000',0),(35,'Enjoying life','الاستمتاع بالحياة ','08dbece9-d837-4646-8228-0c14b3cdd77a','2023-11-24 13:01:36.204848','0001-01-01 00:00:00.000000',0),(36,'Guilt','الذنب','08dbece9-d837-4646-8228-0c14b3cdd77a','2023-11-24 13:03:56.448415','0001-01-01 00:00:00.000000',0),(37,'Punishment','العقاب','08dbece9-d837-4646-8228-0c14b3cdd77a','2023-11-24 13:06:37.633890','0001-01-01 00:00:00.000000',0),(38,'Satisfaction','الرضاء','08dbece9-d837-4646-8228-0c14b3cdd77a','2023-11-24 13:09:43.928048','0001-01-01 00:00:00.000000',0),(39,'Blame','اللوم','08dbece9-d837-4646-8228-0c14b3cdd77a','2023-11-24 13:14:19.326083','0001-01-01 00:00:00.000000',0),(40,'Death','الموت','08dbece9-d837-4646-8228-0c14b3cdd77a','2023-11-24 13:17:06.036146','0001-01-01 00:00:00.000000',0),(41,'Crying','البكاء','08dbece9-d837-4646-8228-0c14b3cdd77a','2023-11-24 13:19:40.124230','0001-01-01 00:00:00.000000',0),(42,'Tension','التوتر','08dbece9-d837-4646-8228-0c14b3cdd77a','2023-11-24 14:03:33.005098','0001-01-01 00:00:00.000000',0),(43,'Caring','الاهتمام','08dbece9-d837-4646-8228-0c14b3cdd77a','2023-11-24 14:07:21.622155','0001-01-01 00:00:00.000000',0),(44,'Making decisions','اخذ القرارات ','08dbece9-d837-4646-8228-0c14b3cdd77a','2023-11-24 14:13:25.916387','0001-01-01 00:00:00.000000',0),(45,'Making decisions','اخذ القرارات ','08dbece9-d837-4646-8228-0c14b3cdd77a','2023-11-24 14:14:32.693707','0001-01-01 00:00:00.000000',1),(46,'The Appearance','المظهر','08dbece9-d837-4646-8228-0c14b3cdd77a','2023-11-24 14:18:07.271133','0001-01-01 00:00:00.000000',0),(47,'Doing work','اداء العمل','08dbece9-d837-4646-8228-0c14b3cdd77a','2023-11-24 14:21:01.904720','0001-01-01 00:00:00.000000',0),(48,'Sleeping','النوم','08dbece9-d837-4646-8228-0c14b3cdd77a','2023-11-24 14:25:25.796637','0001-01-01 00:00:00.000000',0),(49,'Tired','التعب','08dbece9-d837-4646-8228-0c14b3cdd77a','2023-11-24 14:31:13.374951','0001-01-01 00:00:00.000000',0),(50,'Appetite','الشهية','08dbece9-d837-4646-8228-0c14b3cdd77a','2023-11-24 14:33:49.814965','0001-01-01 00:00:00.000000',0),(51,'Weight loss ','خسارة الوزن','08dbece9-d837-4646-8228-0c14b3cdd77a','2023-11-24 14:36:22.642044','0001-01-01 00:00:00.000000',0),(52,'Health problems','مشاكل صحية','08dbece9-d837-4646-8228-0c14b3cdd77a','2023-11-24 14:40:37.482756','0001-01-01 00:00:00.000000',0),(53,'Sexual interest','الاهتمام الجنسي ','08dbece9-d837-4646-8228-0c14b3cdd77a','2023-11-24 14:43:56.457008','0001-01-01 00:00:00.000000',0),(54,'Q1','Q1','08dbf0ab-d92d-4532-8a75-19e530c644f5','2023-11-29 07:22:12.731507','0001-01-01 00:00:00.000000',0),(55,'q','q','08dbf0af-4de3-4204-8da7-16c89a48b72f','2023-11-29 07:46:45.624287','0001-01-01 00:00:00.000000',1),(56,'f','f','08dbf0c1-bb01-4355-899a-273e60bf7042','2023-11-29 09:58:49.083942','0001-01-01 00:00:00.000000',1),(57,'AAAA','سسسسس','08dbf0c1-bb01-4355-899a-273e60bf7042','2023-11-30 11:26:46.302145','0001-01-01 00:00:00.000000',0),(58,'q','q','08dbf3eb-95c2-475a-8637-fad6d2a84c81','2023-12-03 10:35:54.500474','0001-01-01 00:00:00.000000',1),(59,'q','q','08dbf3eb-95c2-475a-8637-fad6d2a84c81','2023-12-03 10:35:56.067223','0001-01-01 00:00:00.000000',1),(60,'q','q','08dbf3eb-95c2-475a-8637-fad6d2a84c81','2023-12-03 10:35:59.984350','0001-01-01 00:00:00.000000',0),(61,'qqqq','qqqqqqq','08dbf3eb-95c2-475a-8637-fad6d2a84c81','2023-12-03 10:41:41.624744','0001-01-01 00:00:00.000000',0),(62,'xx','xx','08dbf3eb-95c2-475a-8637-fad6d2a84c81','2023-12-03 10:42:40.051222','0001-01-01 00:00:00.000000',0),(63,'sssssssssssss','sssssssssssssss','08dbf3eb-95c2-475a-8637-fad6d2a84c81','2023-12-03 10:44:55.391962','0001-01-01 00:00:00.000000',1),(64,'test','ttt','08dbf3eb-95c2-475a-8637-fad6d2a84c81','2023-12-03 10:46:01.791592','0001-01-01 00:00:00.000000',0),(65,'xxxx','xxxxx','08dbf3dc-bd35-40d2-8a8e-9715842156e8','2023-12-03 10:46:33.516122','0001-01-01 00:00:00.000000',0),(66,'s','sss','08dbf3dc-bd35-40d2-8a8e-9715842156e8','2023-12-03 10:46:42.807149','0001-01-01 00:00:00.000000',0),(67,'ccc','ccccc','08dbf3dc-bd35-40d2-8a8e-9715842156e8','2023-12-03 10:47:30.315765','0001-01-01 00:00:00.000000',0),(68,'test ','test ','08dbf3ef-4a07-43d0-81bd-57e4df007788','2023-12-03 11:02:33.674448','0001-01-01 00:00:00.000000',1),(69,'q1','q1','08dbf3ef-4a07-43d0-81bd-57e4df007788','2023-12-03 11:04:23.835867','0001-01-01 00:00:00.000000',0),(70,'q2','q2','08dbf3ef-4a07-43d0-81bd-57e4df007788','2023-12-03 11:11:47.469002','0001-01-01 00:00:00.000000',1),(71,'q1','q1','08dbf3f0-da66-42ae-842e-e6620c060968','2023-12-03 11:13:39.832921','0001-01-01 00:00:00.000000',0);

--
-- Table structure for table `testranges`
--

CREATE TABLE `testranges` (
  `Id` int NOT NULL AUTO_INCREMENT,
  `From` int NOT NULL,
  `To` int NOT NULL,
  `MedicalTestId` char(36) CHARACTER SET ascii COLLATE ascii_general_ci NOT NULL,
  `ResultDescription` longtext NOT NULL,
  `ResultDescriptionAR` longtext NOT NULL,
  `IsDeleted` tinyint(1) NOT NULL DEFAULT '0',
  PRIMARY KEY (`Id`),
  KEY `IX_TestRanges_MedicalTestId` (`MedicalTestId`),
  CONSTRAINT `FK_TestRanges_MedicalTests_MedicalTestId` FOREIGN KEY (`MedicalTestId`) REFERENCES `medicaltests` (`Id`) ON DELETE CASCADE
) ENGINE=InnoDB AUTO_INCREMENT=43 DEFAULT CHARSET=utf8mb4 COLLATE=utf8mb4_0900_ai_ci;

--
-- Dumping data for table `testranges`
--

INSERT INTO `testranges` VALUES (1,0,0,'08dbec23-202f-4bbe-8ca9-8acc3092bf55','string','string',0),(2,1,10,'08dbec23-44a6-4a03-8c6d-1fc246ff2364','test','test',0),(3,1,10,'08dbec23-d337-4b20-81a9-39b245b06b4a','tttt','tttt',0),(4,1,10,'08dbec23-db7f-4b93-812a-702bd6d31971','vvvvvvvvv','vvvvvvv',1),(5,1,10,'08dbec23-db7f-4b93-812a-702bd6d31971','vvvvvvvvv','vvvvvvv',1),(6,1,10,'08dbec25-3a8b-460f-8886-d8adab84426d','rrrr','rrrr',0),(7,1,10,'08dbec23-db7f-4b93-812a-702bd6d31971','vvvvvvvvv','vvvvvvv',1),(8,1,10,'08dbec23-db7f-4b93-812a-702bd6d31971','vvvvvvvvv','vvvvvvv',0),(9,0,7,'08dbec2b-647b-448e-894e-8fe3b3389c03','Normal','عادي',1),(10,8,13,'08dbec2b-647b-448e-894e-8fe3b3389c03','Mild Depression','اكتئاب خفيف',1),(11,14,18,'08dbec2b-647b-448e-894e-8fe3b3389c03','Moderate Depression','اكتئاب معتدل',1),(12,19,22,'08dbec2b-647b-448e-894e-8fe3b3389c03','Severe Depression','اكتئاب شديد',1),(13,23,100,'08dbec2b-647b-448e-894e-8fe3b3389c03','Very Severe Depression','اكتئاب شديد جدا ',1),(14,0,9,'08dbece9-d837-4646-8228-0c14b3cdd77a','Normal','لا يوجد اكتئاب',0),(15,10,15,'08dbece9-d837-4646-8228-0c14b3cdd77a','Mild Depression','اكتئاب بسيط',0),(16,16,23,'08dbece9-d837-4646-8228-0c14b3cdd77a','Moderate Depression','اكتئاب متوسط',0),(17,24,36,'08dbece9-d837-4646-8228-0c14b3cdd77a','Severe Depression','اكتئاب شديد',0),(18,37,1000,'08dbece9-d837-4646-8228-0c14b3cdd77a','Very Severe Depression','اكتئاب شديد جدا ',0),(19,0,7,'08dbec2b-647b-448e-894e-8fe3b3389c03','Normal','عادي',0),(20,8,13,'08dbec2b-647b-448e-894e-8fe3b3389c03','Mild Depression','اكتئاب خفيف',0),(21,14,18,'08dbec2b-647b-448e-894e-8fe3b3389c03','Moderate Depression','اكتئاب معتدل',0),(22,19,22,'08dbec2b-647b-448e-894e-8fe3b3389c03','Severe Depression','اكتئاب شديد',0),(23,23,100,'08dbec2b-647b-448e-894e-8fe3b3389c03','Very Severe Depression','اكتئاب شديد جدا ',0),(24,1,10,'08dbf0ab-d92d-4532-8a75-19e530c644f5','xxxx','xxxx',0),(25,1,11,'08dbf0af-4de3-4204-8da7-16c89a48b72f','rrrr','rrrr',0),(26,1,11,'08dbf0c1-bb01-4355-899a-273e60bf7042','tttt','ttttt',0),(27,2,2,'08dbf0c1-bb01-4355-899a-273e60bf7042','rrrrr','rrrrrrrr',1),(28,33,33,'08dbf0c1-bb01-4355-899a-273e60bf7042','ffff','ffffffff',1),(29,1,2,'08dbf3dc-9d44-4fa8-8d48-12c8bad17140','xxxx','xxxx',0),(30,1,2,'08dbf3dc-a9d5-4f11-8644-e95ca4c18366','xxxx','xxxx',0),(31,1,2,'08dbf3dc-bd35-40d2-8a8e-9715842156e8','zzzzz','zzzzz',0),(32,1,11,'08dbf3eb-95c2-475a-8637-fad6d2a84c81','zzzz','zzzz',0),(33,1,10,'08dbf3ed-2e0e-4434-8a3a-49da173801d7','xxxx','xxxx',1),(34,1,10,'08dbf3ef-4a07-43d0-81bd-57e4df007788','test ','test ',0),(35,10,20,'08dbf3ef-4a07-43d0-81bd-57e4df007788','test ','test ',1),(36,20,30,'08dbf3ef-4a07-43d0-81bd-57e4df007788','test ','test ',1),(37,30,40,'08dbf3ef-4a07-43d0-81bd-57e4df007788','test ','test ',1),(38,1,10,'08dbf3f0-da66-42ae-842e-e6620c060968','Medical Test ','Medical Test ',0),(39,10,20,'08dbf3f0-da66-42ae-842e-e6620c060968','Medical Test ','Medical Test ',0),(40,30,40,'08dbf3f0-da66-42ae-842e-e6620c060968','Medical Test ','Medical Test ',0),(41,1,10,'08dbf3fb-72f2-4b87-8adc-8d076fcf8bd4','xxxx','xxxx',0),(42,1,11,'08dbf3fb-abd7-4846-8f1e-129c291e39cd','zzzz','zzzz',0);

--
-- Table structure for table `useranswers`
--

CREATE TABLE `useranswers` (
  `Id` int NOT NULL AUTO_INCREMENT,
  `UserTestId` int NOT NULL,
  `AnswerId` int NOT NULL,
  `QuestionId` int NOT NULL,
  PRIMARY KEY (`Id`),
  KEY `IX_UserAnswers_AnswerId` (`AnswerId`),
  KEY `IX_UserAnswers_QuestionId` (`QuestionId`),
  KEY `IX_UserAnswers_UserTestId` (`UserTestId`),
  CONSTRAINT `FK_UserAnswers_QuestionAnswers_AnswerId` FOREIGN KEY (`AnswerId`) REFERENCES `questionanswers` (`Id`) ON DELETE CASCADE,
  CONSTRAINT `FK_UserAnswers_TestQuestions_QuestionId` FOREIGN KEY (`QuestionId`) REFERENCES `testquestions` (`Id`) ON DELETE CASCADE,
  CONSTRAINT `FK_UserAnswers_UserResults_UserTestId` FOREIGN KEY (`UserTestId`) REFERENCES `userresults` (`Id`) ON DELETE CASCADE
) ENGINE=InnoDB AUTO_INCREMENT=1986 DEFAULT CHARSET=utf8mb4 COLLATE=utf8mb4_0900_ai_ci;

--
-- Dumping data for table `useranswers`
--

INSERT INTO `useranswers` VALUES (1,1,27,6),(2,1,30,7),(3,1,35,8),(4,2,27,6),(5,1,39,9),(6,1,43,10),(7,2,30,7),(8,1,45,11),(9,2,35,8),(10,1,54,13),(11,2,39,9),(12,1,64,15),(13,1,70,16),(14,2,43,10),(15,1,74,17),(16,2,45,11),(17,1,76,18),(18,2,54,13),(19,1,82,19),(20,2,64,15),(21,1,87,21),(22,2,70,16),(23,1,90,22),(24,2,74,17),(25,1,96,23),(26,2,76,18),(27,1,99,24),(28,2,82,19),(29,1,101,25),(30,2,87,21),(31,1,107,27),(32,2,90,22),(33,1,114,28),(34,2,96,23),(35,1,124,30),(36,2,99,24),(37,1,126,31),(38,2,101,25),(39,2,107,27),(40,2,114,28),(41,2,124,30),(42,2,126,31),(43,3,25,6),(44,3,30,7),(45,3,36,8),(46,3,40,9),(47,3,43,10),(48,3,46,11),(49,3,53,13),(50,3,64,15),(51,3,68,16),(52,3,71,17),(53,3,79,18),(54,3,82,19),(55,3,87,21),(56,3,91,22),(57,3,93,23),(58,3,98,24),(59,3,103,25),(60,3,107,27),(61,3,110,28),(62,3,120,30),(63,3,126,31),(64,4,24,6),(65,4,29,7),(66,4,34,8),(67,4,39,9),(68,4,42,10),(69,4,45,11),(70,4,53,13),(71,4,63,15),(72,4,68,16),(73,4,71,17),(74,4,76,18),(75,4,81,19),(76,4,87,21),(77,4,90,22),(78,4,93,23),(79,4,98,24),(80,4,101,25),(81,4,107,27),(82,4,110,28),(83,4,120,30),(84,4,125,31),(85,5,129,32),(86,6,26,6),(87,6,30,7),(88,6,37,8),(89,6,40,9),(90,6,42,10),(91,6,45,11),(92,6,54,13),(93,6,63,15),(94,6,69,16),(95,6,74,17),(96,6,76,18),(97,6,81,19),(98,6,87,21),(99,6,90,22),(100,6,94,23),(101,6,98,24),(102,6,101,25),(103,6,107,27),(104,6,114,28),(105,6,120,30),(106,6,126,31),(107,7,130,32),(108,7,133,33),(109,7,139,34),(110,7,141,35),(111,7,145,36),(112,7,151,37),(113,7,154,38),(114,7,158,39),(115,7,161,40),(116,7,165,41),(117,8,129,32),(118,8,134,33),(119,8,138,34),(120,8,141,35),(121,8,144,36),(122,8,148,37),(123,8,152,38),(124,8,158,39),(125,8,160,40),(126,8,164,41),(127,8,168,42),(128,8,174,43),(129,8,180,45),(130,8,186,46),(131,8,188,47),(132,8,192,48),(133,8,196,49),(134,8,200,50),(135,8,204,51),(136,8,208,52),(137,8,214,53),(138,9,129,32),(139,9,132,33),(140,9,137,34),(141,9,140,35),(142,9,144,36),(143,9,151,37),(144,9,152,38),(145,9,156,39),(146,9,163,40),(147,9,164,41),(148,9,171,42),(149,9,172,43),(150,9,176,44),(151,9,184,46),(152,9,190,47),(153,9,195,48),(154,9,196,49),(155,9,200,50),(156,9,205,51),(157,9,208,52),(158,9,212,53),(159,10,128,32),(160,10,132,33),(161,10,136,34),(162,10,140,35),(163,10,146,36),(164,10,151,37),(165,10,152,38),(166,10,156,39),(167,10,160,40),(168,10,164,41),(169,10,171,42),(170,10,172,43),(171,10,176,44),(172,10,184,46),(173,10,188,47),(174,10,195,48),(175,10,196,49),(176,10,200,50),(177,10,205,51),(178,10,208,52),(179,10,212,53),(180,11,128,32),(181,11,132,33),(182,11,137,34),(183,11,141,35),(184,11,144,36),(185,11,149,37),(186,11,153,38),(187,11,157,39),(188,11,160,40),(189,11,164,41),(190,11,171,42),(191,11,172,43),(192,11,176,44),(193,11,184,46),(194,11,188,47),(195,11,192,48),(196,11,197,49),(197,11,200,50),(198,11,204,51),(199,11,208,52),(200,11,212,53),(201,12,27,6),(202,12,30,7),(203,12,35,8),(204,12,41,9),(205,12,43,10),(206,12,46,11),(207,12,49,12),(208,12,58,14),(209,12,70,16),(210,12,74,17),(211,12,76,18),(212,12,82,19),(213,12,88,21),(214,12,90,22),(215,12,96,23),(216,12,98,24),(217,12,101,25),(218,12,104,26),(219,12,114,28),(220,12,124,30),(221,12,127,31),(222,13,24,6),(223,13,31,7),(224,13,34,8),(225,13,40,9),(226,13,43,10),(227,13,46,11),(228,13,48,12),(229,13,59,14),(230,13,69,16),(231,13,75,17),(232,13,78,18),(233,13,82,19),(234,13,84,20),(235,13,90,22),(236,13,97,23),(237,13,98,24),(238,13,101,25),(239,13,104,26),(240,13,110,28),(241,13,120,30),(242,13,126,31),(243,14,25,6),(244,14,32,7),(245,14,36,8),(246,14,41,9),(247,14,43,10),(248,14,45,11),(249,14,49,12),(250,14,60,14),(251,14,70,16),(252,14,74,17),(253,14,78,18),(254,14,83,19),(255,14,89,21),(256,14,91,22),(257,14,97,23),(258,14,100,24),(259,14,102,25),(260,14,106,26),(261,14,114,28),(262,14,124,30),(263,14,127,31),(264,15,25,6),(265,15,30,7),(266,15,37,8),(267,15,39,9),(268,15,42,10),(269,15,47,11),(270,15,49,12),(271,15,62,14),(272,15,68,16),(273,15,71,17),(274,15,80,18),(275,15,83,19),(276,15,87,21),(277,15,92,22),(278,15,94,23),(279,15,99,24),(280,15,103,25),(281,15,105,26),(282,15,111,28),(283,15,120,30),(284,15,125,31),(285,16,25,6),(286,16,30,7),(287,16,37,8),(288,16,39,9),(289,16,42,10),(290,16,47,11),(291,16,48,12),(292,16,62,14),(293,16,68,16),(294,16,71,17),(295,16,80,18),(296,16,81,19),(297,16,87,21),(298,16,90,22),(299,16,93,23),(300,16,98,24),(301,16,101,25),(302,16,104,26),(303,16,110,28),(304,16,120,30),(305,16,125,31),(306,17,129,32),(307,17,135,33),(308,17,137,34),(309,17,142,35),(310,17,146,36),(311,17,149,37),(312,17,152,38),(313,17,156,39),(314,17,160,40),(315,17,164,41),(316,17,171,42),(317,17,172,43),(318,17,176,44),(319,17,187,46),(320,17,189,47),(321,17,192,48),(322,17,198,49),(323,17,202,50),(324,17,206,51),(325,17,211,52),(326,17,212,53),(327,18,129,32),(328,18,134,33),(329,18,139,34),(330,18,142,35),(331,18,144,36),(332,18,150,37),(333,18,152,38),(334,18,157,39),(335,18,163,40),(336,18,164,41),(337,18,170,42),(338,18,172,43),(339,18,176,44),(340,18,184,46),(341,18,188,47),(342,18,195,48),(343,18,196,49),(344,18,200,50),(345,18,205,51),(346,18,208,52),(347,18,212,53),(348,19,24,6),(349,19,33,7),(350,19,35,8),(351,19,40,9),(352,19,43,10),(353,19,45,11),(354,19,49,12),(355,19,61,14),(356,19,70,16),(357,19,73,17),(358,19,79,18),(359,19,82,19),(360,19,87,21),(361,19,90,22),(362,19,95,23),(363,19,99,24),(364,19,103,25),(365,19,104,26),(366,19,110,28),(367,19,124,30),(368,19,127,31),(369,20,24,6),(370,20,33,7),(371,20,36,8),(372,20,40,9),(373,20,43,10),(374,20,46,11),(375,20,50,12),(376,20,60,14),(377,20,69,16),(378,20,73,17),(379,20,77,18),(380,20,83,19),(381,20,89,21),(382,20,91,22),(383,20,95,23),(384,20,100,24),(385,20,102,25),(386,20,106,26),(387,20,112,28),(388,20,123,30),(389,20,127,31),(390,21,129,32),(391,21,135,33),(392,21,138,34),(393,21,142,35),(394,21,147,36),(395,21,148,37),(396,21,154,38),(397,21,159,39),(398,21,162,40),(399,21,165,41),(400,21,171,42),(401,21,172,43),(402,21,177,44),(403,21,186,46),(404,21,191,47),(405,21,193,48),(406,21,198,49),(407,21,201,50),(408,21,205,51),(409,21,209,52),(410,21,214,53),(411,22,28,6),(412,22,33,7),(413,22,35,8),(414,22,41,9),(415,22,44,10),(416,22,46,11),(417,22,50,12),(418,22,59,14),(419,22,70,16),(420,22,73,17),(421,22,77,18),(422,22,83,19),(423,22,88,21),(424,22,91,22),(425,22,95,23),(426,22,99,24),(427,22,102,25),(428,22,104,26),(429,22,110,28),(430,22,124,30),(431,22,125,31),(432,23,24,6),(433,23,33,7),(434,23,36,8),(435,23,41,9),(436,23,43,10),(437,23,45,11),(438,23,49,12),(439,23,61,14),(440,23,69,16),(441,23,74,17),(442,23,79,18),(443,23,82,19),(444,23,87,21),(445,23,92,22),(446,23,93,23),(447,23,98,24),(448,23,101,25),(449,23,105,26),(450,23,111,28),(451,23,120,30),(452,23,125,31),(453,24,129,32),(454,24,132,33),(455,24,136,34),(456,24,140,35),(457,24,144,36),(458,24,151,37),(459,24,152,38),(460,24,156,39),(461,24,160,40),(462,24,164,41),(463,24,171,42),(464,24,172,43),(465,24,176,44),(466,24,184,46),(467,24,188,47),(468,24,195,48),(469,24,196,49),(470,24,200,50),(471,24,205,51),(472,24,208,52),(473,24,212,53),(474,25,128,32),(475,25,134,33),(476,25,139,34),(477,25,143,35),(478,25,147,36),(479,25,149,37),(480,25,155,38),(481,25,159,39),(482,25,161,40),(483,25,167,41),(484,25,169,42),(485,25,175,43),(486,25,179,44),(487,25,185,46),(488,25,191,47),(489,25,193,48),(490,25,199,49),(491,25,203,50),(492,25,204,51),(493,25,211,52),(494,25,215,53),(495,26,129,32),(496,26,133,33),(497,26,139,34),(498,26,143,35),(499,26,147,36),(500,26,149,37),(501,26,155,38),(502,26,159,39),(503,26,161,40),(504,26,167,41),(505,26,169,42),(506,26,175,43),(507,26,179,44),(508,26,185,46),(509,26,191,47),(510,26,193,48),(511,26,199,49),(512,26,203,50),(513,26,204,51),(514,26,211,52),(515,26,215,53),(516,27,25,6),(517,27,31,7),(518,27,36,8),(519,27,41,9),(520,27,43,10),(521,27,46,11),(522,27,50,12),(523,27,59,14),(524,27,70,16),(525,27,74,17),(526,27,78,18),(527,27,83,19),(528,27,89,21),(529,27,91,22),(530,27,97,23),(531,27,100,24),(532,27,102,25),(533,27,106,26),(534,27,114,28),(535,27,124,30),(536,27,127,31),(537,28,25,6),(538,28,32,7),(539,28,35,8),(540,28,41,9),(541,28,44,10),(542,28,46,11),(543,28,50,12),(544,28,59,14),(545,28,70,16),(546,28,74,17),(547,28,78,18),(548,28,83,19),(549,28,89,21),(550,28,91,22),(551,28,96,23),(552,28,100,24),(553,28,102,25),(554,28,106,26),(555,28,114,28),(556,28,124,30),(557,28,126,31),(558,29,129,32),(559,29,133,33),(560,29,139,34),(561,29,143,35),(562,29,147,36),(563,29,149,37),(564,29,155,38),(565,29,159,39),(566,29,161,40),(567,29,167,41),(568,29,168,42),(569,29,175,43),(570,29,179,44),(571,29,185,46),(572,29,191,47),(573,29,193,48),(574,29,199,49),(575,29,203,50),(576,29,204,51),(577,29,211,52),(578,29,215,53),(579,30,25,6),(580,30,30,7),(581,30,34,8),(582,30,41,9),(583,30,44,10),(584,30,46,11),(585,30,52,12),(586,30,58,14),(587,30,70,16),(588,30,75,17),(589,30,78,18),(590,30,83,19),(591,30,89,21),(592,30,91,22),(593,30,97,23),(594,30,100,24),(595,30,102,25),(596,30,106,26),(597,30,114,28),(598,30,124,30),(599,30,127,31),(600,31,27,6),(601,32,27,6),(602,31,33,7),(603,32,33,7),(604,31,36,8),(605,31,40,9),(606,32,36,8),(607,31,43,10),(608,32,40,9),(609,31,45,11),(610,32,43,10),(611,31,50,12),(612,32,45,11),(613,31,62,14),(614,32,50,12),(615,31,69,16),(616,31,71,17),(617,32,62,14),(618,31,80,18),(619,32,69,16),(620,31,82,19),(621,32,71,17),(622,31,87,21),(623,32,80,18),(624,31,91,22),(625,32,82,19),(626,31,94,23),(627,32,87,21),(628,31,100,24),(629,32,91,22),(630,31,101,25),(631,31,104,26),(632,32,94,23),(633,31,110,28),(634,32,100,24),(635,31,120,30),(636,32,101,25),(637,31,125,31),(638,32,104,26),(639,32,110,28),(640,32,120,30),(641,32,125,31),(642,33,129,32),(643,33,132,33),(644,33,136,34),(645,33,140,35),(646,33,144,36),(647,33,151,37),(648,33,152,38),(649,33,156,39),(650,33,160,40),(651,33,164,41),(652,33,171,42),(653,33,172,43),(654,33,176,44),(655,33,184,46),(656,33,188,47),(657,33,195,48),(658,33,196,49),(659,33,200,50),(660,33,205,51),(661,33,208,52),(662,33,212,53),(663,34,129,32),(664,34,132,33),(665,34,136,34),(666,34,140,35),(667,34,144,36),(668,34,151,37),(669,34,152,38),(670,34,156,39),(671,34,160,40),(672,34,164,41),(673,34,171,42),(674,34,172,43),(675,34,176,44),(676,34,184,46),(677,34,188,47),(678,34,195,48),(679,34,196,49),(680,34,200,50),(681,34,205,51),(682,34,208,52),(683,34,212,53),(684,35,26,6),(685,35,32,7),(686,35,36,8),(687,35,40,9),(688,35,43,10),(689,35,45,11),(690,35,50,12),(691,35,60,14),(692,35,69,16),(693,35,73,17),(694,35,79,18),(695,35,82,19),(696,35,88,21),(697,35,92,22),(698,35,95,23),(699,35,99,24),(700,35,103,25),(701,35,106,26),(702,35,112,28),(703,35,122,30),(704,35,126,31),(705,36,25,6),(706,36,30,7),(707,36,37,8),(708,36,39,9),(709,36,42,10),(710,36,47,11),(711,36,50,12),(712,36,60,14),(713,36,69,16),(714,36,72,17),(715,36,80,18),(716,36,81,19),(717,36,89,21),(718,36,92,22),(719,36,94,23),(720,36,99,24),(721,36,102,25),(722,36,105,26),(723,36,111,28),(724,36,121,30),(725,36,126,31),(726,37,131,32),(727,37,134,33),(728,37,138,34),(729,37,143,35),(730,37,146,36),(731,37,149,37),(732,37,153,38),(733,37,157,39),(734,37,162,40),(735,37,165,41),(736,37,168,42),(737,37,174,43),(738,37,178,44),(739,37,186,46),(740,37,188,47),(741,37,194,48),(742,37,197,49),(743,37,201,50),(744,37,207,51),(745,37,208,52),(746,37,212,53),(747,38,28,6),(748,38,32,7),(749,38,36,8),(750,38,41,9),(751,38,44,10),(752,38,45,11),(753,38,49,12),(754,38,60,14),(755,38,70,16),(756,38,75,17),(757,38,78,18),(758,38,83,19),(759,38,89,21),(760,38,92,22),(761,38,96,23),(762,38,100,24),(763,38,102,25),(764,38,106,26),(765,38,112,28),(766,38,123,30),(767,38,127,31),(768,39,25,6),(769,39,30,7),(770,39,37,8),(771,39,39,9),(772,39,43,10),(773,39,46,11),(774,39,48,12),(775,39,62,14),(776,39,69,16),(777,39,73,17),(778,39,76,18),(779,39,81,19),(780,39,87,21),(781,39,90,22),(782,39,93,23),(783,39,98,24),(784,39,101,25),(785,39,104,26),(786,39,110,28),(787,39,120,30),(788,39,125,31),(789,40,129,32),(790,40,135,33),(791,40,139,34),(792,40,141,35),(793,40,144,36),(794,40,151,37),(795,40,152,38),(796,40,156,39),(797,40,160,40),(798,40,164,41),(799,40,171,42),(800,40,172,43),(801,40,176,44),(802,40,184,46),(803,40,188,47),(804,40,195,48),(805,40,196,49),(806,40,200,50),(807,40,205,51),(808,40,208,52),(809,40,212,53),(810,41,129,32),(811,41,135,33),(812,41,139,34),(813,41,141,35),(814,41,144,36),(815,41,151,37),(816,41,152,38),(817,41,156,39),(818,41,160,40),(819,41,164,41),(820,41,171,42),(821,41,172,43),(822,41,176,44),(823,41,184,46),(824,41,188,47),(825,41,195,48),(826,41,196,49),(827,41,200,50),(828,41,205,51),(829,41,208,52),(830,41,212,53),(831,42,27,6),(832,42,29,7),(833,42,34,8),(834,42,41,9),(835,42,44,10),(836,42,46,11),(837,42,52,12),(838,42,58,14),(839,42,70,16),(840,42,75,17),(841,42,78,18),(842,42,83,19),(843,42,89,21),(844,42,91,22),(845,42,97,23),(846,42,100,24),(847,42,102,25),(848,42,106,26),(849,42,114,28),(850,42,124,30),(851,42,127,31),(852,43,27,6),(853,43,29,7),(854,43,34,8),(855,43,41,9),(856,43,44,10),(857,43,46,11),(858,43,52,12),(859,43,58,14),(860,43,70,16),(861,43,75,17),(862,43,78,18),(863,43,83,19),(864,43,89,21),(865,43,91,22),(866,43,97,23),(867,43,100,24),(868,43,102,25),(869,43,106,26),(870,43,114,28),(871,43,124,30),(872,43,127,31),(873,44,27,6),(874,44,29,7),(875,44,34,8),(876,44,41,9),(877,44,44,10),(878,44,46,11),(879,44,52,12),(880,44,58,14),(881,44,70,16),(882,44,75,17),(883,44,78,18),(884,44,83,19),(885,44,89,21),(886,44,91,22),(887,44,97,23),(888,44,100,24),(889,44,102,25),(890,44,106,26),(891,44,114,28),(892,44,124,30),(893,44,127,31),(894,45,27,6),(895,45,29,7),(896,45,34,8),(897,45,41,9),(898,45,44,10),(899,45,46,11),(900,45,52,12),(901,45,58,14),(902,45,70,16),(903,45,75,17),(904,45,78,18),(905,45,83,19),(906,45,89,21),(907,45,91,22),(908,45,97,23),(909,45,100,24),(910,45,102,25),(911,45,106,26),(912,45,114,28),(913,45,124,30),(914,45,127,31),(915,46,130,32),(916,46,133,33),(917,46,139,34),(918,46,143,35),(919,46,147,36),(920,46,149,37),(921,46,155,38),(922,46,159,39),(923,46,161,40),(924,46,167,41),(925,46,169,42),(926,46,175,43),(927,46,179,44),(928,46,185,46),(929,46,191,47),(930,46,193,48),(931,46,199,49),(932,46,203,50),(933,46,204,51),(934,46,211,52),(935,46,215,53),(936,47,128,32),(937,47,132,33),(938,47,136,34),(939,47,140,35),(940,47,144,36),(941,47,148,37),(942,47,152,38),(943,47,156,39),(944,47,160,40),(945,47,164,41),(946,47,171,42),(947,47,173,43),(948,47,176,44),(949,47,184,46),(950,47,188,47),(951,47,192,48),(952,47,196,49),(953,47,200,50),(954,47,205,51),(955,47,208,52),(956,47,212,53),(957,48,25,6),(958,48,31,7),(959,48,38,8),(960,48,40,9),(961,48,42,10),(962,48,45,11),(963,48,49,12),(964,48,61,14),(965,48,69,16),(966,48,73,17),(967,48,77,18),(968,48,82,19),(969,48,88,21),(970,48,91,22),(971,48,97,23),(972,48,99,24),(973,48,102,25),(974,48,105,26),(975,48,111,28),(976,48,123,30),(977,48,127,31),(978,49,25,6),(979,49,31,7),(980,49,38,8),(981,49,40,9),(982,49,43,10),(983,49,45,11),(984,49,48,12),(985,49,59,14),(986,49,69,16),(987,49,73,17),(988,49,77,18),(989,49,82,19),(990,49,89,21),(991,49,92,22),(992,49,94,23),(993,49,99,24),(994,49,103,25),(995,49,104,26),(996,49,111,28),(997,49,121,30),(998,49,126,31),(999,50,25,6),(1000,50,31,7),(1001,50,38,8),(1002,50,40,9),(1003,50,43,10),(1004,50,45,11),(1005,50,48,12),(1006,50,59,14),(1007,50,69,16),(1008,50,73,17),(1009,50,77,18),(1010,50,82,19),(1011,50,89,21),(1012,50,92,22),(1013,50,94,23),(1014,50,99,24),(1015,50,103,25),(1016,50,104,26),(1017,50,111,28),(1018,50,121,30),(1019,50,126,31),(1020,51,25,6),(1021,51,32,7),(1022,51,37,8),(1023,51,41,9),(1024,51,43,10),(1025,51,47,11),(1026,51,48,12),(1027,51,61,14),(1028,51,69,16),(1029,51,72,17),(1030,51,77,18),(1031,51,83,19),(1032,51,88,21),(1033,51,90,22),(1034,51,96,23),(1035,51,98,24),(1036,51,103,25),(1037,51,104,26),(1038,51,111,28),(1039,51,121,30),(1040,51,127,31),(1041,52,129,32),(1042,52,134,33),(1043,52,139,34),(1044,52,142,35),(1045,52,145,36),(1046,52,148,37),(1047,52,154,38),(1048,52,157,39),(1049,52,161,40),(1050,52,165,41),(1051,52,168,42),(1052,52,175,43),(1053,52,177,44),(1054,52,184,46),(1055,52,190,47),(1056,52,194,48),(1057,52,198,49),(1058,52,202,50),(1059,52,207,51),(1060,52,209,52),(1061,52,214,53),(1062,53,129,32),(1063,53,134,33),(1064,53,139,34),(1065,53,142,35),(1066,53,145,36),(1067,53,148,37),(1068,53,154,38),(1069,53,157,39),(1070,53,161,40),(1071,53,165,41),(1072,53,168,42),(1073,53,175,43),(1074,53,177,44),(1075,53,184,46),(1076,53,190,47),(1077,53,194,48),(1078,53,198,49),(1079,53,202,50),(1080,53,207,51),(1081,53,209,52),(1082,53,214,53),(1083,54,129,32),(1084,54,134,33),(1085,54,139,34),(1086,54,142,35),(1087,54,145,36),(1088,54,148,37),(1089,54,154,38),(1090,54,157,39),(1091,54,161,40),(1092,54,165,41),(1093,54,168,42),(1094,54,175,43),(1095,54,177,44),(1096,54,184,46),(1097,54,190,47),(1098,54,194,48),(1099,54,198,49),(1100,54,202,50),(1101,54,207,51),(1102,54,209,52),(1103,54,214,53),(1104,55,129,32),(1105,55,134,33),(1106,55,139,34),(1107,55,142,35),(1108,55,145,36),(1109,55,148,37),(1110,55,154,38),(1111,55,157,39),(1112,55,161,40),(1113,55,165,41),(1114,55,168,42),(1115,55,175,43),(1116,55,177,44),(1117,55,184,46),(1118,55,190,47),(1119,55,194,48),(1120,55,198,49),(1121,55,202,50),(1122,55,207,51),(1123,55,209,52),(1124,55,214,53),(1125,56,129,32),(1126,56,134,33),(1127,56,139,34),(1128,56,142,35),(1129,56,145,36),(1130,56,148,37),(1131,56,154,38),(1132,56,157,39),(1133,56,161,40),(1134,56,165,41),(1135,56,168,42),(1136,56,175,43),(1137,56,177,44),(1138,56,184,46),(1139,56,190,47),(1140,56,194,48),(1141,56,198,49),(1142,56,202,50),(1143,56,207,51),(1144,56,209,52),(1145,56,214,53),(1146,57,24,6),(1147,57,29,7),(1148,57,34,8),(1149,57,40,9),(1150,57,42,10),(1151,57,45,11),(1152,57,48,12),(1153,57,59,14),(1154,57,69,16),(1155,57,71,17),(1156,57,76,18),(1157,57,81,19),(1158,57,88,21),(1159,57,90,22),(1160,57,93,23),(1161,57,99,24),(1162,57,101,25),(1163,57,104,26),(1164,57,110,28),(1165,57,124,30),(1166,57,125,31),(1167,58,26,6),(1168,58,30,7),(1169,58,35,8),(1170,58,40,9),(1171,58,43,10),(1172,58,45,11),(1173,58,51,12),(1174,58,61,14),(1175,58,69,16),(1176,58,73,17),(1177,58,77,18),(1178,58,82,19),(1179,58,88,21),(1180,58,92,22),(1181,58,96,23),(1182,58,98,24),(1183,58,102,25),(1184,58,104,26),(1185,58,111,28),(1186,58,124,30),(1187,58,126,31),(1188,59,129,32),(1189,59,135,33),(1190,59,136,34),(1191,59,141,35),(1192,59,145,36),(1193,59,148,37),(1194,59,154,38),(1195,59,157,39),(1196,59,163,40),(1197,59,165,41),(1198,59,170,42),(1199,59,172,43),(1200,59,177,44),(1201,59,187,46),(1202,59,188,47),(1203,59,194,48),(1204,59,198,49),(1205,59,200,50),(1206,59,207,51),(1207,59,209,52),(1208,59,213,53),(1209,60,25,6),(1210,60,30,7),(1211,60,36,8),(1212,60,39,9),(1213,60,42,10),(1214,60,47,11),(1215,60,50,12),(1216,60,60,14),(1217,60,69,16),(1218,60,74,17),(1219,60,77,18),(1220,60,82,19),(1221,60,89,21),(1222,60,91,22),(1223,60,96,23),(1224,60,100,24),(1225,60,102,25),(1226,60,104,26),(1227,60,112,28),(1228,60,120,30),(1229,60,125,31),(1230,61,25,6),(1231,61,29,7),(1232,61,35,8),(1233,61,40,9),(1234,61,42,10),(1235,61,45,11),(1236,61,48,12),(1237,61,58,14),(1238,61,68,16),(1239,61,71,17),(1240,61,77,18),(1241,61,82,19),(1242,61,87,21),(1243,61,90,22),(1244,61,94,23),(1245,61,99,24),(1246,61,101,25),(1247,61,104,26),(1248,61,111,28),(1249,61,120,30),(1250,61,126,31),(1251,62,27,6),(1252,62,29,7),(1253,62,35,8),(1254,62,41,9),(1255,62,44,10),(1256,62,46,11),(1257,62,51,12),(1258,62,59,14),(1259,62,70,16),(1260,62,73,17),(1261,62,76,18),(1262,62,83,19),(1263,62,89,21),(1264,62,91,22),(1265,62,96,23),(1266,62,100,24),(1267,62,102,25),(1268,62,106,26),(1269,62,113,28),(1270,62,122,30),(1271,62,127,31),(1272,63,129,32),(1273,63,133,33),(1274,63,138,34),(1275,63,143,35),(1276,63,147,36),(1277,63,149,37),(1278,63,154,38),(1279,63,158,39),(1280,63,162,40),(1281,63,166,41),(1282,63,169,42),(1283,63,175,43),(1284,63,179,44),(1285,63,186,46),(1286,63,191,47),(1287,63,193,48),(1288,63,199,49),(1289,63,203,50),(1290,63,204,51),(1291,63,211,52),(1292,63,215,53),(1293,64,25,6),(1294,64,31,7),(1295,64,36,8),(1296,64,40,9),(1297,64,43,10),(1298,64,47,11),(1299,64,48,12),(1300,64,62,14),(1301,64,68,16),(1302,64,71,17),(1303,64,80,18),(1304,64,81,19),(1305,64,87,21),(1306,64,90,22),(1307,64,93,23),(1308,64,98,24),(1309,64,101,25),(1310,64,104,26),(1311,64,110,28),(1312,64,122,30),(1313,64,126,31),(1314,65,129,32),(1315,65,132,33),(1316,65,136,34),(1317,65,140,35),(1318,65,144,36),(1319,65,150,37),(1320,65,152,38),(1321,65,156,39),(1322,65,160,40),(1323,65,164,41),(1324,65,171,42),(1325,65,172,43),(1326,65,176,44),(1327,65,184,46),(1328,65,188,47),(1329,65,195,48),(1330,65,196,49),(1331,65,200,50),(1332,65,205,51),(1333,65,208,52),(1334,65,212,53),(1335,66,26,6),(1336,66,33,7),(1337,66,34,8),(1338,66,41,9),(1339,66,44,10),(1340,66,46,11),(1341,66,50,12),(1342,66,58,14),(1343,66,70,16),(1344,66,75,17),(1345,66,78,18),(1346,66,83,19),(1347,66,89,21),(1348,66,91,22),(1349,66,96,23),(1350,66,100,24),(1351,66,102,25),(1352,66,106,26),(1353,66,114,28),(1354,66,124,30),(1355,66,127,31),(1356,67,25,6),(1357,67,29,7),(1358,67,34,8),(1359,67,41,9),(1360,67,44,10),(1361,67,46,11),(1362,67,51,12),(1363,67,59,14),(1364,67,70,16),(1365,67,75,17),(1366,67,78,18),(1367,67,83,19),(1368,67,89,21),(1369,67,91,22),(1370,67,97,23),(1371,67,100,24),(1372,67,102,25),(1373,67,106,26),(1374,67,114,28),(1375,67,124,30),(1376,67,127,31),(1377,68,25,6),(1378,68,29,7),(1379,68,34,8),(1380,68,41,9),(1381,68,44,10),(1382,68,46,11),(1383,68,51,12),(1384,68,58,14),(1385,68,70,16),(1386,68,75,17),(1387,68,78,18),(1388,68,83,19),(1389,68,89,21),(1390,68,91,22),(1391,68,97,23),(1392,68,100,24),(1393,68,102,25),(1394,68,106,26),(1395,68,114,28),(1396,68,124,30),(1397,68,127,31),(1398,69,128,32),(1399,69,132,33),(1400,69,137,34),(1401,69,141,35),(1402,69,145,36),(1403,69,148,37),(1404,69,153,38),(1405,69,157,39),(1406,69,160,40),(1407,69,164,41),(1408,69,168,42),(1409,69,172,43),(1410,69,176,44),(1411,69,184,46),(1412,69,188,47),(1413,69,193,48),(1414,69,196,49),(1415,69,200,50),(1416,69,206,51),(1417,69,208,52),(1418,69,212,53),(1419,70,25,6),(1420,70,30,7),(1421,70,34,8),(1422,70,41,9),(1423,70,44,10),(1424,70,46,11),(1425,70,51,12),(1426,70,58,14),(1427,70,70,16),(1428,70,75,17),(1429,70,78,18),(1430,70,83,19),(1431,70,89,21),(1432,70,91,22),(1433,70,97,23),(1434,70,100,24),(1435,70,102,25),(1436,70,106,26),(1437,70,114,28),(1438,70,124,30),(1439,70,127,31),(1440,71,26,6),(1441,71,29,7),(1442,71,35,8),(1443,71,40,9),(1444,71,43,10),(1445,71,45,11),(1446,71,51,12),(1447,71,59,14),(1448,71,69,16),(1449,71,73,17),(1450,71,77,18),(1451,71,82,19),(1452,71,88,21),(1453,71,91,22),(1454,71,93,23),(1455,71,98,24),(1456,71,103,25),(1457,71,104,26),(1458,71,113,28),(1459,71,124,30),(1460,71,126,31),(1461,72,24,6),(1462,72,33,7),(1463,72,35,8),(1464,72,41,9),(1465,72,43,10),(1466,72,45,11),(1467,72,48,12),(1468,72,60,14),(1469,72,70,16),(1470,72,72,17),(1471,72,80,18),(1472,72,82,19),(1473,72,87,21),(1474,72,92,22),(1475,72,94,23),(1476,72,98,24),(1477,72,101,25),(1478,72,104,26),(1479,72,110,28),(1480,72,123,30),(1481,72,126,31),(1482,73,25,6),(1483,73,30,7),(1484,73,34,8),(1485,73,41,9),(1486,73,44,10),(1487,73,46,11),(1488,73,52,12),(1489,73,58,14),(1490,73,70,16),(1491,73,75,17),(1492,73,78,18),(1493,73,83,19),(1494,73,89,21),(1495,73,91,22),(1496,73,97,23),(1497,73,100,24),(1498,73,102,25),(1499,73,106,26),(1500,73,114,28),(1501,73,124,30),(1502,73,127,31),(1503,74,26,6),(1504,74,31,7),(1505,74,35,8),(1506,74,41,9),(1507,74,43,10),(1508,74,47,11),(1509,74,50,12),(1510,74,58,14),(1511,74,70,16),(1512,74,74,17),(1513,74,77,18),(1514,74,82,19),(1515,74,88,21),(1516,74,92,22),(1517,74,96,23),(1518,74,98,24),(1519,74,101,25),(1520,74,106,26),(1521,74,112,28),(1522,74,120,30),(1523,74,126,31),(1524,75,130,32),(1525,75,133,33),(1526,75,139,34),(1527,75,142,35),(1528,75,145,36),(1529,75,151,37),(1530,75,153,38),(1531,75,157,39),(1532,75,161,40),(1533,75,167,41),(1534,75,170,42),(1535,75,173,43),(1536,75,179,44),(1537,75,186,46),(1538,75,190,47),(1539,75,194,48),(1540,75,198,49),(1541,75,201,50),(1542,75,204,51),(1543,75,210,52),(1544,75,215,53),(1545,76,27,6),(1546,76,32,7),(1547,76,35,8),(1548,76,41,9),(1549,76,43,10),(1550,76,46,11),(1551,76,49,12),(1552,76,61,14),(1553,76,70,16),(1554,76,75,17),(1555,76,79,18),(1556,76,82,19),(1557,76,86,20),(1558,76,92,22),(1559,76,96,23),(1560,76,100,24),(1561,76,102,25),(1562,76,105,26),(1563,76,114,28),(1564,76,123,30),(1565,76,127,31),(1566,77,131,32),(1567,77,133,33),(1568,77,137,34),(1569,77,143,35),(1570,77,146,36),(1571,77,151,37),(1572,77,155,38),(1573,77,157,39),(1574,77,163,40),(1575,77,165,41),(1576,77,169,42),(1577,77,174,43),(1578,77,177,44),(1579,77,187,46),(1580,77,190,47),(1581,77,192,48),(1582,77,197,49),(1583,77,201,50),(1584,77,207,51),(1585,77,208,52),(1586,77,212,53),(1587,78,28,6),(1588,78,32,7),(1589,78,36,8),(1590,78,41,9),(1591,78,43,10),(1592,78,46,11),(1593,78,50,12),(1594,78,59,14),(1595,78,70,16),(1596,78,72,17),(1597,78,78,18),(1598,78,82,19),(1599,78,89,21),(1600,78,91,22),(1601,78,93,23),(1602,78,99,24),(1603,78,102,25),(1604,78,105,26),(1605,78,113,28),(1606,78,121,30),(1607,78,126,31),(1608,79,130,32),(1609,79,133,33),(1610,79,138,34),(1611,79,143,35),(1612,79,145,36),(1613,79,151,37),(1614,79,153,38),(1615,79,158,39),(1616,79,160,40),(1617,79,167,41),(1618,79,169,42),(1619,79,175,43),(1620,79,177,44),(1621,79,185,46),(1622,79,190,47),(1623,79,194,48),(1624,79,198,49),(1625,79,200,50),(1626,79,204,51),(1627,79,209,52),(1628,79,214,53),(1629,80,26,6),(1630,80,31,7),(1631,80,35,8),(1632,80,39,9),(1633,80,42,10),(1634,80,45,11),(1635,80,49,12),(1636,80,58,14),(1637,80,70,16),(1638,80,75,17),(1639,80,76,18),(1640,80,81,19),(1641,80,87,21),(1642,80,90,22),(1643,80,93,23),(1644,80,98,24),(1645,80,101,25),(1646,80,106,26),(1647,80,114,28),(1648,80,120,30),(1649,80,127,31),(1650,81,26,6),(1651,81,31,7),(1652,81,35,8),(1653,81,39,9),(1654,81,42,10),(1655,81,45,11),(1656,81,49,12),(1657,81,58,14),(1658,81,70,16),(1659,81,75,17),(1660,81,76,18),(1661,81,81,19),(1662,81,87,21),(1663,81,90,22),(1664,81,93,23),(1665,81,98,24),(1666,81,101,25),(1667,81,106,26),(1668,81,114,28),(1669,81,120,30),(1670,81,127,31),(1671,82,27,6),(1672,82,33,7),(1673,82,38,8),(1674,82,41,9),(1675,82,44,10),(1676,82,47,11),(1677,82,52,12),(1678,82,60,14),(1679,82,70,16),(1680,82,75,17),(1681,82,79,18),(1682,82,83,19),(1683,82,89,21),(1684,82,92,22),(1685,82,96,23),(1686,82,99,24),(1687,82,103,25),(1688,82,106,26),(1689,82,113,28),(1690,82,122,30),(1691,82,127,31),(1692,83,27,6),(1693,83,33,7),(1694,83,38,8),(1695,83,41,9),(1696,83,44,10),(1697,83,47,11),(1698,83,52,12),(1699,83,60,14),(1700,83,70,16),(1701,83,75,17),(1702,83,79,18),(1703,83,83,19),(1704,83,89,21),(1705,83,92,22),(1706,83,96,23),(1707,83,99,24),(1708,83,103,25),(1709,83,106,26),(1710,83,113,28),(1711,83,122,30),(1712,83,127,31),(1713,84,28,6),(1714,84,32,7),(1715,84,35,8),(1716,84,40,9),(1717,84,44,10),(1718,84,45,11),(1719,84,49,12),(1720,84,61,14),(1721,84,68,16),(1722,84,72,17),(1723,84,80,18),(1724,84,81,19),(1725,84,87,21),(1726,84,90,22),(1727,84,93,23),(1728,84,98,24),(1729,84,101,25),(1730,84,104,26),(1731,84,110,28),(1732,84,120,30),(1733,84,125,31),(1734,85,131,32),(1735,85,134,33),(1736,85,137,34),(1737,85,140,35),(1738,85,147,36),(1739,85,150,37),(1740,85,153,38),(1741,85,157,39),(1742,85,163,40),(1743,85,164,41),(1744,85,170,42),(1745,85,172,43),(1746,85,178,44),(1747,85,187,46),(1748,85,190,47),(1749,85,194,48),(1750,85,198,49),(1751,85,200,50),(1752,85,205,51),(1753,85,208,52),(1754,85,212,53),(1755,86,26,6),(1756,86,30,7),(1757,86,34,8),(1758,86,41,9),(1759,86,43,10),(1760,86,47,11),(1761,86,50,12),(1762,86,59,14),(1763,86,69,16),(1764,86,74,17),(1765,86,78,18),(1766,86,83,19),(1767,86,89,21),(1768,86,92,22),(1769,86,96,23),(1770,86,98,24),(1771,86,103,25),(1772,86,106,26),(1773,86,112,28),(1774,86,120,30),(1775,86,126,31),(1776,87,131,32),(1777,87,132,33),(1778,87,136,34),(1779,87,142,35),(1780,87,146,36),(1781,87,150,37),(1782,87,153,38),(1783,87,157,39),(1784,87,160,40),(1785,87,167,41),(1786,87,169,42),(1787,87,172,43),(1788,87,179,44),(1789,87,184,46),(1790,87,190,47),(1791,87,192,48),(1792,87,196,49),(1793,87,203,50),(1794,87,204,51),(1795,87,211,52),(1796,87,212,53),(1797,88,26,6),(1798,88,30,7),(1799,88,34,8),(1800,88,40,9),(1801,88,43,10),(1802,88,46,11),(1803,88,50,12),(1804,88,59,14),(1805,88,70,16),(1806,88,74,17),(1807,88,78,18),(1808,88,82,19),(1809,88,88,21),(1810,88,92,22),(1811,88,96,23),(1812,88,99,24),(1813,88,102,25),(1814,88,105,26),(1815,88,112,28),(1816,88,120,30),(1817,88,126,31),(1818,89,28,6),(1819,89,30,7),(1820,89,36,8),(1821,89,41,9),(1822,89,43,10),(1823,89,46,11),(1824,89,49,12),(1825,89,61,14),(1826,89,70,16),(1827,89,74,17),(1828,89,78,18),(1829,89,83,19),(1830,89,89,21),(1831,89,92,22),(1832,89,94,23),(1833,89,99,24),(1834,89,102,25),(1835,89,105,26),(1836,89,112,28),(1837,89,120,30),(1838,89,125,31),(1839,90,128,32),(1840,90,134,33),(1841,90,138,34),(1842,90,142,35),(1843,90,145,36),(1844,90,151,37),(1845,90,155,38),(1846,90,159,39),(1847,90,162,40),(1848,90,167,41),(1849,90,168,42),(1850,90,174,43),(1851,90,178,44),(1852,90,187,46),(1853,90,190,47),(1854,90,194,48),(1855,90,198,49),(1856,90,202,50),(1857,90,204,51),(1858,90,208,52),(1859,90,213,53),(1860,91,131,32),(1861,91,134,33),(1862,91,138,34),(1863,91,143,35),(1864,91,147,36),(1865,91,148,37),(1866,91,155,38),(1867,91,158,39),(1868,91,161,40),(1869,91,167,41),(1870,91,170,42),(1871,91,175,43),(1872,91,179,44),(1873,91,186,46),(1874,91,190,47),(1875,91,192,48),(1876,91,199,49),(1877,91,200,50),(1878,91,204,51),(1879,91,210,52),(1880,91,212,53),(1881,92,28,6),(1882,92,31,7),(1883,92,37,8),(1884,92,40,9),(1885,92,42,10),(1886,92,46,11),(1887,92,49,12),(1888,92,62,14),(1889,92,70,16),(1890,92,73,17),(1891,92,79,18),(1892,92,83,19),(1893,92,89,21),(1894,92,92,22),(1895,92,95,23),(1896,92,98,24),(1897,92,101,25),(1898,92,104,26),(1899,92,113,28),(1900,92,123,30),(1901,92,127,31),(1902,93,130,32),(1903,93,135,33),(1904,93,137,34),(1905,93,142,35),(1906,93,147,36),(1907,93,151,37),(1908,93,153,38),(1909,93,158,39),(1910,93,163,40),(1911,93,167,41),(1912,93,169,42),(1913,93,173,43),(1914,93,178,44),(1915,93,184,46),(1916,93,191,47),(1917,93,192,48),(1918,93,199,49),(1919,93,200,50),(1920,93,206,51),(1921,93,209,52),(1922,93,212,53),(1923,94,25,6),(1924,94,33,7),(1925,94,36,8),(1926,94,40,9),(1927,94,43,10),(1928,94,45,11),(1929,94,49,12),(1930,94,59,14),(1931,94,70,16),(1932,94,72,17),(1933,94,77,18),(1934,94,82,19),(1935,94,89,21),(1936,94,90,22),(1937,94,96,23),(1938,94,99,24),(1939,94,101,25),(1940,94,104,26),(1941,94,111,28),(1942,94,120,30),(1943,94,125,31),(1944,95,28,6),(1945,95,32,7),(1946,95,37,8),(1947,95,41,9),(1948,95,44,10),(1949,95,47,11),(1950,95,49,12),(1951,95,62,14),(1952,95,70,16),(1953,95,74,17),(1954,95,79,18),(1955,95,83,19),(1956,95,89,21),(1957,95,92,22),(1958,95,96,23),(1959,95,100,24),(1960,95,103,25),(1961,95,106,26),(1962,95,114,28),(1963,95,120,30),(1964,95,127,31),(1965,96,24,6),(1966,96,29,7),(1967,96,35,8),(1968,96,39,9),(1969,96,42,10),(1970,96,46,11),(1971,96,49,12),(1972,96,61,14),(1973,96,69,16),(1974,96,75,17),(1975,96,76,18),(1976,96,81,19),(1977,96,87,21),(1978,96,90,22),(1979,96,94,23),(1980,96,98,24),(1981,96,101,25),(1982,96,105,26),(1983,96,111,28),(1984,96,120,30),(1985,96,127,31);

--
-- Table structure for table `userresults`
--

CREATE TABLE `userresults` (
  `Id` int NOT NULL AUTO_INCREMENT,
  `CreateDate` datetime(6) NOT NULL DEFAULT '0001-01-01 00:00:00.000000',
  `Email` longtext NOT NULL,
  `Score` int NOT NULL DEFAULT '0',
  `TestId` char(36) CHARACTER SET ascii COLLATE ascii_general_ci NOT NULL DEFAULT '00000000-0000-0000-0000-000000000000',
  `UserId` longtext,
  PRIMARY KEY (`Id`),
  KEY `IX_UserResults_TestId` (`TestId`),
  CONSTRAINT `FK_UserResults_MedicalTests_TestId` FOREIGN KEY (`TestId`) REFERENCES `medicaltests` (`Id`) ON DELETE CASCADE
) ENGINE=InnoDB AUTO_INCREMENT=97 DEFAULT CHARSET=utf8mb4 COLLATE=utf8mb4_0900_ai_ci;

--
-- Dumping data for table `userresults`
--

INSERT INTO `userresults` VALUES (1,'2023-11-23 16:17:45.301345','motazsiam@gmail.com',27,'08dbec2b-647b-448e-894e-8fe3b3389c03',NULL),(2,'2023-11-23 16:17:45.285945','motazsiam@gmail.com',27,'08dbec2b-647b-448e-894e-8fe3b3389c03',NULL),(3,'2023-11-24 12:30:47.372716','moganomos@gmail.com',16,'08dbec2b-647b-448e-894e-8fe3b3389c03',NULL),(4,'2023-11-24 12:36:32.630133','hareef9@hotmail.com',0,'08dbec2b-647b-448e-894e-8fe3b3389c03',NULL),(5,'2023-11-24 12:49:52.697228','motazsiam@gmail.com',1,'08dbece9-d837-4646-8228-0c14b3cdd77a',NULL),(6,'2023-11-24 12:53:03.874833','motazsiam@gmail.com',18,'08dbec2b-647b-448e-894e-8fe3b3389c03',NULL),(7,'2023-11-24 13:23:57.944777','motazsiam@gmail.com',17,'08dbece9-d837-4646-8228-0c14b3cdd77a',NULL),(8,'2023-11-24 14:53:49.498607','miroosalih@gmail.com',14,'08dbece9-d837-4646-8228-0c14b3cdd77a',NULL),(9,'2023-12-05 08:12:52.572436','mohamed.g@nxt-level.co',17,'08dbece9-d837-4646-8228-0c14b3cdd77a',NULL),(10,'2023-12-05 10:57:11.354311','mutaz.s@nxt-level.co',12,'08dbece9-d837-4646-8228-0c14b3cdd77a',NULL),(11,'2023-12-05 11:06:15.477540','tazykaharaba2@gmail.com',9,'08dbece9-d837-4646-8228-0c14b3cdd77a',NULL),(12,'2024-02-07 08:11:05.132873','motazsiam@gmail.com',30,'08dbec2b-647b-448e-894e-8fe3b3389c03',NULL),(13,'2024-02-08 20:02:06.586718','fagarai3@yahoo.com',19,'08dbec2b-647b-448e-894e-8fe3b3389c03',NULL),(14,'2024-02-25 09:01:57.404918','miroosalih@gmail.com',43,'08dbec2b-647b-448e-894e-8fe3b3389c03',NULL),(15,'2024-03-13 13:37:09.337666','miroosalih@gmail.com',26,'08dbec2b-647b-448e-894e-8fe3b3389c03',NULL),(16,'2024-03-19 05:08:55.719539','moganomos@gmail.com',15,'08dbec2b-647b-448e-894e-8fe3b3389c03',NULL),(17,'2024-03-19 05:37:00.434840','hareef9@hotmail.com',26,'08dbece9-d837-4646-8228-0c14b3cdd77a',NULL),(18,'2024-03-19 12:38:04.776258','abushoukahmed@gmail.com',20,'08dbece9-d837-4646-8228-0c14b3cdd77a',NULL),(19,'2024-03-25 14:48:10.027626','mohamed.g@nxt-level.co',30,'08dbec2b-647b-448e-894e-8fe3b3389c03',NULL),(20,'2024-03-25 15:07:22.827843','moganomos@gmail.com',36,'08dbec2b-647b-448e-894e-8fe3b3389c03',NULL),(21,'2024-03-25 15:12:08.508124','mohamed.a@nxt-level.co',36,'08dbece9-d837-4646-8228-0c14b3cdd77a',NULL),(22,'2024-03-25 15:20:45.471436','fhg@JHM.YUT',34,'08dbec2b-647b-448e-894e-8fe3b3389c03',NULL),(23,'2024-03-26 13:19:50.519361','ahmed.k@nxt-level.co',25,'08dbec2b-647b-448e-894e-8fe3b3389c03',NULL),(24,'2024-03-31 12:38:00.506640','motazsiam@gmail.com',11,'08dbece9-d837-4646-8228-0c14b3cdd77a',NULL),(25,'2024-04-01 20:59:44.194742','',47,'08dbece9-d837-4646-8228-0c14b3cdd77a',NULL),(26,'2024-04-01 22:01:17.710353','',47,'08dbece9-d837-4646-8228-0c14b3cdd77a',NULL),(27,'2024-04-01 22:02:31.340073','',43,'08dbec2b-647b-448e-894e-8fe3b3389c03',NULL),(28,'2024-04-03 11:21:39.911627','miroosalih@gmail.com',42,'08dbec2b-647b-448e-894e-8fe3b3389c03',NULL),(29,'2024-04-03 11:24:14.497114','patient@gmail.com',46,'08dbece9-d837-4646-8228-0c14b3cdd77a','b20b8192-d77b-46d0-8e95-8eaf736c3ede'),(30,'2024-04-03 12:34:54.440448','',43,'08dbec2b-647b-448e-894e-8fe3b3389c03',NULL),(31,'2024-04-07 10:02:18.897903','ahmed.k@nxt-level.co',27,'08dbec2b-647b-448e-894e-8fe3b3389c03',NULL),(32,'2024-04-07 10:02:18.997900','ahmed.k@nxt-level.co',27,'08dbec2b-647b-448e-894e-8fe3b3389c03',NULL),(33,'2024-04-07 10:38:38.686496','patient@gmail.com',11,'08dbece9-d837-4646-8228-0c14b3cdd77a','b20b8192-d77b-46d0-8e95-8eaf736c3ede'),(34,'2024-04-07 10:38:38.804518','patient@gmail.com',11,'08dbece9-d837-4646-8228-0c14b3cdd77a','b20b8192-d77b-46d0-8e95-8eaf736c3ede'),(35,'2024-04-08 00:00:24.980755','mhmdta01@gmail.com',35,'08dbec2b-647b-448e-894e-8fe3b3389c03',NULL),(36,'2024-04-08 12:38:07.390814','ola.o@nxt-level.co',28,'08dbec2b-647b-448e-894e-8fe3b3389c03','38b4a677-fd42-4461-9ab4-77dddc31d008'),(37,'2024-04-08 12:39:55.058429','ola.o@nxt-level.co',31,'08dbece9-d837-4646-8228-0c14b3cdd77a','38b4a677-fd42-4461-9ab4-77dddc31d008'),(38,'2024-04-08 13:00:41.084567','',45,'08dbec2b-647b-448e-894e-8fe3b3389c03',NULL),(39,'2024-04-22 11:23:48.827683','patient@gmail.com',14,'08dbec2b-647b-448e-894e-8fe3b3389c03','b20b8192-d77b-46d0-8e95-8eaf736c3ede'),(40,'2024-04-22 11:25:44.586379','patient@gmail.com',18,'08dbece9-d837-4646-8228-0c14b3cdd77a','b20b8192-d77b-46d0-8e95-8eaf736c3ede'),(41,'2024-04-22 11:25:49.359159','patient@gmail.com',18,'08dbece9-d837-4646-8228-0c14b3cdd77a','b20b8192-d77b-46d0-8e95-8eaf736c3ede'),(42,'2024-04-22 11:48:06.250858','patient@gmail.com',44,'08dbec2b-647b-448e-894e-8fe3b3389c03','b20b8192-d77b-46d0-8e95-8eaf736c3ede'),(43,'2024-04-25 17:11:11.528603','',44,'08dbec2b-647b-448e-894e-8fe3b3389c03',NULL),(44,'2024-04-25 17:19:36.297015','',44,'08dbec2b-647b-448e-894e-8fe3b3389c03',NULL),(45,'2024-04-25 17:21:50.687374','',44,'08dbec2b-647b-448e-894e-8fe3b3389c03',NULL),(46,'2024-04-25 17:26:32.705039','patient@gmail.com',48,'08dbece9-d837-4646-8228-0c14b3cdd77a','b20b8192-d77b-46d0-8e95-8eaf736c3ede'),(47,'2024-05-12 08:23:55.400996','motazsiam@gmail.com',5,'08dbece9-d837-4646-8228-0c14b3cdd77a',NULL),(48,'2024-06-23 13:36:05.500178','motazsiam@gmail.com',32,'08dbec2b-647b-448e-894e-8fe3b3389c03','b74e5bbf-4b0b-4d7a-bc9a-53523e94349d'),(49,'2024-06-25 10:55:58.929811','motazsiam@gmail.com',26,'08dbec2b-647b-448e-894e-8fe3b3389c03','b74e5bbf-4b0b-4d7a-bc9a-53523e94349d'),(50,'2024-06-25 10:55:59.713141','motazsiam@gmail.com',26,'08dbec2b-647b-448e-894e-8fe3b3389c03','b74e5bbf-4b0b-4d7a-bc9a-53523e94349d'),(51,'2024-06-27 17:14:27.619687','mybeautifultibyan@gmail.com',30,'08dbec2b-647b-448e-894e-8fe3b3389c03','292f21d2-2469-44bd-85f5-7ba6b876ba14'),(52,'2024-06-27 20:01:13.912495','mybeautifultibyan@gmail.com',32,'08dbece9-d837-4646-8228-0c14b3cdd77a',NULL),(53,'2024-06-27 20:01:51.212062','mybeautifultibyan@gmail.com',32,'08dbece9-d837-4646-8228-0c14b3cdd77a',NULL),(54,'2024-06-27 20:02:13.370886','tazykaharaba@gmail.com',32,'08dbece9-d837-4646-8228-0c14b3cdd77a',NULL),(55,'2024-06-27 20:03:27.659090','tazykaharaba@gmail.com',32,'08dbece9-d837-4646-8228-0c14b3cdd77a',NULL),(56,'2024-06-27 20:04:35.656253','tazykaharaba@gmail.com',32,'08dbece9-d837-4646-8228-0c14b3cdd77a',NULL),(57,'2024-06-27 20:25:58.364683','mybeautifultibyan@gmail.com',9,'08dbec2b-647b-448e-894e-8fe3b3389c03','292f21d2-2469-44bd-85f5-7ba6b876ba14'),(58,'2024-06-29 10:13:30.270467','motazsiam@gmail.com',30,'08dbec2b-647b-448e-894e-8fe3b3389c03','b74e5bbf-4b0b-4d7a-bc9a-53523e94349d'),(59,'2024-06-29 13:05:11.555145','motazsiam@gmail.com',28,'08dbece9-d837-4646-8228-0c14b3cdd77a','b74e5bbf-4b0b-4d7a-bc9a-53523e94349d'),(60,'2024-06-29 19:43:30.105808','nama0456@gamil.com',27,'08dbec2b-647b-448e-894e-8fe3b3389c03',NULL),(61,'2024-06-30 10:00:28.775116','patient@gmail.com',9,'08dbec2b-647b-448e-894e-8fe3b3389c03','b20b8192-d77b-46d0-8e95-8eaf736c3ede'),(62,'2024-06-30 10:01:44.379802','patient@gmail.com',37,'08dbec2b-647b-448e-894e-8fe3b3389c03','b20b8192-d77b-46d0-8e95-8eaf736c3ede'),(63,'2024-06-30 10:02:47.815896','patient@gmail.com',44,'08dbece9-d837-4646-8228-0c14b3cdd77a','b20b8192-d77b-46d0-8e95-8eaf736c3ede'),(64,'2024-06-30 14:45:21.246918','samahayoub396@gmail.com',20,'08dbec2b-647b-448e-894e-8fe3b3389c03',NULL),(65,'2024-06-30 15:22:17.728906','samahayoub396@gmail.com',10,'08dbece9-d837-4646-8228-0c14b3cdd77a','a78d7aa4-745d-4c77-9e02-2d84d6730b52'),(66,'2024-07-02 08:59:12.100071','mhmdta5111@gmail.com',44,'08dbec2b-647b-448e-894e-8fe3b3389c03','cc3db849-ebd0-416f-9e39-bc5cce742c9f'),(67,'2024-07-04 19:58:51.886858','miroosalih@gmail.com',42,'08dbec2b-647b-448e-894e-8fe3b3389c03',NULL),(68,'2024-07-08 15:22:33.967400','marwa.y.salih@gmail.com',41,'08dbec2b-647b-448e-894e-8fe3b3389c03','a628dcfe-1525-4014-a4d4-0a1d9cd285c1'),(69,'2024-07-11 08:01:22.333793','mybeautifultibyan@gmail.com',8,'08dbece9-d837-4646-8228-0c14b3cdd77a','292f21d2-2469-44bd-85f5-7ba6b876ba14'),(70,'2024-07-16 11:43:56.130552','miroosalih@gmail.com',42,'08dbec2b-647b-448e-894e-8fe3b3389c03','72c6d73c-48f7-48f3-848c-c628b6e98dbf'),(71,'2024-07-16 19:57:30.928110','motazsiam@gmail.com',26,'08dbec2b-647b-448e-894e-8fe3b3389c03','b74e5bbf-4b0b-4d7a-bc9a-53523e94349d'),(72,'2024-08-04 12:02:17.624535','ahmedsokoun@gmail.com',25,'08dbec2b-647b-448e-894e-8fe3b3389c03','ba57e079-0053-4d97-ba4c-fa3e0b78b553'),(73,'2024-08-25 09:28:17.719971','',43,'08dbec2b-647b-448e-894e-8fe3b3389c03',NULL),(74,'2024-10-14 22:22:33.188960','homsijoudy66@gmail.com',30,'08dbec2b-647b-448e-894e-8fe3b3389c03',NULL),(75,'2024-10-14 22:27:40.169494','homsijoudy66@gmil.com',38,'08dbece9-d837-4646-8228-0c14b3cdd77a',NULL),(76,'2024-10-15 03:23:04.590747','hatimelallaly1@gmail.com',45,'08dbec2b-647b-448e-894e-8fe3b3389c03',NULL),(77,'2024-10-15 03:32:20.422112','hatimelallaly1@gmail.com',36,'08dbece9-d837-4646-8228-0c14b3cdd77a',NULL),(78,'2024-11-11 21:02:54.542220','b.alzwaied@gmail.com',33,'08dbec2b-647b-448e-894e-8fe3b3389c03',NULL),(79,'2024-11-11 21:05:42.071862','b.alzwaied@gmail.com',33,'08dbece9-d837-4646-8228-0c14b3cdd77a',NULL),(80,'2024-11-15 05:14:57.071935','ahmdarwy8@gmail.com',20,'08dbec2b-647b-448e-894e-8fe3b3389c03',NULL),(81,'2024-11-15 05:14:59.670695','ahmdarwy8@gmail.com',20,'08dbec2b-647b-448e-894e-8fe3b3389c03',NULL),(82,'2024-11-26 22:18:58.338162','Sarahssml9l@gmail.com',53,'08dbec2b-647b-448e-894e-8fe3b3389c03','77a5e9aa-4334-45c8-9af9-f48f09bba6bf'),(83,'2024-11-26 22:18:58.515534','Sarahssml9l@gmail.com',53,'08dbec2b-647b-448e-894e-8fe3b3389c03','77a5e9aa-4334-45c8-9af9-f48f09bba6bf'),(84,'2024-12-11 15:03:25.349221','motazsiam@gmail.com',20,'08dbec2b-647b-448e-894e-8fe3b3389c03','69986c90-f5e5-4f78-89ed-a15560e22e10'),(85,'2025-01-21 22:45:17.480714','belfakihcharaf@gmail.com',30,'08dbece9-d837-4646-8228-0c14b3cdd77a',NULL),(86,'2025-01-25 08:17:35.420198','mennamostfa41@gmail.com',33,'08dbec2b-647b-448e-894e-8fe3b3389c03',NULL),(87,'2025-01-25 08:22:21.249942','mennamostfa41@gmail.com',26,'08dbece9-d837-4646-8228-0c14b3cdd77a',NULL),(88,'2025-02-11 16:59:10.612469','waadaldossari93@gmail.com',29,'08dbec2b-647b-448e-894e-8fe3b3389c03',NULL),(89,'2025-02-11 23:49:06.580124','hebaahmed301266@gmail.com',34,'08dbec2b-647b-448e-894e-8fe3b3389c03',NULL),(90,'2025-02-18 13:58:27.855804','kholoudelmaghraby22@gmail.com',38,'08dbece9-d837-4646-8228-0c14b3cdd77a',NULL),(91,'2025-03-06 01:54:06.324295','mariammar442@gmail.com',40,'08dbece9-d837-4646-8228-0c14b3cdd77a',NULL),(92,'2025-03-06 01:59:43.976058','mariammar442@gmail.com',39,'08dbec2b-647b-448e-894e-8fe3b3389c03',NULL),(93,'2025-03-09 08:56:36.467466','hbenali216@gmail.com',36,'08dbece9-d837-4646-8228-0c14b3cdd77a',NULL),(94,'2025-03-09 09:01:24.923500','hbenali216@gmail.com',23,'08dbec2b-647b-448e-894e-8fe3b3389c03',NULL),(95,'2025-03-14 06:27:48.028789','merakhaled468@gmail.com',50,'08dbec2b-647b-448e-894e-8fe3b3389c03',NULL),(96,'2025-03-21 11:36:02.357380','01116357177Mohamedn@gmail.com',16,'08dbec2b-647b-448e-894e-8fe3b3389c03',NULL);

--
-- Table structure for table `weekschedules`
--

CREATE TABLE `weekschedules` (
  `Id` int NOT NULL AUTO_INCREMENT,
  `DoctorId` varchar(255) NOT NULL,
  `DayNumber` int NOT NULL,
  `Hour` int NOT NULL,
  `Minute` int NOT NULL,
  `MinutesDuration` int NOT NULL,
  `IsDeleted` tinyint(1) NOT NULL,
  PRIMARY KEY (`Id`),
  UNIQUE KEY `IX_WeekSchedules_DoctorId_DayNumber_Hour_IsDeleted` (`DoctorId`,`DayNumber`,`Hour`,`IsDeleted`),
  CONSTRAINT `FK_WeekSchedules_AspNetUsers_DoctorId` FOREIGN KEY (`DoctorId`) REFERENCES `aspnetusers` (`Id`) ON DELETE CASCADE
) ENGINE=InnoDB AUTO_INCREMENT=305 DEFAULT CHARSET=utf8mb4 COLLATE=utf8mb4_0900_ai_ci;

--
-- Dumping data for table `weekschedules`
--

INSERT INTO `weekschedules` VALUES (224,'07ad336a-5ce7-4624-a634-30ec107fb822',6,12,41,60,0),(225,'07ad336a-5ce7-4624-a634-30ec107fb822',7,0,0,0,0),(226,'350f212d-27ab-483a-a9c5-01b2c58fdb35',2,0,0,60,1),(227,'07ad336a-5ce7-4624-a634-30ec107fb822',6,0,0,0,0),(228,'07ad336a-5ce7-4624-a634-30ec107fb822',5,0,0,0,0),(229,'07ad336a-5ce7-4624-a634-30ec107fb822',7,1,0,60,0),(230,'07ad336a-5ce7-4624-a634-30ec107fb822',1,0,0,60,1),(231,'07ad336a-5ce7-4624-a634-30ec107fb822',2,0,0,0,0),(232,'07ad336a-5ce7-4624-a634-30ec107fb822',4,0,0,0,0),(233,'07ad336a-5ce7-4624-a634-30ec107fb822',3,0,0,60,0),(234,'07ad336a-5ce7-4624-a634-30ec107fb822',4,10,0,60,0),(235,'07ad336a-5ce7-4624-a634-30ec107fb822',4,6,0,60,0),(236,'350f212d-27ab-483a-a9c5-01b2c58fdb35',1,2,0,60,1),(237,'350f212d-27ab-483a-a9c5-01b2c58fdb35',3,0,0,60,1),(238,'350f212d-27ab-483a-a9c5-01b2c58fdb35',7,2,0,60,1),(239,'350f212d-27ab-483a-a9c5-01b2c58fdb35',3,18,0,60,1),(240,'350f212d-27ab-483a-a9c5-01b2c58fdb35',3,15,0,60,1),(241,'350f212d-27ab-483a-a9c5-01b2c58fdb35',4,12,0,60,0),(242,'350f212d-27ab-483a-a9c5-01b2c58fdb35',3,11,0,60,0),(243,'de375644-3c24-4df6-8774-3c1ba046868f',3,17,0,60,0),(244,'de375644-3c24-4df6-8774-3c1ba046868f',4,17,0,60,0),(245,'de375644-3c24-4df6-8774-3c1ba046868f',1,21,0,60,0),(246,'de375644-3c24-4df6-8774-3c1ba046868f',3,18,0,60,1),(247,'350f212d-27ab-483a-a9c5-01b2c58fdb35',5,15,0,60,0),(248,'07ad336a-5ce7-4624-a634-30ec107fb822',7,6,0,60,1),(249,'07ad336a-5ce7-4624-a634-30ec107fb822',5,21,0,60,0),(250,'350f212d-27ab-483a-a9c5-01b2c58fdb35',5,17,0,60,0),(251,'350f212d-27ab-483a-a9c5-01b2c58fdb35',6,8,0,60,0),(252,'350f212d-27ab-483a-a9c5-01b2c58fdb35',6,9,0,60,0),(253,'de375644-3c24-4df6-8774-3c1ba046868f',7,16,0,60,0),(254,'de375644-3c24-4df6-8774-3c1ba046868f',7,17,0,60,0),(255,'de375644-3c24-4df6-8774-3c1ba046868f',1,8,0,60,0),(256,'de375644-3c24-4df6-8774-3c1ba046868f',1,22,0,60,0),(257,'de375644-3c24-4df6-8774-3c1ba046868f',2,13,0,60,0),(258,'de375644-3c24-4df6-8774-3c1ba046868f',2,15,0,60,0),(259,'de375644-3c24-4df6-8774-3c1ba046868f',3,14,0,60,0),(260,'de375644-3c24-4df6-8774-3c1ba046868f',3,18,0,60,0),(261,'de375644-3c24-4df6-8774-3c1ba046868f',2,10,0,60,0),(262,'de375644-3c24-4df6-8774-3c1ba046868f',4,9,0,60,0),(263,'de375644-3c24-4df6-8774-3c1ba046868f',4,12,0,60,0),(264,'de375644-3c24-4df6-8774-3c1ba046868f',4,14,0,60,0),(265,'de375644-3c24-4df6-8774-3c1ba046868f',7,14,0,60,0),(266,'de375644-3c24-4df6-8774-3c1ba046868f',2,16,0,60,0),(267,'de375644-3c24-4df6-8774-3c1ba046868f',3,20,0,60,0),(268,'de375644-3c24-4df6-8774-3c1ba046868f',5,18,0,60,0),(269,'de375644-3c24-4df6-8774-3c1ba046868f',5,13,0,60,0),(270,'de375644-3c24-4df6-8774-3c1ba046868f',5,14,0,60,0),(271,'de375644-3c24-4df6-8774-3c1ba046868f',5,15,0,60,0),(272,'de375644-3c24-4df6-8774-3c1ba046868f',5,17,0,60,0),(273,'de375644-3c24-4df6-8774-3c1ba046868f',1,14,0,60,0),(274,'350f212d-27ab-483a-a9c5-01b2c58fdb35',2,14,0,60,0),(275,'350f212d-27ab-483a-a9c5-01b2c58fdb35',2,16,0,60,0),(276,'350f212d-27ab-483a-a9c5-01b2c58fdb35',2,17,0,60,1),(277,'350f212d-27ab-483a-a9c5-01b2c58fdb35',3,13,0,60,0),(278,'350f212d-27ab-483a-a9c5-01b2c58fdb35',3,14,0,60,0),(279,'350f212d-27ab-483a-a9c5-01b2c58fdb35',4,13,0,60,0),(280,'de375644-3c24-4df6-8774-3c1ba046868f',4,16,0,60,0),(281,'350f212d-27ab-483a-a9c5-01b2c58fdb35',4,16,0,60,0),(282,'350f212d-27ab-483a-a9c5-01b2c58fdb35',4,17,0,60,0),(283,'350f212d-27ab-483a-a9c5-01b2c58fdb35',2,18,0,60,1),(284,'07ad336a-5ce7-4624-a634-30ec107fb822',4,5,0,60,0),(285,'07ad336a-5ce7-4624-a634-30ec107fb822',5,1,0,60,0),(286,'07ad336a-5ce7-4624-a634-30ec107fb822',5,4,0,60,0),(287,'07ad336a-5ce7-4624-a634-30ec107fb822',5,5,0,60,0),(288,'350f212d-27ab-483a-a9c5-01b2c58fdb35',5,0,0,60,0),(289,'350f212d-27ab-483a-a9c5-01b2c58fdb35',6,0,0,60,0),(290,'350f212d-27ab-483a-a9c5-01b2c58fdb35',6,4,0,60,0),(291,'350f212d-27ab-483a-a9c5-01b2c58fdb35',6,2,0,60,0),(292,'350f212d-27ab-483a-a9c5-01b2c58fdb35',6,1,0,60,0),(293,'350f212d-27ab-483a-a9c5-01b2c58fdb35',6,5,0,60,0),(294,'350f212d-27ab-483a-a9c5-01b2c58fdb35',5,1,0,60,0),(295,'350f212d-27ab-483a-a9c5-01b2c58fdb35',5,2,0,60,0),(296,'350f212d-27ab-483a-a9c5-01b2c58fdb35',5,18,0,60,0),(297,'350f212d-27ab-483a-a9c5-01b2c58fdb35',5,3,0,60,0),(298,'350f212d-27ab-483a-a9c5-01b2c58fdb35',5,4,0,60,0),(299,'350f212d-27ab-483a-a9c5-01b2c58fdb35',1,0,0,60,0),(300,'350f212d-27ab-483a-a9c5-01b2c58fdb35',1,1,0,60,0),(301,'de375644-3c24-4df6-8774-3c1ba046868f',3,13,0,60,0),(302,'de375644-3c24-4df6-8774-3c1ba046868f',3,12,0,60,0),(303,'de375644-3c24-4df6-8774-3c1ba046868f',3,11,0,60,0),(304,'de375644-3c24-4df6-8774-3c1ba046868f',3,15,0,60,0);


