
--
-- Table structure for table `movie_comments`
--

CREATE TABLE `movie_comments` (
  `id` int NOT NULL AUTO_INCREMENT,
  `name` varchar(200) CHARACTER SET utf8mb4 COLLATE utf8mb4_unicode_ci DEFAULT NULL,
  `user_id` int NOT NULL,
  `email` varchar(100) CHARACTER SET utf8mb4 COLLATE utf8mb4_unicode_ci DEFAULT NULL,
  `movie_id` int DEFAULT NULL,
  `tv_series_id` int DEFAULT NULL,
  `comment` text CHARACTER SET utf8mb4 COLLATE utf8mb4_unicode_ci,
  `created_at` timestamp NULL DEFAULT NULL,
  `updated_at` timestamp NULL DEFAULT NULL,
  `status` tinyint(1) NOT NULL DEFAULT '0',
  PRIMARY KEY (`id`)
) ENGINE=InnoDB DEFAULT CHARSET=utf8mb4 COLLATE=utf8mb4_unicode_ci;

--
-- Dumping data for table `movie_comments`
--


--
-- Table structure for table `movie_series`
--

CREATE TABLE `movie_series` (
  `id` int unsigned NOT NULL AUTO_INCREMENT,
  `movie_id` int unsigned NOT NULL,
  `series_movie_id` varchar(191) CHARACTER SET utf8mb4 COLLATE utf8mb4_unicode_ci NOT NULL,
  `created_at` timestamp NULL DEFAULT NULL,
  `updated_at` timestamp NULL DEFAULT NULL,
  PRIMARY KEY (`id`),
  KEY `movie_series_movie_id_foreign` (`movie_id`)
) ENGINE=InnoDB DEFAULT CHARSET=utf8mb4 COLLATE=utf8mb4_unicode_ci;

--
-- Dumping data for table `movie_series`
--


--
-- Table structure for table `movie_subcomments`
--

CREATE TABLE `movie_subcomments` (
  `id` int NOT NULL AUTO_INCREMENT,
  `user_id` int DEFAULT NULL,
  `comment_id` int DEFAULT NULL,
  `reply` varchar(200) CHARACTER SET utf8mb4 COLLATE utf8mb4_unicode_ci DEFAULT NULL,
  `created_at` timestamp NULL DEFAULT NULL,
  `updated_at` timestamp NULL DEFAULT NULL,
  `status` tinyint(1) NOT NULL DEFAULT '0',
  PRIMARY KEY (`id`)
) ENGINE=InnoDB DEFAULT CHARSET=utf8mb4 COLLATE=utf8mb4_unicode_ci;

--
-- Dumping data for table `movie_subcomments`
--


--
-- Table structure for table `multiple_links`
--

CREATE TABLE `multiple_links` (
  `id` int NOT NULL AUTO_INCREMENT,
  `movie_id` int DEFAULT NULL,
  `episode_id` int DEFAULT NULL,
  `download` tinyint(1) NOT NULL,
  `quality` varchar(191) CHARACTER SET utf8mb4 COLLATE utf8mb4_unicode_ci NOT NULL,
  `size` varchar(191) CHARACTER SET utf8mb4 COLLATE utf8mb4_unicode_ci NOT NULL,
  `language` varchar(191) CHARACTER SET utf8mb4 COLLATE utf8mb4_unicode_ci NOT NULL,
  `url` varchar(191) CHARACTER SET utf8mb4 COLLATE utf8mb4_unicode_ci NOT NULL,
  `clicks` int NOT NULL DEFAULT '0',
  `created_at` timestamp NULL DEFAULT NULL,
  `updated_at` timestamp NULL DEFAULT NULL,
  PRIMARY KEY (`id`)
) ENGINE=InnoDB DEFAULT CHARSET=utf8mb4 COLLATE=utf8mb4_unicode_ci;

--
-- Dumping data for table `multiple_links`
--


--
-- Table structure for table `multiplescreens`
--

CREATE TABLE `multiplescreens` (
  `id` int unsigned NOT NULL AUTO_INCREMENT,
  `screen1` varchar(50) CHARACTER SET utf8mb4 COLLATE utf8mb4_unicode_ci DEFAULT NULL,
  `screen2` varchar(50) CHARACTER SET utf8mb4 COLLATE utf8mb4_unicode_ci DEFAULT NULL,
  `screen3` varchar(50) CHARACTER SET utf8mb4 COLLATE utf8mb4_unicode_ci DEFAULT NULL,
  `screen4` varchar(50) CHARACTER SET utf8mb4 COLLATE utf8mb4_unicode_ci DEFAULT NULL,
  `user_id` int unsigned NOT NULL,
  `activescreen` varchar(191) CHARACTER SET utf8mb4 COLLATE utf8mb4_unicode_ci DEFAULT NULL,
  `screen_1_used` varchar(100) CHARACTER SET utf8mb4 COLLATE utf8mb4_unicode_ci NOT NULL DEFAULT 'NO',
  `screen_2_used` varchar(100) CHARACTER SET utf8mb4 COLLATE utf8mb4_unicode_ci NOT NULL DEFAULT 'NO',
  `screen_3_used` varchar(100) CHARACTER SET utf8mb4 COLLATE utf8mb4_unicode_ci NOT NULL DEFAULT 'NO',
  `screen_4_used` varchar(100) CHARACTER SET utf8mb4 COLLATE utf8mb4_unicode_ci NOT NULL DEFAULT 'NO',
  `device_mac_1` varchar(100) CHARACTER SET utf8mb4 COLLATE utf8mb4_unicode_ci DEFAULT NULL,
  `device_mac_2` varchar(100) CHARACTER SET utf8mb4 COLLATE utf8mb4_unicode_ci DEFAULT NULL,
  `device_mac_3` varchar(100) CHARACTER SET utf8mb4 COLLATE utf8mb4_unicode_ci DEFAULT NULL,
  `device_mac_4` varchar(100) CHARACTER SET utf8mb4 COLLATE utf8mb4_unicode_ci DEFAULT NULL,
  `download_1` int DEFAULT NULL,
  `download_2` int DEFAULT NULL,
  `download_3` int DEFAULT NULL,
  `download_4` int DEFAULT NULL,
  `pkg_id` int unsigned NOT NULL,
  `created_at` timestamp NULL DEFAULT NULL,
  `updated_at` timestamp NULL DEFAULT NULL,
  PRIMARY KEY (`id`)
) ENGINE=InnoDB DEFAULT CHARSET=utf8mb4 COLLATE=utf8mb4_unicode_ci;

--
-- Dumping data for table `multiplescreens`
--


--
-- Table structure for table `notifications`
--

CREATE TABLE `notifications` (
  `id` char(36) CHARACTER SET utf8mb4 COLLATE utf8mb4_unicode_ci NOT NULL,
  `type` varchar(191) CHARACTER SET utf8mb4 COLLATE utf8mb4_unicode_ci NOT NULL,
  `title` longtext CHARACTER SET utf8mb4 COLLATE utf8mb4_unicode_ci,
  `notifiable_type` varchar(191) CHARACTER SET utf8mb4 COLLATE utf8mb4_unicode_ci NOT NULL,
  `notifiable_id` bigint unsigned NOT NULL,
  `data` text CHARACTER SET utf8mb4 COLLATE utf8mb4_unicode_ci NOT NULL,
  `movie_id` int DEFAULT NULL,
  `tv_id` int DEFAULT NULL,
  `read_at` timestamp NULL DEFAULT NULL,
  `created_at` timestamp NULL DEFAULT NULL,
  `updated_at` timestamp NULL DEFAULT NULL,
  PRIMARY KEY (`id`),
  KEY `notifications_notifiable_type_notifiable_id_index` (`notifiable_type`,`notifiable_id`)
) ENGINE=InnoDB DEFAULT CHARSET=utf8mb4 COLLATE=utf8mb4_unicode_ci;

--
-- Dumping data for table `notifications`
--

INSERT INTO `notifications` VALUES ('216375d3-11fe-4086-be48-db13d2bea5e2','App\\Notifications\\MyNotification','وصل','App\\User',28,'{\"title\":\"\\u0648\\u0635\\u0644\",\"data\":\"car snorkel\",\"movie_id\":\"89\",\"tv_id\":null,\"notifiable_id\":[[\"28\"]]}',89,NULL,'2022-06-02 17:26:42','2022-06-02 17:26:05','2022-06-02 17:26:42'),('c7db879e-4d8c-4a8b-80bc-b9ef4f41b21b','App\\Notifications\\MyNotification','test','App\\User',28,'{\"title\":\"test\",\"data\":\"est\",\"movie_id\":\"92\",\"tv_id\":null,\"notifiable_id\":[[\"28\"]]}',92,NULL,'2022-06-02 17:25:46','2022-06-02 17:24:28','2022-06-02 17:25:46');

--
-- Table structure for table `oauth_auth_codes`
--

CREATE TABLE `oauth_auth_codes` (
  `id` varchar(100) CHARACTER SET utf8mb4 COLLATE utf8mb4_unicode_ci NOT NULL,
  `user_id` bigint unsigned NOT NULL,
  `client_id` bigint unsigned NOT NULL,
  `scopes` text CHARACTER SET utf8mb4 COLLATE utf8mb4_unicode_ci,
  `revoked` tinyint(1) NOT NULL,
  `expires_at` datetime DEFAULT NULL,
  PRIMARY KEY (`id`),
  KEY `oauth_auth_codes_user_id_index` (`user_id`)
) ENGINE=InnoDB DEFAULT CHARSET=utf8mb4 COLLATE=utf8mb4_unicode_ci;

--
-- Dumping data for table `oauth_auth_codes`
--


--
-- Table structure for table `oauth_personal_access_clients`
--

CREATE TABLE `oauth_personal_access_clients` (
  `id` bigint unsigned NOT NULL AUTO_INCREMENT,
  `client_id` bigint unsigned NOT NULL,
  `created_at` timestamp NULL DEFAULT NULL,
  `updated_at` timestamp NULL DEFAULT NULL,
  PRIMARY KEY (`id`)
) ENGINE=InnoDB AUTO_INCREMENT=2 DEFAULT CHARSET=utf8mb4 COLLATE=utf8mb4_unicode_ci;

--
-- Dumping data for table `oauth_personal_access_clients`
--

INSERT INTO `oauth_personal_access_clients` VALUES (1,1,'2019-12-09 09:59:27','2019-12-09 09:59:27');

--
-- Table structure for table `package_features`
--

CREATE TABLE `package_features` (
  `id` int unsigned NOT NULL AUTO_INCREMENT,
  `name` varchar(191) CHARACTER SET utf8mb4 COLLATE utf8mb4_unicode_ci NOT NULL,
  `created_at` timestamp NULL DEFAULT NULL,
  `updated_at` timestamp NULL DEFAULT NULL,
  PRIMARY KEY (`id`)
) ENGINE=InnoDB DEFAULT CHARSET=utf8mb4 COLLATE=utf8mb4_unicode_ci;

--
-- Dumping data for table `package_features`
--


--
-- Table structure for table `package_menu`
--

CREATE TABLE `package_menu` (
  `id` int unsigned NOT NULL AUTO_INCREMENT,
  `menu_id` int NOT NULL,
  `pkg_id` int NOT NULL,
  `package_id` varchar(200) CHARACTER SET utf8mb4 COLLATE utf8mb4_unicode_ci NOT NULL,
  `created_at` timestamp NULL DEFAULT NULL,
  `updated_at` timestamp NULL DEFAULT NULL,
  PRIMARY KEY (`id`)
) ENGINE=InnoDB DEFAULT CHARSET=utf8mb4 COLLATE=utf8mb4_unicode_ci;

--
-- Dumping data for table `package_menu`
--


--
-- Table structure for table `packages`
--

CREATE TABLE `packages` (
  `id` int unsigned NOT NULL AUTO_INCREMENT,
  `plan_id` varchar(191) CHARACTER SET utf8mb4 COLLATE utf8mb4_unicode_ci NOT NULL,
  `name` varchar(191) CHARACTER SET utf8mb4 COLLATE utf8mb4_unicode_ci NOT NULL,
  `currency` varchar(191) CHARACTER SET utf8mb4 COLLATE utf8mb4_unicode_ci NOT NULL,
  `currency_symbol` varchar(50) CHARACTER SET utf8mb4 COLLATE utf8mb4_unicode_ci NOT NULL,
  `amount` decimal(8,2) NOT NULL DEFAULT '0.00',
  `interval` varchar(191) CHARACTER SET utf8mb4 COLLATE utf8mb4_unicode_ci NOT NULL,
  `interval_count` int DEFAULT NULL,
  `trial_period_days` varchar(191) CHARACTER SET utf8mb4 COLLATE utf8mb4_unicode_ci DEFAULT NULL,
  `status` varchar(191) CHARACTER SET utf8mb4 COLLATE utf8mb4_unicode_ci NOT NULL DEFAULT 'active',
  `screens` int unsigned NOT NULL DEFAULT '1',
  `download` tinyint(1) NOT NULL DEFAULT '0',
  `downloadlimit` int DEFAULT NULL,
  `delete_status` int NOT NULL DEFAULT '1',
  `created_at` timestamp NULL DEFAULT NULL,
  `updated_at` timestamp NULL DEFAULT NULL,
  `free` tinyint(1) NOT NULL DEFAULT '0',
  `feature` longtext CHARACTER SET utf8mb4 COLLATE utf8mb4_unicode_ci,
  `ads_in_web` tinyint(1) NOT NULL DEFAULT '0',
  `ads_in_app` tinyint(1) NOT NULL DEFAULT '0',
  PRIMARY KEY (`id`)
) ENGINE=InnoDB DEFAULT CHARSET=utf8mb4 COLLATE=utf8mb4_unicode_ci;

--
-- Dumping data for table `packages`
--


--
-- Table structure for table `paypal_subscriptions`
--

CREATE TABLE `paypal_subscriptions` (
  `id` int unsigned NOT NULL AUTO_INCREMENT,
  `user_id` int unsigned NOT NULL,
  `payment_id` varchar(191) CHARACTER SET utf8mb4 COLLATE utf8mb4_unicode_ci DEFAULT NULL,
  `user_name` varchar(191) CHARACTER SET utf8mb4 COLLATE utf8mb4_unicode_ci DEFAULT NULL,
  `package_id` int DEFAULT NULL,
  `price` double(8,2) NOT NULL,
  `status` tinyint(1) NOT NULL,
  `method` varchar(191) CHARACTER SET utf8mb4 COLLATE utf8mb4_unicode_ci NOT NULL,
  `subscription_from` datetime DEFAULT NULL,
  `subscription_to` datetime DEFAULT NULL,
  `created_at` timestamp NULL DEFAULT NULL,
  `updated_at` timestamp NULL DEFAULT NULL,
  PRIMARY KEY (`id`)
) ENGINE=InnoDB DEFAULT CHARSET=utf8mb4 COLLATE=utf8mb4_unicode_ci;

--
-- Dumping data for table `paypal_subscriptions`
--


--
-- Table structure for table `permissions`
--

CREATE TABLE `permissions` (
  `id` bigint unsigned NOT NULL AUTO_INCREMENT,
  `name` varchar(191) CHARACTER SET utf8mb4 COLLATE utf8mb4_unicode_ci NOT NULL,
  `guard_name` varchar(191) CHARACTER SET utf8mb4 COLLATE utf8mb4_unicode_ci NOT NULL,
  `created_at` timestamp NULL DEFAULT NULL,
  `updated_at` timestamp NULL DEFAULT NULL,
  PRIMARY KEY (`id`),
  UNIQUE KEY `permissions_name_guard_name_unique` (`name`,`guard_name`)
) ENGINE=InnoDB AUTO_INCREMENT=131 DEFAULT CHARSET=utf8mb4 COLLATE=utf8mb4_unicode_ci;

--
-- Dumping data for table `permissions`
--

INSERT INTO `permissions` VALUES (1,'users.view','web','2021-09-01 12:50:34','2021-09-01 12:50:34'),(2,'users.create','web','2021-09-01 12:50:34','2021-09-01 12:50:34'),(3,'users.edit','web','2021-09-01 12:50:34','2021-09-01 12:50:34'),(4,'users.delete','web','2021-09-01 12:50:34','2021-09-01 12:50:34'),(5,'menu.view','web','2021-09-01 13:08:10','2021-09-01 13:08:10'),(6,'menu.create','web','2021-09-01 13:08:10','2021-09-01 13:08:10'),(7,'menu.edit','web','2021-09-01 13:08:10','2021-09-01 13:08:10'),(8,'menu.delete','web','2021-09-01 13:08:10','2021-09-01 13:08:10'),(9,'movies.view','web','2021-09-02 12:14:20','2021-09-02 12:14:20'),(10,'movies.create','web','2021-09-02 12:14:20','2021-09-02 12:14:20'),(11,'movies.edit','web','2021-09-02 12:14:20','2021-09-02 12:14:20'),(12,'movies.delete','web','2021-09-02 12:14:20','2021-09-02 12:14:20'),(13,'tvseries.view','web','2021-09-02 12:14:28','2021-09-02 12:14:28'),(14,'tvseries.create','web','2021-09-02 12:14:28','2021-09-02 12:14:28'),(15,'tvseries.edit','web','2021-09-02 12:14:28','2021-09-02 12:14:28'),(16,'tvseries.delete','web','2021-09-02 12:14:29','2021-09-02 12:14:29'),(17,'livetv.view','web','2021-09-02 12:14:37','2021-09-02 12:14:37'),(18,'livetv.create','web','2021-09-02 12:14:37','2021-09-02 12:14:37'),(19,'livetv.edit','web','2021-09-02 12:14:37','2021-09-02 12:14:37'),(20,'livetv.delete','web','2021-09-02 12:14:37','2021-09-02 12:14:37'),(21,'liveevent.view','web','2021-09-02 12:14:44','2021-09-02 12:14:44'),(22,'liveevent.create','web','2021-09-02 12:14:44','2021-09-02 12:14:44'),(23,'liveevent.edit','web','2021-09-02 12:14:44','2021-09-02 12:14:44'),(24,'liveevent.delete','web','2021-09-02 12:14:44','2021-09-02 12:14:44'),(25,'audio.view','web','2021-09-02 12:14:55','2021-09-02 12:14:55'),(26,'audio.create','web','2021-09-02 12:14:55','2021-09-02 12:14:55'),(27,'audio.edit','web','2021-09-02 12:14:55','2021-09-02 12:14:55'),(28,'audio.delete','web','2021-09-02 12:14:55','2021-09-02 12:14:55'),(29,'package.view','web','2021-09-02 12:17:22','2021-09-02 12:17:22'),(30,'package.create','web','2021-09-02 12:17:23','2021-09-02 12:17:23'),(31,'package.edit','web','2021-09-02 12:17:23','2021-09-02 12:17:23'),(32,'package.delete','web','2021-09-02 12:17:23','2021-09-02 12:17:23'),(33,'blog.view','web','2021-09-02 12:17:53','2021-09-02 12:17:53'),(34,'blog.create','web','2021-09-02 12:17:53','2021-09-02 12:17:53'),(35,'blog.edit','web','2021-09-02 12:17:53','2021-09-02 12:17:53'),(36,'blog.delete','web','2021-09-02 12:17:54','2021-09-02 12:17:54'),(37,'coupon.view','web','2021-09-02 12:19:58','2021-09-02 12:19:58'),(38,'coupon.create','web','2021-09-02 12:19:58','2021-09-02 12:19:58'),(39,'coupon.edit','web','2021-09-02 12:19:58','2021-09-02 12:19:58'),(40,'coupon.delete','web','2021-09-02 12:19:58','2021-09-02 12:19:58'),(41,'addon-manager.manage','web','2021-09-02 12:40:25','2021-09-02 12:40:25'),(42,'actor.view','web','2021-09-02 16:44:09','2021-09-02 16:44:09'),(43,'actor.create','web','2021-09-02 16:44:09','2021-09-02 16:44:09'),(44,'actor.edit','web','2021-09-02 16:44:10','2021-09-02 16:44:10'),(45,'actor.delete','web','2021-09-02 16:44:10','2021-09-02 16:44:10'),(46,'genre.view','web','2021-09-02 16:44:19','2021-09-02 16:44:19'),(47,'genre.create','web','2021-09-02 16:44:19','2021-09-02 16:44:19'),(48,'genre.edit','web','2021-09-02 16:44:19','2021-09-02 16:44:19'),(49,'genre.delete','web','2021-09-02 16:44:19','2021-09-02 16:44:19'),(50,'director.view','web','2021-09-02 16:44:48','2021-09-02 16:44:48'),(51,'director.create','web','2021-09-02 16:44:48','2021-09-02 16:44:48'),(52,'director.edit','web','2021-09-02 16:44:49','2021-09-02 16:44:49'),(53,'director.delete','web','2021-09-02 16:44:49','2021-09-02 16:44:49'),(54,'label.view','web','2021-09-02 16:45:23','2021-09-02 16:45:23'),(55,'label.create','web','2021-09-02 16:45:23','2021-09-02 16:45:23'),(56,'label.edit','web','2021-09-02 16:45:23','2021-09-02 16:45:23'),(57,'label.delete','web','2021-09-02 16:45:23','2021-09-02 16:45:23'),(58,'audiolanguage.view','web','2021-09-02 17:07:35','2021-09-02 17:07:35'),(59,'audiolanguage.create','web','2021-09-02 17:07:35','2021-09-02 17:07:35'),(60,'audiolanguage.edit','web','2021-09-02 17:07:35','2021-09-02 17:07:35'),(61,'audiolanguage.delete','web','2021-09-02 17:07:36','2021-09-02 17:07:36'),(62,'manual-payment.view','web','2021-09-02 17:49:38','2021-09-02 17:49:38'),(63,'manual-payment.create','web','2021-09-02 17:49:38','2021-09-02 17:49:38'),(64,'manual-payment.edit','web','2021-09-02 17:49:38','2021-09-02 17:49:38'),(65,'manual-payment.delete','web','2021-09-02 17:49:38','2021-09-02 17:49:38'),(66,'pages.view','web','2021-09-02 17:49:51','2021-09-02 17:49:51'),(67,'pages.create','web','2021-09-02 17:49:51','2021-09-02 17:49:51'),(68,'pages.edit','web','2021-09-02 17:49:52','2021-09-02 17:49:52'),(69,'pages.delete','web','2021-09-02 17:49:52','2021-09-02 17:49:52'),(70,'faq.view','web','2021-09-02 17:50:01','2021-09-02 17:50:01'),(71,'faq.create','web','2021-09-02 17:50:01','2021-09-02 17:50:01'),(72,'faq.edit','web','2021-09-02 17:50:01','2021-09-02 17:50:01'),(73,'faq.delete','web','2021-09-02 17:50:02','2021-09-02 17:50:02'),(74,'site-settings.language','web','2021-09-02 17:52:36','2021-09-02 17:52:36'),(75,'pushnotification.settings','web','2021-09-02 17:53:18','2021-09-02 17:53:18'),(76,'front-settings.sliders','web','2021-09-02 17:54:07','2021-09-02 17:54:07'),(77,'reports.viewtraker','web','2021-09-02 17:54:38','2021-09-02 17:54:38'),(78,'site-settings.genral-settings','web','2021-09-02 17:54:54','2021-09-02 17:54:54'),(79,'site-settings.mail-settings','web','2021-09-02 17:55:10','2021-09-02 17:55:10'),(80,'site-settings.social-login-settings','web','2021-09-02 17:55:48','2021-09-02 17:55:48'),(81,'site-settings.style-settings','web','2021-09-02 17:58:12','2021-09-02 17:58:12'),(82,'site-settings.seo','web','2021-09-02 17:58:31','2021-09-02 17:58:31'),(83,'comment-settings.comments','web','2021-09-04 14:33:08','2021-09-04 14:33:08'),(84,'help.db-backup','web','2021-09-04 14:33:42','2021-09-04 14:33:42'),(85,'producer-content.manage','web','2021-09-04 14:34:07','2021-09-04 14:34:07'),(86,'notification.manage','web','2021-09-04 14:34:33','2021-09-04 14:34:33'),(87,'front-settings.landing-page','web','2021-09-04 14:35:38','2021-09-04 14:35:38'),(88,'front-settings.auth-customization','web','2021-09-04 14:36:46','2021-09-04 14:36:46'),(89,'front-settings.short-promo','web','2021-09-04 14:37:17','2021-09-04 14:37:17'),(90,'site-settings.player-setting','web','2021-09-04 14:43:34','2021-09-04 14:43:34'),(91,'site-settings.pwa','web','2021-09-04 14:48:59','2021-09-04 14:48:59'),(92,'comment-settings.subcomments','web','2021-09-04 17:32:14','2021-09-04 17:32:14'),(93,'site-settings.color-option','web','2021-09-04 17:35:06','2021-09-04 17:35:06'),(94,'site-settings.adsense','web','2021-09-04 17:35:25','2021-09-04 17:35:25'),(95,'site-settings.chat-setting','web','2021-09-04 17:35:41','2021-09-04 17:35:41'),(96,'site-settings.api-settings','web','2021-09-04 17:36:05','2021-09-04 17:36:05'),(97,'site-settings.termsandcondition','web','2021-09-04 17:36:44','2021-09-04 17:36:44'),(98,'site-settings.privacy-policy','web','2021-09-04 17:37:07','2021-09-04 17:37:07'),(99,'site-settings.refund-policy','web','2021-09-04 17:37:51','2021-09-04 17:37:51'),(100,'site-settings.copyrights','web','2021-09-04 17:38:12','2021-09-04 17:38:12'),(101,'reports.user-subscription','web','2021-09-04 17:38:33','2021-09-04 17:38:33'),(102,'reports.device-history','web','2021-09-04 17:38:47','2021-09-04 17:38:47'),(103,'reports.revenue','web','2021-09-04 17:39:10','2021-09-04 17:39:10'),(104,'help.system-status','web','2021-09-04 17:40:52','2021-09-04 17:40:52'),(105,'help.remove-public','web','2021-09-04 17:41:10','2021-09-04 17:41:10'),(106,'help.clear-cache','web','2021-09-04 17:41:28','2021-09-04 17:41:28'),(107,'ads.view','web','2021-09-04 17:42:23','2021-09-04 17:42:23'),(108,'ads.create','web','2021-09-04 17:42:23','2021-09-04 17:42:23'),(109,'ads.edit','web','2021-09-04 17:42:24','2021-09-04 17:42:24'),(110,'ads.delete','web','2021-09-04 17:42:24','2021-09-04 17:42:24'),(111,'googleads.view','web','2021-09-04 17:42:34','2021-09-04 17:42:34'),(112,'googleads.create','web','2021-09-04 17:42:34','2021-09-04 17:42:34'),(113,'googleads.edit','web','2021-09-04 17:42:34','2021-09-04 17:42:34'),(114,'googleads.delete','web','2021-09-04 17:42:34','2021-09-04 17:42:34'),(115,'package-feature.view','web','2021-09-04 17:42:48','2021-09-04 17:42:48'),(116,'package-feature.create','web','2021-09-04 17:42:48','2021-09-04 17:42:48'),(117,'package-feature.edit','web','2021-09-04 17:42:48','2021-09-04 17:42:48'),(118,'package-feature.delete','web','2021-09-04 17:42:48','2021-09-04 17:42:48'),(119,'front-settings.social-icon','web','2021-09-06 10:44:57','2021-09-06 10:44:57'),(120,'site-settings.manualpayment','web','2021-09-06 11:01:27','2021-09-06 11:01:27'),(121,'reports.stripe-report','web','2021-09-06 12:28:20','2021-09-06 12:28:20'),(122,'help.import-demo','web','2021-09-22 11:56:05','2021-09-22 11:56:05'),(123,'site-settings.currency','web','2021-09-22 11:56:49','2021-09-22 11:56:49'),(124,'roles.view','web','2021-09-22 12:05:12','2021-09-22 12:05:12'),(125,'roles.create','web','2021-09-22 12:06:30','2021-09-22 12:06:30'),(126,'roles.edit','web','2021-09-22 12:06:30','2021-09-22 12:06:30'),(127,'roles.delete','web','2021-09-22 12:06:30','2021-09-22 12:06:30'),(128,'dashboard.states','web','2021-10-20 14:10:22','2021-10-20 14:10:22'),(129,'app-settings.setting','web','2021-10-21 12:03:43','2021-10-21 12:03:43'),(130,'app-settings.slider','web','2021-10-21 12:03:54','2021-10-21 12:03:54');

--
-- Table structure for table `player_settings`
--

CREATE TABLE `player_settings` (
  `id` int unsigned NOT NULL AUTO_INCREMENT,
  `logo` varchar(191) CHARACTER SET utf8mb4 COLLATE utf8mb4_unicode_ci DEFAULT NULL,
  `logo_enable` tinyint(1) DEFAULT NULL,
  `cpy_text` varchar(191) CHARACTER SET utf8mb4 COLLATE utf8mb4_unicode_ci DEFAULT NULL,
  `share_opt` tinyint(1) DEFAULT NULL,
  `auto_play` tinyint(1) DEFAULT NULL,
  `speed` tinyint(1) DEFAULT NULL,
  `thumbnail` tinyint(1) DEFAULT NULL,
  `info_window` tinyint(1) DEFAULT NULL,
  `skin` varchar(100) CHARACTER SET utf8mb4 COLLATE utf8mb4_unicode_ci DEFAULT NULL,
  `loop_video` tinyint(1) DEFAULT NULL,
  `is_resume` tinyint(1) DEFAULT '0',
  `player_google_analytics_id` varchar(199) CHARACTER SET utf8mb4 COLLATE utf8mb4_unicode_ci DEFAULT NULL,
  `subtitle_font_size` int DEFAULT NULL,
  `subtitle_color` varchar(191) CHARACTER SET utf8mb4 COLLATE utf8mb4_unicode_ci DEFAULT NULL,
  `chromecast` tinyint(1) DEFAULT NULL,
  `created_at` timestamp NULL DEFAULT NULL,
  `updated_at` timestamp NULL DEFAULT NULL,
  PRIMARY KEY (`id`)
) ENGINE=InnoDB AUTO_INCREMENT=2 DEFAULT CHARSET=utf8mb4 COLLATE=utf8mb4_unicode_ci;

--
-- Dumping data for table `player_settings`
--

INSERT INTO `player_settings` VALUES (1,'logo.png',1,'2022 Nxt Level',1,1,1,NULL,1,'minimal_skin_dark',1,1,NULL,20,'#48a3c6',1,NULL,'2022-03-31 16:29:51');

--
-- Table structure for table `pricing_texts`
--

CREATE TABLE `pricing_texts` (
  `id` int NOT NULL AUTO_INCREMENT,
  `package_id` int NOT NULL,
  `title1` text CHARACTER SET utf8mb4 COLLATE utf8mb4_unicode_ci,
  `title2` text CHARACTER SET utf8mb4 COLLATE utf8mb4_unicode_ci,
  `title3` text CHARACTER SET utf8mb4 COLLATE utf8mb4_unicode_ci,
  `title4` text CHARACTER SET utf8mb4 COLLATE utf8mb4_unicode_ci,
  `title5` text CHARACTER SET utf8mb4 COLLATE utf8mb4_unicode_ci,
  `title6` text CHARACTER SET utf8mb4 COLLATE utf8mb4_unicode_ci,
  `created_at` timestamp NULL DEFAULT NULL,
  `updated_at` timestamp NULL DEFAULT NULL,
  PRIMARY KEY (`id`)
) ENGINE=InnoDB DEFAULT CHARSET=utf8mb4 COLLATE=utf8mb4_unicode_ci;

--
-- Dumping data for table `pricing_texts`
--


--
-- Table structure for table `reminder_mails`
--

CREATE TABLE `reminder_mails` (
  `id` int unsigned NOT NULL AUTO_INCREMENT,
  `user_id` int unsigned NOT NULL,
  `subscription_id` int unsigned NOT NULL,
  `today` int DEFAULT NULL,
  `before_7day` int DEFAULT NULL,
  `after_7day` int DEFAULT NULL,
  PRIMARY KEY (`id`)
) ENGINE=InnoDB DEFAULT CHARSET=utf8mb4 COLLATE=utf8mb4_unicode_ci;

--
-- Dumping data for table `reminder_mails`
--


--
-- Table structure for table `role_has_permissions`
--

CREATE TABLE `role_has_permissions` (
  `permission_id` bigint unsigned NOT NULL,
  `role_id` bigint unsigned NOT NULL,
  PRIMARY KEY (`permission_id`,`role_id`)
) ENGINE=InnoDB DEFAULT CHARSET=utf8mb4 COLLATE=utf8mb4_unicode_ci;

--
-- Dumping data for table `role_has_permissions`
--

INSERT INTO `role_has_permissions` VALUES (1,1),(2,1),(3,1),(4,1),(5,1),(5,2),(6,1),(6,2),(7,1),(7,2),(8,1),(8,2),(9,1),(9,2),(10,1),(10,2),(11,1),(11,2),(12,1),(12,2),(13,1),(13,2),(14,1),(14,2),(15,1),(15,2),(16,1),(16,2),(17,1),(17,2),(18,1),(18,2),(19,1),(19,2),(20,1),(20,2),(21,1),(21,2),(22,1),(22,2),(23,1),(23,2),(24,1),(24,2),(25,1),(25,2),(26,1),(26,2),(27,1),(27,2),(28,1),(28,2),(29,1),(30,1),(31,1),(32,1),(33,1),(33,2),(34,1),(34,2),(35,1),(35,2),(36,1),(36,2),(37,1),(38,1),(39,1),(40,1),(41,1),(42,1),(42,2),(43,1),(43,2),(44,1),(44,2),(45,1),(45,2),(46,1),(46,2),(47,1),(47,2),(48,1),(48,2),(49,1),(49,2),(50,1),(50,2),(51,1),(51,2),(52,1),(52,2),(53,1),(53,2),(54,1),(54,2),(55,1),(55,2),(56,1),(56,2),(57,1),(57,2),(58,1),(58,2),(59,1),(59,2),(60,1),(60,2),(61,1),(61,2),(62,1),(63,1),(64,1),(65,1),(66,1),(67,1),(68,1),(69,1),(70,1),(70,2),(71,1),(71,2),(72,1),(72,2),(73,1),(73,2),(74,1),(75,1),(76,1),(77,1),(78,1),(79,1),(80,1),(81,1),(82,1),(83,1),(84,1),(85,1),(86,1),(87,1),(88,1),(89,1),(90,1),(91,1),(92,1),(93,1),(94,1),(95,1),(96,1),(97,1),(98,1),(99,1),(100,1),(101,1),(102,1),(103,1),(104,1),(105,1),(106,1),(107,1),(108,1),(109,1),(110,1),(111,1),(112,1),(113,1),(114,1),(115,1),(116,1),(117,1),(118,1),(119,1),(120,1),(121,1),(122,1),(123,1),(124,1),(125,1),(126,1),(127,1),(128,1),(129,1),(130,1);

--
-- Table structure for table `roles`
--

CREATE TABLE `roles` (
  `id` bigint unsigned NOT NULL AUTO_INCREMENT,
  `name` varchar(191) CHARACTER SET utf8mb4 COLLATE utf8mb4_unicode_ci NOT NULL,
  `guard_name` varchar(191) CHARACTER SET utf8mb4 COLLATE utf8mb4_unicode_ci NOT NULL,
  `created_at` timestamp NULL DEFAULT NULL,
  `updated_at` timestamp NULL DEFAULT NULL,
  PRIMARY KEY (`id`),
  UNIQUE KEY `roles_name_guard_name_unique` (`name`,`guard_name`)
) ENGINE=InnoDB AUTO_INCREMENT=6 DEFAULT CHARSET=utf8mb4 COLLATE=utf8mb4_unicode_ci;

--
-- Dumping data for table `roles`
--

INSERT INTO `roles` VALUES (1,'Super Admin','web','2021-09-01 12:54:28','2021-09-01 12:54:28'),(2,'Producer','web','2021-09-04 14:52:18','2021-09-04 14:52:18'),(3,'User','web',NULL,NULL),(4,'Subscriber','web','2022-03-31 17:59:43','2022-03-31 17:59:43'),(5,'TZARole','web','2022-04-28 14:20:09','2022-04-28 14:20:09');

--
-- Table structure for table `seos`
--

CREATE TABLE `seos` (
  `id` int unsigned NOT NULL AUTO_INCREMENT,
  `author` varchar(191) CHARACTER SET utf8mb4 COLLATE utf8mb4_unicode_ci DEFAULT NULL,
  `fb` text CHARACTER SET utf8mb4 COLLATE utf8mb4_unicode_ci,
  `google` text CHARACTER SET utf8mb4 COLLATE utf8mb4_unicode_ci,
  `metadata` text CHARACTER SET utf8mb4 COLLATE utf8mb4_unicode_ci,
  `description` text CHARACTER SET utf8mb4 COLLATE utf8mb4_unicode_ci NOT NULL,
  `keyword` text CHARACTER SET utf8mb4 COLLATE utf8mb4_unicode_ci NOT NULL,
  `created_at` timestamp NULL DEFAULT NULL,
  `updated_at` timestamp NULL DEFAULT NULL,
  PRIMARY KEY (`id`)
) ENGINE=InnoDB AUTO_INCREMENT=2 DEFAULT CHARSET=utf8mb4 COLLATE=utf8mb4_unicode_ci;

--
-- Dumping data for table `seos`
--

INSERT INTO `seos` VALUES (1,'{\"en\":\"Next Hour - Movie Tv Show & Video Subscription Portal Cms\"}',NULL,NULL,'{\"en\":\"this ts a next hour\"}','{\"en\":null}','{\"en\":null}',NULL,'2022-04-05 17:15:31');

--
-- Table structure for table `sessions`
--

CREATE TABLE `sessions` (
  `id` varchar(191) CHARACTER SET utf8mb4 COLLATE utf8mb4_unicode_ci NOT NULL,
  `user_id` int unsigned DEFAULT NULL,
  `ip_address` varchar(45) CHARACTER SET utf8mb4 COLLATE utf8mb4_unicode_ci DEFAULT NULL,
  `user_agent` text CHARACTER SET utf8mb4 COLLATE utf8mb4_unicode_ci,
  `payload` text CHARACTER SET utf8mb4 COLLATE utf8mb4_unicode_ci NOT NULL,
  `last_activity` int NOT NULL,
  UNIQUE KEY `sessions_id_unique` (`id`)
) ENGINE=InnoDB DEFAULT CHARSET=utf8mb4 COLLATE=utf8mb4_unicode_ci;

--
-- Dumping data for table `sessions`
--

INSERT INTO `sessions` VALUES ('0BeffmeE6hFI3iiIYAF9xACp9GpDIl4KRITpNr2d',NULL,'196.202.151.8','Go-http-client/1.1','YToyOntzOjY6Il90b2tlbiI7czo0MDoiNnRhOHUyOG4wNGVpVzNPenNmbnZEMWxxVWNlOUFrckhLazNCeW0wTSI7czo2OiJfZmxhc2giO2E6Mjp7czozOiJvbGQiO2E6MDp7fXM6MzoibmV3IjthOjA6e319fQ==',1737326022),('0h3qykFeuyVHarGk7L9Kd6cu3Yq2mPtCgqQVvk06',NULL,'196.202.151.8','Go-http-client/1.1','YToyOntzOjY6Il90b2tlbiI7czo0MDoiTXI2SEMyZDFRVkpwcmxUREQ3SE04bzdudmFRMWkwcGQwZFBtOXpFUSI7czo2OiJfZmxhc2giO2E6Mjp7czozOiJvbGQiO2E6MDp7fXM6MzoibmV3IjthOjA6e319fQ==',1737327413),('0kJTjXb6wxVdWiYgwEKj6zoZBAhPtbD0jxdsiMsD',NULL,'196.202.151.8','Go-http-client/1.1','YToyOntzOjY6Il90b2tlbiI7czo0MDoiOEpDSk9ZNndEc0FsTWFtSjR1UXJjYzBMZnNTcDVUcTBOWFpBVzRUUiI7czo2OiJfZmxhc2giO2E6Mjp7czozOiJvbGQiO2E6MDp7fXM6MzoibmV3IjthOjA6e319fQ==',1737326184),('0kNmDSGSQNC4HlmuFgc87U6f5j2US1PeEsW1QjY5',NULL,'196.202.151.8','Go-http-client/1.1','YToyOntzOjY6Il90b2tlbiI7czo0MDoicllIbEtxMWkzOGNUU2pxTUp0STlHcjFkOTFWR21qSE1CSWFhRUY0MyI7czo2OiJfZmxhc2giO2E6Mjp7czozOiJvbGQiO2E6MDp7fXM6MzoibmV3IjthOjA6e319fQ==',1737325003),('0q1NSpfXt6bOfZxRjzdlvVo45DGsAjswOirlJ48g',NULL,'196.202.151.8','Go-http-client/1.1','YToyOntzOjY6Il90b2tlbiI7czo0MDoiUHppelBrSEI0QXg5QnhZcTNKcml6MFM5a0FFQjQ1cVFxSFhOOEtmRCI7czo2OiJfZmxhc2giO2E6Mjp7czozOiJvbGQiO2E6MDp7fXM6MzoibmV3IjthOjA6e319fQ==',1737323791),('0rHD4JZmK6zn7iuMEhljq2IbipFuzORTUjCPIdyk',NULL,'196.202.151.8','Go-http-client/1.1','YToyOntzOjY6Il90b2tlbiI7czo0MDoiYlh2ZEl4a3VDRlNXOVZnQWFKZzYzalBCQzN1czJRRjRRcXBPbTlzSiI7czo2OiJfZmxhc2giO2E6Mjp7czozOiJvbGQiO2E6MDp7fXM6MzoibmV3IjthOjA6e319fQ==',1737328906),('10UkTXXsdKDqueFv6zd0fXdC9U5vLCSR5c46b237',NULL,'196.202.151.8','Go-http-client/1.1','YToyOntzOjY6Il90b2tlbiI7czo0MDoiVk02RDliZ2NyNVVUNVJNRkdTWFpwTnRzMkNQdmJqMmllNktpN1ZOeCI7czo2OiJfZmxhc2giO2E6Mjp7czozOiJvbGQiO2E6MDp7fXM6MzoibmV3IjthOjA6e319fQ==',1737330604),('1ghdJpicPMu3629cly9JWNQHnQrtWEmsmhOudC09',NULL,'111.7.106.104','Mozilla/5.0 (Macintosh; Intel Mac OS X 10_15_7) AppleWebKit/537.36 (KHTML, like Gecko) Chrome/96.0.4664.110 Safari/537.36','YTo0OntzOjY6Il90b2tlbiI7czo0MDoibjdHYnhpY3NIZkdKeTViT2ZIS3pMeGFVa2xySDBoTThVN1MwcVJoRSI7czoxNjoiY2hhbmdlZF9sYW5ndWFnZSI7czoyOiJhciI7czo5OiJfcHJldmlvdXMiO2E6MTp7czozOiJ1cmwiO3M6MjE6Imh0dHA6Ly93d3cuc29vZnJhLm5ldCI7fXM6NjoiX2ZsYXNoIjthOjI6e3M6Mzoib2xkIjthOjA6e31zOjM6Im5ldyI7YTowOnt9fX0=',1737326423),('1HjAqS6rrenXgEyH3pu5rZpKylJbWoytP0BAoxTP',NULL,'196.202.151.8','Go-http-client/1.1','YToyOntzOjY6Il90b2tlbiI7czo0MDoiUGo5c0M3bDVEZHBoMnRrS2xDRXk4Zk14WHQ4dkF2Snlia0Z1M1hNMCI7czo2OiJfZmxhc2giO2E6Mjp7czozOiJvbGQiO2E6MDp7fXM6MzoibmV3IjthOjA6e319fQ==',1737320317),('25zX2kWdySYsvwqGrJiLIJSku15X6fziYzqf1KaE',NULL,'196.202.151.8','Go-http-client/1.1','YToyOntzOjY6Il90b2tlbiI7czo0MDoicU9FaThwMlpUWExHZVRGY2g5dk5aUU1XeVh3cUkyRm1Pa0NXQW90TyI7czo2OiJfZmxhc2giO2E6Mjp7czozOiJvbGQiO2E6MDp7fXM6MzoibmV3IjthOjA6e319fQ==',1737320034),('2mhqQjmWZ70kcZTEINlmgqg6CP10RtB0oO9gmuQm',NULL,'196.202.151.8','Go-http-client/1.1','YToyOntzOjY6Il90b2tlbiI7czo0MDoid210dklDRnpaa3hhSlhEU1V3anlZMGt0a2VUZkxBRVVmamplSFBzTCI7czo2OiJfZmxhc2giO2E6Mjp7czozOiJvbGQiO2E6MDp7fXM6MzoibmV3IjthOjA6e319fQ==',1737320297),('39Dc9NWiyx0GJLrcHbubjU2hozrEedN4hjSEsEpp',NULL,'52.22.236.30','Mozilla/5.0+(compatible; UptimeRobot/2.0; http://www.uptimerobot.com/)','YTozOntzOjY6Il90b2tlbiI7czo0MDoiY212OEhDREFMTmxZVTNZZnBXUWVBaWhSeHZBNk9lM1UwMkFXcUxjTiI7czoxNjoiY2hhbmdlZF9sYW5ndWFnZSI7czoyOiJhciI7czo2OiJfZmxhc2giO2E6Mjp7czozOiJvbGQiO2E6MDp7fXM6MzoibmV3IjthOjA6e319fQ==',1737326667),('3ftBa0BGPS1Dyc5onD7w2xS6iFHVP9PcilcPLLCG',NULL,'196.202.151.8','Go-http-client/1.1','YToyOntzOjY6Il90b2tlbiI7czo0MDoiOGdlOE90ZnNsQTFFU2RzQ3NOckVzZnhaTlU5enFncGFkaTVGRUVtZSI7czo2OiJfZmxhc2giO2E6Mjp7czozOiJvbGQiO2E6MDp7fXM6MzoibmV3IjthOjA6e319fQ==',1737319751),('3ilAvqiz9sSvSAePZOuz4X1WGrI0lRmjbheV1W6P',NULL,'196.202.151.8','Go-http-client/1.1','YToyOntzOjY6Il90b2tlbiI7czo0MDoiVm9IdVZOT3ZKZDFUMzdETmhVTGxwSHJVYWNkWGFiYTRUbzVDcnplNCI7czo2OiJfZmxhc2giO2E6Mjp7czozOiJvbGQiO2E6MDp7fXM6MzoibmV3IjthOjA6e319fQ==',1737320621),('3JaGTOu5XAqBlNTfwdIirfnz6ZQE2P8mC5JYtUQU',NULL,'196.202.151.8','Go-http-client/1.1','YToyOntzOjY6Il90b2tlbiI7czo0MDoidGNMUTBBN0M3Q0I0dVRKeXB4bE96UDdLa1NySjhrRGY4WEVpaTh5NSI7czo2OiJfZmxhc2giO2E6Mjp7czozOiJvbGQiO2E6MDp7fXM6MzoibmV3IjthOjA6e319fQ==',1737321490),('3WyQQ9lp1c5vY5U83jauAnSAi6AxBK3bMoxA6HGz',NULL,'196.202.151.8','Go-http-client/1.1','YToyOntzOjY6Il90b2tlbiI7czo0MDoiYUM1eDF5RlMwcUdHUjl6R3BtUDVpSjJCMXZlZU9XQ1ZuYjJaZHllTSI7czo2OiJfZmxhc2giO2E6Mjp7czozOiJvbGQiO2E6MDp7fXM6MzoibmV3IjthOjA6e319fQ==',1737323166),('4D7tU7LMQ0oSfpXw8w7seoxffkYyJXW82NQZOJGB',NULL,'196.202.151.8','Go-http-client/1.1','YToyOntzOjY6Il90b2tlbiI7czo0MDoiMWFNdXBRc2tvdVlBekh0YXRPVDZTd09LYTNzcHd3d2p0OExRcDNYRiI7czo2OiJfZmxhc2giO2E6Mjp7czozOiJvbGQiO2E6MDp7fXM6MzoibmV3IjthOjA6e319fQ==',1737330122),('4uFnkiWS0zkDDSNE0tCGLTdA3HkFMTwxbLEHWC5g',NULL,'34.198.201.66','Mozilla/5.0+(compatible; UptimeRobot/2.0; http://www.uptimerobot.com/)','YTozOntzOjY6Il90b2tlbiI7czo0MDoiTHprVnROZ2VvMFdyUmlJcG5qa3JPdWNWS1o4RHlaVzh2Y09UNjdTdSI7czoxNjoiY2hhbmdlZF9sYW5ndWFnZSI7czoyOiJhciI7czo2OiJfZmxhc2giO2E6Mjp7czozOiJvbGQiO2E6MDp7fXM6MzoibmV3IjthOjA6e319fQ==',1737321253),('4X4GjHz8O6jJ5iRUn6AF1QYisiTnFfK7QSaHAhJh',NULL,'196.202.151.8','Go-http-client/1.1','YToyOntzOjY6Il90b2tlbiI7czo0MDoidEYwdnlCaVhieU1HNU1Oa1FKUzdySldjOXY4ZlBpeEtoNnZNNllvSiI7czo2OiJfZmxhc2giO2E6Mjp7czozOiJvbGQiO2E6MDp7fXM6MzoibmV3IjthOjA6e319fQ==',1737323570),('4YfKQpMejSjP8Kqh6UtbNoexG7TNzoOcV7pQP4Fq',NULL,'196.202.151.8','Go-http-client/1.1','YToyOntzOjY6Il90b2tlbiI7czo0MDoidHltMm9QaWFSWUJNcFZVS2dyWUN3NjFxeVdYMkVkVUFCczJ4RGxpdSI7czo2OiJfZmxhc2giO2E6Mjp7czozOiJvbGQiO2E6MDp7fXM6MzoibmV3IjthOjA6e319fQ==',1737322277),('53detFnu1vJdylF99hijjr6gtq93iEpUEF0kZ6zQ',NULL,'213.180.203.243','Mozilla/5.0 (compatible; YandexBot/3.0; +http://yandex.com/bots)','YTozOntzOjY6Il90b2tlbiI7czo0MDoiaTJTY1pJWDAyVTlCY2c0c3AwOUxQWWZRYUs4ekZlRUpiMmRPQ1ZTaCI7czo5OiJfcHJldmlvdXMiO2E6MTp7czozOiJ1cmwiO3M6MzQ6Imh0dHBzOi8vc29vZnJhLm5ldC9TdWRhbmlzdWJzY3JpYmUiO31zOjY6Il9mbGFzaCI7YToyOntzOjM6Im9sZCI7YTowOnt9czozOiJuZXciO2E6MDp7fX19',1737324311),('5DKEj0ogO93RJBJWoNIA3udTypYVrnVV1rd0bzu7',NULL,'196.202.151.8','Go-http-client/1.1','YToyOntzOjY6Il90b2tlbiI7czo0MDoiV1BVRW9lTGFuZnVSZUlKdmthY3pFSDBKb1lWT21sRnNOOVlJTDFQZCI7czo2OiJfZmxhc2giO2E6Mjp7czozOiJvbGQiO2E6MDp7fXM6MzoibmV3IjthOjA6e319fQ==',1737324722),('64VOPJirmynCwDUh1nI9Q3ZeoiFeH5LC6xKx7gLj',NULL,'3.212.128.62','Mozilla/5.0+(compatible; UptimeRobot/2.0; http://www.uptimerobot.com/)','YTozOntzOjY6Il90b2tlbiI7czo0MDoiYzN5ZXF5ZG1tRXpCTHpLMEJjdGF0WXVXMFU4cVBVWm5YeUZJamRCayI7czoxNjoiY2hhbmdlZF9sYW5ndWFnZSI7czoyOiJhciI7czo2OiJfZmxhc2giO2E6Mjp7czozOiJvbGQiO2E6MDp7fXM6MzoibmV3IjthOjA6e319fQ==',1737323059),('6hjjAj1U6VUHy9ukbiq9kn2eNelv091m9ptwS0iX',NULL,'196.202.151.8','Go-http-client/1.1','YToyOntzOjY6Il90b2tlbiI7czo0MDoibXp0aGFjZHhONG44WGdVeldsd05Hb0RSS2xGNFFKUlROMDhzNkdsOCI7czo2OiJfZmxhc2giO2E6Mjp7czozOiJvbGQiO2E6MDp7fXM6MzoibmV3IjthOjA6e319fQ==',1737327333),('6iI0jeAhm4cWytQ0dlvCbwAiD7tUIY20SiYxkZCt',NULL,'34.198.201.66','Mozilla/5.0+(compatible; UptimeRobot/2.0; http://www.uptimerobot.com/)','YTozOntzOjY6Il90b2tlbiI7czo0MDoibkFSZkY5NWxkOUF3aGxRVXppeTYzSzA2N1ZkdGVTVUNkQ3o1WXZQMiI7czoxNjoiY2hhbmdlZF9sYW5ndWFnZSI7czoyOiJhciI7czo2OiJfZmxhc2giO2E6Mjp7czozOiJvbGQiO2E6MDp7fXM6MzoibmV3IjthOjA6e319fQ==',1737324862),('6lVQJNlylLFo1bC3QwtNIMuDIgjeDJOXwnCLTkq9',NULL,'196.202.151.8','Go-http-client/1.1','YToyOntzOjY6Il90b2tlbiI7czo0MDoiTEV2U1VwU1phQWR1cWZMOTRtYzBFeTkxSFNqeDRRcFhHZG5NQkg5aSI7czo2OiJfZmxhc2giO2E6Mjp7czozOiJvbGQiO2E6MDp7fXM6MzoibmV3IjthOjA6e319fQ==',1737321592),('6WFFi0MNVYgavtguhAhlYQUz2sZF5oRRfyXERmpc',NULL,'196.202.151.8','Go-http-client/1.1','YToyOntzOjY6Il90b2tlbiI7czo0MDoiRFhMN1E3ZDUyckJXT0RqanNUd3lia0Y1c2NsSjdZbE9VdGpDSGNpciI7czo2OiJfZmxhc2giO2E6Mjp7czozOiJvbGQiO2E6MDp7fXM6MzoibmV3IjthOjA6e319fQ==',1737323005),('7nFj0JhiaaGgdYlEw6wYUiE2u1D4IkO6wJ1G2Cfq',NULL,'196.202.151.8','Go-http-client/1.1','YToyOntzOjY6Il90b2tlbiI7czo0MDoiaUpXMVg1Q090cEJCZGt2N1J2bU5FbFlqMXVLVmtYQjZlcE5BRXQ4UyI7czo2OiJfZmxhc2giO2E6Mjp7czozOiJvbGQiO2E6MDp7fXM6MzoibmV3IjthOjA6e319fQ==',1737321127),('7wLD6QFBCwVOQ0Mf7ZEApZrPYanZaIIxjOHcCjMP',NULL,'114.119.134.178','Mozilla/5.0 (Linux; Android 7.0;) AppleWebKit/537.36 (KHTML, like Gecko) Mobile Safari/537.36 (compatible; PetalBot;+https://webmaster.petalsearch.com/site/petalbot)','YTo0OntzOjY6Il90b2tlbiI7czo0MDoiR0lDTWN5RW02T1pIYTRLbUQ3OGJTWVg3UnB1cjEyN0VtdUhGa1hPUSI7czoxNjoiY2hhbmdlZF9sYW5ndWFnZSI7czoyOiJhciI7czo5OiJfcHJldmlvdXMiO2E6MTp7czozOiJ1cmwiO3M6MzQ6Imh0dHBzOi8vc29vZnJhLm5ldC9TdWRhbmlzdWJzY3JpYmUiO31zOjY6Il9mbGFzaCI7YToyOntzOjM6Im9sZCI7YTowOnt9czozOiJuZXciO2E6MDp7fX19',1737328243),('8m3MBQpc4h2wpNXsEucNoovHQblloFwPDRA98PNh',NULL,'196.202.151.8','Go-http-client/1.1','YToyOntzOjY6Il90b2tlbiI7czo0MDoiSFpmbEhEZDhjVVFZU0t3UlF3WTJtOGN3S21HdUVhdXVyQXNjYlE1MCI7czo2OiJfZmxhc2giO2E6Mjp7czozOiJvbGQiO2E6MDp7fXM6MzoibmV3IjthOjA6e319fQ==',1737329247),('8OWsRCwb2BFGe48l9LhHxO34UdUImgJG7AQ28CHq',NULL,'196.202.151.8','Go-http-client/1.1','YToyOntzOjY6Il90b2tlbiI7czo0MDoiRXBCRmNqQWxPbXR3TkpGcGRMbzlaUFJzcHdtdGNya2lhZkVGTmhadSI7czo2OiJfZmxhc2giO2E6Mjp7czozOiJvbGQiO2E6MDp7fXM6MzoibmV3IjthOjA6e319fQ==',1737321853),('8Rnzty6BtYXY0SZkZdurlGcqTLFXBUlCMmLQ8Bdc',NULL,'123.160.223.73','Mozilla/5.0 (Macintosh; Intel Mac OS X 10_15_7) AppleWebKit/537.36 (KHTML, like Gecko) Chrome/96.0.4664.110 Safari/537.36','YTo0OntzOjY6Il90b2tlbiI7czo0MDoiYXg1elVGRjdNbUV6cnhyR3M0TFhrZ3pkeFZLZGtFeWJ6WWpwVWVYSyI7czoxNjoiY2hhbmdlZF9sYW5ndWFnZSI7czoyOiJhciI7czo5OiJfcHJldmlvdXMiO2E6MTp7czozOiJ1cmwiO3M6MTc6Imh0dHA6Ly9zb29mcmEubmV0Ijt9czo2OiJfZmxhc2giO2E6Mjp7czozOiJvbGQiO2E6MDp7fXM6MzoibmV3IjthOjA6e319fQ==',1737326472),('9e9VCDTxOXEtof9DDedJQK0wWnwt86CEkP3K1Y88',NULL,'196.202.151.8','Go-http-client/1.1','YToyOntzOjY6Il90b2tlbiI7czo0MDoiVEV3RWczbk5UUUJVdHgyZFB5UFpQWDZZckhVb2c3SlZtaWRTaGVlYyI7czo2OiJfZmxhc2giO2E6Mjp7czozOiJvbGQiO2E6MDp7fXM6MzoibmV3IjthOjA6e319fQ==',1737321954),('9JLllRZe0L4iS4M9wjML6BzoaMoCndmgERmuh8Y9',NULL,'196.202.151.8','Go-http-client/1.1','YToyOntzOjY6Il90b2tlbiI7czo0MDoia2hSTzFFMXJQNDA1dHZERjRVR1FaeDVSM3ZBUXZYWHh6TklQR3BxNyI7czo2OiJfZmxhc2giO2E6Mjp7czozOiJvbGQiO2E6MDp7fXM6MzoibmV3IjthOjA6e319fQ==',1737320378),('9Onz1TAjxRyy7Ml1cyMqK9TawlGsm4Bvyp6jbjHe',NULL,'196.202.151.8','Go-http-client/1.1','YToyOntzOjY6Il90b2tlbiI7czo0MDoicW1hN2JuNmZ0ZEZ2RENPb1JVcW9JQTFVWnRkY0hiSEtTTjRpR1owVCI7czo2OiJfZmxhc2giO2E6Mjp7czozOiJvbGQiO2E6MDp7fXM6MzoibmV3IjthOjA6e319fQ==',1737320964),('A2LBtviH7UCCSe1slW5CZkelSHNDzeMYv6Io0Gme',NULL,'196.202.151.8','Go-http-client/1.1','YToyOntzOjY6Il90b2tlbiI7czo0MDoieU1aZFZublVYY3FiWVJVcmllUzdLU3dXcUVsSkJSOWpnTXRrQ0lGaCI7czo2OiJfZmxhc2giO2E6Mjp7czozOiJvbGQiO2E6MDp7fXM6MzoibmV3IjthOjA6e319fQ==',1737326001),('A7aVvwFKXfeAuMbTnTIHMIN7tVtPusttO4dqY3Tz',NULL,'196.202.151.8','Go-http-client/1.1','YToyOntzOjY6Il90b2tlbiI7czo0MDoiemJqd2tJc0oyZkFwY05WWk9WSHpOUGhocmhHNXQ5c25FYng2Nm5zRiI7czo2OiJfZmxhc2giO2E6Mjp7czozOiJvbGQiO2E6MDp7fXM6MzoibmV3IjthOjA6e319fQ==',1737323369),('A8igsDfmhJI59GYKkkFjSkgJ4thDeUFheXe3xpC1',NULL,'196.202.151.8','Go-http-client/1.1','YToyOntzOjY6Il90b2tlbiI7czo0MDoiZzZXVHpYOHVmWkZOQ2ZjajJEVDZvMzlTUXowNFo0QndNYXFvMGJYcSI7czo2OiJfZmxhc2giO2E6Mjp7czozOiJvbGQiO2E6MDp7fXM6MzoibmV3IjthOjA6e319fQ==',1737320054),('aBeAEg7CnPcdBlnwUwXiIdYXpOZmw5dEuaGhP3AY',NULL,'196.202.151.8','Go-http-client/1.1','YToyOntzOjY6Il90b2tlbiI7czo0MDoiOEFkYTNDWGFwYTF6N2Z6dXZaSlluU0dESHNqVXNYbGhCdWpSQ2Z1NCI7czo2OiJfZmxhc2giO2E6Mjp7czozOiJvbGQiO2E6MDp7fXM6MzoibmV3IjthOjA6e319fQ==',1737323287),('AcKqLqd3mpVCJRJjgxNhpnBXbOvC9ktobNEGd9aQ',NULL,'196.202.151.8','Go-http-client/1.1','YToyOntzOjY6Il90b2tlbiI7czo0MDoiUWJJZHFydGVMR1h4TGxodjhKUUN0WVlmeGlJYzhYb2dESXpKbkJLMiI7czo2OiJfZmxhc2giO2E6Mjp7czozOiJvbGQiO2E6MDp7fXM6MzoibmV3IjthOjA6e319fQ==',1737320398),('AeIGHZiDigWjRu9QYVcix2zQ9jvSUBIIA70c4rIk',NULL,'196.202.151.8','Go-http-client/1.1','YToyOntzOjY6Il90b2tlbiI7czo0MDoiYkhyMWIxanlISEk4MVlncnp1aGhLNlMxZ3VpRjVZR0lSUFFWb2JacCI7czo2OiJfZmxhc2giO2E6Mjp7czozOiJvbGQiO2E6MDp7fXM6MzoibmV3IjthOjA6e319fQ==',1737326809),('AHn0A33mm1lSjaREGJOCK8yDSXFk6iv2KGNQvZqh',NULL,'196.202.151.8','Go-http-client/1.1','YToyOntzOjY6Il90b2tlbiI7czo0MDoiTnVwMHN5SWNLcEt1MnlETUNsa3VUN2dQN0pwMUJZMkFXcUN6N3lqayI7czo2OiJfZmxhc2giO2E6Mjp7czozOiJvbGQiO2E6MDp7fXM6MzoibmV3IjthOjA6e319fQ==',1737320621),('ATStUJIhcj7Fc411iobM94GLMucv7KFSRAFVDPit',NULL,'196.202.151.8','Go-http-client/1.1','YToyOntzOjY6Il90b2tlbiI7czo0MDoicEtncEo0UThsNEFPVDhTMXZBd3pTR3FEdFdhdTlLS2dueEIybFFTRyI7czo2OiJfZmxhc2giO2E6Mjp7czozOiJvbGQiO2E6MDp7fXM6MzoibmV3IjthOjA6e319fQ==',1737322055),('aVvVyb1oZsVeObUjuoyz4H0MwiDIBV8IkNdu23uy',NULL,'34.198.201.66','Mozilla/5.0+(compatible; UptimeRobot/2.0; http://www.uptimerobot.com/)','YTozOntzOjY6Il90b2tlbiI7czo0MDoiTVVwa2RvMXlsN3Q0ODFqT0VBNWFEemFXcW9SMnp3dnFVRU80VW1oQiI7czoxNjoiY2hhbmdlZF9sYW5ndWFnZSI7czoyOiJhciI7czo2OiJfZmxhc2giO2E6Mjp7czozOiJvbGQiO2E6MDp7fXM6MzoibmV3IjthOjA6e319fQ==',1737328473),('aYCCrE1B6YCPZulYhkgVnwUBm1oqGemqoUmVrf0G',NULL,'196.202.151.8','Go-http-client/1.1','YToyOntzOjY6Il90b2tlbiI7czo0MDoiWnNKQVFKQTBiMVpJejg0dWt5bXM2eUJTNXV6QUx1YzBNSTlvWkJ6cSI7czo2OiJfZmxhc2giO2E6Mjp7czozOiJvbGQiO2E6MDp7fXM6MzoibmV3IjthOjA6e319fQ==',1737320622),('bE7FPixgBvvxLFtpJHHCyClqWHMKuc8l7bF9HLRb',NULL,'114.119.135.217','Mozilla/5.0 (Linux; Android 7.0;) AppleWebKit/537.36 (KHTML, like Gecko) Mobile Safari/537.36 (compatible; PetalBot;+https://webmaster.petalsearch.com/site/petalbot)','YTo0OntzOjY6Il90b2tlbiI7czo0MDoic25lblY2V2FzV2xQUktYamRsTXZUQ2VoUDhXV1RUbnB5cHBHV0oySyI7czozOiJ1cmwiO2E6MTp7czo4OiJpbnRlbmRlZCI7czo0NDoiaHR0cDovL3d3dy5zb29mcmEubmV0L3dhdGNoL21vdmllL2lmcmFtZS8xODUiO31zOjk6Il9wcmV2aW91cyI7YToxOntzOjM6InVybCI7czozMzoiaHR0cDovL3d3dy5zb29mcmEubmV0L3N1ZGFuaWxvZ2luIjt9czo2OiJfZmxhc2giO2E6Mjp7czozOiJvbGQiO2E6MDp7fXM6MzoibmV3IjthOjA6e319fQ==',1737320899),('BefBj3Uawh5cN0rKPEyU7B1QJmpXKqBgHuWc074f',NULL,'196.202.151.8','Go-http-client/1.1','YToyOntzOjY6Il90b2tlbiI7czo0MDoiWVpYdjBFdnJNSHpFYU16dEQwUHhjak51Z1J2MFNlclM5NVFCbmxGRyI7czo2OiJfZmxhc2giO2E6Mjp7czozOiJvbGQiO2E6MDp7fXM6MzoibmV3IjthOjA6e319fQ==',1737323085),('BHeQy7epG3KzBod5TnLGOWgymkyf4mapyiFkwIh7',NULL,'196.202.151.8','Go-http-client/1.1','YToyOntzOjY6Il90b2tlbiI7czo0MDoiZGltTmpsSGNKRVZDUERzbmpEZHFlZ1RseXd1M0Z3ckVHR3RKQkNPSyI7czo2OiJfZmxhc2giO2E6Mjp7czozOiJvbGQiO2E6MDp7fXM6MzoibmV3IjthOjA6e319fQ==',1737327716),('bjtCLA5GTzuDk8fBH6oBQwmXSMf8CsMf9CkskJTu',NULL,'196.202.151.8','Go-http-client/1.1','YToyOntzOjY6Il90b2tlbiI7czo0MDoiZWlxU0xSQUM2VXo3RXloaUxjdUZKSlZWTTRTaUNYUnNLSmxvQXdabyI7czo2OiJfZmxhc2giO2E6Mjp7czozOiJvbGQiO2E6MDp7fXM6MzoibmV3IjthOjA6e319fQ==',1737325526),('BkhhLpJcqk2DPJN9JAro3Qt9p7aEUD5CDViNVA2b',NULL,'196.202.151.8','Go-http-client/1.1','YToyOntzOjY6Il90b2tlbiI7czo0MDoiRmtuaHNKd0dGTDJlOHQwa3JCOElaak9vd1F1UktaRWcxNk9waDhYeSI7czo2OiJfZmxhc2giO2E6Mjp7czozOiJvbGQiO2E6MDp7fXM6MzoibmV3IjthOjA6e319fQ==',1737326042),('bKHRPeWhjyubsaRbI3fLgAr5Usq0Xpp6Mf8FhDUH',NULL,'196.202.151.8','Go-http-client/1.1','YToyOntzOjY6Il90b2tlbiI7czo0MDoiWnE1aHI5UWtZVWxhckdmdGlodlVmSVFIcU5ZUGNrMkRtNUpvT0cyaiI7czo2OiJfZmxhc2giO2E6Mjp7czozOiJvbGQiO2E6MDp7fXM6MzoibmV3IjthOjA6e319fQ==',1737327131),('bkXmEPuavZdtAZk5NOp8F6MCXVbEvrzruGKpnblm',NULL,'196.202.151.8','Go-http-client/1.1','YToyOntzOjY6Il90b2tlbiI7czo0MDoiQ0g4UnVyWG02STRabjc2U3cxb3k5dDA5Z08yc1hSdGdLVVQ4RXVNVyI7czo2OiJfZmxhc2giO2E6Mjp7czozOiJvbGQiO2E6MDp7fXM6MzoibmV3IjthOjA6e319fQ==',1737323086),('bme5eTqd6cXntotu3R9VJz02GrPcVbEW4nmu7FuJ',NULL,'196.202.151.8','Go-http-client/1.1','YToyOntzOjY6Il90b2tlbiI7czo0MDoiRXI1ZG1waGw2dGV4RVhNVXVsOTRpZ0o5a0JOYlZzVHFFeGNnY2lrOCI7czo2OiJfZmxhc2giO2E6Mjp7czozOiJvbGQiO2E6MDp7fXM6MzoibmV3IjthOjA6e319fQ==',1737326325),('bnX08QeYYnFqYCHOXVJia60IQ2pfxnqY52WcoEE0',NULL,'196.202.151.8','Go-http-client/1.1','YToyOntzOjY6Il90b2tlbiI7czo0MDoic2lVMGVLY2Y1TFZBU3c0eWRrWmJsc1ZxNWdGR0pCMk1FVXVrYWFFcyI7czo2OiJfZmxhc2giO2E6Mjp7czozOiJvbGQiO2E6MDp7fXM6MzoibmV3IjthOjA6e319fQ==',1737320276),('BOP3aJwCN1fgUpBY6XwA5iruwIZqMB47ZjGTrn7Y',NULL,'196.202.151.8','Go-http-client/1.1','YToyOntzOjY6Il90b2tlbiI7czo0MDoiV3AzcU1DNnhEYko3TlEySjhmTjJRMXRIdHZ0b0Exb3oxVkFPSXprdyI7czo2OiJfZmxhc2giO2E6Mjp7czozOiJvbGQiO2E6MDp7fXM6MzoibmV3IjthOjA6e319fQ==',1737327615),('BuJl0HkgVxHa9pg2agL6rPVwvxk3mt8triVu1QOK',NULL,'196.202.151.8','Go-http-client/1.1','YToyOntzOjY6Il90b2tlbiI7czo0MDoiS2RYckNFTHFKR3Z3TWdJOTcwTFBnWFlwNmo1R0ROUGpKY2x6YXhFRCI7czo2OiJfZmxhc2giO2E6Mjp7czozOiJvbGQiO2E6MDp7fXM6MzoibmV3IjthOjA6e319fQ==',1737320723),('c1eEcfzgbBWccUgMEMmafQe1WtngHuDDEwDZDw4N',NULL,'196.202.151.8','Go-http-client/1.1','YToyOntzOjY6Il90b2tlbiI7czo0MDoicWdKM2tEa1dVbEc0bHhYMUR4NEcxVHlvM04yeHZTRHI4SkFuTXdCWSI7czo2OiJfZmxhc2giO2E6Mjp7czozOiJvbGQiO2E6MDp7fXM6MzoibmV3IjthOjA6e319fQ==',1737326991),('c9vQrH4XucQwktEElDu2z4ia4h8Y0JGJUhupijt0',NULL,'196.202.151.8','Go-http-client/1.1','YToyOntzOjY6Il90b2tlbiI7czo0MDoiczhuRGMxYTNhRGdQeWVDcnJuS1Q2aVNmZlBPZUswRXh1WnJ6Y1JscCI7czo2OiJfZmxhc2giO2E6Mjp7czozOiJvbGQiO2E6MDp7fXM6MzoibmV3IjthOjA6e319fQ==',1737326184),('cgAm8rt6vLRBweosuI68QZDuqMNtOveJTjvndZwx',NULL,'196.202.151.8','Go-http-client/1.1','YToyOntzOjY6Il90b2tlbiI7czo0MDoiZkVaZExmQUlUZ0VDVW9QQ3lqbnQ1TXVqbUVGdFhXdkxBOWtJVlZzTSI7czo2OiJfZmxhc2giO2E6Mjp7czozOiJvbGQiO2E6MDp7fXM6MzoibmV3IjthOjA6e319fQ==',1737326406),('CK9vHyopUurrVtOz5XZB7tXHNspSiDg0JgyVRUsZ',NULL,'196.202.151.8','Go-http-client/1.1','YToyOntzOjY6Il90b2tlbiI7czo0MDoiM0w3N3F1cnJqVlZZTkxteW5yb3oyYU55SDl0eG92RGt0aEZRQ1lUeiI7czo2OiJfZmxhc2giO2E6Mjp7czozOiJvbGQiO2E6MDp7fXM6MzoibmV3IjthOjA6e319fQ==',1737320135),('ckUunh1tBRz3yUmeQVeuU2EE9RkkgRN469nKsJfN',NULL,'196.202.151.8','Go-http-client/1.1','YToyOntzOjY6Il90b2tlbiI7czo0MDoiSGR5eGtYWHhqam5ENzF5SHEyQ0xUNzNGN083TkltT0VhcG1takFBcSI7czo2OiJfZmxhc2giO2E6Mjp7czozOiJvbGQiO2E6MDp7fXM6MzoibmV3IjthOjA6e319fQ==',1737322096),('Cley955vcv3MxYcziQyW5S81ngWDpmqciGmTk8Nl',NULL,'196.202.151.8','Go-http-client/1.1','YToyOntzOjY6Il90b2tlbiI7czo0MDoidDZYN2dPMmhOdnZRZ2FtVWQ2R2o5VHJ0YWRrdDVoM1FJVGhDQ2pFMyI7czo2OiJfZmxhc2giO2E6Mjp7czozOiJvbGQiO2E6MDp7fXM6MzoibmV3IjthOjA6e319fQ==',1737326689),('cpKybTDU0dWZRxddO8XZldabGryLZGr1pi9NgsBk',NULL,'196.202.151.8','Go-http-client/1.1','YToyOntzOjY6Il90b2tlbiI7czo0MDoiR3pPM1o5ZEpKWnZYSzBVMGFZV1FkZ1RDTHY5c1AweGdtWGMzNEpVWiI7czo2OiJfZmxhc2giO2E6Mjp7czozOiJvbGQiO2E6MDp7fXM6MzoibmV3IjthOjA6e319fQ==',1737327131),('DaXCUVFSofXn6aa52CtyTGIqq3BE27SdwadnbgVQ',NULL,'196.202.151.8','Go-http-client/1.1','YToyOntzOjY6Il90b2tlbiI7czo0MDoicm5DOFNFcHY1Nm1YSlEzbE9oNEhCUGhDOThoZ0ZxYTBSZ2l4bVZWUCI7czo2OiJfZmxhc2giO2E6Mjp7czozOiJvbGQiO2E6MDp7fXM6MzoibmV3IjthOjA6e319fQ==',1737329387),('dPrCx83QGsbRQZ1pkBfQtUizMb4p3YOcd1yUm4Lw',NULL,'196.202.151.8','Go-http-client/1.1','YToyOntzOjY6Il90b2tlbiI7czo0MDoidGZxYTlpTTZaQk9Xc2RZZnZYWmp5akxVSm44dzU1RVFuZzRJOXpZeSI7czo2OiJfZmxhc2giO2E6Mjp7czozOiJvbGQiO2E6MDp7fXM6MzoibmV3IjthOjA6e319fQ==',1737326184),('DYdsyQ0jAM95OvtkpYznETvlyAJz6nztoWydwjgm',NULL,'196.202.151.8','Go-http-client/1.1','YToyOntzOjY6Il90b2tlbiI7czo0MDoiMERmSktQaGdYb1BUa2NzRVFkeUJkdkhUNzVrRHE1Q1hPazR2bWpBWSI7czo2OiJfZmxhc2giO2E6Mjp7czozOiJvbGQiO2E6MDp7fXM6MzoibmV3IjthOjA6e319fQ==',1737324462),('E0MtroQxnuI3gydhGCDTfKz2Lx9uBRiU2LjlIA5C',NULL,'196.202.151.8','Go-http-client/1.1','YToyOntzOjY6Il90b2tlbiI7czo0MDoiM1laR1ZLdDR2MG5EempaSWFEZUpDOEJGZUpzUjQ2Y2xKUWhmeElTTCI7czo2OiJfZmxhc2giO2E6Mjp7czozOiJvbGQiO2E6MDp7fXM6MzoibmV3IjthOjA6e319fQ==',1737327313),('eaSHUDNODR4cQEzBZeXpsyUN8fpzn2Np71Mt6Jrh',NULL,'196.202.151.8','Go-http-client/1.1','YToyOntzOjY6Il90b2tlbiI7czo0MDoiZWtJdG12WGJqQW1BNE1VVUdPSElBQjBMUDV0NE9JaWxHN1M2a2d1cCI7czo2OiJfZmxhc2giO2E6Mjp7czozOiJvbGQiO2E6MDp7fXM6MzoibmV3IjthOjA6e319fQ==',1737323510),('egHcKbrLLa3isqKDWfDwane69wkKGqp2BVcnZxjF',NULL,'196.202.151.8','Go-http-client/1.1','YToyOntzOjY6Il90b2tlbiI7czo0MDoicVlZNjNqc0cxS08wT1Rld0p3UlVaSXlvRVMwYnd2aXVCblNIYkRVayI7czo2OiJfZmxhc2giO2E6Mjp7czozOiJvbGQiO2E6MDp7fXM6MzoibmV3IjthOjA6e319fQ==',1737322462),('eGNISCrhNp9wNl8YQPYq9lZ9ltj2J91gp6XOut7m',NULL,'196.202.151.8','Go-http-client/1.1','YToyOntzOjY6Il90b2tlbiI7czo0MDoiVW12eHZ1eDRkODNSbnNvTTJTeDFNcEdlRHROaURrcUNFcGpHbkJyRCI7czo2OiJfZmxhc2giO2E6Mjp7czozOiJvbGQiO2E6MDp7fXM6MzoibmV3IjthOjA6e319fQ==',1737321531),('ElyJhJioIxtwc1eElSKjPQOvNG2eEraUFAzpGNei',NULL,'196.202.151.8','Go-http-client/1.1','YToyOntzOjY6Il90b2tlbiI7czo0MDoiQ2VGRk9GYTZNelViYTVSY3VaYVNHUXBRT0VrejlKUklwa29DOUJhQyI7czo2OiJfZmxhc2giO2E6Mjp7czozOiJvbGQiO2E6MDp7fXM6MzoibmV3IjthOjA6e319fQ==',1737327554),('EVHjyc9QO4LiPjblVCozDK0LzxlwsqX55BKUD4iZ',NULL,'196.202.151.8','Go-http-client/1.1','YToyOntzOjY6Il90b2tlbiI7czo0MDoidlMxNE40MXpmR0ZvQzVQVVZGR3BnNnpZcWoxTFdGbjROTDI1MkFaeiI7czo2OiJfZmxhc2giO2E6Mjp7czozOiJvbGQiO2E6MDp7fXM6MzoibmV3IjthOjA6e319fQ==',1737326890),('ewMkDxFOZjKli0JFMwc4mJBzowSQHv7NLGEEgqnx',NULL,'196.202.151.8','Go-http-client/1.1','YToyOntzOjY6Il90b2tlbiI7czo0MDoiYW10VTJyZ2ZRM1hiM0V4MGpvVWVzM0VsbDl1T3lZQ2p4M0FoVFNGRiI7czo2OiJfZmxhc2giO2E6Mjp7czozOiJvbGQiO2E6MDp7fXM6MzoibmV3IjthOjA6e319fQ==',1737323852),('FFsNMFfGYS3NtZgQlNP1i2POqj5ptaNqRplMBbBl',NULL,'196.202.151.8','Go-http-client/1.1','YToyOntzOjY6Il90b2tlbiI7czo0MDoiSG05WEpqcFU2b2g1SHdOTjBKNWgzeW1VNUgzZlhJR1g2bWJpVlZMRSI7czo2OiJfZmxhc2giO2E6Mjp7czozOiJvbGQiO2E6MDp7fXM6MzoibmV3IjthOjA6e319fQ==',1737328063),('fizGtphWnCJrN4Du4FDMHtdxwtmaczCvCuIXW2Rs',NULL,'196.202.151.8','Go-http-client/1.1','YToyOntzOjY6Il90b2tlbiI7czo0MDoia2h6cHFyMjVjREdZZTRFTkpwYnhDblA3QW1PdVlCVFAxRHRpTFNyVyI7czo2OiJfZmxhc2giO2E6Mjp7czozOiJvbGQiO2E6MDp7fXM6MzoibmV3IjthOjA6e319fQ==',1737319831),('Fu3eY0yKNx9jQFh8WhEGKT9km6rqzphr2vEjPfyd',NULL,'196.202.151.8','Go-http-client/1.1','YToyOntzOjY6Il90b2tlbiI7czo0MDoiSkVrOHI1d043aUZtQzN5WUlrRXRyeGkwcGF3OWZPeDQ4WERiczFOVSI7czo2OiJfZmxhc2giO2E6Mjp7czozOiJvbGQiO2E6MDp7fXM6MzoibmV3IjthOjA6e319fQ==',1737323086),('GehgdrTFpzvdOI6oLANpjOqvMdldS9EWRknarChs',NULL,'196.202.151.8','Go-http-client/1.1','YToyOntzOjY6Il90b2tlbiI7czo0MDoibnpURmtDWnNYT0k2NUgzRmZjRldQT2N5NGtJWU1lcUM2Nnh1UzJJRyI7czo2OiJfZmxhc2giO2E6Mjp7czozOiJvbGQiO2E6MDp7fXM6MzoibmV3IjthOjA6e319fQ==',1737330443),('GnuBRYReinhlOesKibDD1VoXf3YQ4qLqGrLIS8e5',NULL,'196.202.151.8','Go-http-client/1.1','YToyOntzOjY6Il90b2tlbiI7czo0MDoiaVRXVUwwRXFkb0M0SEF3OXROMXFoQVd3NWdkZEN1UDJwWWFJN0RUMyI7czo2OiJfZmxhc2giO2E6Mjp7czozOiJvbGQiO2E6MDp7fXM6MzoibmV3IjthOjA6e319fQ==',1737323166),('gpLn0ybV3UeLe1NE9pZxA4nKTUSKyQLZC3zV3VUy',NULL,'114.119.138.74','Mozilla/5.0 (Linux; Android 7.0;) AppleWebKit/537.36 (KHTML, like Gecko) Mobile Safari/537.36 (compatible; PetalBot;+https://webmaster.petalsearch.com/site/petalbot)','YTo0OntzOjY6Il90b2tlbiI7czo0MDoicnJnVEwwNDhWRHQ5V2RocU96Q3c4MmtqTU5CTEd4S2lOWkdyOFNjaiI7czozOiJ1cmwiO2E6MTp7czo4OiJpbnRlbmRlZCI7czozOToiaHR0cDovL3Nvb2ZyYS5uZXQvd2F0Y2gvbW92aWUvaWZyYW1lLzE4Ijt9czo5OiJfcHJldmlvdXMiO2E6MTp7czozOiJ1cmwiO3M6Mjk6Imh0dHA6Ly9zb29mcmEubmV0L3N1ZGFuaWxvZ2luIjt9czo2OiJfZmxhc2giO2E6Mjp7czozOiJvbGQiO2E6MDp7fXM6MzoibmV3IjthOjA6e319fQ==',1737328539),('GTYts8mR4zPauF8E5jf2I4Dc7MZbb4K7a8giAyRT',NULL,'196.202.151.8','Go-http-client/1.1','YToyOntzOjY6Il90b2tlbiI7czo0MDoiMldxZlNxTUZqaG5QZWlVSlBaZmhUSTdJQzY3bWVsVWxHYmt6eVlYSCI7czo2OiJfZmxhc2giO2E6Mjp7czozOiJvbGQiO2E6MDp7fXM6MzoibmV3IjthOjA6e319fQ==',1737329086),('GXtNq71TH0DJD4VI90l2imMNSu9QoBmEWx2L8okC',NULL,'196.202.151.8','Go-http-client/1.1','YToyOntzOjY6Il90b2tlbiI7czo0MDoiaWtqWHBSNldBbGVoYmtxekpDWXhaTXdiN2VkbzhabzUzTFFmc1BDVyI7czo2OiJfZmxhc2giO2E6Mjp7czozOiJvbGQiO2E6MDp7fXM6MzoibmV3IjthOjA6e319fQ==',1737319751),('GYETSfF4Cgg7Oc1ocQkIkvFbSGa5N0P6OHSgnL7l',NULL,'196.202.151.8','Go-http-client/1.1','YToyOntzOjY6Il90b2tlbiI7czo0MDoiSkFoR3hiZnFTVDVjN2RkdzY5eUVxNm9Jb01jMjRISlZwS3hmMnMzeCI7czo2OiJfZmxhc2giO2E6Mjp7czozOiJvbGQiO2E6MDp7fXM6MzoibmV3IjthOjA6e319fQ==',1737328745),('H0F4gpPu089gpc4RCAj47EFnJeOdQDzWtF4cCPNM',NULL,'196.202.151.8','Go-http-client/1.1','YToyOntzOjY6Il90b2tlbiI7czo0MDoic2pjOTlSRmY2bjQ0Mm1uMWZkbVQ1ajY0VVlyMmhHc0k4RGVJQ3owTSI7czo2OiJfZmxhc2giO2E6Mjp7czozOiJvbGQiO2E6MDp7fXM6MzoibmV3IjthOjA6e319fQ==',1737323389),('hH8qqHhoa4moUjJL1mUowS1AmFfEjRTgdnDBvmCZ',NULL,'196.202.151.8','Go-http-client/1.1','YToyOntzOjY6Il90b2tlbiI7czo0MDoiWXhyU1BIWkNsQ1lYM2ZjQ3dsczZDWEdKMnJNYlhUaWI4RDRUYnR3UiI7czo2OiJfZmxhc2giO2E6Mjp7czozOiJvbGQiO2E6MDp7fXM6MzoibmV3IjthOjA6e319fQ==',1737324301),('hjpvT0sH33WBjHNksMmksssL0KpIyunfSk1JgKAt',NULL,'196.202.151.8','Go-http-client/1.1','YToyOntzOjY6Il90b2tlbiI7czo0MDoiZHk1Z1lOSDh3ckc5SW83cjVENUE3bHpXVXpYRnJONW9ZNVVxQWRUeCI7czo2OiJfZmxhc2giO2E6Mjp7czozOiJvbGQiO2E6MDp7fXM6MzoibmV3IjthOjA6e319fQ==',1737328303),('hjy8J4MbcEbrL3RhsH424J3S2927p9GnsScOOwuT',NULL,'196.202.151.8','Go-http-client/1.1','YToyOntzOjY6Il90b2tlbiI7czo0MDoibHY1bU1WUGh4Qm1KaHQ4NDQ3VWQwWWlXUkt3UXMwMFRHYXlSQWNtTCI7czo2OiJfZmxhc2giO2E6Mjp7czozOiJvbGQiO2E6MDp7fXM6MzoibmV3IjthOjA6e319fQ==',1737325566),('hNPLH0CoE11Dp4h2dWcvf3Zl4IVsIuhXm8SIeGhG',NULL,'196.202.151.8','Go-http-client/1.1','YToyOntzOjY6Il90b2tlbiI7czo0MDoiUDh4alhRTFhlRWdvODhnUHp1QXNUNUV6OEt5TXNQOHhPYUQxVGw2ayI7czo2OiJfZmxhc2giO2E6Mjp7czozOiJvbGQiO2E6MDp7fXM6MzoibmV3IjthOjA6e319fQ==',1737319892),('hrDgZWjpTkmoqfj5C3XionFVcSxT2M5djJzMMcsw',NULL,'111.7.106.104','Mozilla/5.0 (Macintosh; Intel Mac OS X 10_15_7) AppleWebKit/537.36 (KHTML, like Gecko) Chrome/96.0.4664.110 Safari/537.36','YTo0OntzOjY6Il90b2tlbiI7czo0MDoiTG81aDk1cTNFVm9FVzltd3I1N20wcUxDUm85WXlXaVFUdTZRTHhJaiI7czoxNjoiY2hhbmdlZF9sYW5ndWFnZSI7czoyOiJhciI7czo5OiJfcHJldmlvdXMiO2E6MTp7czozOiJ1cmwiO3M6MzU6Imh0dHA6Ly93d3cuc29vZnJhLm5ldC9ndWVzdC9hbHJ5eXN5Ijt9czo2OiJfZmxhc2giO2E6Mjp7czozOiJvbGQiO2E6MDp7fXM6MzoibmV3IjthOjA6e319fQ==',1737326425),('HU1QeFXVpswy3cQnUteZ4C0z1JDgZeyuf3bR1IwX',NULL,'196.202.151.8','Go-http-client/1.1','YToyOntzOjY6Il90b2tlbiI7czo0MDoibmFIaTlpUzI3ZU1CZjUyNkVjUTNoS0RRTWdWV1dHNXJ2RTQ1azkweCI7czo2OiJfZmxhc2giO2E6Mjp7czozOiJvbGQiO2E6MDp7fXM6MzoibmV3IjthOjA6e319fQ==',1737319973),('HuyXW7k1z5AqlWNsq1jF9u6OjenrvdPVDsLEiI5k',NULL,'196.202.151.8','Go-http-client/1.1','YToyOntzOjY6Il90b2tlbiI7czo0MDoiTlRETmd0NjVRMmR6RkRKT05qV3llMmRaYXg4WlppcUJZVzJ3dTRQZiI7czo2OiJfZmxhc2giO2E6Mjp7czozOiJvbGQiO2E6MDp7fXM6MzoibmV3IjthOjA6e319fQ==',1737322116),('hvUTjpARnXY2sGnnDWt5pFrEDS5PGmOgoDzcKdEU',NULL,'196.202.151.8','Go-http-client/1.1','YToyOntzOjY6Il90b2tlbiI7czo0MDoiQXBZaDBSQmlDQ0FSZFkxVmhDUURIS1U5RU50aExOUjRyeWN5SmcwVSI7czo2OiJfZmxhc2giO2E6Mjp7czozOiJvbGQiO2E6MDp7fXM6MzoibmV3IjthOjA6e319fQ==',1737321005),('hylfYRvQE1nVM3WMus6JwtaXtTks6TluQL3mZMWm',NULL,'66.249.65.236','Mozilla/5.0 (Linux; Android 6.0.1; Nexus 5X Build/MMB29P) AppleWebKit/537.36 (KHTML, like Gecko) Chrome/99.0.4844.84 Mobile Safari/537.36 (compatible; Googlebot/2.1; +http://www.google.com/bot.html)','YTo0OntzOjY6Il90b2tlbiI7czo0MDoib3dLSEVhcjVvSjRnNDhQTUxiWkRrZ0xnbzU1UUI1OUJGMjVIaWNKWSI7czoxNjoiY2hhbmdlZF9sYW5ndWFnZSI7czoyOiJhciI7czo5OiJfcHJldmlvdXMiO2E6MTp7czozOiJ1cmwiO3M6MzE6Imh0dHA6Ly9zb29mcmEubmV0L2d1ZXN0L2Fscnl5c3kiO31zOjY6Il9mbGFzaCI7YToyOntzOjM6Im9sZCI7YTowOnt9czozOiJuZXciO2E6MDp7fX19',1737322555),('I3KbQJroBsFaEW4DnaWfpIBburaA2yMqXtMfk1Zd',NULL,'196.202.151.8','Go-http-client/1.1','YToyOntzOjY6Il90b2tlbiI7czo0MDoiSWpPSmdTWkZEUzAwaTlVNVdBT3dleldMNjBxb0V5RHFWbkdFcHpPeSI7czo2OiJfZmxhc2giO2E6Mjp7czozOiJvbGQiO2E6MDp7fXM6MzoibmV3IjthOjA6e319fQ==',1737319953),('I45w8zwnUV2u4FrISWeLhPHlmwufpIV7ZRXNOmMC',NULL,'196.202.151.8','Go-http-client/1.1','YToyOntzOjY6Il90b2tlbiI7czo0MDoiTk1EejY0Vk53aDJ1SkZ1V3RtOXZaODhqMWVXcW5abkZiTkpBMnNuYSI7czo2OiJfZmxhc2giO2E6Mjp7czozOiJvbGQiO2E6MDp7fXM6MzoibmV3IjthOjA6e319fQ==',1737321025),('i64OvequkqOxHqUcZwMazDzoPTcb1mUOgOgH0m4m',NULL,'196.202.151.8','Go-http-client/1.1','YToyOntzOjY6Il90b2tlbiI7czo0MDoiUnlRTWs2Q2gzVmNiSEV4TmdmZU5OZVJCZ1JpZDFNMmZtV0pPcjBpSCI7czo2OiJfZmxhc2giO2E6Mjp7czozOiJvbGQiO2E6MDp7fXM6MzoibmV3IjthOjA6e319fQ==',1737321228),('IAIfgB4dKEduccxLxb666Xj0aYfoMA2IlY017hIZ',NULL,'196.202.151.8','Go-http-client/1.1','YToyOntzOjY6Il90b2tlbiI7czo0MDoianJnZW5aR2IzWDJvUzV1Q3FrdUZTUEt5NnQxSHQyRFFvcUVmZTAwdCI7czo2OiJfZmxhc2giO2E6Mjp7czozOiJvbGQiO2E6MDp7fXM6MzoibmV3IjthOjA6e319fQ==',1737325425),('iGbfUvpCr6Jt9VH94Dv3DfojHGXXgKN2PgYrqe0F',NULL,'196.202.151.8','Go-http-client/1.1','YToyOntzOjY6Il90b2tlbiI7czo0MDoicWZPVUNMR28zWFJhR3gxMlNmenpHdkpHVmJZbVVxUk5adE1mcWdIeCI7czo2OiJfZmxhc2giO2E6Mjp7czozOiJvbGQiO2E6MDp7fXM6MzoibmV3IjthOjA6e319fQ==',1737327737),('In3EnD38Ocn7e1KTAtSYMD1Xa7Yux8L1w7APWQnk',NULL,'196.202.151.8','Go-http-client/1.1','YToyOntzOjY6Il90b2tlbiI7czo0MDoiRGw1S0prRXA5VU9pOE5nNmFMNmNWMjBTbzZhNjdjZ0ZVUzQxU2dLSSI7czo2OiJfZmxhc2giO2E6Mjp7czozOiJvbGQiO2E6MDp7fXM6MzoibmV3IjthOjA6e319fQ==',1737321107),('IriQiQ8SXrcOYy2HJq8kNYutpezqKIQHPBZWI3mA',NULL,'196.202.151.8','Go-http-client/1.1','YToyOntzOjY6Il90b2tlbiI7czo0MDoiZzlSY1B3UnZEMmJyMlc3Tng0alA0MFhDTVFkODFvUkMxNGdxaEdMNiI7czo2OiJfZmxhc2giO2E6Mjp7czozOiJvbGQiO2E6MDp7fXM6MzoibmV3IjthOjA6e319fQ==',1737322784),('ITaFhs8fw3x4QYu7xrIK2zCxzeT8OCobC83masqt',NULL,'196.202.151.8','Go-http-client/1.1','YToyOntzOjY6Il90b2tlbiI7czo0MDoibk02ZlNmUW5EYXZSRTNlQ2tWVDEweUQzRlp5dDdnbEhiMFdRNTRKMyI7czo2OiJfZmxhc2giO2E6Mjp7czozOiJvbGQiO2E6MDp7fXM6MzoibmV3IjthOjA6e319fQ==',1737326123),('iYdSujlFWXJxLrBX71h2QvRo1c7AKfJR76ylYoCM',NULL,'196.202.151.8','Go-http-client/1.1','YToyOntzOjY6Il90b2tlbiI7czo0MDoiT2FkUzl2eGh2Z3JDbnBrUzk4NUh2UWZQSE9lWWlSV0VZeXdZM1pMdiI7czo2OiJfZmxhc2giO2E6Mjp7czozOiJvbGQiO2E6MDp7fXM6MzoibmV3IjthOjA6e319fQ==',1737328324),('j1DXJP2JLJZDFrC4wOqWtHVcLPksSqac986861Da',NULL,'114.119.143.226','Mozilla/5.0 (Linux; Android 7.0;) AppleWebKit/537.36 (KHTML, like Gecko) Mobile Safari/537.36 (compatible; PetalBot;+https://webmaster.petalsearch.com/site/petalbot)','YTo0OntzOjY6Il90b2tlbiI7czo0MDoieXg3RDB6Q0hwU003NjZQeWRDN09UVTJ5aFJTcVFZVU44Y1FPT1pIQiI7czozOiJ1cmwiO2E6MTp7czo4OiJpbnRlbmRlZCI7czozOToiaHR0cDovL3Nvb2ZyYS5uZXQvd2F0Y2gvbW92aWUvaWZyYW1lLzQxIjt9czo5OiJfcHJldmlvdXMiO2E6MTp7czozOiJ1cmwiO3M6Mjk6Imh0dHA6Ly9zb29mcmEubmV0L3N1ZGFuaWxvZ2luIjt9czo2OiJfZmxhc2giO2E6Mjp7czozOiJvbGQiO2E6MDp7fXM6MzoibmV3IjthOjA6e319fQ==',1737325857),('j7TI4jnn4wXpX5gKCnXkMr4osB24aASlbMISCgul',NULL,'196.202.151.8','Go-http-client/1.1','YToyOntzOjY6Il90b2tlbiI7czo0MDoiR0M5NEFjQW1mNFp5elQyS1E0N0ZtV1I0d2pVN2Y4MXJoY1VaRGNxSSI7czo2OiJfZmxhc2giO2E6Mjp7czozOiJvbGQiO2E6MDp7fXM6MzoibmV3IjthOjA6e319fQ==',1737327232),('jBlsTVcRDoIev3MTSWGKVCo4dPBTw2kiTimvZ7bM',NULL,'196.202.151.8','Go-http-client/1.1','YToyOntzOjY6Il90b2tlbiI7czo0MDoiSTBlMXVtRUczcm54djNoWFAyajhvclJiSlpNMEhicDYwOFdOdTZHdyI7czo2OiJfZmxhc2giO2E6Mjp7czozOiJvbGQiO2E6MDp7fXM6MzoibmV3IjthOjA6e319fQ==',1737321369),('jgjtGILHd8KD0PBneDnUuAOHyLhAouCi5mMr7cxT',NULL,'66.249.65.236','Mozilla/5.0 (compatible; Googlebot/2.1; +http://www.google.com/bot.html)','YTo0OntzOjY6Il90b2tlbiI7czo0MDoicmRHc2hTdlhackg3QnNyRkg2ZTlFVkZVSHRYZmRBSnNSZG9Gdm9DNiI7czoxNjoiY2hhbmdlZF9sYW5ndWFnZSI7czoyOiJhciI7czo5OiJfcHJldmlvdXMiO2E6MTp7czozOiJ1cmwiO3M6MzE6Imh0dHA6Ly9zb29mcmEubmV0L2d1ZXN0L2Fscnl5c3kiO31zOjY6Il9mbGFzaCI7YToyOntzOjM6Im9sZCI7YTowOnt9czozOiJuZXciO2E6MDp7fX19',1737322556),('jgWiDR7dg68OpehkFWtjcalnboCltagTPVTvhssg',NULL,'196.202.151.8','Go-http-client/1.1','YToyOntzOjY6Il90b2tlbiI7czo0MDoic1VVWUZrb0NwWDZOOVdLS0dCZVpnVjZpeU9aQ1FwQ05RcVExWmpTcCI7czo2OiJfZmxhc2giO2E6Mjp7czozOiJvbGQiO2E6MDp7fXM6MzoibmV3IjthOjA6e319fQ==',1737320662),('JHwAc5O3ScjHhfudXm7g2SjB7SdksLpVS8njZEPQ',NULL,'196.202.151.8','Go-http-client/1.1','YToyOntzOjY6Il90b2tlbiI7czo0MDoid01MaER5bGJ6YmJVYWlEVTdIZ3hpMXR2MmF3eklxWmRYeTh5TFVWTCI7czo2OiJfZmxhc2giO2E6Mjp7czozOiJvbGQiO2E6MDp7fXM6MzoibmV3IjthOjA6e319fQ==',1737330464),('JNKQUP841fVowc2W8RT09x3UQnlUk3o1sQ7TMTZJ',NULL,'196.202.151.8','Go-http-client/1.1','YToyOntzOjY6Il90b2tlbiI7czo0MDoiQlJiWFpPa2hka3NhT2JiZjhPajVqY1NydVI5MXQ3S1pKbFdQS1FJSCI7czo2OiJfZmxhc2giO2E6Mjp7czozOiJvbGQiO2E6MDp7fXM6MzoibmV3IjthOjA6e319fQ==',1737323348),('JqRVbyhNb3GneOXX9N9Pjks1ytl01a8OFflVpetk',NULL,'196.202.151.8','Go-http-client/1.1','YToyOntzOjY6Il90b2tlbiI7czo0MDoid25lODdoM1YxRzRGckg5YXZxa1R3clZOZnNHR0Y5ZHlEYTRuMktDMSI7czo2OiJfZmxhc2giO2E6Mjp7czozOiJvbGQiO2E6MDp7fXM6MzoibmV3IjthOjA6e319fQ==',1737327111),('Jr3FIkGaEzm7KQ84tubHzdgbvBhiHYAMJHP3f8D9',NULL,'196.202.151.8','Go-http-client/1.1','YToyOntzOjY6Il90b2tlbiI7czo0MDoiRnNIblI3b3BHb3BwM2ZGcWowV1V1T083RmFMeVg4QUZCRUl2eDUwQyI7czo2OiJfZmxhc2giO2E6Mjp7czozOiJvbGQiO2E6MDp7fXM6MzoibmV3IjthOjA6e319fQ==',1737321086),('jT90OSOQbRQ13UA9bsFr60KPRLQ96EPgyVgsyOPC',NULL,'114.119.134.178','Mozilla/5.0 (Linux; Android 7.0;) AppleWebKit/537.36 (KHTML, like Gecko) Mobile Safari/537.36 (compatible; PetalBot;+https://webmaster.petalsearch.com/site/petalbot)','YTo0OntzOjY6Il90b2tlbiI7czo0MDoiY1VIVVJ4WlhvdnZYVDFaV3JJVVRqUmgzanNZdkNnMTdVQUU3NlN6ViI7czoxNjoiY2hhbmdlZF9sYW5ndWFnZSI7czoyOiJhciI7czo5OiJfcHJldmlvdXMiO2E6MTp7czozOiJ1cmwiO3M6MzE6Imh0dHA6Ly9zb29mcmEubmV0L2d1ZXN0L2Fscnl5c3kiO31zOjY6Il9mbGFzaCI7YToyOntzOjM6Im9sZCI7YTowOnt9czozOiJuZXciO2E6MDp7fX19',1737326152),('jweVDl2Bn9KK24bMUrmlaTsTaX87KRUcBnL7lL3j',NULL,'196.202.151.8','Go-http-client/1.1','YToyOntzOjY6Il90b2tlbiI7czo0MDoidUxyZnVLT3dzNHFicnNkZENLTHNUYnVBR00xYjJUcVdKVm5MQWFTaCI7czo2OiJfZmxhc2giO2E6Mjp7czozOiJvbGQiO2E6MDp7fXM6MzoibmV3IjthOjA6e319fQ==',1737321551),('jwWx7HIjSuMgZyaUmxYKfYcrisVn0s1WFgIz2ziN',NULL,'196.202.151.8','Go-http-client/1.1','YToyOntzOjY6Il90b2tlbiI7czo0MDoiaHZuT1Q4Rm5FTUFYRVFhVGxUTEVsUUEyR1VnellyamhXUnpFTHlsbSI7czo2OiJfZmxhc2giO2E6Mjp7czozOiJvbGQiO2E6MDp7fXM6MzoibmV3IjthOjA6e319fQ==',1737328665),('K2ngo7DikjgWLoN1OLqsU2ESI8s8QhP2PUsnnF5B',NULL,'196.202.151.8','Go-http-client/1.1','YToyOntzOjY6Il90b2tlbiI7czo0MDoid0FISzdBN1ZTR3JoR09MYTZ0a0g1alJSREVUbHV6RWVINzhOYWpmciI7czo2OiJfZmxhc2giO2E6Mjp7czozOiJvbGQiO2E6MDp7fXM6MzoibmV3IjthOjA6e319fQ==',1737321288),('KJApkWvXPfXxJjAjBkPiLol0mi5QANrgUOFYkypZ',NULL,'196.202.151.8','Go-http-client/1.1','YToyOntzOjY6Il90b2tlbiI7czo0MDoiVFd1RVhrMkhQeWU0YTBGN2ZqMUV0MGlpcTZBOVZJQ01DVDJTOHJmUyI7czo2OiJfZmxhc2giO2E6Mjp7czozOiJvbGQiO2E6MDp7fXM6MzoibmV3IjthOjA6e319fQ==',1737320703),('Kks8QOtXJAnjeTJTTB6aVcpBJrwz4DFF1LWCtj2p',NULL,'5.255.231.105','Mozilla/5.0 (compatible; YandexBot/3.0; +http://yandex.com/bots)','YTo0OntzOjY6Il90b2tlbiI7czo0MDoibGhRck9YSGVvWW0xbjhEcG1yQWpiRFJxWE5jeWhRd2Jha08zVDlKNiI7czoxNjoiY2hhbmdlZF9sYW5ndWFnZSI7czoyOiJhciI7czo5OiJfcHJldmlvdXMiO2E6MTp7czozOiJ1cmwiO3M6NjA6Imh0dHBzOi8vc29vZnJhLm5ldC9tb3ZpZS9ndWVzdC9kZXRhaWwva3JhdC1hbGxobS1tYWEtYWxidGF0cyI7fXM6NjoiX2ZsYXNoIjthOjI6e3M6Mzoib2xkIjthOjA6e31zOjM6Im5ldyI7YTowOnt9fX0=',1737324310),('KLrpWYtAYEbA7DCE5luTK696geQXApkeeKinJD1D',NULL,'196.202.151.8','Go-http-client/1.1','YToyOntzOjY6Il90b2tlbiI7czo0MDoiMTNjOFl0bEpCbU92ZUFxQm9TNzM0TnRtQUFpZDFqMFFhZUdGem1YayI7czo2OiJfZmxhc2giO2E6Mjp7czozOiJvbGQiO2E6MDp7fXM6MzoibmV3IjthOjA6e319fQ==',1737319811),('Km3aUBSmFNcXGhGIFLW1c1S6xR1Zpqw1PRHAFOGf',NULL,'196.202.151.8','Go-http-client/1.1','YToyOntzOjY6Il90b2tlbiI7czo0MDoiSzNwQWdIVTNXVEhPbFlVYXVGZWg2MUJHZXFkVEM2N01wQkRSWXVXWCI7czo2OiJfZmxhc2giO2E6Mjp7czozOiJvbGQiO2E6MDp7fXM6MzoibmV3IjthOjA6e319fQ==',1737330242),('kqJQxsPqOKzobyeMdVl4lxNIvXSDmqM70q8w1SiU',NULL,'196.202.151.8','Go-http-client/1.1','YToyOntzOjY6Il90b2tlbiI7czo0MDoib3dYSjNXQkdRcWJndEo0NUhWd3dkeENnd2ppYjZQS280M1F1aldrSSI7czo2OiJfZmxhc2giO2E6Mjp7czozOiJvbGQiO2E6MDp7fXM6MzoibmV3IjthOjA6e319fQ==',1737320540),('Kuk71oQNNrdUi8SxEl4YaqYHgVSDp8vZJeXXEa3Q',NULL,'196.202.151.8','Go-http-client/1.1','YToyOntzOjY6Il90b2tlbiI7czo0MDoiUmpGM0hZY3hkbmo4YnBiMGxtTzFRZmRZTUtZNzI4M0VZRFA0d1BHTiI7czo2OiJfZmxhc2giO2E6Mjp7czozOiJvbGQiO2E6MDp7fXM6MzoibmV3IjthOjA6e319fQ==',1737327615),('KxysoRq5Wtdsijgx1OFIrhCzlowSZi7Y0p8LDghx',NULL,'196.202.151.8','Go-http-client/1.1','YToyOntzOjY6Il90b2tlbiI7czo0MDoidVFvQm94VWc3V3B6V2FVbVU2WEJIaWpneldyTks4NFhmNlFJV1ZxQyI7czo2OiJfZmxhc2giO2E6Mjp7czozOiJvbGQiO2E6MDp7fXM6MzoibmV3IjthOjA6e319fQ==',1737321713),('kZSyn36H1e9FPbgywmuzhezncb5HkWO5puVhnsgw',NULL,'196.202.151.8','Go-http-client/1.1','YToyOntzOjY6Il90b2tlbiI7czo0MDoiaDZqVTM1WXB5VUZtZ2dKcUNkNEdDOTBQcVN2bjlwUFVBQWs0YXRsZyI7czo2OiJfZmxhc2giO2E6Mjp7czozOiJvbGQiO2E6MDp7fXM6MzoibmV3IjthOjA6e319fQ==',1737322555),('L33m0hUclNZX2AbZO4eFS6DF0rT4KsHPT4ZHk2xx',NULL,'196.202.151.8','Go-http-client/1.1','YToyOntzOjY6Il90b2tlbiI7czo0MDoiNHJ2WkphZkMwbEVkZ2x0NEgwRHhDaDZkU2FKMjNQZzFCblNoTjRYYSI7czo2OiJfZmxhc2giO2E6Mjp7czozOiJvbGQiO2E6MDp7fXM6MzoibmV3IjthOjA6e319fQ==',1737325808),('L3pnnvMjDeccw0KK2OGXiyQ00Lu9SHbKJya6GQKb',NULL,'196.202.151.8','Go-http-client/1.1','YToyOntzOjY6Il90b2tlbiI7czo0MDoiRHhmeWYzNndvVnliNm5iUGJBUG50cEdKbENTZWhaaWhPTzdwVW5jcyI7czo2OiJfZmxhc2giO2E6Mjp7czozOiJvbGQiO2E6MDp7fXM6MzoibmV3IjthOjA6e319fQ==',1737328163),('lhQcKU5lQffvP5sPQjBVvaBnoIRSZTyOl3OT2sUF',NULL,'196.202.151.8','Go-http-client/1.1','YToyOntzOjY6Il90b2tlbiI7czo0MDoiMmxFM3doWnJ0NGFGTEhoclc1SjBvMXl6OURiV0NXVlgxRVV6dkM4NSI7czo2OiJfZmxhc2giO2E6Mjp7czozOiJvbGQiO2E6MDp7fXM6MzoibmV3IjthOjA6e319fQ==',1737327922),('lkB3ikmgM8wSntqXu16oKMbaKxP2Z0T6FUBKE2sv',NULL,'196.202.151.8','Go-http-client/1.1','YToyOntzOjY6Il90b2tlbiI7czo0MDoiNGp3YU5tRUE1S09BaXNRZ3lIeDF5Z1JpQzRxN1RkSDhXR1lPcTBNbiI7czo2OiJfZmxhc2giO2E6Mjp7czozOiJvbGQiO2E6MDp7fXM6MzoibmV3IjthOjA6e319fQ==',1737320317),('Lv8KRj7U28ezjQ7pGKFo1S45KKmxyRSPRsjMsvnM',NULL,'196.202.151.8','Go-http-client/1.1','YToyOntzOjY6Il90b2tlbiI7czo0MDoiU2N4NDhCa2lNZUNGN3lMOThsY1NpNEdiMElRQkVtUTNocUd2TUVSNyI7czo2OiJfZmxhc2giO2E6Mjp7czozOiJvbGQiO2E6MDp7fXM6MzoibmV3IjthOjA6e319fQ==',1737320216),('lXMPkE8SZNGRhgGpyaOMDDrjSLOm3eMr2GtzMv5Q',NULL,'196.202.151.8','Go-http-client/1.1','YToyOntzOjY6Il90b2tlbiI7czo0MDoidjFSTDZiWnllWlNqT0xJcDU2S2tWd0Y5VFBEb040RWtYWHBaN0tQbCI7czo2OiJfZmxhc2giO2E6Mjp7czozOiJvbGQiO2E6MDp7fXM6MzoibmV3IjthOjA6e319fQ==',1737320682),('m2xbaRpq5ZjojopSLcaTOi7JIliWWbPfGZOM9qEy',NULL,'196.202.151.8','Go-http-client/1.1','YToyOntzOjY6Il90b2tlbiI7czo0MDoiczlxelQ5YVRyTlM1blNNOTJTejl3YUZEUFo3c09HNnNDM1dlMjd1SSI7czo2OiJfZmxhc2giO2E6Mjp7czozOiJvbGQiO2E6MDp7fXM6MzoibmV3IjthOjA6e319fQ==',1737323328),('M3udJo2y3WIMdAZDpstdjV4dFkW3cZr9vlqtXjbu',NULL,'196.202.151.8','Go-http-client/1.1','YToyOntzOjY6Il90b2tlbiI7czo0MDoiTjJVNU50S0ljOEVWMlp0dXVJVGx0bXhBU2ZYMHNzdFd6anAwOW92QSI7czo2OiJfZmxhc2giO2E6Mjp7czozOiJvbGQiO2E6MDp7fXM6MzoibmV3IjthOjA6e319fQ==',1737325787),('MiL0vqNWYhVwrnCMI4cTkNuxWrhvJqTzHoga5H30',NULL,'196.202.151.8','Go-http-client/1.1','YToyOntzOjY6Il90b2tlbiI7czo0MDoiU0Z2Nko3c25KWkNwQWswdnZIRDN5VnZjdGU2aGZHa3NLWmV3cWxGdyI7czo2OiJfZmxhc2giO2E6Mjp7czozOiJvbGQiO2E6MDp7fXM6MzoibmV3IjthOjA6e319fQ==',1737325404),('Mm6pmWSTdGMwV7GY3ZWtHziwE7da4wposSayYIQW',NULL,'196.202.151.8','Go-http-client/1.1','YToyOntzOjY6Il90b2tlbiI7czo0MDoiY0h5SkRsN0s4djhYd3I0Z2liU1RDNkI2S041bGFGaHBpeHFLWU9hWiI7czo2OiJfZmxhc2giO2E6Mjp7czozOiJvbGQiO2E6MDp7fXM6MzoibmV3IjthOjA6e319fQ==',1737323328),('mnCUPQWhZweNF71QI95Kfxd4ySH1k8oYS6i8Z3mj',NULL,'196.202.151.8','Go-http-client/1.1','YToyOntzOjY6Il90b2tlbiI7czo0MDoiMVE5MEhFc3ZlVWRnTVFJRGVmb2hDTGZza2hIdDJFQUNGT2YwR1BuTiI7czo2OiJfZmxhc2giO2E6Mjp7czozOiJvbGQiO2E6MDp7fXM6MzoibmV3IjthOjA6e319fQ==',1737326325),('MvA1WRvwJFxnNNjaavD4XrY7bcWFNesk1nRNDej0',NULL,'196.202.151.8','Go-http-client/1.1','YToyOntzOjY6Il90b2tlbiI7czo0MDoiQmw4cmdvaENFbGVRYXNjZDZUaUNDdER4c3N3UnM2V3AxZ3pSaldSQSI7czo2OiJfZmxhc2giO2E6Mjp7czozOiJvbGQiO2E6MDp7fXM6MzoibmV3IjthOjA6e319fQ==',1737321591),('MvCPjC2SDAUeccpjz7EcbquU993PeJGdT9Prx4E7',NULL,'196.202.151.8','Go-http-client/1.1','YToyOntzOjY6Il90b2tlbiI7czo0MDoieU1HTmVWbWdjRWkzS2R6REhCODBTdzdZakdiajFVV2J2OWMzS2xLNiI7czo2OiJfZmxhc2giO2E6Mjp7czozOiJvbGQiO2E6MDp7fXM6MzoibmV3IjthOjA6e319fQ==',1737321874),('MzEnk7zFSjWNL35NFtrsAfXyYkvEJo8sp3MOneFg',NULL,'196.202.151.8','Go-http-client/1.1','YToyOntzOjY6Il90b2tlbiI7czo0MDoiSEkyRkk0d0NtbGU5bUNIRkRZRUh0YkxUbml0WVNGc2w4QlhaaUVIVCI7czo2OiJfZmxhc2giO2E6Mjp7czozOiJvbGQiO2E6MDp7fXM6MzoibmV3IjthOjA6e319fQ==',1737322583),('N5dxx9tVsVU1pSzWqUhZv6tQfLftE3zbqclh8kHq',NULL,'196.202.151.8','Go-http-client/1.1','YToyOntzOjY6Il90b2tlbiI7czo0MDoiOWFhaHYybG1TM2l2TktKbktnUVJ3cEF1VTN5NmxhRFZraHF6TlJoaCI7czo2OiJfZmxhc2giO2E6Mjp7czozOiJvbGQiO2E6MDp7fXM6MzoibmV3IjthOjA6e319fQ==',1737326447),('NCi40etsabpWc8kqfSm26d2yzFZrwWdSH1Azu3XE',NULL,'196.202.151.8','Go-http-client/1.1','YToyOntzOjY6Il90b2tlbiI7czo0MDoiTU5LZHJ6cnpKbTNmZ3dMd2diNks3eExsNTRqNktjMWN5bHFnYm1vRSI7czo2OiJfZmxhc2giO2E6Mjp7czozOiJvbGQiO2E6MDp7fXM6MzoibmV3IjthOjA6e319fQ==',1737322663),('NdgIh3tXd89kKmULM2uPuXD2oGolzX2Ia8jnO4Iz',NULL,'196.202.151.8','Go-http-client/1.1','YToyOntzOjY6Il90b2tlbiI7czo0MDoiRFJURk5BNU1mMlo5MVB5Q3pRT0U4SGR2WXoxNGlvNENmQlA1ck9LOSI7czo2OiJfZmxhc2giO2E6Mjp7czozOiJvbGQiO2E6MDp7fXM6MzoibmV3IjthOjA6e319fQ==',1737322764),('ng7BUJiOtXN1KhRTkEbnl28PLeoaruHCn0mdXBKy',NULL,'196.202.151.8','Go-http-client/1.1','YToyOntzOjY6Il90b2tlbiI7czo0MDoiamhYVnpSRThZck9rRTR3MEQ0cGt5NFFrcTVVRENkZjZYd25TSWdKaCI7czo2OiJfZmxhc2giO2E6Mjp7czozOiJvbGQiO2E6MDp7fXM6MzoibmV3IjthOjA6e319fQ==',1737321450),('nn81EKkjsfAhLcuK49AeSnqIYypqif2OHN1ZrqdL',NULL,'196.202.151.8','Go-http-client/1.1','YToyOntzOjY6Il90b2tlbiI7czo0MDoiTVR3VURvZGVUeUdjRXBid0Y4eDM3MUFRSkwyOXQybXdsTU53bVp2TiI7czo2OiJfZmxhc2giO2E6Mjp7czozOiJvbGQiO2E6MDp7fXM6MzoibmV3IjthOjA6e319fQ==',1737320175),('nNP9clDl3gYsisnEOHDXxkPdar9dTGaiiDL6Xv7P',NULL,'196.202.151.8','Go-http-client/1.1','YToyOntzOjY6Il90b2tlbiI7czo0MDoiQ2JMMHJhYlFWZW5mODR6Q0daRWZqeG1DMnJaZHJ0Q3cxSFo2a3hPZyI7czo2OiJfZmxhc2giO2E6Mjp7czozOiJvbGQiO2E6MDp7fXM6MzoibmV3IjthOjA6e319fQ==',1737324803),('nWTe0jViC6UJjWsTP9goJp9yH2EcWarMkwiYHDQl',NULL,'196.202.151.8','Go-http-client/1.1','YToyOntzOjY6Il90b2tlbiI7czo0MDoicTdIa2NQa1l3SktVa1FpeUk2T2ljMTNyblo3S3RWZDJJRVJ0NW9RVCI7czo2OiJfZmxhc2giO2E6Mjp7czozOiJvbGQiO2E6MDp7fXM6MzoibmV3IjthOjA6e319fQ==',1737321107),('o0QKIo0Vv2AHxbpYtddKhFP6RZrKg5Tq6sYuEGkB',NULL,'196.202.151.8','Go-http-client/1.1','YToyOntzOjY6Il90b2tlbiI7czo0MDoiRnk3eTFVcFlCQkRsb3NKcGVhVTdqUFZpT1N5T3UwZ3h2QnYwQ3Y0ZiI7czo2OiJfZmxhc2giO2E6Mjp7czozOiJvbGQiO2E6MDp7fXM6MzoibmV3IjthOjA6e319fQ==',1737320419),('O4Y5AJUIGyw7K1rcGCyGBPwlucER2wsj2nB33Zyq',NULL,'196.202.151.8','Go-http-client/1.1','YToyOntzOjY6Il90b2tlbiI7czo0MDoieUthUnlvWXJHV3ZPZGhHTVFnSzdlZnJTNXZLckZoWlpmVzh3Q1VoRSI7czo2OiJfZmxhc2giO2E6Mjp7czozOiJvbGQiO2E6MDp7fXM6MzoibmV3IjthOjA6e319fQ==',1737326668),('O7OCvyhHtcsLPzuuFbyNUkCzHjq0Aqk4cK1WaDv5',NULL,'196.202.151.8','Go-http-client/1.1','YToyOntzOjY6Il90b2tlbiI7czo0MDoiUHdMazlleG9kb1J4U1ppa1RvazNZOUV1ZnhiNk92WHcxbGZYTldEOSI7czo2OiJfZmxhc2giO2E6Mjp7czozOiJvbGQiO2E6MDp7fXM6MzoibmV3IjthOjA6e319fQ==',1737322744),('OBjs7PFYqIoHR5ZG3bu55BLQX2oyKFPhyY3S8rY6',NULL,'196.202.151.8','Go-http-client/1.1','YToyOntzOjY6Il90b2tlbiI7czo0MDoiV0Z5c3lmOE1aTDRjNVFYRXJOelpKV0JuMWdqV3lSZHUwT0k4bXM0dSI7czo2OiJfZmxhc2giO2E6Mjp7czozOiJvbGQiO2E6MDp7fXM6MzoibmV3IjthOjA6e319fQ==',1737321349),('OGvnJwyv2lcF5nl6PoQRHehEW7Cqm3GEkO828f3p',NULL,'196.202.151.8','Go-http-client/1.1','YToyOntzOjY6Il90b2tlbiI7czo0MDoidHloODZHZkFVRFZ4MVJ3WnhKamtIWERNSlpnUTQzYmVGV3RNZU1XYiI7czo2OiJfZmxhc2giO2E6Mjp7czozOiJvbGQiO2E6MDp7fXM6MzoibmV3IjthOjA6e319fQ==',1737325868),('oq4eITq3vE19vuY2NOGxA5u8OpN6tYRgeO1SZJ4n',NULL,'196.202.151.8','Go-http-client/1.1','YToyOntzOjY6Il90b2tlbiI7czo0MDoiaGlOTU03V0puRHc0cUtUMjIzb0dnZGNGM3FMUVZhM1FORUJVN0p1SSI7czo2OiJfZmxhc2giO2E6Mjp7czozOiJvbGQiO2E6MDp7fXM6MzoibmV3IjthOjA6e319fQ==',1737326123),('os4L9iBobL3554dyvWagEl36SQPJkltFhjNhOjG1',NULL,'196.202.151.8','Go-http-client/1.1','YToyOntzOjY6Il90b2tlbiI7czo0MDoicjdWZ21oT2RySVhpZ3RVZjVSV245WXVPd0RSbTB4QTFNeThvRHlQRCI7czo2OiJfZmxhc2giO2E6Mjp7czozOiJvbGQiO2E6MDp7fXM6MzoibmV3IjthOjA6e319fQ==',1737320317),('owshu3Yx0WpPD5q39fMZZuBnTGulwzIaZOrl4H1s',NULL,'196.202.151.8','Go-http-client/1.1','YToyOntzOjY6Il90b2tlbiI7czo0MDoiWHNKdzRtenAyRmlvd2E5SXBrSnF5WjZJT2F3VGwwNjYwTE9PRWN6VSI7czo2OiJfZmxhc2giO2E6Mjp7czozOiJvbGQiO2E6MDp7fXM6MzoibmV3IjthOjA6e319fQ==',1737327656),('ox86FzArKyTQt200krcep3a0Gxhf2f80SUwM1RFa',NULL,'196.202.151.8','Go-http-client/1.1','YToyOntzOjY6Il90b2tlbiI7czo0MDoiN3g4Q1dnQXp5bXN3cThaNUVMRHBwRm5YY05XcVhoTmNEZnFYb09yayI7czo2OiJfZmxhc2giO2E6Mjp7czozOiJvbGQiO2E6MDp7fXM6MzoibmV3IjthOjA6e319fQ==',1737321450),('P1qySvurvStI7JaMMX7mHlexoMuLkzCKp2IDVHQ8',NULL,'114.119.143.226','Mozilla/5.0 (Linux; Android 7.0;) AppleWebKit/537.36 (KHTML, like Gecko) Mobile Safari/537.36 (compatible; PetalBot;+https://webmaster.petalsearch.com/site/petalbot)','YTo0OntzOjY6Il90b2tlbiI7czo0MDoiQkY5RE15ZFBDS1J5Ukc4VXR0dUhNZUhCc3VjYW5UaWRFRWRWMlRTeiI7czoxNjoiY2hhbmdlZF9sYW5ndWFnZSI7czoyOiJhciI7czo5OiJfcHJldmlvdXMiO2E6MTp7czozOiJ1cmwiO3M6NDI6Imh0dHBzOi8vc29vZnJhLm5ldC9zaG93L2FsbC9ndWVzdC9nZW5yZXMvNSI7fXM6NjoiX2ZsYXNoIjthOjI6e3M6Mzoib2xkIjthOjA6e31zOjM6Im5ldyI7YTowOnt9fX0=',1737322215),('p7kMyLaLXqAys47ui4I3IAiNDysAw9IfOWXgoMm1',NULL,'196.202.151.8','Go-http-client/1.1','YToyOntzOjY6Il90b2tlbiI7czo0MDoiWldJQVozR1l6d040YW5FWDZ2eWVHbEhJbUZHOUlYaEhvck9TTWp0SCI7czo2OiJfZmxhc2giO2E6Mjp7czozOiJvbGQiO2E6MDp7fXM6MzoibmV3IjthOjA6e319fQ==',1737327474),('p8fTE2ng9NiPmApEfHQ5WjXkKdcqqjcz5LIDgfOS',NULL,'196.202.151.8','Go-http-client/1.1','YToyOntzOjY6Il90b2tlbiI7czo0MDoiM3dRZDRwSEpWemxEUmhjMFY1a2R4RGp3TWplQkswckRaWXhHQ1Y2MCI7czo2OiJfZmxhc2giO2E6Mjp7czozOiJvbGQiO2E6MDp7fXM6MzoibmV3IjthOjA6e319fQ==',1737325526),('pcdAt3S3on7d7Vxe33OVqAqv3StP56uKFNDOwlHx',NULL,'196.202.151.8','Go-http-client/1.1','YToyOntzOjY6Il90b2tlbiI7czo0MDoiRGloSjMybWZmS2FTR2wxYmh2SXp6UG5VbklVZWoyd0JwNmh5UUhwVCI7czo2OiJfZmxhc2giO2E6Mjp7czozOiJvbGQiO2E6MDp7fXM6MzoibmV3IjthOjA6e319fQ==',1737328324),('pMEsJRMZw7QEfgVUWmIF7b1JNrD3XMLiEAdbpHrE',NULL,'196.202.151.8','Go-http-client/1.1','YToyOntzOjY6Il90b2tlbiI7czo0MDoiZXZJc3RGNFZrWXpDN09tazFCYUh4cmRGNm83Y3o3c3FSMkp4UFhWSyI7czo2OiJfZmxhc2giO2E6Mjp7czozOiJvbGQiO2E6MDp7fXM6MzoibmV3IjthOjA6e319fQ==',1737327615),('pZffYXj7b4vh1Kabf5VIPtT02miEu3c1M0aqYoLC',NULL,'196.202.151.8','Go-http-client/1.1','YToyOntzOjY6Il90b2tlbiI7czo0MDoiNTRYZXFtRWg1ODdsemdFMkMyWFlLSjRBRTJxU0tKazJmZUhxckxnWCI7czo2OiJfZmxhc2giO2E6Mjp7czozOiJvbGQiO2E6MDp7fXM6MzoibmV3IjthOjA6e319fQ==',1737321066),('Q3dXwDahC8NsI1VtiBk9Kd2ckE74H4295T2wJLlN',NULL,'196.202.151.8','Go-http-client/1.1','YToyOntzOjY6Il90b2tlbiI7czo0MDoiNHdncGZXc0x5d2p4QjdTS3NXamt1d1lVYlA4emxmc1FhRDBhM0F1bSI7czo2OiJfZmxhc2giO2E6Mjp7czozOiJvbGQiO2E6MDp7fXM6MzoibmV3IjthOjA6e319fQ==',1737323490),('Q7rL6boEgDboik8nn4k3Uqh1ygto4UjpCe3L5tFq',NULL,'111.7.106.105','Mozilla/5.0 (Macintosh; Intel Mac OS X 11_0_0) AppleWebKit/537.36 (KHTML, like Gecko) Chrome/87.0.4280.88 Safari/537.36','YTo0OntzOjY6Il90b2tlbiI7czo0MDoiMlNMeXlDMkI0cDd0cnlNbWJPZnhwbEpNTU5LeUFNUlhzTERBcEFLaSI7czoxNjoiY2hhbmdlZF9sYW5ndWFnZSI7czoyOiJhciI7czo5OiJfcHJldmlvdXMiO2E6MTp7czozOiJ1cmwiO3M6MjE6Imh0dHA6Ly93d3cuc29vZnJhLm5ldCI7fXM6NjoiX2ZsYXNoIjthOjI6e3M6Mzoib2xkIjthOjA6e31zOjM6Im5ldyI7YTowOnt9fX0=',1737326428),('Qe8qvG7iVmSP0TA3PGP5CnIzbLXW8LJ5ejcLZqR4',NULL,'196.202.151.8','Go-http-client/1.1','YToyOntzOjY6Il90b2tlbiI7czo0MDoiUXQwN3RwSWUydEhXVG1ENWIxVXFiYlJkbWlrV3pvZDVLWlJUVFk3ViI7czo2OiJfZmxhc2giO2E6Mjp7czozOiJvbGQiO2E6MDp7fXM6MzoibmV3IjthOjA6e319fQ==',1737327232),('QEcjtigRlY6b8Opo0WkriMqDdjckexowpV9Hlv1k',NULL,'196.202.151.8','Go-http-client/1.1','YToyOntzOjY6Il90b2tlbiI7czo0MDoiYWNVYzZFekJ0UmZLQTdIcE1tWTJibWhyRnN3UnQ0MWIxSk1ib0p4RyI7czo2OiJfZmxhc2giO2E6Mjp7czozOiJvbGQiO2E6MDp7fXM6MzoibmV3IjthOjA6e319fQ==',1737320095),('qfbyEPgkOJOPRmq9NwzyLXhoYHkmzyqijB1ax7tj',NULL,'196.202.151.8','Go-http-client/1.1','YToyOntzOjY6Il90b2tlbiI7czo0MDoiT0x4d3hUWExGcXVOUTVZbHVZdWdJemJPTFYzOVJpMGRkRFZkNm4zMCI7czo2OiJfZmxhc2giO2E6Mjp7czozOiJvbGQiO2E6MDp7fXM6MzoibmV3IjthOjA6e319fQ==',1737320014),('QmaAepT5EPeYhgsbrFTgXAIdsa6zTYMhQROJExPP',NULL,'196.202.151.8','Go-http-client/1.1','YToyOntzOjY6Il90b2tlbiI7czo0MDoiMkpEOTBPaEJjTEV6R3IwRnFhZk5odmN4eVp3QWhaQlRWUVUxTXZnaSI7czo2OiJfZmxhc2giO2E6Mjp7czozOiJvbGQiO2E6MDp7fXM6MzoibmV3IjthOjA6e319fQ==',1737320985),('QpPoUSGt3bcxYjO6PbtgOtGyOVltDLJEjX1hZNPr',NULL,'196.202.151.8','Go-http-client/1.1','YToyOntzOjY6Il90b2tlbiI7czo0MDoiSzRDMVpsaHZzMU5vVkNvQno4b0EzeWlZZFNPT0lIUVBkUHBXd05BWiI7czo2OiJfZmxhc2giO2E6Mjp7czozOiJvbGQiO2E6MDp7fXM6MzoibmV3IjthOjA6e319fQ==',1737327434),('qUpUJCEdi7VyEcYHFBXHNx1ZS3R2HnTuViamHJzs',NULL,'196.202.151.8','Go-http-client/1.1','YToyOntzOjY6Il90b2tlbiI7czo0MDoiUUpmazluTEx4S2V2d0UzSXRzMDc0M1ZyVlhtSzNDNGlNVUZuWmFtQSI7czo2OiJfZmxhc2giO2E6Mjp7czozOiJvbGQiO2E6MDp7fXM6MzoibmV3IjthOjA6e319fQ==',1737319690),('qZ57pRCXNk8twQ7Hcf39QLdirQg3ynvsA5wprLdg',NULL,'196.202.151.8','Go-http-client/1.1','YToyOntzOjY6Il90b2tlbiI7czo0MDoiemYxbGpSRkE0eWFLVzNHdnNsSndpYXpGSGhJT1RjVGRUc3l0N2NwNyI7czo2OiJfZmxhc2giO2E6Mjp7czozOiJvbGQiO2E6MDp7fXM6MzoibmV3IjthOjA6e319fQ==',1737326265),('R2tf1UmjRkJGr3TBJnEjkIfPO85K0Ajf50kJxpGi',NULL,'196.202.151.8','Go-http-client/1.1','YToyOntzOjY6Il90b2tlbiI7czo0MDoiWVhrUUdPdnVReDFmODgxY0lvdXBHTU1yQVRpUE9NbWh3dE16OU9nYSI7czo2OiJfZmxhc2giO2E6Mjp7czozOiJvbGQiO2E6MDp7fXM6MzoibmV3IjthOjA6e319fQ==',1737326083),('R5qUO0ggva07uAwn4YdDaBd0c2Ny7Zb377kxPspY',NULL,'196.202.151.8','Go-http-client/1.1','YToyOntzOjY6Il90b2tlbiI7czo0MDoiU3hZakJLTjNSeDlHWUdUS3pGVm9tZzhkdU1GcDFXdmJvSVZrTzBDeCI7czo2OiJfZmxhc2giO2E6Mjp7czozOiJvbGQiO2E6MDp7fXM6MzoibmV3IjthOjA6e319fQ==',1737323992),('rf2tHNT53kGLmANYfnGi92WBS9kSykHRlpSdDZa6',NULL,'196.202.151.8','Go-http-client/1.1','YToyOntzOjY6Il90b2tlbiI7czo0MDoicVQwUFkzUWVrd2Z6VEhYcHdqTm9VQVJvdGVLcEhTQWtGVDlQSUUyVCI7czo2OiJfZmxhc2giO2E6Mjp7czozOiJvbGQiO2E6MDp7fXM6MzoibmV3IjthOjA6e319fQ==',1737323731),('RjMowjO7j5j0ZGrB2lxaE3UGxtM23fPxsI3Irqo8',NULL,'196.202.151.8','Go-http-client/1.1','YToyOntzOjY6Il90b2tlbiI7czo0MDoiVWRQUmlYOFprZm5RVFdCVVFzSXdHWHoxTnZtRFR0cFI5NWdDNEZMMSI7czo2OiJfZmxhc2giO2E6Mjp7czozOiJvbGQiO2E6MDp7fXM6MzoibmV3IjthOjA6e319fQ==',1737326042),('rtngyTvPJ6IqRjKGZI2HVXNSF4u2RzamE5crn8ci',NULL,'196.202.151.8','Go-http-client/1.1','YToyOntzOjY6Il90b2tlbiI7czo0MDoieUNwMndkZlRkZEppeGp5VFNVZDRkOFZEQWNFeVFHRDF5a0VHREFtVSI7czo2OiJfZmxhc2giO2E6Mjp7czozOiJvbGQiO2E6MDp7fXM6MzoibmV3IjthOjA6e319fQ==',1737329166),('Ry3sUz9xUiBtgWxWG6xa5ekBULdYkComIsWCfI0v',NULL,'18.116.205.62','Mozilla/5.0+(compatible; UptimeRobot/2.0; http://www.uptimerobot.com/)','YTozOntzOjY6Il90b2tlbiI7czo0MDoib0NCa0wzdGJvZHhQVmFWdkZSeGp0MlNNRWFZTFdZdnM3RWRQY1hubSI7czoxNjoiY2hhbmdlZF9sYW5ndWFnZSI7czoyOiJhciI7czo2OiJfZmxhc2giO2E6Mjp7czozOiJvbGQiO2E6MDp7fXM6MzoibmV3IjthOjA6e319fQ==',1737330279),('S7NG2CpQiuEmoJpZ68tbk7B7jwHtxvDMihAwhGpk',NULL,'196.202.151.8','Go-http-client/1.1','YToyOntzOjY6Il90b2tlbiI7czo0MDoieHVvZ0lrMDNoVVJFYmxOeGNsZXEwMVdTQzhvNUlaVmJoSFVrdWxUTSI7czo2OiJfZmxhc2giO2E6Mjp7czozOiJvbGQiO2E6MDp7fXM6MzoibmV3IjthOjA6e319fQ==',1737320216),('S9PMkdMZMt9uTKrfTCBXMZWZWpuvl8s4W1oZkuFH',NULL,'196.202.151.8','Go-http-client/1.1','YToyOntzOjY6Il90b2tlbiI7czo0MDoidTJpNTJwV3IycW5Ob3RnY1RhTWJwbHdYbE9TR1FmRlFscXh2N2YyMiI7czo2OiJfZmxhc2giO2E6Mjp7czozOiJvbGQiO2E6MDp7fXM6MzoibmV3IjthOjA6e319fQ==',1737326850),('SCNcinDzyPFh4uBV9iYhuPzZwDBPh6zDLIuqR6BN',NULL,'196.202.151.8','Go-http-client/1.1','YToyOntzOjY6Il90b2tlbiI7czo0MDoicnVnT1BFWlVueTZHdGNna2tIbDhFY3BqWWJMTlh2UFRUYXZ6MTY1diI7czo2OiJfZmxhc2giO2E6Mjp7czozOiJvbGQiO2E6MDp7fXM6MzoibmV3IjthOjA6e319fQ==',1737319953),('SFTvikflDIpWzaerrvR0wgSzGOoHnJfKfQpos0s4',NULL,'196.202.151.8','Go-http-client/1.1','YToyOntzOjY6Il90b2tlbiI7czo0MDoiMk9SMENJSEdoSlpicUdtZms4Mm5KbkhzTldLZGg0ZlhLTDdodHhVSiI7czo2OiJfZmxhc2giO2E6Mjp7czozOiJvbGQiO2E6MDp7fXM6MzoibmV3IjthOjA6e319fQ==',1737320964),('sg9fQttViSX5h4ZonNbPbySdtyT24F7wEczB0EIW',NULL,'196.202.151.8','Go-http-client/1.1','YToyOntzOjY6Il90b2tlbiI7czo0MDoiU2FYeVRqSTFHazd0QVk2WG1zek93SEZRNUIxcFdrTFdtelhQa2NXbSI7czo2OiJfZmxhc2giO2E6Mjp7czozOiJvbGQiO2E6MDp7fXM6MzoibmV3IjthOjA6e319fQ==',1737325727),('SJbBYzjCeqhLP5YVNHgvwveXxAeKcqVbEUObGkMl',NULL,'196.202.151.8','Go-http-client/1.1','YToyOntzOjY6Il90b2tlbiI7czo0MDoiQXZwMjFaZTZYRHVwWlZHTk1Bc1k0VXVpYUZxMDlFWUp5YkV1TzVmSyI7czo2OiJfZmxhc2giO2E6Mjp7czozOiJvbGQiO2E6MDp7fXM6MzoibmV3IjthOjA6e319fQ==',1737321046),('sPgMbTdNDyOe8VvTw1YVS6Cl9ToRjkW3UCX1CpWI',NULL,'196.202.151.8','Go-http-client/1.1','YToyOntzOjY6Il90b2tlbiI7czo0MDoiTHNTa2FSNHpHSnc5U1hqVHAzOFBFQzRvT0xrMm1sckdOOExyUEZCRiI7czo2OiJfZmxhc2giO2E6Mjp7czozOiJvbGQiO2E6MDp7fXM6MzoibmV3IjthOjA6e319fQ==',1737322503),('SpRqLoyjxv2RvI4Q3sObGEr1plK3mGNfQcyeVcqo',NULL,'196.202.151.8','Go-http-client/1.1','YToyOntzOjY6Il90b2tlbiI7czo0MDoiMndrQU9ISFV0M1RldGk5VGI5TzJ4M1ZqandsRTltRWdYYXZZVjNzbiI7czo2OiJfZmxhc2giO2E6Mjp7czozOiJvbGQiO2E6MDp7fXM6MzoibmV3IjthOjA6e319fQ==',1737329661),('spUTtfB8Mjdd9Gb3ZKnaro2lRYRBEMuETOjczqy7',NULL,'196.202.151.8','Go-http-client/1.1','YToyOntzOjY6Il90b2tlbiI7czo0MDoiZ3dOQzN4cElGNTZ6RTJuakViajU5UTB3YlV5MDJqNVpGMVl1V1B4WCI7czo2OiJfZmxhc2giO2E6Mjp7czozOiJvbGQiO2E6MDp7fXM6MzoibmV3IjthOjA6e319fQ==',1737320843),('sX7ma7fS6y8gJMGXYZZPhaxyO6a2ffhYF4Wx7hTX',NULL,'196.202.151.8','Go-http-client/1.1','YToyOntzOjY6Il90b2tlbiI7czo0MDoiMDZNSDA4UFFNcElRRTkyOHFxNmlxaVNaTzczcHdqc0I1bmpxSDhibyI7czo2OiJfZmxhc2giO2E6Mjp7czozOiJvbGQiO2E6MDp7fXM6MzoibmV3IjthOjA6e319fQ==',1737325889),('tbuu5M6wHczATNnPmXEn7hTnPNTuccJM1pHNSiAU',NULL,'196.202.151.8','Go-http-client/1.1','YToyOntzOjY6Il90b2tlbiI7czo0MDoiZnNNUkRGcUpKNEZMVXVsRDhERk5Balc1em9uTXI2VkRvQ29hZ09BNSI7czo2OiJfZmxhc2giO2E6Mjp7czozOiJvbGQiO2E6MDp7fXM6MzoibmV3IjthOjA6e319fQ==',1737325687),('TctfWubrfA8WMCkdPJpxIGMxqyfIRBzxOgZ8pZs2',NULL,'196.202.151.8','Go-http-client/1.1','YToyOntzOjY6Il90b2tlbiI7czo0MDoiY2pOVnlGMGRNQWx1T1RSaUZxNFJaS2d6YkpoYmRTUTBXa0NiWXNpUCI7czo2OiJfZmxhc2giO2E6Mjp7czozOiJvbGQiO2E6MDp7fXM6MzoibmV3IjthOjA6e319fQ==',1737320338),('TgopVLHFKDfXzlLroAZ8REajS9TRynj1kf8xbFEd',NULL,'196.202.151.8','Go-http-client/1.1','YToyOntzOjY6Il90b2tlbiI7czo0MDoiWmhoMU5zU3JiZkd4bEFjYW1zMUJXNVR6RmNqTXkzSk5RTkhKbDcyaiI7czo2OiJfZmxhc2giO2E6Mjp7czozOiJvbGQiO2E6MDp7fXM6MzoibmV3IjthOjA6e319fQ==',1737322482),('TIzd9Goi05HptoEXJaP6tPuyf2H4nv7FCzGZICKX',NULL,'196.202.151.8','Go-http-client/1.1','YToyOntzOjY6Il90b2tlbiI7czo0MDoiSDVOVU9SanhuYjNsU3J5ZXRRWnZJTHdmYnlCdEpsVW1NVWF1Wmx2OSI7czo2OiJfZmxhc2giO2E6Mjp7czozOiJvbGQiO2E6MDp7fXM6MzoibmV3IjthOjA6e319fQ==',1737326950),('tkYsxh8FrHncGwyJYv0ZHk02Fr9CPf2DcommqJ6G',NULL,'196.202.151.8','Go-http-client/1.1','YToyOntzOjY6Il90b2tlbiI7czo0MDoiYUxiUDVsdEx2ellMMjNpYTRjNzhVbnlRS1dHVWpiRTFlVVp3bkpkSSI7czo2OiJfZmxhc2giO2E6Mjp7czozOiJvbGQiO2E6MDp7fXM6MzoibmV3IjthOjA6e319fQ==',1737326527),('TSx1LRDfQoXhXyl2SpllAkk2HChQPrzXXy0m95bw',NULL,'196.202.151.8','Go-http-client/1.1','YToyOntzOjY6Il90b2tlbiI7czo0MDoiYU96am9uRzVOelZWd1BQdzVyblNzTHdBeW9vUHNnalJaRHVjYndHYyI7czo2OiJfZmxhc2giO2E6Mjp7czozOiJvbGQiO2E6MDp7fXM6MzoibmV3IjthOjA6e319fQ==',1737321592),('ttWWb0ZGyalA6LZBkbIwBLbvtnyXDpX9cKqEAL8n',NULL,'196.202.151.8','Go-http-client/1.1','YToyOntzOjY6Il90b2tlbiI7czo0MDoiWk1mclJGMmsxUVlORnlSZE5tS0lxaVlQNjd1MnBKMGdKTjMzYllsWiI7czo2OiJfZmxhc2giO2E6Mjp7czozOiJvbGQiO2E6MDp7fXM6MzoibmV3IjthOjA6e319fQ==',1737323651),('tvHWxFibwcd5GQ8weHNTVoyS6pksE87t3fcQnNaH',NULL,'196.202.151.8','Go-http-client/1.1','YToyOntzOjY6Il90b2tlbiI7czo0MDoiMEQzcGxVeWtLaUtiNXFnV3pmQmJhcGU4MVZYb3Z5d1VmVXF4eExaNyI7czo2OiJfZmxhc2giO2E6Mjp7czozOiJvbGQiO2E6MDp7fXM6MzoibmV3IjthOjA6e319fQ==',1737319953),('tYcDZhFL4c0vY3j1SbanbozPnGC1smKTl5Yzg5Kd',NULL,'196.202.151.8','Go-http-client/1.1','YToyOntzOjY6Il90b2tlbiI7czo0MDoiV0hXc2oyWkFMSGlYYjhHQ2l2MVIzZXdjU1FNbEtBeEE2cXlqd2s5cyI7czo2OiJfZmxhc2giO2E6Mjp7czozOiJvbGQiO2E6MDp7fXM6MzoibmV3IjthOjA6e319fQ==',1737324301),('u5lMJtdmcbJsMynJ7jkwQlSxrKbgUTyc43vAYVkO',NULL,'196.202.151.8','Go-http-client/1.1','YToyOntzOjY6Il90b2tlbiI7czo0MDoiNldEdDQ2cVJ0c09ubkhmN2laVXlwR0h5Tld5cnk4emJDbTQzeHk5VyI7czo2OiJfZmxhc2giO2E6Mjp7czozOiJvbGQiO2E6MDp7fXM6MzoibmV3IjthOjA6e319fQ==',1737320439),('uJSqRPLz26TS0Scs8a9FQ0jpyWRGq3VSjXhy0g2f',NULL,'196.202.151.8','Go-http-client/1.1','YToyOntzOjY6Il90b2tlbiI7czo0MDoiTWpLTXFsNlEza1k3SzhrajN5dVl0S1djVXVmOVVTQkxUV2h4Sm9URiI7czo2OiJfZmxhc2giO2E6Mjp7czozOiJvbGQiO2E6MDp7fXM6MzoibmV3IjthOjA6e319fQ==',1737323469),('UL85eWyJj5Y4y1xfvlDsHga2Ye5fkKE0IJM14Lk9',NULL,'196.202.151.8','Go-http-client/1.1','YToyOntzOjY6Il90b2tlbiI7czo0MDoiV0R4Y1RONXlaMFJvRldqMFBiZ2V1M0ZkdjVaVXZBTmU2dmM2OG4wRSI7czo2OiJfZmxhc2giO2E6Mjp7czozOiJvbGQiO2E6MDp7fXM6MzoibmV3IjthOjA6e319fQ==',1737326406),('Um8PZVZSU2gpefGqeUAcKalAjMlCooAJJKRTj5uX',NULL,'196.202.151.8','Go-http-client/1.1','YToyOntzOjY6Il90b2tlbiI7czo0MDoiQjliYXlOSFo5MmtLQmkyZ0RoN210WnByajdLMEtsSWE2OWQzM1VCVyI7czo2OiJfZmxhc2giO2E6Mjp7czozOiJvbGQiO2E6MDp7fXM6MzoibmV3IjthOjA6e319fQ==',1737319730),('uOeyoKIahy45VMqtZRT5FPpAHM1fh9C6wEAvExOk',NULL,'196.202.151.8','Go-http-client/1.1','YToyOntzOjY6Il90b2tlbiI7czo0MDoiQUZpQUluWHM1WmFLYnVwRmQwaUQ5b3pWZ3IwZTZsdzZkSDBqM09PaiI7czo2OiJfZmxhc2giO2E6Mjp7czozOiJvbGQiO2E6MDp7fXM6MzoibmV3IjthOjA6e319fQ==',1737322217),('uQPbuLidT6emedyOWHyH3nTMpXmtKSkfFt9HXoZk',NULL,'196.202.151.8','Go-http-client/1.1','YToyOntzOjY6Il90b2tlbiI7czo0MDoiOWZ6RWZpaXBzVFUyeXNlUFRsQzdYSDl6eTR0SWwwWkk3WW14OGdoMCI7czo2OiJfZmxhc2giO2E6Mjp7czozOiJvbGQiO2E6MDp7fXM6MzoibmV3IjthOjA6e319fQ==',1737326406),('USjoohXhF2wM3btPZdVb1R3hdovcZWNobC0rcLLP',NULL,'196.202.151.8','Go-http-client/1.1','YToyOntzOjY6Il90b2tlbiI7czo0MDoidHpNc3EwcjRtNU1iTmRraDZPdDdGZG42d28wWFNIWk1leXJEcXJldCI7czo2OiJfZmxhc2giO2E6Mjp7czozOiJvbGQiO2E6MDp7fXM6MzoibmV3IjthOjA6e319fQ==',1737321612),('UVXEhu0QqhQNrGxwv3vDjLWkMJ7tTdSP2QyVal0b',NULL,'196.202.151.8','Go-http-client/1.1','YToyOntzOjY6Il90b2tlbiI7czo0MDoicVZXRm1hemNoaEZoMUlObkZrUjhYUmxrMWRJQjZNeExsTU43N0R4NSI7czo2OiJfZmxhc2giO2E6Mjp7czozOiJvbGQiO2E6MDp7fXM6MzoibmV3IjthOjA6e319fQ==',1737327962),('UXCwVtQq3Aj8LpVtCyFvqnF3JDm3TPzdaLV1E9Ce',NULL,'196.202.151.8','Go-http-client/1.1','YToyOntzOjY6Il90b2tlbiI7czo0MDoiVE1jZXlDOEpnRzVFTTR2NmNoRk5pcFhiNU5XU09uUDB0QkxlbzlmRSI7czo2OiJfZmxhc2giO2E6Mjp7czozOiJvbGQiO2E6MDp7fXM6MzoibmV3IjthOjA6e319fQ==',1737319912),('vFYKEFW7XSTm8rJcBhHSqEuiT9EpzlFTfL6r91FQ',NULL,'196.202.151.8','Go-http-client/1.1','YToyOntzOjY6Il90b2tlbiI7czo0MDoiUVZWcVlzNm81RjR4Ym42QlpKQkZ6Vkw3S01Sd3pRTlRzR0JFRDlmbCI7czo2OiJfZmxhc2giO2E6Mjp7czozOiJvbGQiO2E6MDp7fXM6MzoibmV3IjthOjA6e319fQ==',1737325304),('VJjJAdu2DwFGMQY7XsWBqmWs92wcGAonEpzlPxtY',NULL,'196.202.151.8','Go-http-client/1.1','YToyOntzOjY6Il90b2tlbiI7czo0MDoiU09NMlViT1YxVm1yaXppcXg3N3JQSU44SjI0QTJMR2VNRk5CTHJ4TSI7czo2OiJfZmxhc2giO2E6Mjp7czozOiJvbGQiO2E6MDp7fXM6MzoibmV3IjthOjA6e319fQ==',1737321592),('vKKY6Vjb8k0UPGnfN4mdtVy1NzSQzsufLXsazHpp',NULL,'196.202.151.8','Go-http-client/1.1','YToyOntzOjY6Il90b2tlbiI7czo0MDoid2hTYmFRckplbDB1SVRkU25pV004ZUtoa2xNTzFBZ3R3ZDdzWWJCViI7czo2OiJfZmxhc2giO2E6Mjp7czozOiJvbGQiO2E6MDp7fXM6MzoibmV3IjthOjA6e319fQ==',1737326205),('vMeRdi30siZqdk5Avdon4VgS3Ac6P2ts77bWlKFc',NULL,'196.202.151.8','Go-http-client/1.1','YToyOntzOjY6Il90b2tlbiI7czo0MDoiakRrQ0p0MWM2Vm1ncXNtbDZaWW1nYnVzbkI3OUJJRWc3aHQ1dGdzSiI7czo2OiJfZmxhc2giO2E6Mjp7czozOiJvbGQiO2E6MDp7fXM6MzoibmV3IjthOjA6e319fQ==',1737325445),('VR3fodAKFlsmXevsVEXtL59O5bYv2Zrn8LDacJxV',NULL,'196.202.151.8','Go-http-client/1.1','YToyOntzOjY6Il90b2tlbiI7czo0MDoiNWVIQnlwcmVCMFZMb2RHaTllT2hMUE5lSkk3U2xkTjVjMTFzcHVJTSI7czo2OiJfZmxhc2giO2E6Mjp7czozOiJvbGQiO2E6MDp7fXM6MzoibmV3IjthOjA6e319fQ==',1737321369),('vRSxCCJ8FTDvD0JyJxONu25uN6l50H1cj9sTQEwe',NULL,'196.202.151.8','Go-http-client/1.1','YToyOntzOjY6Il90b2tlbiI7czo0MDoiQ1FwTXh2cllRaWVZR0Z6RG5BNXRseGlkN1p0bVg4Znd0ckJFWG81QyI7czo2OiJfZmxhc2giO2E6Mjp7czozOiJvbGQiO2E6MDp7fXM6MzoibmV3IjthOjA6e319fQ==',1737320904),('VUL4KKsRfimp0gA0rqZtef1Y6vHFNFFe7TuFIMIf',NULL,'196.202.151.8','Go-http-client/1.1','YToyOntzOjY6Il90b2tlbiI7czo0MDoidDlsa3FoSW9WbDRjaVliSnRyTXkyOHJyNk40dGRjU1RuVXpORGdRTiI7czo2OiJfZmxhc2giO2E6Mjp7czozOiJvbGQiO2E6MDp7fXM6MzoibmV3IjthOjA6e319fQ==',1737325104),('Vzr1i56a3S9Db0WohUpibbggzDOjOINbMbIFnryU',NULL,'196.202.151.8','Go-http-client/1.1','YToyOntzOjY6Il90b2tlbiI7czo0MDoicHFLVXBGdEpBaTg0cktwS1RoQlVSV2NaRGNyaWZ3d3YzcXU1NXJONSI7czo2OiJfZmxhc2giO2E6Mjp7czozOiJvbGQiO2E6MDp7fXM6MzoibmV3IjthOjA6e319fQ==',1737325525),('W0TdmeU4LeaO5Vsan5oUTL353Djtzuc2HYNTIWQo',NULL,'196.202.151.8','Go-http-client/1.1','YToyOntzOjY6Il90b2tlbiI7czo0MDoiN3lHSlFJUXRRdzlaOVU2TTRVcDk5U0ltZU1NNFhaSXdNT3RkMkN3MSI7czo2OiJfZmxhc2giO2E6Mjp7czozOiJvbGQiO2E6MDp7fXM6MzoibmV3IjthOjA6e319fQ==',1737330564),('wfDA6Xzpo9343qaJRLZB5nzPrOOLDIHt74HRb7oh',NULL,'196.202.151.8','Go-http-client/1.1','YToyOntzOjY6Il90b2tlbiI7czo0MDoiaWhDenVIY0ZEeEo3bHFxWHd6QTFrdEpMb1RmM25tTjRKaW1vMmk2VyI7czo2OiJfZmxhc2giO2E6Mjp7czozOiJvbGQiO2E6MDp7fXM6MzoibmV3IjthOjA6e319fQ==',1737325808),('wMv2kmQh4R3O6cWYpnaeb1KoNdQUY43YDbZYVgRF',NULL,'196.202.151.8','Go-http-client/1.1','YToyOntzOjY6Il90b2tlbiI7czo0MDoiTnNPVzgwRmU4OVYzT21rNHV6bktDRkRoMGxRU1NXR1h5RnBOY3ZmcSI7czo2OiJfZmxhc2giO2E6Mjp7czozOiJvbGQiO2E6MDp7fXM6MzoibmV3IjthOjA6e319fQ==',1737321994),('wO2g2kaZPyaXrp7dFRUUFSvXX2nruCLCJHswKcSn',NULL,'123.160.223.75','Mozilla/5.0 (Macintosh; Intel Mac OS X 11_0_0) AppleWebKit/537.36 (KHTML, like Gecko) Chrome/87.0.4280.88 Safari/537.36','YTo0OntzOjY6Il90b2tlbiI7czo0MDoiblRHbFQzRkxTV0pFNUxSN2c3OEZZdVVTSXpFR3BaZEVrOGZwU0JGMyI7czoxNjoiY2hhbmdlZF9sYW5ndWFnZSI7czoyOiJhciI7czo5OiJfcHJldmlvdXMiO2E6MTp7czozOiJ1cmwiO3M6MzE6Imh0dHA6Ly9zb29mcmEubmV0L2d1ZXN0L2Fscnl5c3kiO31zOjY6Il9mbGFzaCI7YToyOntzOjM6Im9sZCI7YTowOnt9czozOiJuZXciO2E6MDp7fX19',1737326477),('wUf9ddSyEJ3IixCu91knAkuUF5SnU6S0K3D53GR9',NULL,'196.202.151.8','Go-http-client/1.1','YToyOntzOjY6Il90b2tlbiI7czo0MDoiWHI5ZXpicUZBdFNEcEJZVXpJQnBiUmUwRlphdEhka1FINlE3QlZxQSI7czo2OiJfZmxhc2giO2E6Mjp7czozOiJvbGQiO2E6MDp7fXM6MzoibmV3IjthOjA6e319fQ==',1737326507),('x5RFEdKYzYszAwmBKaQH9xSM1JSs5qUAhnHs2yud',NULL,'196.202.151.8','Go-http-client/1.1','YToyOntzOjY6Il90b2tlbiI7czo0MDoiTTN2SmlmbTZkWTJoemZpTzdOMEFrcFA3TGtwZU12R2FDT3pIMXVyNCI7czo2OiJfZmxhc2giO2E6Mjp7czozOiJvbGQiO2E6MDp7fXM6MzoibmV3IjthOjA6e319fQ==',1737326568),('X7fbc7zypIHdDzbZZwZcjERTAjfQ01nC1w8RyL7O',NULL,'196.202.151.8','Go-http-client/1.1','YToyOntzOjY6Il90b2tlbiI7czo0MDoiY3dvWmExOWJJN1NsVXo0ZVFHU00yUHRFMXdXMzl5R3RIME5ZUWowYyI7czo2OiJfZmxhc2giO2E6Mjp7czozOiJvbGQiO2E6MDp7fXM6MzoibmV3IjthOjA6e319fQ==',1737320419),('xe9BAizpvf13P8dKcd9RDi2qX7jpN4N7qJ2lkffq',NULL,'123.160.223.72','Mozilla/5.0 (Macintosh; Intel Mac OS X 10_15_7) AppleWebKit/537.36 (KHTML, like Gecko) Chrome/96.0.4664.110 Safari/537.36','YTo0OntzOjY6Il90b2tlbiI7czo0MDoiTlNuT012eWdHUjgzdUU2QjBTNmhMUVFwUDA1enFIcm5SY0phcEhLUiI7czoxNjoiY2hhbmdlZF9sYW5ndWFnZSI7czoyOiJhciI7czo5OiJfcHJldmlvdXMiO2E6MTp7czozOiJ1cmwiO3M6MzE6Imh0dHA6Ly9zb29mcmEubmV0L2d1ZXN0L2Fscnl5c3kiO31zOjY6Il9mbGFzaCI7YToyOntzOjM6Im9sZCI7YTowOnt9czozOiJuZXciO2E6MDp7fX19',1737326473),('XqulyWe7Od6Fz8tMd6uOn3ezM5KAdcE7jxXQQgfD',NULL,'196.202.151.8','Go-http-client/1.1','YToyOntzOjY6Il90b2tlbiI7czo0MDoibzhZTzhtZHNIU0JzNk1tZjFpdG9Eblh6NkQ1dnBBNFM1YzI0bTYzaiI7czo2OiJfZmxhc2giO2E6Mjp7czozOiJvbGQiO2E6MDp7fXM6MzoibmV3IjthOjA6e319fQ==',1737326406),('XrjCReCLkmxs1gmDkN5IT8JwXknFqqfxyEksucx9',NULL,'196.202.151.8','Go-http-client/1.1','YToyOntzOjY6Il90b2tlbiI7czo0MDoiNWJWZWhhbG9CaEdUZmRzb1ZBbU42T2RGVXNKMndpRlQ0N25UMjd3MSI7czo2OiJfZmxhc2giO2E6Mjp7czozOiJvbGQiO2E6MDp7fXM6MzoibmV3IjthOjA6e319fQ==',1737323207),('xRqZBZUCBAbaomaPLoIM98Jj5PEWQAz6yVi5ZcsE',NULL,'196.202.151.8','Go-http-client/1.1','YToyOntzOjY6Il90b2tlbiI7czo0MDoiYWhoWVVjbjFUMkk1NngyQjQ2VGJtanhuS0dNUkIzU1JsZUxNSjVsSiI7czo2OiJfZmxhc2giO2E6Mjp7czozOiJvbGQiO2E6MDp7fXM6MzoibmV3IjthOjA6e319fQ==',1737330283),('XSgitwq0IXZ0VOEfZIAvNtU1PfC5Y54PliHp49Ug',NULL,'196.202.151.8','Go-http-client/1.1','YToyOntzOjY6Il90b2tlbiI7czo0MDoiWXlsNnhyVFJSanlWWTZtMkRFQ0dMbHdLaUdLcktXdWE1RjM0Snc3cSI7czo2OiJfZmxhc2giO2E6Mjp7czozOiJvbGQiO2E6MDp7fXM6MzoibmV3IjthOjA6e319fQ==',1737328865),('xt8IjTqnOWTJWCH7DbnayUgv2Q1JnUG0ZIAWlIIf',NULL,'196.202.151.8','Go-http-client/1.1','YToyOntzOjY6Il90b2tlbiI7czo0MDoiZm1zT2l1Q2czQkZBbGoyMnc3bnkzV0tnaFF5eTJwdmJYb2U3QTVMUSI7czo2OiJfZmxhc2giO2E6Mjp7czozOiJvbGQiO2E6MDp7fXM6MzoibmV3IjthOjA6e319fQ==',1737326042),('XYbU0HTZh0yS4FxN6wu8x8FWIy9UrrmZGeLqf9YT',NULL,'196.202.151.8','Go-http-client/1.1','YToyOntzOjY6Il90b2tlbiI7czo0MDoic2ZjTXI1c0NoNUlEYzNISDhJeVFWT2JBa1hPTXhXUVJ2NGpOc3Z0diI7czo2OiJfZmxhc2giO2E6Mjp7czozOiJvbGQiO2E6MDp7fXM6MzoibmV3IjthOjA6e319fQ==',1737326829),('yBFSdka3UxF3pGBP7W7VzUrmvcy4xdTBeAJWdFze',NULL,'196.202.151.8','Go-http-client/1.1','YToyOntzOjY6Il90b2tlbiI7czo0MDoiMVR2MTBUOTJNM1hFOWE1WVdydWR6aTc4eVAxSURueVZzbHpXUEF4OCI7czo2OiJfZmxhc2giO2E6Mjp7czozOiJvbGQiO2E6MDp7fXM6MzoibmV3IjthOjA6e319fQ==',1737327615),('yhb4owuRrR3K8xY0vm0rNER2QdErO4p4HBwz0T4z',NULL,'114.119.130.169','Mozilla/5.0 (Linux; Android 7.0;) AppleWebKit/537.36 (KHTML, like Gecko) Mobile Safari/537.36 (compatible; PetalBot;+https://webmaster.petalsearch.com/site/petalbot)','YTo0OntzOjY6Il90b2tlbiI7czo0MDoiTlJtU3BZZ0Q1aDk4TXhtN3FMMGZ4V0FBdUFicFh3cHkwWlM3alNzayI7czoxNjoiY2hhbmdlZF9sYW5ndWFnZSI7czoyOiJhciI7czo5OiJfcHJldmlvdXMiO2E6MTp7czozOiJ1cmwiO3M6NDU6Imh0dHA6Ly93d3cuc29vZnJhLm5ldC9zaG93L2FsbC9ndWVzdC9nZW5yZXMvNCI7fXM6NjoiX2ZsYXNoIjthOjI6e3M6Mzoib2xkIjthOjA6e31zOjM6Im5ldyI7YTowOnt9fX0=',1737320603),('yS8vy3UxV50x40Arwu5FOAvYQvJZJJcc9dQ9vd5q',NULL,'196.202.151.8','Go-http-client/1.1','YToyOntzOjY6Il90b2tlbiI7czo0MDoiTFFmdEJRTFFaczBUeUNiZ0k5ZWx3WmlGNEJzZjdyYzZrNUlPaXlnTyI7czo2OiJfZmxhc2giO2E6Mjp7czozOiJvbGQiO2E6MDp7fXM6MzoibmV3IjthOjA6e319fQ==',1737322015),('yWJgOv2PQDrQUMiXITSO49TopGJ4pEeYcgxyXOjU',NULL,'196.202.151.8','Go-http-client/1.1','YToyOntzOjY6Il90b2tlbiI7czo0MDoiNTlaSG1zdkpDcnh0cXZFR2ZZZVB1MGczRzBUR3FaZTJtV3F1aFd5byI7czo2OiJfZmxhc2giO2E6Mjp7czozOiJvbGQiO2E6MDp7fXM6MzoibmV3IjthOjA6e319fQ==',1737327252),('Z5foqV0oaI81DI9vy4ydDYU5N7tXvcQgAopWZYlV',NULL,'196.202.151.8','Go-http-client/1.1','YToyOntzOjY6Il90b2tlbiI7czo0MDoiMXNyZDVWaVd1R3d5UG1yRnVCUTA1UFpGNW5NRnEwTHNKeHgydFRmVCI7czo2OiJfZmxhc2giO2E6Mjp7czozOiJvbGQiO2E6MDp7fXM6MzoibmV3IjthOjA6e319fQ==',1737322196),('Zfhtjv5qUws9TgM7O3kuj9NqkZKpsVKBGAHthEkA',NULL,'196.202.151.8','Go-http-client/1.1','YToyOntzOjY6Il90b2tlbiI7czo0MDoiUGpZeHgwd1RUajVaVE9QNHZvSTRwMFRIeHQ5MU4yOVV3OWZqZzZKdSI7czo2OiJfZmxhc2giO2E6Mjp7czozOiJvbGQiO2E6MDp7fXM6MzoibmV3IjthOjA6e319fQ==',1737322382),('ZHyZ1eh8XprFjCAbOkEKdxlMR2IFxtgSqDD6selB',NULL,'196.202.151.8','Go-http-client/1.1','YToyOntzOjY6Il90b2tlbiI7czo0MDoiN2dva21YTGwxMXJTTUJoRE93OGdrNWhTVXpPSlBYTTZmYzhKREtpeiI7czo2OiJfZmxhc2giO2E6Mjp7czozOiJvbGQiO2E6MDp7fXM6MzoibmV3IjthOjA6e319fQ==',1737329681),('ZOVcPt26EbD2diye5HupiSvZbzFUPRb8xgbg8gOv',NULL,'196.202.151.8','Go-http-client/1.1','YToyOntzOjY6Il90b2tlbiI7czo0MDoiTnhsOWNFT0xHWDhKekl3UWZTUmJGbTZ6M1QyUUhuNGN0Y2FMQXNNSSI7czo2OiJfZmxhc2giO2E6Mjp7czozOiJvbGQiO2E6MDp7fXM6MzoibmV3IjthOjA6e319fQ==',1737321248),('ZqjKFmKLQrZcGgKXNVRTILPf1JqTVEJDO3HxZVAR',NULL,'196.202.151.8','Go-http-client/1.1','YToyOntzOjY6Il90b2tlbiI7czo0MDoiZE1kRzJMWENER1pmRjgzYzQwNXVNcHpOREtTQkZ5c2tCR0VXaFJGZSI7czo2OiJfZmxhc2giO2E6Mjp7czozOiJvbGQiO2E6MDp7fXM6MzoibmV3IjthOjA6e319fQ==',1737323307),('zrjZOoGis8POJz8VgPWE7fbTWjZJza2r2xerM1Q1',NULL,'196.202.151.8','Go-http-client/1.1','YToyOntzOjY6Il90b2tlbiI7czo0MDoiM3g2c2ttVmhwY2FVTFRzUzg4QUg0b3ZlbmdRUkFJR1ljUkNtRkZFQiI7czo2OiJfZmxhc2giO2E6Mjp7czozOiJvbGQiO2E6MDp7fXM6MzoibmV3IjthOjA6e319fQ==',1737322095);

--
-- Table structure for table `social_icons`
--

CREATE TABLE `social_icons` (
  `id` int NOT NULL AUTO_INCREMENT,
  `url1` varchar(191) CHARACTER SET utf8mb4 COLLATE utf8mb4_unicode_ci DEFAULT NULL,
  `url2` varchar(191) CHARACTER SET utf8mb4 COLLATE utf8mb4_unicode_ci DEFAULT NULL,
  `url3` varchar(191) CHARACTER SET utf8mb4 COLLATE utf8mb4_unicode_ci DEFAULT NULL,
  `created_at` timestamp NULL DEFAULT NULL,
  `updated_at` timestamp NULL DEFAULT NULL,
  PRIMARY KEY (`id`)
) ENGINE=InnoDB AUTO_INCREMENT=2 DEFAULT CHARSET=utf8mb4 COLLATE=utf8mb4_unicode_ci;

--
-- Dumping data for table `social_icons`
--

INSERT INTO `social_icons` VALUES (1,'#','#','#','2020-11-02 09:09:08','2020-11-02 09:10:18');

--
-- Table structure for table `splash_screens`
--

CREATE TABLE `splash_screens` (
  `id` int unsigned NOT NULL AUTO_INCREMENT,
  `image` varchar(191) CHARACTER SET utf8mb4 COLLATE utf8mb4_unicode_ci DEFAULT NULL,
  `logo_enable` tinyint(1) NOT NULL DEFAULT '1',
  `logo` varchar(191) CHARACTER SET utf8mb4 COLLATE utf8mb4_unicode_ci DEFAULT NULL,
  `created_at` timestamp NULL DEFAULT NULL,
  `updated_at` timestamp NULL DEFAULT NULL,
  PRIMARY KEY (`id`)
) ENGINE=InnoDB DEFAULT CHARSET=utf8mb4 COLLATE=utf8mb4_unicode_ci;

--
-- Dumping data for table `splash_screens`
--


--
-- Table structure for table `subcomments`
--

CREATE TABLE `subcomments` (
  `id` int NOT NULL AUTO_INCREMENT,
  `user_id` int NOT NULL,
  `blog_id` int NOT NULL,
  `comment_id` int NOT NULL,
  `reply` varchar(191) CHARACTER SET utf8mb4 COLLATE utf8mb4_unicode_ci NOT NULL,
  `created_at` timestamp NULL DEFAULT NULL,
  `updated_at` timestamp NULL DEFAULT NULL,
  PRIMARY KEY (`id`)
) ENGINE=InnoDB DEFAULT CHARSET=utf8mb4 COLLATE=utf8mb4_unicode_ci;

--
-- Dumping data for table `subcomments`
--


--
-- Table structure for table `subscription_items`
--

CREATE TABLE `subscription_items` (
  `id` bigint unsigned NOT NULL AUTO_INCREMENT,
  `subscription_id` bigint unsigned NOT NULL,
  `stripe_id` varchar(191) CHARACTER SET utf8mb4 COLLATE utf8mb4_unicode_ci NOT NULL,
  `stripe_plan` varchar(191) CHARACTER SET utf8mb4 COLLATE utf8mb4_unicode_ci NOT NULL,
  `quantity` int DEFAULT NULL,
  `created_at` timestamp NULL DEFAULT NULL,
  `updated_at` timestamp NULL DEFAULT NULL,
  PRIMARY KEY (`id`),
  UNIQUE KEY `subscription_items_subscription_id_stripe_plan_unique` (`subscription_id`,`stripe_plan`),
  KEY `subscription_items_stripe_id_index` (`stripe_id`)
) ENGINE=InnoDB DEFAULT CHARSET=utf8mb4 COLLATE=utf8mb4_unicode_ci;

--
-- Dumping data for table `subscription_items`
--


--
-- Table structure for table `subscriptions`
--

CREATE TABLE `subscriptions` (
  `id` bigint unsigned NOT NULL AUTO_INCREMENT,
  `user_id` bigint unsigned NOT NULL,
  `name` varchar(191) CHARACTER SET utf8mb4 COLLATE utf8mb4_unicode_ci NOT NULL,
  `stripe_id` varchar(191) CHARACTER SET utf8mb4 COLLATE utf8mb4_unicode_ci NOT NULL,
  `stripe_status` varchar(191) CHARACTER SET utf8mb4 COLLATE utf8mb4_unicode_ci NOT NULL,
  `stripe_plan` varchar(191) CHARACTER SET utf8mb4 COLLATE utf8mb4_unicode_ci DEFAULT NULL,
  `quantity` int DEFAULT NULL,
  `trial_ends_at` timestamp NULL DEFAULT NULL,
  `ends_at` timestamp NULL DEFAULT NULL,
  `subscription_from` timestamp NULL DEFAULT NULL,
  `subscription_to` timestamp NULL DEFAULT NULL,
  `amount` double DEFAULT NULL,
  `created_at` timestamp NULL DEFAULT NULL,
  `updated_at` timestamp NULL DEFAULT NULL,
  PRIMARY KEY (`id`)
) ENGINE=InnoDB DEFAULT CHARSET=utf8mb4 COLLATE=utf8mb4_unicode_ci;

--
-- Dumping data for table `subscriptions`
--


--
-- Table structure for table `subtitles`
--

CREATE TABLE `subtitles` (
  `id` int unsigned NOT NULL AUTO_INCREMENT,
  `sub_lang` varchar(100) CHARACTER SET utf8mb4 COLLATE utf8mb4_unicode_ci DEFAULT NULL,
  `sub_t` varchar(191) CHARACTER SET utf8mb4 COLLATE utf8mb4_unicode_ci DEFAULT NULL,
  `m_t_id` varchar(100) CHARACTER SET utf8mb4 COLLATE utf8mb4_unicode_ci DEFAULT NULL,
  `ep_id` int unsigned DEFAULT NULL,
  `created_at` timestamp NULL DEFAULT NULL,
  `updated_at` timestamp NULL DEFAULT NULL,
  PRIMARY KEY (`id`)
) ENGINE=InnoDB DEFAULT CHARSET=utf8mb4 COLLATE=utf8mb4_unicode_ci;

--
-- Dumping data for table `subtitles`
--


--
-- Table structure for table `transactions`
--

CREATE TABLE `transactions` (
  `id` bigint unsigned NOT NULL AUTO_INCREMENT,
  `amount1` varchar(191) CHARACTER SET utf8mb4 COLLATE utf8mb4_unicode_ci NOT NULL,
  `amount2` varchar(191) CHARACTER SET utf8mb4 COLLATE utf8mb4_unicode_ci NOT NULL,
  `currency1` varchar(10) CHARACTER SET utf8mb4 COLLATE utf8mb4_unicode_ci NOT NULL,
  `currency2` varchar(10) CHARACTER SET utf8mb4 COLLATE utf8mb4_unicode_ci NOT NULL,
  `fee` varchar(191) CHARACTER SET utf8mb4 COLLATE utf8mb4_unicode_ci DEFAULT NULL,
  `address` varchar(191) CHARACTER SET utf8mb4 COLLATE utf8mb4_unicode_ci DEFAULT NULL,
  `dest_tag` varchar(191) CHARACTER SET utf8mb4 COLLATE utf8mb4_unicode_ci DEFAULT NULL,
  `buyer_email` varchar(191) CHARACTER SET utf8mb4 COLLATE utf8mb4_unicode_ci DEFAULT NULL,
  `buyer_name` varchar(191) CHARACTER SET utf8mb4 COLLATE utf8mb4_unicode_ci DEFAULT NULL,
  `item_name` varchar(191) CHARACTER SET utf8mb4 COLLATE utf8mb4_unicode_ci DEFAULT NULL,
  `item_number` varchar(191) CHARACTER SET utf8mb4 COLLATE utf8mb4_unicode_ci DEFAULT NULL,
  `invoice` varchar(191) CHARACTER SET utf8mb4 COLLATE utf8mb4_unicode_ci DEFAULT NULL,
  `custom` text CHARACTER SET utf8mb4 COLLATE utf8mb4_unicode_ci,
  `ipn_url` varchar(191) CHARACTER SET utf8mb4 COLLATE utf8mb4_unicode_ci DEFAULT NULL,
  `txn_id` varchar(128) CHARACTER SET utf8mb4 COLLATE utf8mb4_unicode_ci NOT NULL,
  `confirms_needed` tinyint unsigned NOT NULL,
  `timeout` int unsigned NOT NULL,
  `status_url` varchar(191) CHARACTER SET utf8mb4 COLLATE utf8mb4_unicode_ci NOT NULL,
  `qrcode_url` varchar(191) CHARACTER SET utf8mb4 COLLATE utf8mb4_unicode_ci NOT NULL,
  `created_at` timestamp NULL DEFAULT NULL,
  `updated_at` timestamp NULL DEFAULT NULL,
  `status` smallint DEFAULT NULL,
  `status_text` varchar(191) CHARACTER SET utf8mb4 COLLATE utf8mb4_unicode_ci DEFAULT NULL,
  `received_confirms` varchar(191) CHARACTER SET utf8mb4 COLLATE utf8mb4_unicode_ci DEFAULT NULL,
  `received_amount` varchar(191) CHARACTER SET utf8mb4 COLLATE utf8mb4_unicode_ci DEFAULT NULL,
  PRIMARY KEY (`id`),
  UNIQUE KEY `transactions_txn_id_unique` (`txn_id`)
) ENGINE=InnoDB DEFAULT CHARSET=utf8mb4 COLLATE=utf8mb4_unicode_ci;

--
-- Dumping data for table `transactions`
--


--
-- Table structure for table `transfers`
--

CREATE TABLE `transfers` (
  `id` bigint unsigned NOT NULL AUTO_INCREMENT,
  `amount` varchar(191) CHARACTER SET utf8mb4 COLLATE utf8mb4_unicode_ci NOT NULL,
  `currency` varchar(10) CHARACTER SET utf8mb4 COLLATE utf8mb4_unicode_ci NOT NULL,
  `merchant` varchar(191) CHARACTER SET utf8mb4 COLLATE utf8mb4_unicode_ci DEFAULT NULL,
  `pbntag` varchar(191) CHARACTER SET utf8mb4 COLLATE utf8mb4_unicode_ci DEFAULT NULL,
  `auto_confirm` tinyint(1) NOT NULL DEFAULT '0',
  `ref_id` varchar(128) CHARACTER SET utf8mb4 COLLATE utf8mb4_unicode_ci NOT NULL,
  `status` smallint NOT NULL,
  `created_at` timestamp NULL DEFAULT NULL,
  `updated_at` timestamp NULL DEFAULT NULL,
  PRIMARY KEY (`id`),
  UNIQUE KEY `transfers_ref_id_unique` (`ref_id`),
  KEY `transfers_status_index` (`status`)
) ENGINE=InnoDB DEFAULT CHARSET=utf8mb4 COLLATE=utf8mb4_unicode_ci;

--
-- Dumping data for table `transfers`
--


--
-- Table structure for table `tv_series`
--

CREATE TABLE `tv_series` (
  `id` int unsigned NOT NULL AUTO_INCREMENT,
  `keyword` text CHARACTER SET utf8mb4 COLLATE utf8mb4_unicode_ci,
  `description` text CHARACTER SET utf8mb4 COLLATE utf8mb4_unicode_ci,
  `title` varchar(191) CHARACTER SET utf8mb4 COLLATE utf8mb4_unicode_ci NOT NULL,
  `tmdb_id` varchar(191) CHARACTER SET utf8mb4 COLLATE utf8mb4_unicode_ci DEFAULT NULL,
  `tmdb` char(191) CHARACTER SET utf8mb4 COLLATE utf8mb4_unicode_ci DEFAULT NULL,
  `fetch_by` varchar(100) CHARACTER SET utf8mb4 COLLATE utf8mb4_unicode_ci DEFAULT NULL,
  `thumbnail` varchar(191) CHARACTER SET utf8mb4 COLLATE utf8mb4_unicode_ci DEFAULT NULL,
  `poster` varchar(191) CHARACTER SET utf8mb4 COLLATE utf8mb4_unicode_ci DEFAULT NULL,
  `genre_id` varchar(191) CHARACTER SET utf8mb4 COLLATE utf8mb4_unicode_ci DEFAULT NULL,
  `detail` text CHARACTER SET utf8mb4 COLLATE utf8mb4_unicode_ci,
  `rating` double(8,2) DEFAULT NULL,
  `episode_runtime` double(8,2) DEFAULT NULL,
  `maturity_rating` varchar(191) CHARACTER SET utf8mb4 COLLATE utf8mb4_unicode_ci DEFAULT NULL,
  `featured` tinyint(1) NOT NULL DEFAULT '0',
  `type` char(191) CHARACTER SET utf8mb4 COLLATE utf8mb4_unicode_ci NOT NULL DEFAULT 'T',
  `status` int unsigned NOT NULL DEFAULT '1',
  `created_by` int unsigned NOT NULL,
  `created_at` timestamp NULL DEFAULT NULL,
  `updated_at` timestamp NULL DEFAULT NULL,
  `is_custom_label` tinyint(1) NOT NULL DEFAULT '0',
  `label_id` int DEFAULT NULL,
  `is_upcoming` tinyint(1) NOT NULL DEFAULT '0',
  `upcoming_date` int DEFAULT NULL,
  PRIMARY KEY (`id`)
) ENGINE=InnoDB DEFAULT CHARSET=utf8mb4 COLLATE=utf8mb4_unicode_ci;

--
-- Dumping data for table `tv_series`
--


--
-- Table structure for table `user_ratings`
--

CREATE TABLE `user_ratings` (
  `id` int NOT NULL AUTO_INCREMENT,
  `user_id` int DEFAULT NULL,
  `tv_id` int DEFAULT NULL,
  `movie_id` int DEFAULT NULL,
  `rating` double DEFAULT NULL,
  `created_at` timestamp NULL DEFAULT NULL,
  `updated_at` timestamp NULL DEFAULT NULL,
  PRIMARY KEY (`id`)
) ENGINE=InnoDB AUTO_INCREMENT=3 DEFAULT CHARSET=utf8mb4 COLLATE=utf8mb4_unicode_ci;

--
-- Dumping data for table `user_ratings`
--

INSERT INTO `user_ratings` VALUES (2,1,NULL,81,NULL,'2022-04-09 17:58:20','2022-04-09 17:58:20');

--
-- Table structure for table `videolinks`
--

CREATE TABLE `videolinks` (
  `id` int unsigned NOT NULL AUTO_INCREMENT,
  `movie_id` int unsigned DEFAULT NULL,
  `episode_id` int unsigned DEFAULT NULL,
  `type` varchar(200) CHARACTER SET utf8mb4 COLLATE utf8mb4_unicode_ci DEFAULT NULL,
  `iframeurl` text CHARACTER SET utf8mb4 COLLATE utf8mb4_unicode_ci,
  `ready_url` varchar(191) CHARACTER SET utf8mb4 COLLATE utf8mb4_unicode_ci DEFAULT NULL,
  `url_360` varchar(191) CHARACTER SET utf8mb4 COLLATE utf8mb4_unicode_ci DEFAULT NULL,
  `url_480` varchar(191) CHARACTER SET utf8mb4 COLLATE utf8mb4_unicode_ci DEFAULT NULL,
  `url_720` varchar(191) CHARACTER SET utf8mb4 COLLATE utf8mb4_unicode_ci DEFAULT NULL,
  `url_1080` varchar(191) CHARACTER SET utf8mb4 COLLATE utf8mb4_unicode_ci DEFAULT NULL,
  `created_at` timestamp NULL DEFAULT NULL,
  `updated_at` timestamp NULL DEFAULT NULL,
  `upload_video` longtext CHARACTER SET utf8mb4 COLLATE utf8mb4_unicode_ci,
  PRIMARY KEY (`id`),
  KEY `videolinks_movie_id_foreign` (`movie_id`),
  KEY `videolinks_episode_id_foreign` (`episode_id`)
) ENGINE=InnoDB AUTO_INCREMENT=191 DEFAULT CHARSET=utf8mb4 COLLATE=utf8mb4_unicode_ci;

--
-- Dumping data for table `videolinks`
--

INSERT INTO `videolinks` VALUES (98,98,NULL,'iframeurl','https://player.vimeo.com/video/690190987?h=1e3b22160c&amp;badge=0',NULL,NULL,NULL,NULL,NULL,'2022-09-17 19:42:17','2022-09-19 18:06:18',NULL),(99,99,NULL,'iframeurl','https://player.vimeo.com/video/690169899?h=e563e3cc5f&amp;badge=0',NULL,NULL,NULL,NULL,NULL,'2022-09-18 16:47:58','2022-09-19 18:08:37',NULL),(100,100,NULL,'iframeurl','https://player.vimeo.com/video/690166660?h=557d460f8d&amp;badge=0',NULL,NULL,NULL,NULL,NULL,'2022-09-18 16:51:44','2022-09-19 15:23:45',NULL),(101,101,NULL,'iframeurl','https://player.vimeo.com/video/690166218?h=1978721f05&amp;badge=0',NULL,NULL,NULL,NULL,NULL,'2022-09-18 16:56:52','2022-09-19 15:24:03',NULL),(102,102,NULL,'iframeurl','https://player.vimeo.com/video/690166538?h=6818b3d214&amp;badge=0',NULL,NULL,NULL,NULL,NULL,'2022-09-18 17:00:10','2022-09-19 15:25:06',NULL),(103,103,NULL,'iframeurl','https://player.vimeo.com/video/690168626?h=6d63642aa8&amp;badge=0',NULL,NULL,NULL,NULL,NULL,'2022-09-18 17:04:42','2022-09-19 15:25:41',NULL),(104,104,NULL,'iframeurl','https://player.vimeo.com/video/690168347?h=23721a852b&amp;badge=0',NULL,NULL,NULL,NULL,NULL,'2022-09-18 17:06:16','2022-09-19 15:46:35',NULL),(105,105,NULL,'iframeurl','https://player.vimeo.com/video/690167962?h=e057ddb09e&amp;badge=0',NULL,NULL,NULL,NULL,NULL,'2022-09-18 17:07:51','2022-09-19 15:48:54',NULL),(106,106,NULL,'iframeurl','https://player.vimeo.com/video/690167073?h=598ac149f0&amp;badge=0',NULL,NULL,NULL,NULL,NULL,'2022-09-18 17:09:58','2022-09-19 15:45:53',NULL),(107,107,NULL,'iframeurl','https://player.vimeo.com/video/690166765?h=3933d8e42f&amp;badge=0',NULL,NULL,NULL,NULL,NULL,'2022-09-18 17:17:19','2022-09-19 15:44:45',NULL),(108,108,NULL,'iframeurl','https://player.vimeo.com/video/690168922?h=afd94fa038&amp;badge=0',NULL,NULL,NULL,NULL,NULL,'2022-09-18 17:24:59','2022-09-19 15:43:15',NULL),(109,109,NULL,'iframeurl','https://player.vimeo.com/video/690175944?h=d762bb0d77&amp;badge=0',NULL,NULL,NULL,NULL,NULL,'2022-09-18 17:31:31','2022-09-19 18:09:01',NULL),(110,110,NULL,'readyurl',NULL,'https://player.vimeo.com/video/697461034?h=919e589b61',NULL,NULL,NULL,NULL,'2022-09-18 17:56:36','2022-09-19 14:42:01',NULL),(111,111,NULL,'iframeurl','https://player.vimeo.com/video/690175875?h=8fddcca9ac&amp;badge=0',NULL,NULL,NULL,NULL,NULL,'2022-09-18 18:01:28','2022-09-19 17:00:23',NULL),(112,112,NULL,'iframeurl','https://player.vimeo.com/video/690190074?h=311318fb01&amp;badge=0',NULL,NULL,NULL,NULL,NULL,'2022-09-19 13:11:34','2022-09-19 17:00:47',NULL),(113,113,NULL,'iframeurl','https://player.vimeo.com/video/690190337?h=0665913ee2&amp;badge=0',NULL,NULL,NULL,NULL,NULL,'2022-09-19 13:13:21','2022-09-19 17:01:26',NULL),(114,114,NULL,'iframeurl','https://player.vimeo.com/video/690190477?h=6c96d61a48&amp;badge=0',NULL,NULL,NULL,NULL,NULL,'2022-09-19 13:18:55','2022-09-19 17:01:52',NULL),(116,116,NULL,'iframeurl','https://player.vimeo.com/video/690190674?h=0b86470cb9&amp;badge=0',NULL,NULL,NULL,NULL,NULL,'2022-09-19 13:43:25','2022-09-19 17:02:39',NULL),(118,118,NULL,'iframeurl','https://player.vimeo.com/video/690200048?h=fc4ec634fd&amp;badge=0',NULL,NULL,NULL,NULL,NULL,'2022-09-20 15:29:09','2022-09-20 15:29:09',NULL),(119,119,NULL,'iframeurl','https://player.vimeo.com/video/690200495?h=7a0242377d&amp;badge=0',NULL,NULL,NULL,NULL,NULL,'2022-09-20 15:53:18','2022-09-20 15:53:18',NULL),(120,120,NULL,'iframeurl','https://player.vimeo.com/video/752084982?h=3508e98e61&amp;badge=0',NULL,NULL,NULL,NULL,NULL,'2022-09-21 17:38:13','2022-09-21 17:38:13',NULL),(121,121,NULL,'iframeurl','https://player.vimeo.com/video/752086137?h=a8a445285d&amp;badge=0',NULL,NULL,NULL,NULL,NULL,'2022-09-21 17:41:13','2022-09-21 17:41:13',NULL),(122,122,NULL,'iframeurl','https://player.vimeo.com/video/752087136?h=20af4f74a7&amp;badge=0',NULL,NULL,NULL,NULL,NULL,'2022-09-21 17:58:34','2022-09-21 17:58:34',NULL),(123,123,NULL,'iframeurl','https://player.vimeo.com/video/752107157?h=40d209e2b1&amp;badge=0',NULL,NULL,NULL,NULL,NULL,'2022-09-21 18:31:27','2022-09-21 18:31:27',NULL),(124,124,NULL,'iframeurl','https://player.vimeo.com/video/752107397?h=c4c4c6b66a&amp;badge=0',NULL,NULL,NULL,NULL,NULL,'2022-09-21 18:36:18','2022-09-21 18:36:18',NULL),(125,125,NULL,'iframeurl','https://player.vimeo.com/video/752437326?h=1119ab8bf1&amp;badge=0',NULL,NULL,NULL,NULL,NULL,'2022-09-22 14:05:31','2022-09-22 14:05:31',NULL),(126,126,NULL,'iframeurl','https://player.vimeo.com/video/752454432?h=582852685f&amp;badge=0',NULL,NULL,NULL,NULL,NULL,'2022-09-22 14:30:59','2022-09-22 14:30:59',NULL),(127,127,NULL,'iframeurl','https://player.vimeo.com/video/752456120?h=31bbd010cd&amp;badge=0',NULL,NULL,NULL,NULL,NULL,'2022-09-22 14:46:38','2022-09-22 14:46:38',NULL),(128,128,NULL,'iframeurl','https://player.vimeo.com/video/752082531?h=ba1aa5462c&amp;badge=0',NULL,NULL,NULL,NULL,NULL,'2022-09-22 14:49:56','2022-09-22 14:49:56',NULL),(129,129,NULL,'iframeurl','https://player.vimeo.com/video/752517404?h=48ec5249e9&amp;badge=0',NULL,NULL,NULL,NULL,NULL,'2022-09-22 18:05:52','2022-09-22 18:05:52',NULL),(130,130,NULL,'iframeurl','https://player.vimeo.com/video/788640451?h=0889aec656&badge=0',NULL,NULL,NULL,NULL,NULL,'2023-01-18 13:35:50','2023-01-18 13:35:50',NULL),(131,131,NULL,'iframeurl','https://player.vimeo.com/video/788644232?h=20f08b7fa9&amp;badge=0',NULL,NULL,NULL,NULL,NULL,'2023-01-18 13:51:51','2023-01-18 13:51:51',NULL),(132,132,NULL,'iframeurl','https://player.vimeo.com/video/690174403?h=11076befe5',NULL,NULL,NULL,NULL,NULL,'2023-01-24 14:39:01','2023-01-24 14:39:01',NULL),(133,133,NULL,'iframeurl','https://player.vimeo.com/video/788644072?h=33cc083dde&amp;badge=0',NULL,NULL,NULL,NULL,NULL,'2023-01-24 14:43:30','2023-04-04 16:52:59',NULL),(134,134,NULL,'iframeurl','https://player.vimeo.com/video/789402343?h=100dd7421d&amp;badge=0',NULL,NULL,NULL,NULL,NULL,'2023-01-29 18:10:49','2023-01-29 18:10:49',NULL),(135,135,NULL,'iframeurl','https://player.vimeo.com/video/789402528?h=d1258a2f36&amp;badge=0',NULL,NULL,NULL,NULL,NULL,'2023-01-29 18:14:27','2023-01-29 18:14:27',NULL),(137,137,NULL,'iframeurl','https://player.vimeo.com/video/690175706?h=53abafe570&amp;badge=0',NULL,NULL,NULL,NULL,NULL,'2023-01-29 18:29:07','2023-01-29 18:29:07',NULL),(138,138,NULL,'iframeurl','https://player.vimeo.com/video/788641344?h=dfdf1ae4ae&amp;badge=0',NULL,NULL,NULL,NULL,NULL,'2023-01-30 15:13:54','2023-01-30 15:13:54',NULL),(139,139,NULL,'iframeurl','https://player.vimeo.com/video/690175749?h=8efd9c17e5&amp;badge=0',NULL,NULL,NULL,NULL,NULL,'2023-02-23 13:55:46','2023-02-23 13:55:46',NULL),(140,140,NULL,'iframeurl','https://player.vimeo.com/video/690167556?h=158b85beab&amp;badge=0',NULL,NULL,NULL,NULL,NULL,'2023-02-23 14:00:03','2023-02-23 14:00:03',NULL),(141,141,NULL,'iframeurl','https://player.vimeo.com/video/788648715?h=f89c3e6e57&amp;badge=0',NULL,NULL,NULL,NULL,NULL,'2023-02-23 14:05:55','2023-02-23 14:05:55',NULL),(142,142,NULL,'iframeurl','https://player.vimeo.com/video/752442985?h=6b2d31e68b&amp;badge=0',NULL,NULL,NULL,NULL,NULL,'2023-02-23 14:10:28','2023-02-23 14:10:28',NULL),(143,143,NULL,'iframeurl','https://player.vimeo.com/video/788647914?h=8b42dc7f19&amp;badge=0',NULL,NULL,NULL,NULL,NULL,'2023-02-23 14:14:29','2023-02-23 14:14:29',NULL),(144,144,NULL,'iframeurl','https://player.vimeo.com/video/756686954?h=4cf891bb67&amp;badge=0',NULL,NULL,NULL,NULL,NULL,'2023-02-23 14:21:33','2023-02-23 14:21:33',NULL),(145,145,NULL,'iframeurl','https://player.vimeo.com/video/788637304?h=08fc4af07a&amp;badge=0',NULL,NULL,NULL,NULL,NULL,'2023-02-23 14:23:56','2023-02-23 14:23:56',NULL),(146,146,NULL,'iframeurl','https://player.vimeo.com/video/788644012?h=e781208c51&amp;badge=0',NULL,NULL,NULL,NULL,NULL,'2023-02-23 14:36:16','2023-02-23 14:36:16',NULL),(147,147,NULL,'iframeurl','https://player.vimeo.com/video/788644012?h=e781208c51&amp;badge=0',NULL,NULL,NULL,NULL,NULL,'2023-02-23 14:37:59','2023-02-23 14:37:59',NULL),(148,148,NULL,'iframeurl','https://player.vimeo.com/video/789402493?h=2955d046fd&amp;badge=0',NULL,NULL,NULL,NULL,NULL,'2023-02-23 14:54:25','2023-02-23 14:54:25',NULL),(149,149,NULL,'iframeurl','https://player.vimeo.com/video/789402320?h=585329de47&amp;badge=0',NULL,NULL,NULL,NULL,NULL,'2023-02-23 14:55:44','2023-02-23 14:55:44',NULL),(150,150,NULL,'iframeurl','https://player.vimeo.com/video/690182201?h=0e5b306958&amp;badge=0',NULL,NULL,NULL,NULL,NULL,'2023-03-02 14:11:26','2023-03-02 14:11:26',NULL),(151,151,NULL,'iframeurl','https://player.vimeo.com/video/690406805?h=b43b3ab346&amp;badge=0',NULL,NULL,NULL,NULL,NULL,'2023-03-02 14:26:05','2023-03-02 14:26:05',NULL),(152,152,NULL,'iframeurl','https://player.vimeo.com/video/788647683?h=d2e410723f&amp;badge=0',NULL,NULL,NULL,NULL,NULL,'2023-03-09 15:50:49','2023-03-09 15:50:49',NULL),(154,154,NULL,'iframeurl','https://player.vimeo.com/video/810829695?h=a7699bbe7c',NULL,NULL,NULL,NULL,NULL,'2023-03-23 14:15:31','2023-03-23 14:50:02',NULL),(155,155,NULL,'iframeurl','https://player.vimeo.com/video/810830047?h=8684b2ae42',NULL,NULL,NULL,NULL,NULL,'2023-03-23 14:21:10','2023-03-23 14:49:28',NULL),(156,156,NULL,'iframeurl','https://player.vimeo.com/video/810830589?h=0a5b7201a3',NULL,NULL,NULL,NULL,NULL,'2023-03-23 14:24:18','2023-03-23 14:49:02',NULL),(157,157,NULL,'iframeurl','https://player.vimeo.com/video/810830941?h=e85bc60ea0',NULL,NULL,NULL,NULL,NULL,'2023-03-23 14:28:43','2023-03-23 14:48:37',NULL),(158,158,NULL,'iframeurl','https://player.vimeo.com/video/810831411?h=7cb9d3c045',NULL,NULL,NULL,NULL,NULL,'2023-03-23 14:29:39','2023-03-23 14:48:12',NULL),(159,159,NULL,'readyurl',NULL,'https://player.vimeo.com/video/810832325?h=701c15fad4',NULL,NULL,NULL,NULL,'2023-03-23 14:32:01','2023-03-23 14:32:01',NULL),(160,160,NULL,'readyurl',NULL,'https://player.vimeo.com/video/810833359?h=fc465a9de3',NULL,NULL,NULL,NULL,'2023-03-23 14:33:08','2023-03-23 14:33:08',NULL),(162,162,NULL,'iframeurl','https://player.vimeo.com/video/810834615?h=ba7586e997',NULL,NULL,NULL,NULL,NULL,'2023-03-23 14:46:07','2023-03-23 14:46:07',NULL),(163,163,NULL,'iframeurl','https://player.vimeo.com/video/810835525?h=918b5e05dd',NULL,NULL,NULL,NULL,NULL,'2023-03-23 14:54:32','2023-03-23 14:54:32',NULL),(164,164,NULL,'iframeurl','https://player.vimeo.com/video/812788002?h=feff35f0eb&amp;badge=0',NULL,NULL,NULL,NULL,NULL,'2023-03-30 14:19:56','2023-03-30 14:19:56',NULL),(165,165,NULL,'iframeurl','https://player.vimeo.com/video/813109436?h=d1f5d17eab&amp;badge=0',NULL,NULL,NULL,NULL,NULL,'2023-03-30 14:37:50','2023-03-30 14:37:50',NULL),(166,166,NULL,'iframeurl','https://player.vimeo.com/video/810830941?h=e85bc60ea0&amp;badge=0',NULL,NULL,NULL,NULL,NULL,'2023-03-30 14:39:51','2023-03-30 14:39:51',NULL),(167,167,NULL,'iframeurl','https://player.vimeo.com/video/813100145?h=a94d13b69e&amp;badge=0',NULL,NULL,NULL,NULL,NULL,'2023-03-30 14:41:20','2023-03-30 14:41:20',NULL),(168,168,NULL,'iframeurl','https://player.vimeo.com/video/810836316?h=77ba0b0a6d&amp;badge=0',NULL,NULL,NULL,NULL,NULL,'2023-03-30 14:54:12','2023-03-30 14:54:12',NULL),(169,169,NULL,'iframeurl','https://player.vimeo.com/video/810830047?h=8684b2ae42&amp;badge=0',NULL,NULL,NULL,NULL,NULL,'2023-03-30 14:56:48','2023-03-30 14:56:48',NULL),(170,170,NULL,'iframeurl','https://player.vimeo.com/video/810834615?h=ba7586e997&amp;badge=0',NULL,NULL,NULL,NULL,NULL,'2023-03-30 15:34:59','2023-03-30 15:34:59',NULL),(171,171,NULL,'iframeurl','https://player.vimeo.com/video/813101977?h=4170d8fd86&amp;badge=0',NULL,NULL,NULL,NULL,NULL,'2023-03-30 15:36:18','2023-03-30 15:36:18',NULL),(172,172,NULL,'iframeurl','https://player.vimeo.com/video/813101568?h=468f027ef9&amp;badge=0',NULL,NULL,NULL,NULL,NULL,'2023-03-30 15:37:29','2023-03-30 15:37:29',NULL),(173,173,NULL,'iframeurl','https://player.vimeo.com/video/810833359?h=fc465a9de3&badge=0',NULL,NULL,NULL,NULL,NULL,'2023-03-30 15:39:24','2023-03-30 15:39:24',NULL),(174,174,NULL,'iframeurl','https://player.vimeo.com/video/813103991?h=b67f18ecd0&amp;badge=0',NULL,NULL,NULL,NULL,NULL,'2023-04-09 14:02:40','2023-04-09 14:02:40',NULL),(175,175,NULL,'iframeurl','https://player.vimeo.com/video/812791084?h=ee4ec65266&amp;badge=0',NULL,NULL,NULL,NULL,NULL,'2023-04-09 14:03:38','2023-04-09 14:03:38',NULL),(176,176,NULL,'iframeurl','https://player.vimeo.com/video/813098160?h=8347368e1b&amp;badge=0',NULL,NULL,NULL,NULL,NULL,'2023-04-09 14:21:46','2023-04-09 14:21:46',NULL),(177,177,NULL,'iframeurl','https://player.vimeo.com/video/810832325?h=701c15fad4&amp;badge=0',NULL,NULL,NULL,NULL,NULL,'2023-04-09 14:23:05','2023-04-09 14:23:05',NULL),(178,178,NULL,'iframeurl','https://player.vimeo.com/video/810830589?h=0a5b7201a3&amp;badge=0',NULL,NULL,NULL,NULL,NULL,'2023-04-09 14:24:15','2023-04-09 14:24:15',NULL),(179,179,NULL,'iframeurl','https://player.vimeo.com/video/810829695?h=a7699bbe7c&amp;badge=0',NULL,NULL,NULL,NULL,NULL,'2023-04-09 14:26:28','2023-04-09 14:26:28',NULL),(180,180,NULL,'iframeurl','https://player.vimeo.com/video/810831411?h=7cb9d3c045&amp;badge=0',NULL,NULL,NULL,NULL,NULL,'2023-04-09 14:27:54','2023-04-09 14:27:54',NULL),(181,181,NULL,'iframeurl','https://player.vimeo.com/video/810833954?h=54100b85d9&amp;badge=0',NULL,NULL,NULL,NULL,NULL,'2023-04-09 14:32:17','2023-04-09 14:32:17',NULL),(182,182,NULL,'iframeurl','https://player.vimeo.com/video/810835525?h=918b5e05dd&amp;badge=0',NULL,NULL,NULL,NULL,NULL,'2023-04-09 14:45:00','2023-04-09 14:45:00',NULL),(183,183,NULL,'iframeurl','https://player.vimeo.com/video/813096935?h=5e639a3194&amp;badge=0',NULL,NULL,NULL,NULL,NULL,'2023-04-09 14:47:39','2023-04-09 14:47:39',NULL),(184,184,NULL,'iframeurl','https://player.vimeo.com/video/910474419?h=5935026016&amp;badge=0&amp;autopause=0',NULL,NULL,NULL,NULL,NULL,'2024-04-06 18:40:49','2024-04-06 18:40:49',NULL),(185,185,NULL,'iframeurl','https://player.vimeo.com/video/910475105?h=db6c6e7a9d&amp;badge=0&amp;autopause=0',NULL,NULL,NULL,NULL,NULL,'2024-04-06 18:44:16','2024-04-06 18:44:16',NULL),(186,186,NULL,'iframeurl','https://player.vimeo.com/video/910474842?h=aed37e9222&amp;badge=0&amp;autopause=0',NULL,NULL,NULL,NULL,NULL,'2024-04-08 16:51:43','2024-04-08 16:51:43',NULL),(190,190,NULL,'iframeurl','https://player.vimeo.com/video/1039076175?h=ca06f6ee5c&amp;badge=0',NULL,NULL,NULL,NULL,NULL,'2024-12-14 03:11:17','2024-12-14 03:11:17',NULL);

--
-- Table structure for table `views`
--

CREATE TABLE `views` (
  `id` int unsigned NOT NULL AUTO_INCREMENT,
  `viewable_type` varchar(191) CHARACTER SET utf8mb4 COLLATE utf8mb4_unicode_ci NOT NULL,
  `viewable_id` bigint unsigned NOT NULL,
  `visitor` text CHARACTER SET utf8mb4 COLLATE utf8mb4_unicode_ci,
  `collection` varchar(191) CHARACTER SET utf8mb4 COLLATE utf8mb4_unicode_ci DEFAULT NULL,
  `viewed_at` timestamp NOT NULL DEFAULT CURRENT_TIMESTAMP,
  PRIMARY KEY (`id`),
  KEY `views_viewable_type_viewable_id_index` (`viewable_type`,`viewable_id`)
) ENGINE=InnoDB AUTO_INCREMENT=149 DEFAULT CHARSET=utf8mb4 COLLATE=utf8mb4_unicode_ci;

--
-- Dumping data for table `views`
--


--
-- Table structure for table `watch_histories`
--

CREATE TABLE `watch_histories` (
  `id` int NOT NULL AUTO_INCREMENT,
  `movie_id` int DEFAULT NULL,
  `tv_id` int DEFAULT NULL,
  `user_id` int DEFAULT NULL,
  `created_at` timestamp NULL DEFAULT NULL,
  `updated_at` timestamp NULL DEFAULT NULL,
  PRIMARY KEY (`id`)
) ENGINE=InnoDB AUTO_INCREMENT=5 DEFAULT CHARSET=utf8mb4 COLLATE=utf8mb4_unicode_ci;

--
-- Dumping data for table `watch_histories`
--

INSERT INTO `watch_histories` VALUES (3,110,NULL,1,'2022-09-19 14:42:46','2022-09-19 14:42:46');

--
-- Table structure for table `wishlists`
--

CREATE TABLE `wishlists` (
  `id` int unsigned NOT NULL AUTO_INCREMENT,
  `user_id` int unsigned NOT NULL,
  `movie_id` int DEFAULT NULL,
  `season_id` int DEFAULT NULL,
  `added` tinyint(1) NOT NULL DEFAULT '0',
  `created_at` timestamp NULL DEFAULT NULL,
  `updated_at` timestamp NULL DEFAULT NULL,
  PRIMARY KEY (`id`),
  KEY `wishlists_user_id_foreign` (`user_id`)
) ENGINE=InnoDB AUTO_INCREMENT=20 DEFAULT CHARSET=utf8mb4 COLLATE=utf8mb4_unicode_ci;

--
-- Dumping data for table `wishlists`
--

INSERT INTO `wishlists` VALUES (19,20679,119,NULL,0,'2022-12-21 18:34:29','2022-12-21 18:34:29');

--
-- Table structure for table `withdrawals`
--

CREATE TABLE `withdrawals` (
  `id` bigint unsigned NOT NULL AUTO_INCREMENT,
  `mass_withdrawal_id` int unsigned DEFAULT NULL,
  `amount` varchar(191) CHARACTER SET utf8mb4 COLLATE utf8mb4_unicode_ci NOT NULL,
  `amount2` varchar(191) CHARACTER SET utf8mb4 COLLATE utf8mb4_unicode_ci DEFAULT NULL,
  `amounti` varchar(191) CHARACTER SET utf8mb4 COLLATE utf8mb4_unicode_ci DEFAULT NULL,
  `currency` varchar(10) CHARACTER SET utf8mb4 COLLATE utf8mb4_unicode_ci NOT NULL,
  `currency2` varchar(10) CHARACTER SET utf8mb4 COLLATE utf8mb4_unicode_ci DEFAULT NULL,
  `address` varchar(191) CHARACTER SET utf8mb4 COLLATE utf8mb4_unicode_ci DEFAULT NULL,
  `pbntag` varchar(191) CHARACTER SET utf8mb4 COLLATE utf8mb4_unicode_ci DEFAULT NULL,
  `dest_tag` varchar(191) CHARACTER SET utf8mb4 COLLATE utf8mb4_unicode_ci DEFAULT NULL,
  `ipn_url` varchar(191) CHARACTER SET utf8mb4 COLLATE utf8mb4_unicode_ci DEFAULT NULL,
  `auto_confirm` tinyint(1) NOT NULL DEFAULT '0',
  `note` text CHARACTER SET utf8mb4 COLLATE utf8mb4_unicode_ci,
  `ref_id` varchar(128) CHARACTER SET utf8mb4 COLLATE utf8mb4_unicode_ci NOT NULL,
  `status` smallint NOT NULL,
  `status_text` varchar(191) CHARACTER SET utf8mb4 COLLATE utf8mb4_unicode_ci DEFAULT NULL,
  `created_at` timestamp NULL DEFAULT NULL,
  `updated_at` timestamp NULL DEFAULT NULL,
  `txn_id` varchar(128) CHARACTER SET utf8mb4 COLLATE utf8mb4_unicode_ci DEFAULT NULL,
  PRIMARY KEY (`id`),
  UNIQUE KEY `withdrawals_ref_id_unique` (`ref_id`),
  UNIQUE KEY `withdrawals_txn_id_unique` (`txn_id`),
  KEY `withdrawals_mass_withdrawal_id_index` (`mass_withdrawal_id`),
  CONSTRAINT `withdrawals_mass_withdrawal_id_foreign` FOREIGN KEY (`mass_withdrawal_id`) REFERENCES `mass_withdrawals` (`id`) ON UPDATE CASCADE
) ENGINE=InnoDB DEFAULT CHARSET=utf8mb4 COLLATE=utf8mb4_unicode_ci;

--
-- Dumping data for table `withdrawals`
--



